--
-- Host: 127.0.0.1    Database: shofy
-- ------------------------------------------------------


--
-- Table structure for table `activations`
--

CREATE TABLE `activations` (
  `id` bigint unsigned NOT NULL AUTO_INCREMENT,
  `user_id` bigint unsigned NOT NULL,
  `code` varchar(120) COLLATE utf8mb4_unicode_ci NOT NULL,
  `completed` tinyint(1) NOT NULL DEFAULT '0',
  `completed_at` timestamp NULL DEFAULT NULL,
  `created_at` timestamp NULL DEFAULT NULL,
  `updated_at` timestamp NULL DEFAULT NULL,
  PRIMARY KEY (`id`),
  KEY `activations_user_id_index` (`user_id`)
) ENGINE=InnoDB AUTO_INCREMENT=2 DEFAULT CHARSET=utf8mb4 COLLATE=utf8mb4_unicode_ci;

--
-- Dumping data for table `activations`
--

INSERT INTO `activations` VALUES (1,1,'kDfWs1er8jy5PL7R4qfv7AeqMhTAOmlc',1,'2024-05-10 02:11:04','2024-05-10 02:11:04','2024-05-10 02:11:04');

--
-- Table structure for table `admin_notifications`
--

CREATE TABLE `admin_notifications` (
  `id` bigint unsigned NOT NULL AUTO_INCREMENT,
  `title` varchar(191) COLLATE utf8mb4_unicode_ci NOT NULL,
  `action_label` varchar(191) COLLATE utf8mb4_unicode_ci DEFAULT NULL,
  `action_url` varchar(191) COLLATE utf8mb4_unicode_ci DEFAULT NULL,
  `description` varchar(400) COLLATE utf8mb4_unicode_ci DEFAULT NULL,
  `read_at` timestamp NULL DEFAULT NULL,
  `created_at` timestamp NULL DEFAULT NULL,
  `updated_at` timestamp NULL DEFAULT NULL,
  `permission` varchar(191) COLLATE utf8mb4_unicode_ci DEFAULT NULL,
  PRIMARY KEY (`id`)
) ENGINE=InnoDB DEFAULT CHARSET=utf8mb4 COLLATE=utf8mb4_unicode_ci;

--
-- Dumping data for table `admin_notifications`
--


--
-- Table structure for table `ads`
--

CREATE TABLE `ads` (
  `id` bigint unsigned NOT NULL AUTO_INCREMENT,
  `name` varchar(191) COLLATE utf8mb4_unicode_ci NOT NULL,
  `expired_at` datetime DEFAULT NULL,
  `location` varchar(120) COLLATE utf8mb4_unicode_ci DEFAULT NULL,
  `key` varchar(120) COLLATE utf8mb4_unicode_ci NOT NULL,
  `image` varchar(191) COLLATE utf8mb4_unicode_ci DEFAULT NULL,
  `url` varchar(191) COLLATE utf8mb4_unicode_ci DEFAULT NULL,
  `clicked` bigint NOT NULL DEFAULT '0',
  `order` int DEFAULT '0',
  `status` varchar(60) COLLATE utf8mb4_unicode_ci NOT NULL DEFAULT 'published',
  `created_at` timestamp NULL DEFAULT NULL,
  `updated_at` timestamp NULL DEFAULT NULL,
  `open_in_new_tab` tinyint(1) NOT NULL DEFAULT '1',
  `tablet_image` varchar(191) COLLATE utf8mb4_unicode_ci DEFAULT NULL,
  `mobile_image` varchar(191) COLLATE utf8mb4_unicode_ci DEFAULT NULL,
  `ads_type` varchar(191) COLLATE utf8mb4_unicode_ci DEFAULT NULL,
  `google_adsense_slot_id` varchar(191) COLLATE utf8mb4_unicode_ci DEFAULT NULL,
  PRIMARY KEY (`id`),
  UNIQUE KEY `ads_key_unique` (`key`)
) ENGINE=InnoDB DEFAULT CHARSET=utf8mb4 COLLATE=utf8mb4_unicode_ci;

--
-- Dumping data for table `ads`
--


--
-- Table structure for table `ads_translations`
--

CREATE TABLE `ads_translations` (
  `lang_code` varchar(191) COLLATE utf8mb4_unicode_ci NOT NULL,
  `ads_id` bigint unsigned NOT NULL,
  `name` varchar(191) COLLATE utf8mb4_unicode_ci DEFAULT NULL,
  `image` varchar(191) COLLATE utf8mb4_unicode_ci DEFAULT NULL,
  `url` varchar(191) COLLATE utf8mb4_unicode_ci DEFAULT NULL,
  PRIMARY KEY (`lang_code`,`ads_id`)
) ENGINE=InnoDB DEFAULT CHARSET=utf8mb4 COLLATE=utf8mb4_unicode_ci;

--
-- Dumping data for table `ads_translations`
--


--
-- Table structure for table `announcements`
--

CREATE TABLE `announcements` (
  `id` bigint unsigned NOT NULL AUTO_INCREMENT,
  `name` varchar(191) COLLATE utf8mb4_unicode_ci NOT NULL,
  `content` text COLLATE utf8mb4_unicode_ci NOT NULL,
  `has_action` tinyint(1) NOT NULL DEFAULT '0',
  `action_label` varchar(60) COLLATE utf8mb4_unicode_ci DEFAULT NULL,
  `action_url` varchar(400) COLLATE utf8mb4_unicode_ci DEFAULT NULL,
  `action_open_new_tab` tinyint(1) NOT NULL DEFAULT '0',
  `dismissible` tinyint(1) NOT NULL DEFAULT '0',
  `start_date` datetime DEFAULT NULL,
  `end_date` datetime DEFAULT NULL,
  `is_active` tinyint(1) NOT NULL DEFAULT '1',
  `created_at` timestamp NULL DEFAULT NULL,
  `updated_at` timestamp NULL DEFAULT NULL,
  PRIMARY KEY (`id`)
) ENGINE=InnoDB AUTO_INCREMENT=4 DEFAULT CHARSET=utf8mb4 COLLATE=utf8mb4_unicode_ci;

--
-- Dumping data for table `announcements`
--

INSERT INTO `announcements` VALUES (1,'Announcement 1','Enjoy free shipping on all orders over $99! Shop now and save on delivery costs.',0,NULL,NULL,0,1,'2024-05-10 09:11:13',NULL,1,'2024-05-10 02:11:13','2024-05-10 02:11:13'),(2,'Announcement 2','Need assistance? Our customer support is available 24/7 to help you with any questions or concerns.',0,NULL,NULL,0,1,'2024-05-10 09:11:13',NULL,1,'2024-05-10 02:11:13','2024-05-10 02:11:13'),(3,'Announcement 3','Shop with confidence! We offer a hassle-free 30 days return service for your peace of mind.',0,NULL,NULL,0,1,'2024-05-10 09:11:13',NULL,1,'2024-05-10 02:11:13','2024-05-10 02:11:13');

--
-- Table structure for table `announcements_translations`
--

CREATE TABLE `announcements_translations` (
  `lang_code` varchar(191) COLLATE utf8mb4_unicode_ci NOT NULL,
  `announcements_id` bigint unsigned NOT NULL,
  `content` text COLLATE utf8mb4_unicode_ci,
  PRIMARY KEY (`lang_code`,`announcements_id`)
) ENGINE=InnoDB DEFAULT CHARSET=utf8mb4 COLLATE=utf8mb4_unicode_ci;

--
-- Dumping data for table `announcements_translations`
--


--
-- Table structure for table `audit_histories`
--

CREATE TABLE `audit_histories` (
  `id` bigint unsigned NOT NULL AUTO_INCREMENT,
  `user_id` bigint unsigned NOT NULL,
  `module` varchar(60) COLLATE utf8mb4_unicode_ci NOT NULL,
  `request` longtext COLLATE utf8mb4_unicode_ci,
  `action` varchar(120) COLLATE utf8mb4_unicode_ci NOT NULL,
  `user_agent` text COLLATE utf8mb4_unicode_ci,
  `ip_address` varchar(45) COLLATE utf8mb4_unicode_ci DEFAULT NULL,
  `reference_user` bigint unsigned NOT NULL,
  `reference_id` bigint unsigned NOT NULL,
  `reference_name` varchar(191) COLLATE utf8mb4_unicode_ci NOT NULL,
  `type` varchar(20) COLLATE utf8mb4_unicode_ci NOT NULL,
  `created_at` timestamp NULL DEFAULT NULL,
  `updated_at` timestamp NULL DEFAULT NULL,
  PRIMARY KEY (`id`),
  KEY `audit_histories_user_id_index` (`user_id`),
  KEY `audit_histories_module_index` (`module`)
) ENGINE=InnoDB DEFAULT CHARSET=utf8mb4 COLLATE=utf8mb4_unicode_ci;

--
-- Dumping data for table `audit_histories`
--


--
-- Table structure for table `categories`
--

CREATE TABLE `categories` (
  `id` bigint unsigned NOT NULL AUTO_INCREMENT,
  `name` varchar(120) COLLATE utf8mb4_unicode_ci NOT NULL,
  `parent_id` bigint unsigned NOT NULL DEFAULT '0',
  `description` varchar(400) COLLATE utf8mb4_unicode_ci DEFAULT NULL,
  `status` varchar(60) COLLATE utf8mb4_unicode_ci NOT NULL DEFAULT 'published',
  `author_id` bigint unsigned DEFAULT NULL,
  `author_type` varchar(191) COLLATE utf8mb4_unicode_ci NOT NULL DEFAULT 'Botble\\ACL\\Models\\User',
  `icon` varchar(60) COLLATE utf8mb4_unicode_ci DEFAULT NULL,
  `order` tinyint NOT NULL DEFAULT '0',
  `is_featured` tinyint NOT NULL DEFAULT '0',
  `is_default` tinyint unsigned NOT NULL DEFAULT '0',
  `created_at` timestamp NULL DEFAULT NULL,
  `updated_at` timestamp NULL DEFAULT NULL,
  PRIMARY KEY (`id`),
  KEY `categories_parent_id_index` (`parent_id`),
  KEY `categories_status_index` (`status`),
  KEY `categories_created_at_index` (`created_at`)
) ENGINE=InnoDB AUTO_INCREMENT=7 DEFAULT CHARSET=utf8mb4 COLLATE=utf8mb4_unicode_ci;

--
-- Dumping data for table `categories`
--

INSERT INTO `categories` VALUES (1,'Crisp Bread &amp; Cake',0,'Incidunt quia eligendi perferendis et id. Quidem porro ut rerum quaerat possimus cupiditate. Reprehenderit vel itaque praesentium quasi et explicabo error explicabo.','published',1,'Botble\\ACL\\Models\\User',NULL,0,0,0,'2024-05-10 02:11:09','2024-05-10 02:11:09'),(2,'Fashion',0,'Dignissimos est at tempore itaque. Sint error cupiditate soluta nam. Quia dolorem qui nihil ipsa tempora. Necessitatibus at est earum quidem.','published',1,'Botble\\ACL\\Models\\User',NULL,0,1,0,'2024-05-10 02:11:09','2024-05-10 02:11:09'),(3,'Electronic',0,'Aperiam recusandae consequatur aut minus. Fugiat numquam porro modi consequuntur. Eligendi sit sunt sit beatae eum necessitatibus.','published',1,'Botble\\ACL\\Models\\User',NULL,0,1,0,'2024-05-10 02:11:09','2024-05-10 02:11:09'),(4,'Commercial',0,'Consectetur fuga iste aut quisquam. Beatae itaque voluptatem ea eius consectetur. Corrupti et id dolor tempora possimus incidunt sunt.','published',1,'Botble\\ACL\\Models\\User',NULL,0,1,0,'2024-05-10 02:11:09','2024-05-10 02:11:09'),(5,'Organic Fruits',0,'Aut ut sed nobis. Neque sequi qui est facilis consequuntur sed.','published',1,'Botble\\ACL\\Models\\User',NULL,0,1,0,'2024-05-10 02:11:09','2024-05-10 02:11:09'),(6,'Ecological',0,'Quisquam ut ut placeat nulla voluptas qui. Dignissimos modi blanditiis expedita aperiam minima dolores. Est iste fuga ut fugit alias doloribus repellat. Ratione blanditiis sunt quia magnam delectus.','published',1,'Botble\\ACL\\Models\\User',NULL,0,1,0,'2024-05-10 02:11:09','2024-05-10 02:11:09');

--
-- Table structure for table `categories_translations`
--

CREATE TABLE `categories_translations` (
  `lang_code` varchar(20) COLLATE utf8mb4_unicode_ci NOT NULL,
  `categories_id` bigint unsigned NOT NULL,
  `name` varchar(191) COLLATE utf8mb4_unicode_ci DEFAULT NULL,
  `description` varchar(400) COLLATE utf8mb4_unicode_ci DEFAULT NULL,
  PRIMARY KEY (`lang_code`,`categories_id`)
) ENGINE=InnoDB DEFAULT CHARSET=utf8mb4 COLLATE=utf8mb4_unicode_ci;

--
-- Dumping data for table `categories_translations`
--


--
-- Table structure for table `cities`
--

CREATE TABLE `cities` (
  `id` bigint unsigned NOT NULL AUTO_INCREMENT,
  `name` varchar(120) COLLATE utf8mb4_unicode_ci NOT NULL,
  `slug` varchar(120) COLLATE utf8mb4_unicode_ci DEFAULT NULL,
  `state_id` bigint unsigned DEFAULT NULL,
  `country_id` bigint unsigned DEFAULT NULL,
  `record_id` varchar(40) COLLATE utf8mb4_unicode_ci DEFAULT NULL,
  `order` tinyint NOT NULL DEFAULT '0',
  `image` varchar(191) COLLATE utf8mb4_unicode_ci DEFAULT NULL,
  `is_default` tinyint unsigned NOT NULL DEFAULT '0',
  `status` varchar(60) COLLATE utf8mb4_unicode_ci NOT NULL DEFAULT 'published',
  `created_at` timestamp NULL DEFAULT NULL,
  `updated_at` timestamp NULL DEFAULT NULL,
  PRIMARY KEY (`id`),
  UNIQUE KEY `cities_slug_unique` (`slug`)
) ENGINE=InnoDB DEFAULT CHARSET=utf8mb4 COLLATE=utf8mb4_unicode_ci;

--
-- Dumping data for table `cities`
--


--
-- Table structure for table `cities_translations`
--

CREATE TABLE `cities_translations` (
  `lang_code` varchar(20) COLLATE utf8mb4_unicode_ci NOT NULL,
  `cities_id` bigint unsigned NOT NULL,
  `name` varchar(120) COLLATE utf8mb4_unicode_ci DEFAULT NULL,
  `slug` varchar(120) COLLATE utf8mb4_unicode_ci DEFAULT NULL,
  PRIMARY KEY (`lang_code`,`cities_id`)
) ENGINE=InnoDB DEFAULT CHARSET=utf8mb4 COLLATE=utf8mb4_unicode_ci;

--
-- Dumping data for table `cities_translations`
--


--
-- Table structure for table `contact_custom_field_options`
--

CREATE TABLE `contact_custom_field_options` (
  `id` bigint unsigned NOT NULL AUTO_INCREMENT,
  `custom_field_id` bigint unsigned NOT NULL,
  `label` varchar(191) COLLATE utf8mb4_unicode_ci DEFAULT NULL,
  `value` varchar(191) COLLATE utf8mb4_unicode_ci NOT NULL,
  `order` int NOT NULL DEFAULT '999',
  `created_at` timestamp NULL DEFAULT NULL,
  `updated_at` timestamp NULL DEFAULT NULL,
  PRIMARY KEY (`id`)
) ENGINE=InnoDB DEFAULT CHARSET=utf8mb4 COLLATE=utf8mb4_unicode_ci;

--
-- Dumping data for table `contact_custom_field_options`
--


--
-- Table structure for table `contact_custom_field_options_translations`
--

CREATE TABLE `contact_custom_field_options_translations` (
  `contact_custom_field_options_id` bigint unsigned NOT NULL,
  `lang_code` varchar(191) COLLATE utf8mb4_unicode_ci NOT NULL,
  `label` varchar(191) COLLATE utf8mb4_unicode_ci DEFAULT NULL,
  `value` varchar(191) COLLATE utf8mb4_unicode_ci DEFAULT NULL,
  PRIMARY KEY (`lang_code`,`contact_custom_field_options_id`)
) ENGINE=InnoDB DEFAULT CHARSET=utf8mb4 COLLATE=utf8mb4_unicode_ci;

--
-- Dumping data for table `contact_custom_field_options_translations`
--


--
-- Table structure for table `contact_custom_fields`
--

CREATE TABLE `contact_custom_fields` (
  `id` bigint unsigned NOT NULL AUTO_INCREMENT,
  `type` varchar(191) COLLATE utf8mb4_unicode_ci NOT NULL,
  `required` tinyint(1) NOT NULL DEFAULT '0',
  `name` varchar(191) COLLATE utf8mb4_unicode_ci NOT NULL,
  `placeholder` varchar(191) COLLATE utf8mb4_unicode_ci DEFAULT NULL,
  `order` int NOT NULL DEFAULT '999',
  `status` varchar(191) COLLATE utf8mb4_unicode_ci NOT NULL DEFAULT 'published',
  `created_at` timestamp NULL DEFAULT NULL,
  `updated_at` timestamp NULL DEFAULT NULL,
  PRIMARY KEY (`id`)
) ENGINE=InnoDB DEFAULT CHARSET=utf8mb4 COLLATE=utf8mb4_unicode_ci;

--
-- Dumping data for table `contact_custom_fields`
--


--
-- Table structure for table `contact_custom_fields_translations`
--

CREATE TABLE `contact_custom_fields_translations` (
  `contact_custom_fields_id` bigint unsigned NOT NULL,
  `lang_code` varchar(191) COLLATE utf8mb4_unicode_ci NOT NULL,
  `name` varchar(191) COLLATE utf8mb4_unicode_ci DEFAULT NULL,
  `placeholder` varchar(191) COLLATE utf8mb4_unicode_ci DEFAULT NULL,
  PRIMARY KEY (`lang_code`,`contact_custom_fields_id`)
) ENGINE=InnoDB DEFAULT CHARSET=utf8mb4 COLLATE=utf8mb4_unicode_ci;

--
-- Dumping data for table `contact_custom_fields_translations`
--


--
-- Table structure for table `contact_replies`
--

CREATE TABLE `contact_replies` (
  `id` bigint unsigned NOT NULL AUTO_INCREMENT,
  `message` longtext COLLATE utf8mb4_unicode_ci NOT NULL,
  `contact_id` bigint unsigned NOT NULL,
  `created_at` timestamp NULL DEFAULT NULL,
  `updated_at` timestamp NULL DEFAULT NULL,
  PRIMARY KEY (`id`)
) ENGINE=InnoDB DEFAULT CHARSET=utf8mb4 COLLATE=utf8mb4_unicode_ci;

--
-- Dumping data for table `contact_replies`
--


--
-- Table structure for table `contacts`
--

CREATE TABLE `contacts` (
  `id` bigint unsigned NOT NULL AUTO_INCREMENT,
  `name` varchar(60) COLLATE utf8mb4_unicode_ci NOT NULL,
  `email` varchar(60) COLLATE utf8mb4_unicode_ci DEFAULT NULL,
  `phone` varchar(60) COLLATE utf8mb4_unicode_ci DEFAULT NULL,
  `address` varchar(120) COLLATE utf8mb4_unicode_ci DEFAULT NULL,
  `subject` varchar(120) COLLATE utf8mb4_unicode_ci DEFAULT NULL,
  `content` longtext COLLATE utf8mb4_unicode_ci NOT NULL,
  `custom_fields` text COLLATE utf8mb4_unicode_ci,
  `status` varchar(60) COLLATE utf8mb4_unicode_ci NOT NULL DEFAULT 'unread',
  `created_at` timestamp NULL DEFAULT NULL,
  `updated_at` timestamp NULL DEFAULT NULL,
  PRIMARY KEY (`id`)
) ENGINE=InnoDB AUTO_INCREMENT=11 DEFAULT CHARSET=utf8mb4 COLLATE=utf8mb4_unicode_ci;

--
-- Dumping data for table `contacts`
--

INSERT INTO `contacts` VALUES (1,'Nora Flatley','slebsack@example.com','480.999.3068','4472 Josh Junction\nLake Amani, MS 03043-7208','Qui dolores esse sunt.','Qui tempore ut dolorum et voluptatum voluptates. Dolores repellendus ut omnis molestiae accusamus. Qui vel perspiciatis voluptatem fugiat eum. Exercitationem doloribus et fugiat dolorem. Tempore expedita enim recusandae et libero iusto et est. Fuga in deleniti ducimus aperiam aliquid soluta nobis. Est ipsum dicta voluptatem aut et saepe libero voluptatem. In odit rerum impedit autem voluptas. Eum ut est illum illo accusantium quas vel.',NULL,'read','2024-05-10 02:11:08','2024-05-10 02:11:08'),(2,'Christine Olson','darrell71@example.com','1-610-512-1532','449 Carter Plain\nChristiansenmouth, MT 59625','Consequuntur minima quidem explicabo quia.','Qui aut quia laboriosam recusandae ipsum qui. Et porro nisi et earum ut. Placeat dolores fuga ipsa inventore et dolores ad. Veritatis quia quaerat provident est dicta neque. Distinctio qui et voluptas quia at voluptatem. Porro quod mollitia cum officiis. Dignissimos dicta expedita non ipsam est quod. Libero impedit occaecati quae aut aperiam reiciendis non. Delectus et praesentium optio explicabo.',NULL,'unread','2024-05-10 02:11:08','2024-05-10 02:11:08'),(3,'Dr. Yessenia Hagenes','dmckenzie@example.net','774.344.3568','38604 Lubowitz Stream Apt. 377\nMortimerchester, NM 47541-1481','Explicabo incidunt pariatur laborum ducimus.','Est nostrum omnis odio sint mollitia quo impedit beatae. Ipsam dicta odio sunt laudantium. Quisquam unde pariatur qui cumque harum. Totam delectus in molestiae qui occaecati. Saepe et at iste. Praesentium praesentium et quidem possimus amet quam. Ducimus numquam fugiat ducimus in enim sint. Non et consectetur aut sed. Dolores ipsum nihil consequatur. Consequatur accusamus error sed facere. Voluptates fugiat odio quasi enim cupiditate tenetur qui veritatis. Neque neque alias quas sed.',NULL,'read','2024-05-10 02:11:08','2024-05-10 02:11:08'),(4,'Dr. Cory Koelpin V','pbotsford@example.org','1-747-747-5738','65432 Prudence Land\nWillmsville, ID 08254','Eos qui dignissimos consequatur iure id et quod.','Fugit voluptatem dignissimos est esse illo. Laudantium doloremque ut ea sint ratione hic. Aperiam sint eius omnis placeat quae ut culpa. Est provident soluta expedita ad vitae. Recusandae qui deserunt voluptatem repellendus vel. Repellendus consequatur tempore accusamus doloremque eum optio quia. Molestias architecto iusto explicabo sed error. Ullam sunt dolor saepe et ut.',NULL,'unread','2024-05-10 02:11:08','2024-05-10 02:11:08'),(5,'Mr. Wilfredo Kuhlman','douglas78@example.com','937-777-5430','1345 Kelsi Prairie\nNew Christopher, TX 32890-4964','Quidem ipsum error dolor aspernatur id ut aut.','Et exercitationem ut dolore. Aut sint sequi porro hic necessitatibus ut. Sed sed et tempore veritatis error. Quasi sapiente aperiam omnis perspiciatis et a. Quaerat dicta quo id provident exercitationem dolor non. Doloribus commodi magnam quisquam voluptas. Autem ea et harum ratione laboriosam. Facilis et omnis sapiente totam ad. Porro reiciendis delectus labore vitae ad. Exercitationem est adipisci corrupti aut quia ea at.',NULL,'unread','2024-05-10 02:11:08','2024-05-10 02:11:08'),(6,'Lavonne Ledner','moen.jess@example.org','+1 (618) 251-1282','83294 Jeramy Loaf\nWest Bobbystad, SD 44841-0287','Dolorem repellat nisi modi rerum.','Quaerat magnam laudantium in quia id quae. Autem unde dolorem eum repudiandae est. Necessitatibus consequatur eaque itaque delectus. Rerum tenetur qui beatae tempore rem. Placeat voluptatem libero eum quia architecto et. Aut fugiat veniam laboriosam odio rerum dolor inventore. Eum facere repellat pariatur eaque est eveniet aut. Et qui eveniet harum dolorum voluptate asperiores eligendi.',NULL,'unread','2024-05-10 02:11:08','2024-05-10 02:11:08'),(7,'Alene King','dach.ellen@example.org','+1-551-501-6481','443 Deshaun Bypass\nKathleenberg, NH 75577','Quia accusantium molestiae non debitis illum.','Occaecati laborum reiciendis omnis quas. Nam ab ex et et similique laborum veritatis aliquid. Nemo quidem et in tenetur. Architecto earum sed incidunt qui sapiente velit incidunt. Quo quis rerum natus beatae. Incidunt aut quia eaque nesciunt voluptatem quia. Aliquid velit ab qui omnis aut dolor at nesciunt. Distinctio saepe itaque adipisci tempore architecto debitis blanditiis tempora.',NULL,'unread','2024-05-10 02:11:08','2024-05-10 02:11:08'),(8,'Prof. Charlie Kihn DDS','karen.rath@example.net','+13154441496','49926 Raegan Forks Suite 235\nWest Spencerland, NE 48496-8802','Nam non quas delectus qui dicta.','Quia illum accusamus eum. Et magnam labore quis ut velit natus qui. Consequuntur ratione omnis dolorum aut reiciendis consequatur velit. Aliquid molestiae ut placeat voluptatibus hic. Sit deserunt magnam in sit aut sint. Nihil totam modi dignissimos qui laboriosam ipsam sint dolore. Amet optio praesentium expedita necessitatibus. Non incidunt unde maxime hic enim illum blanditiis. Commodi ratione iste voluptatem commodi fuga. Assumenda aut dolore non optio cumque.',NULL,'unread','2024-05-10 02:11:08','2024-05-10 02:11:08'),(9,'Elmo Casper','lucio.collier@example.com','830.588.7743','24961 Larkin Canyon\nWillmsfort, MO 00385-3382','Tenetur quia eos mollitia aut ab.','Molestiae autem omnis aut illum voluptatum laboriosam et. Voluptas quia quia quasi esse. Est voluptas ducimus autem id error. Est repellat quo ut culpa. Sed et et culpa praesentium. Et voluptatibus quam vel ut nulla et recusandae. Nihil omnis velit culpa eos porro. Odio a non ipsam quo exercitationem. Dolor illum nihil ullam blanditiis quod. Quisquam voluptatem voluptatem nesciunt aut.',NULL,'read','2024-05-10 02:11:08','2024-05-10 02:11:08'),(10,'Kyla Kautzer','lura54@example.com','+1-872-592-5829','674 Kautzer Turnpike\nMayerton, DC 28017-6081','Et aut quo inventore laborum.','Officia animi itaque enim totam doloribus. Eum qui optio ut. Non modi sed cum ut ex molestias aliquid nam. Non accusamus vitae blanditiis exercitationem. Sed voluptas repudiandae dolorum quas. Dignissimos corporis fugiat aut velit dolores ut exercitationem a. Est illum rerum dignissimos aspernatur corrupti. Earum dicta odit et adipisci.',NULL,'unread','2024-05-10 02:11:08','2024-05-10 02:11:08');

--
-- Table structure for table `countries`
--

CREATE TABLE `countries` (
  `id` bigint unsigned NOT NULL AUTO_INCREMENT,
  `name` varchar(120) COLLATE utf8mb4_unicode_ci NOT NULL,
  `nationality` varchar(120) COLLATE utf8mb4_unicode_ci DEFAULT NULL,
  `order` tinyint NOT NULL DEFAULT '0',
  `is_default` tinyint unsigned NOT NULL DEFAULT '0',
  `status` varchar(60) COLLATE utf8mb4_unicode_ci NOT NULL DEFAULT 'published',
  `created_at` timestamp NULL DEFAULT NULL,
  `updated_at` timestamp NULL DEFAULT NULL,
  `code` varchar(10) COLLATE utf8mb4_unicode_ci DEFAULT NULL,
  PRIMARY KEY (`id`)
) ENGINE=InnoDB DEFAULT CHARSET=utf8mb4 COLLATE=utf8mb4_unicode_ci;

--
-- Dumping data for table `countries`
--


--
-- Table structure for table `countries_translations`
--

CREATE TABLE `countries_translations` (
  `lang_code` varchar(20) COLLATE utf8mb4_unicode_ci NOT NULL,
  `countries_id` bigint unsigned NOT NULL,
  `name` varchar(120) COLLATE utf8mb4_unicode_ci DEFAULT NULL,
  `nationality` varchar(120) COLLATE utf8mb4_unicode_ci DEFAULT NULL,
  PRIMARY KEY (`lang_code`,`countries_id`)
) ENGINE=InnoDB DEFAULT CHARSET=utf8mb4 COLLATE=utf8mb4_unicode_ci;

--
-- Dumping data for table `countries_translations`
--


--
-- Table structure for table `dashboard_widget_settings`
--

CREATE TABLE `dashboard_widget_settings` (
  `id` bigint unsigned NOT NULL AUTO_INCREMENT,
  `settings` text COLLATE utf8mb4_unicode_ci,
  `user_id` bigint unsigned NOT NULL,
  `widget_id` bigint unsigned NOT NULL,
  `order` tinyint unsigned NOT NULL DEFAULT '0',
  `status` tinyint unsigned NOT NULL DEFAULT '1',
  `created_at` timestamp NULL DEFAULT NULL,
  `updated_at` timestamp NULL DEFAULT NULL,
  PRIMARY KEY (`id`),
  KEY `dashboard_widget_settings_user_id_index` (`user_id`),
  KEY `dashboard_widget_settings_widget_id_index` (`widget_id`)
) ENGINE=InnoDB DEFAULT CHARSET=utf8mb4 COLLATE=utf8mb4_unicode_ci;

--
-- Dumping data for table `dashboard_widget_settings`
--


--
-- Table structure for table `dashboard_widgets`
--

CREATE TABLE `dashboard_widgets` (
  `id` bigint unsigned NOT NULL AUTO_INCREMENT,
  `name` varchar(120) COLLATE utf8mb4_unicode_ci NOT NULL,
  `created_at` timestamp NULL DEFAULT NULL,
  `updated_at` timestamp NULL DEFAULT NULL,
  PRIMARY KEY (`id`)
) ENGINE=InnoDB DEFAULT CHARSET=utf8mb4 COLLATE=utf8mb4_unicode_ci;

--
-- Dumping data for table `dashboard_widgets`
--


--
-- Table structure for table `ec_brands`
--

CREATE TABLE `ec_brands` (
  `id` bigint unsigned NOT NULL AUTO_INCREMENT,
  `name` varchar(191) COLLATE utf8mb4_unicode_ci NOT NULL,
  `description` mediumtext COLLATE utf8mb4_unicode_ci,
  `website` varchar(191) COLLATE utf8mb4_unicode_ci DEFAULT NULL,
  `logo` varchar(191) COLLATE utf8mb4_unicode_ci DEFAULT NULL,
  `status` varchar(60) COLLATE utf8mb4_unicode_ci NOT NULL DEFAULT 'published',
  `order` tinyint unsigned NOT NULL DEFAULT '0',
  `is_featured` tinyint unsigned NOT NULL DEFAULT '0',
  `created_at` timestamp NULL DEFAULT NULL,
  `updated_at` timestamp NULL DEFAULT NULL,
  PRIMARY KEY (`id`)
) ENGINE=InnoDB AUTO_INCREMENT=6 DEFAULT CHARSET=utf8mb4 COLLATE=utf8mb4_unicode_ci;

--
-- Dumping data for table `ec_brands`
--

INSERT INTO `ec_brands` VALUES (1,'FoodPound','New Snacks Release',NULL,'main/brands/1.png','published',0,1,'2024-05-10 02:11:04','2024-05-10 02:11:04'),(2,'iTea JSC','Happy Tea 100% Organic. From $29.9',NULL,'main/brands/2.png','published',1,1,'2024-05-10 02:11:05','2024-05-10 02:11:05'),(3,'Soda Brand','Fresh Meat Sausage. BUY 2 GET 1!',NULL,'main/brands/3.png','published',2,1,'2024-05-10 02:11:05','2024-05-10 02:11:05'),(4,'Shofy','Fresh Meat Sausage. BUY 2 GET 1!',NULL,'main/brands/4.png','published',3,1,'2024-05-10 02:11:05','2024-05-10 02:11:05'),(5,'Soda Brand','Fresh Meat Sausage. BUY 2 GET 1!',NULL,'main/brands/5.png','published',4,1,'2024-05-10 02:11:05','2024-05-10 02:11:05');

--
-- Table structure for table `ec_brands_translations`
--

CREATE TABLE `ec_brands_translations` (
  `lang_code` varchar(191) COLLATE utf8mb4_unicode_ci NOT NULL,
  `ec_brands_id` bigint unsigned NOT NULL,
  `name` varchar(191) COLLATE utf8mb4_unicode_ci DEFAULT NULL,
  `description` mediumtext COLLATE utf8mb4_unicode_ci,
  PRIMARY KEY (`lang_code`,`ec_brands_id`)
) ENGINE=InnoDB DEFAULT CHARSET=utf8mb4 COLLATE=utf8mb4_unicode_ci;

--
-- Dumping data for table `ec_brands_translations`
--


--
-- Table structure for table `ec_cart`
--

CREATE TABLE `ec_cart` (
  `identifier` varchar(60) COLLATE utf8mb4_unicode_ci NOT NULL,
  `instance` varchar(60) COLLATE utf8mb4_unicode_ci NOT NULL,
  `content` longtext COLLATE utf8mb4_unicode_ci NOT NULL,
  `created_at` timestamp NULL DEFAULT NULL,
  `updated_at` timestamp NULL DEFAULT NULL,
  PRIMARY KEY (`identifier`,`instance`)
) ENGINE=InnoDB DEFAULT CHARSET=utf8mb4 COLLATE=utf8mb4_unicode_ci;

--
-- Dumping data for table `ec_cart`
--


--
-- Table structure for table `ec_currencies`
--

CREATE TABLE `ec_currencies` (
  `id` bigint unsigned NOT NULL AUTO_INCREMENT,
  `title` varchar(191) COLLATE utf8mb4_unicode_ci NOT NULL,
  `symbol` varchar(10) COLLATE utf8mb4_unicode_ci NOT NULL,
  `is_prefix_symbol` tinyint unsigned NOT NULL DEFAULT '0',
  `decimals` tinyint unsigned DEFAULT '0',
  `order` int unsigned DEFAULT '0',
  `is_default` tinyint NOT NULL DEFAULT '0',
  `exchange_rate` double NOT NULL DEFAULT '1',
  `created_at` timestamp NULL DEFAULT NULL,
  `updated_at` timestamp NULL DEFAULT NULL,
  PRIMARY KEY (`id`)
) ENGINE=InnoDB AUTO_INCREMENT=5 DEFAULT CHARSET=utf8mb4 COLLATE=utf8mb4_unicode_ci;

--
-- Dumping data for table `ec_currencies`
--

INSERT INTO `ec_currencies` VALUES (1,'USD','$',1,2,0,1,1,'2024-05-10 02:11:05','2024-05-10 02:11:05'),(2,'EUR','€',0,2,1,0,0.84,'2024-05-10 02:11:05','2024-05-10 02:11:05'),(3,'VND','₫',0,0,2,0,23203,'2024-05-10 02:11:05','2024-05-10 02:11:05'),(4,'NGN','₦',1,2,2,0,895.52,'2024-05-10 02:11:05','2024-05-10 02:11:05');

--
-- Table structure for table `ec_customer_addresses`
--

CREATE TABLE `ec_customer_addresses` (
  `id` bigint unsigned NOT NULL AUTO_INCREMENT,
  `name` varchar(191) COLLATE utf8mb4_unicode_ci NOT NULL,
  `email` varchar(60) COLLATE utf8mb4_unicode_ci DEFAULT NULL,
  `phone` varchar(20) COLLATE utf8mb4_unicode_ci DEFAULT NULL,
  `country` varchar(120) COLLATE utf8mb4_unicode_ci DEFAULT NULL,
  `state` varchar(120) COLLATE utf8mb4_unicode_ci DEFAULT NULL,
  `city` varchar(120) COLLATE utf8mb4_unicode_ci DEFAULT NULL,
  `address` varchar(191) COLLATE utf8mb4_unicode_ci DEFAULT NULL,
  `customer_id` bigint unsigned NOT NULL,
  `is_default` tinyint unsigned NOT NULL DEFAULT '0',
  `created_at` timestamp NULL DEFAULT NULL,
  `updated_at` timestamp NULL DEFAULT NULL,
  `zip_code` varchar(20) COLLATE utf8mb4_unicode_ci DEFAULT NULL,
  PRIMARY KEY (`id`)
) ENGINE=InnoDB AUTO_INCREMENT=13 DEFAULT CHARSET=utf8mb4 COLLATE=utf8mb4_unicode_ci;

--
-- Dumping data for table `ec_customer_addresses`
--

INSERT INTO `ec_customer_addresses` VALUES (1,'Audie Mraz','customer@botble.com','+18787105260','NA','Georgia','Fadelborough','3725 Toy Walks',1,1,'2024-05-10 02:11:06','2024-05-10 02:11:06','41780'),(2,'Audie Mraz','customer@botble.com','+19729205824','GU','Arizona','Zariashire','95597 Adonis Fort Apt. 889',1,0,'2024-05-10 02:11:06','2024-05-10 02:11:06','37680'),(3,'Marjolaine Will','vendor@botble.com','+13526505321','KM','Idaho','Handstad','80409 Dare Glen Apt. 838',2,1,'2024-05-10 02:11:06','2024-05-10 02:11:06','51417-3579'),(4,'Marjolaine Will','vendor@botble.com','+12532196538','VN','Massachusetts','Beatricestad','722 Moore Squares',2,0,'2024-05-10 02:11:06','2024-05-10 02:11:06','89918-6572'),(5,'Columbus Dare V','luna52@example.net','+12484925140','RE','Connecticut','Jessyborough','25541 Ulises Stream Suite 232',3,1,'2024-05-10 02:11:06','2024-05-10 02:11:06','73519-3790'),(6,'Danyka Shields PhD','olga.larkin@example.com','+18055932429','MN','New Jersey','East Karen','40880 Tom Fort Suite 045',4,1,'2024-05-10 02:11:06','2024-05-10 02:11:06','88077-4482'),(7,'Dr. Bradly Davis I','cornell.morissette@example.com','+18646777583','SH','Oregon','North Don','7059 Daniel Street',5,1,'2024-05-10 02:11:07','2024-05-10 02:11:07','97763'),(8,'Tomasa Reichert','myrtice.kozey@example.net','+19175997434','WF','Maryland','Port Kennedy','10714 Erwin Hollow Suite 837',6,1,'2024-05-10 02:11:07','2024-05-10 02:11:07','97086-5634'),(9,'Prof. Gladyce Cummerata PhD','gerardo.batz@example.net','+12818136514','GR','Minnesota','New Millermouth','8647 Aliya Tunnel',7,1,'2024-05-10 02:11:07','2024-05-10 02:11:07','03450'),(10,'Prof. Bertha Terry','cthiel@example.net','+17374682887','NP','Idaho','East Montana','6264 Abernathy Islands',8,1,'2024-05-10 02:11:07','2024-05-10 02:11:07','41278'),(11,'Dr. Elinor Hartmann','emely94@example.net','+16202265905','ER','Virginia','Lake Anabel','5942 Marilou Mountains',9,1,'2024-05-10 02:11:08','2024-05-10 02:11:08','97443-2121'),(12,'Assunta Deckow','sbashirian@example.net','+17035397622','CK','Delaware','Eliasville','210 Turcotte Plain Apt. 638',10,1,'2024-05-10 02:11:08','2024-05-10 02:11:08','55716');

--
-- Table structure for table `ec_customer_deletion_requests`
--

CREATE TABLE `ec_customer_deletion_requests` (
  `id` bigint unsigned NOT NULL AUTO_INCREMENT,
  `customer_id` bigint unsigned NOT NULL,
  `customer_name` varchar(191) COLLATE utf8mb4_unicode_ci DEFAULT NULL,
  `customer_phone` varchar(191) COLLATE utf8mb4_unicode_ci DEFAULT NULL,
  `customer_email` varchar(191) COLLATE utf8mb4_unicode_ci DEFAULT NULL,
  `token` varchar(191) COLLATE utf8mb4_unicode_ci NOT NULL,
  `status` varchar(50) COLLATE utf8mb4_unicode_ci NOT NULL DEFAULT 'waiting_for_confirmation',
  `reason` text COLLATE utf8mb4_unicode_ci,
  `confirmed_at` datetime DEFAULT NULL,
  `created_at` timestamp NULL DEFAULT NULL,
  `updated_at` timestamp NULL DEFAULT NULL,
  PRIMARY KEY (`id`),
  UNIQUE KEY `ec_customer_deletion_requests_token_unique` (`token`)
) ENGINE=InnoDB DEFAULT CHARSET=utf8mb4 COLLATE=utf8mb4_unicode_ci;

--
-- Dumping data for table `ec_customer_deletion_requests`
--


--
-- Table structure for table `ec_customer_password_resets`
--

CREATE TABLE `ec_customer_password_resets` (
  `email` varchar(191) COLLATE utf8mb4_unicode_ci NOT NULL,
  `token` varchar(191) COLLATE utf8mb4_unicode_ci NOT NULL,
  `created_at` timestamp NULL DEFAULT NULL,
  KEY `ec_customer_password_resets_email_index` (`email`),
  KEY `ec_customer_password_resets_token_index` (`token`)
) ENGINE=InnoDB DEFAULT CHARSET=utf8mb4 COLLATE=utf8mb4_unicode_ci;

--
-- Dumping data for table `ec_customer_password_resets`
--


--
-- Table structure for table `ec_customer_recently_viewed_products`
--

CREATE TABLE `ec_customer_recently_viewed_products` (
  `id` bigint unsigned NOT NULL AUTO_INCREMENT,
  `customer_id` bigint unsigned NOT NULL,
  `product_id` bigint unsigned NOT NULL,
  PRIMARY KEY (`id`)
) ENGINE=InnoDB DEFAULT CHARSET=utf8mb4 COLLATE=utf8mb4_unicode_ci;

--
-- Dumping data for table `ec_customer_recently_viewed_products`
--


--
-- Table structure for table `ec_customer_used_coupons`
--

CREATE TABLE `ec_customer_used_coupons` (
  `discount_id` bigint unsigned NOT NULL,
  `customer_id` bigint unsigned NOT NULL,
  PRIMARY KEY (`discount_id`,`customer_id`)
) ENGINE=InnoDB DEFAULT CHARSET=utf8mb4 COLLATE=utf8mb4_unicode_ci;

--
-- Dumping data for table `ec_customer_used_coupons`
--


--
-- Table structure for table `ec_customers`
--

CREATE TABLE `ec_customers` (
  `id` bigint unsigned NOT NULL AUTO_INCREMENT,
  `name` varchar(191) COLLATE utf8mb4_unicode_ci NOT NULL,
  `email` varchar(191) COLLATE utf8mb4_unicode_ci NOT NULL,
  `password` varchar(191) COLLATE utf8mb4_unicode_ci NOT NULL,
  `avatar` varchar(191) COLLATE utf8mb4_unicode_ci DEFAULT NULL,
  `dob` date DEFAULT NULL,
  `phone` varchar(20) COLLATE utf8mb4_unicode_ci DEFAULT NULL,
  `remember_token` varchar(100) COLLATE utf8mb4_unicode_ci DEFAULT NULL,
  `created_at` timestamp NULL DEFAULT NULL,
  `updated_at` timestamp NULL DEFAULT NULL,
  `confirmed_at` datetime DEFAULT NULL,
  `email_verify_token` varchar(120) COLLATE utf8mb4_unicode_ci DEFAULT NULL,
  `is_vendor` tinyint(1) NOT NULL DEFAULT '0',
  `vendor_verified_at` datetime DEFAULT NULL,
  `status` varchar(60) COLLATE utf8mb4_unicode_ci NOT NULL DEFAULT 'activated',
  `private_notes` text COLLATE utf8mb4_unicode_ci,
  PRIMARY KEY (`id`),
  UNIQUE KEY `ec_customers_email_unique` (`email`)
) ENGINE=InnoDB AUTO_INCREMENT=11 DEFAULT CHARSET=utf8mb4 COLLATE=utf8mb4_unicode_ci;

--
-- Dumping data for table `ec_customers`
--

INSERT INTO `ec_customers` VALUES (1,'Audie Mraz','customer@botble.com','$2y$12$.3oV1FH1T2eu0d3EgoaxsOBax0AqeRjegxu1AMF9wH0cnfLiVZnEG','main/customers/2.jpg','1989-04-24','+14459574169',NULL,'2024-05-10 02:11:05','2024-05-10 02:11:05','2024-05-10 09:11:05',NULL,0,NULL,'activated',NULL),(2,'Marjolaine Will','vendor@botble.com','$2y$12$b5bhLd4ZfQFejnOgyqkNIu/Hry2KHDsZfMsZsTXVhT6ZZ2IvSOYEG','main/customers/4.jpg','1984-04-16','+19473516918',NULL,'2024-05-10 02:11:06','2024-05-10 02:11:11','2024-05-10 09:11:05',NULL,1,'2024-05-10 09:11:11','activated',NULL),(3,'Columbus Dare V','luna52@example.net','$2y$12$Mh8lBF3Lys42yV2KO2wVMeJKaavoLb9dSVz89MHta0Ond1IjW2zS6','main/customers/1.jpg','1981-04-20','+13516213089',NULL,'2024-05-10 02:11:06','2024-05-10 02:11:11','2024-05-10 09:11:05',NULL,1,'2024-05-10 09:11:11','activated',NULL),(4,'Danyka Shields PhD','olga.larkin@example.com','$2y$12$Db4CIM09jtV.lxprIfP4Mupib84Ukzbe3MZ5k04.2JTrNzVLH0zsO','main/customers/2.jpg','1993-04-20','+12727873070',NULL,'2024-05-10 02:11:06','2024-05-10 02:11:11','2024-05-10 09:11:05',NULL,1,'2024-05-10 09:11:11','activated',NULL),(5,'Dr. Bradly Davis I','cornell.morissette@example.com','$2y$12$H9tWGWjC2baolotvY/Oc6uh3ik0lZvAy5qb1O2Zy3SKieyfx9MbuW','main/customers/3.jpg','1989-04-12','+18638105165',NULL,'2024-05-10 02:11:07','2024-05-10 02:11:12','2024-05-10 09:11:05',NULL,1,'2024-05-10 09:11:11','activated',NULL),(6,'Tomasa Reichert','myrtice.kozey@example.net','$2y$12$YD39CKJS1EBFZMJywgnuAOQpm3INuKgsyWP.BKsbkHni8tp/3/jw2','main/customers/4.jpg','1990-05-06','+13362514188',NULL,'2024-05-10 02:11:07','2024-05-10 02:11:12','2024-05-10 09:11:05',NULL,1,'2024-05-10 09:11:11','activated',NULL),(7,'Prof. Gladyce Cummerata PhD','gerardo.batz@example.net','$2y$12$FUGx1LZQqa9o4QuITv1gs.jLH5nTRaaYUXiWV.WjRPa068DJhz1dy','main/customers/5.jpg','1993-04-25','+12135279831',NULL,'2024-05-10 02:11:07','2024-05-10 02:11:12','2024-05-10 09:11:05',NULL,1,'2024-05-10 09:11:11','activated',NULL),(8,'Prof. Bertha Terry','cthiel@example.net','$2y$12$cl/DeCvVChCKOu7PT.mMv.FRXXQ0iXAKDuhK18tQ5W7xtHNw56NOe','main/customers/6.jpg','1976-05-08','+17325881080',NULL,'2024-05-10 02:11:07','2024-05-10 02:11:12','2024-05-10 09:11:05',NULL,1,'2024-05-10 09:11:11','activated',NULL),(9,'Dr. Elinor Hartmann','emely94@example.net','$2y$12$0vo6vCy853oFAlYCQVwcfuBmWlOHcuHLbNIsm18TjyoN43ckC8xmq','main/customers/7.jpg','1989-05-02','+18625186452',NULL,'2024-05-10 02:11:08','2024-05-10 02:11:13','2024-05-10 09:11:05',NULL,0,NULL,'activated',NULL),(10,'Assunta Deckow','sbashirian@example.net','$2y$12$1PL8E8Q1v/QUHhfAU2hJyu0o4vTl9H2/yLezDXWFpFfG5Y9jzS43u','main/customers/8.jpg','1999-05-09','+17154046685',NULL,'2024-05-10 02:11:08','2024-05-10 02:11:13','2024-05-10 09:11:05',NULL,0,NULL,'activated',NULL);

--
-- Table structure for table `ec_discount_customers`
--

CREATE TABLE `ec_discount_customers` (
  `discount_id` bigint unsigned NOT NULL,
  `customer_id` bigint unsigned NOT NULL,
  PRIMARY KEY (`discount_id`,`customer_id`)
) ENGINE=InnoDB DEFAULT CHARSET=utf8mb4 COLLATE=utf8mb4_unicode_ci;

--
-- Dumping data for table `ec_discount_customers`
--


--
-- Table structure for table `ec_discount_product_categories`
--

CREATE TABLE `ec_discount_product_categories` (
  `discount_id` bigint unsigned NOT NULL,
  `product_category_id` bigint unsigned NOT NULL,
  PRIMARY KEY (`discount_id`,`product_category_id`)
) ENGINE=InnoDB DEFAULT CHARSET=utf8mb4 COLLATE=utf8mb4_unicode_ci;

--
-- Dumping data for table `ec_discount_product_categories`
--


--
-- Table structure for table `ec_discount_product_collections`
--

CREATE TABLE `ec_discount_product_collections` (
  `discount_id` bigint unsigned NOT NULL,
  `product_collection_id` bigint unsigned NOT NULL,
  PRIMARY KEY (`discount_id`,`product_collection_id`)
) ENGINE=InnoDB DEFAULT CHARSET=utf8mb4 COLLATE=utf8mb4_unicode_ci;

--
-- Dumping data for table `ec_discount_product_collections`
--


--
-- Table structure for table `ec_discount_products`
--

CREATE TABLE `ec_discount_products` (
  `discount_id` bigint unsigned NOT NULL,
  `product_id` bigint unsigned NOT NULL,
  PRIMARY KEY (`discount_id`,`product_id`)
) ENGINE=InnoDB DEFAULT CHARSET=utf8mb4 COLLATE=utf8mb4_unicode_ci;

--
-- Dumping data for table `ec_discount_products`
--


--
-- Table structure for table `ec_discounts`
--

CREATE TABLE `ec_discounts` (
  `id` bigint unsigned NOT NULL AUTO_INCREMENT,
  `title` varchar(120) COLLATE utf8mb4_unicode_ci DEFAULT NULL,
  `code` varchar(20) COLLATE utf8mb4_unicode_ci DEFAULT NULL,
  `start_date` datetime DEFAULT NULL,
  `end_date` datetime DEFAULT NULL,
  `quantity` int DEFAULT NULL,
  `total_used` int unsigned NOT NULL DEFAULT '0',
  `value` double DEFAULT NULL,
  `type` varchar(60) COLLATE utf8mb4_unicode_ci DEFAULT 'coupon',
  `can_use_with_promotion` tinyint(1) NOT NULL DEFAULT '0',
  `discount_on` varchar(20) COLLATE utf8mb4_unicode_ci DEFAULT NULL,
  `product_quantity` int unsigned DEFAULT NULL,
  `type_option` varchar(100) COLLATE utf8mb4_unicode_ci NOT NULL DEFAULT 'amount',
  `target` varchar(100) COLLATE utf8mb4_unicode_ci NOT NULL DEFAULT 'all-orders',
  `min_order_price` decimal(15,2) DEFAULT NULL,
  `apply_via_url` tinyint(1) NOT NULL DEFAULT '0',
  `display_at_checkout` tinyint(1) NOT NULL DEFAULT '0',
  `created_at` timestamp NULL DEFAULT NULL,
  `updated_at` timestamp NULL DEFAULT NULL,
  `store_id` bigint unsigned DEFAULT NULL,
  `description` varchar(400) COLLATE utf8mb4_unicode_ci DEFAULT NULL,
  PRIMARY KEY (`id`),
  UNIQUE KEY `ec_discounts_code_unique` (`code`)
) ENGINE=InnoDB AUTO_INCREMENT=11 DEFAULT CHARSET=utf8mb4 COLLATE=utf8mb4_unicode_ci;

--
-- Dumping data for table `ec_discounts`
--

INSERT INTO `ec_discounts` VALUES (1,'Discount 1','CTVRNDBPC6Y1','2024-05-09 09:11:10','2024-05-27 09:11:10',NULL,0,23,'coupon',0,NULL,NULL,'percentage','all-orders',NULL,0,1,'2024-05-10 02:11:10','2024-05-10 02:11:10',NULL,NULL),(2,'Discount 2','GGVNP2EDRRW4','2024-05-09 09:11:10',NULL,NULL,0,934,'coupon',0,NULL,NULL,'shipping','all-orders',NULL,0,1,'2024-05-10 02:11:10','2024-05-10 02:11:10',NULL,NULL),(3,'Discount 3','BIYEDXSBPKUI','2024-05-09 09:11:10',NULL,NULL,0,894,'coupon',0,NULL,NULL,'amount','all-orders',NULL,0,1,'2024-05-10 02:11:10','2024-05-10 02:11:10',NULL,NULL),(4,'Discount 4','2XQO9YYTI1HN','2024-05-09 09:11:10',NULL,NULL,0,374,'coupon',0,NULL,NULL,'amount','all-orders',NULL,0,1,'2024-05-10 02:11:10','2024-05-10 02:11:10',NULL,NULL),(5,'Discount 5','IXUFKTF0MTMB','2024-05-09 09:11:10','2024-05-31 09:11:10',NULL,0,605,'coupon',0,NULL,NULL,'same-price','all-orders',NULL,0,1,'2024-05-10 02:11:10','2024-05-10 02:11:10',NULL,NULL),(6,'Discount 6','PMNVY00VDK1E','2024-05-09 09:11:10','2024-05-16 09:11:10',NULL,0,772,'coupon',0,NULL,NULL,'amount','all-orders',NULL,0,1,'2024-05-10 02:11:10','2024-05-10 02:11:10',NULL,NULL),(7,'Discount 7','BX3BOGMG1PLQ','2024-05-09 09:11:10','2024-05-26 09:11:10',NULL,0,723,'coupon',0,NULL,NULL,'shipping','all-orders',NULL,0,1,'2024-05-10 02:11:10','2024-05-10 02:11:10',NULL,NULL),(8,'Discount 8','NWBBQHVOGANK','2024-05-09 09:11:10',NULL,NULL,0,888,'coupon',0,NULL,NULL,'amount','all-orders',NULL,0,1,'2024-05-10 02:11:10','2024-05-10 02:11:10',NULL,NULL),(9,'Discount 9','IS6S97E1JV5H','2024-05-09 09:11:10',NULL,NULL,0,452,'coupon',0,NULL,NULL,'shipping','all-orders',NULL,0,1,'2024-05-10 02:11:10','2024-05-10 02:11:10',NULL,NULL),(10,'Discount 10','ZNLNTCIPVYTY','2024-05-09 09:11:10','2024-05-11 09:11:10',NULL,0,551,'coupon',0,NULL,NULL,'shipping','all-orders',NULL,0,1,'2024-05-10 02:11:10','2024-05-10 02:11:10',NULL,NULL);

--
-- Table structure for table `ec_flash_sale_products`
--

CREATE TABLE `ec_flash_sale_products` (
  `flash_sale_id` bigint unsigned NOT NULL,
  `product_id` bigint unsigned NOT NULL,
  `price` double unsigned DEFAULT NULL,
  `quantity` int unsigned DEFAULT NULL,
  `sold` int unsigned NOT NULL DEFAULT '0'
) ENGINE=InnoDB DEFAULT CHARSET=utf8mb4 COLLATE=utf8mb4_unicode_ci;

--
-- Dumping data for table `ec_flash_sale_products`
--

INSERT INTO `ec_flash_sale_products` VALUES (1,1,723.84,11,5),(1,2,98.67,6,5),(1,3,1362.68,12,2),(1,4,52.64,16,1),(1,5,170.1,12,1),(1,6,1194.6,15,1),(1,7,771.28,12,2),(1,8,11.1,20,1),(1,9,52.82,9,4),(1,10,1358.42,12,5);

--
-- Table structure for table `ec_flash_sales`
--

CREATE TABLE `ec_flash_sales` (
  `id` bigint unsigned NOT NULL AUTO_INCREMENT,
  `name` varchar(191) COLLATE utf8mb4_unicode_ci NOT NULL,
  `end_date` datetime NOT NULL,
  `status` varchar(60) COLLATE utf8mb4_unicode_ci NOT NULL DEFAULT 'published',
  `created_at` timestamp NULL DEFAULT NULL,
  `updated_at` timestamp NULL DEFAULT NULL,
  PRIMARY KEY (`id`)
) ENGINE=InnoDB AUTO_INCREMENT=2 DEFAULT CHARSET=utf8mb4 COLLATE=utf8mb4_unicode_ci;

--
-- Dumping data for table `ec_flash_sales`
--

INSERT INTO `ec_flash_sales` VALUES (1,'Winter Sale','2024-05-26 00:00:00','published','2024-05-10 02:11:16','2024-05-10 02:11:16');

--
-- Table structure for table `ec_flash_sales_translations`
--

CREATE TABLE `ec_flash_sales_translations` (
  `lang_code` varchar(191) COLLATE utf8mb4_unicode_ci NOT NULL,
  `ec_flash_sales_id` bigint unsigned NOT NULL,
  `name` varchar(191) COLLATE utf8mb4_unicode_ci DEFAULT NULL,
  PRIMARY KEY (`lang_code`,`ec_flash_sales_id`)
) ENGINE=InnoDB DEFAULT CHARSET=utf8mb4 COLLATE=utf8mb4_unicode_ci;

--
-- Dumping data for table `ec_flash_sales_translations`
--


--
-- Table structure for table `ec_global_option_value`
--

CREATE TABLE `ec_global_option_value` (
  `option_id` bigint unsigned NOT NULL COMMENT 'option id',
  `id` bigint unsigned NOT NULL AUTO_INCREMENT,
  `option_value` tinytext COLLATE utf8mb4_unicode_ci COMMENT 'option value',
  `affect_price` double DEFAULT NULL COMMENT 'value of price of this option affect',
  `order` int NOT NULL DEFAULT '9999',
  `affect_type` tinyint NOT NULL DEFAULT '0' COMMENT '0. fixed 1. percent',
  `created_at` timestamp NULL DEFAULT NULL,
  `updated_at` timestamp NULL DEFAULT NULL,
  PRIMARY KEY (`id`)
) ENGINE=InnoDB AUTO_INCREMENT=13 DEFAULT CHARSET=utf8mb4 COLLATE=utf8mb4_unicode_ci;

--
-- Dumping data for table `ec_global_option_value`
--

INSERT INTO `ec_global_option_value` VALUES (1,1,'1 Year',0,9999,0,'2024-05-10 02:11:10','2024-05-10 02:11:10'),(1,2,'2 Year',10,9999,0,'2024-05-10 02:11:10','2024-05-10 02:11:10'),(1,3,'3 Year',20,9999,0,'2024-05-10 02:11:10','2024-05-10 02:11:10'),(2,4,'4GB',0,9999,0,'2024-05-10 02:11:10','2024-05-10 02:11:10'),(2,5,'8GB',10,9999,0,'2024-05-10 02:11:10','2024-05-10 02:11:10'),(2,6,'16GB',20,9999,0,'2024-05-10 02:11:10','2024-05-10 02:11:10'),(3,7,'Core i5',0,9999,0,'2024-05-10 02:11:10','2024-05-10 02:11:10'),(3,8,'Core i7',10,9999,0,'2024-05-10 02:11:10','2024-05-10 02:11:10'),(3,9,'Core i9',20,9999,0,'2024-05-10 02:11:10','2024-05-10 02:11:10'),(4,10,'128GB',0,9999,0,'2024-05-10 02:11:10','2024-05-10 02:11:10'),(4,11,'256GB',10,9999,0,'2024-05-10 02:11:10','2024-05-10 02:11:10'),(4,12,'512GB',20,9999,0,'2024-05-10 02:11:10','2024-05-10 02:11:10');

--
-- Table structure for table `ec_global_option_value_translations`
--

CREATE TABLE `ec_global_option_value_translations` (
  `lang_code` varchar(191) COLLATE utf8mb4_unicode_ci NOT NULL,
  `ec_global_option_value_id` bigint unsigned NOT NULL,
  `option_value` varchar(191) COLLATE utf8mb4_unicode_ci DEFAULT NULL,
  PRIMARY KEY (`lang_code`,`ec_global_option_value_id`)
) ENGINE=InnoDB DEFAULT CHARSET=utf8mb4 COLLATE=utf8mb4_unicode_ci;

--
-- Dumping data for table `ec_global_option_value_translations`
--


--
-- Table structure for table `ec_global_options`
--

CREATE TABLE `ec_global_options` (
  `id` bigint unsigned NOT NULL AUTO_INCREMENT,
  `name` varchar(191) COLLATE utf8mb4_unicode_ci NOT NULL COMMENT 'Name of options',
  `option_type` varchar(191) COLLATE utf8mb4_unicode_ci NOT NULL COMMENT 'option type',
  `required` tinyint(1) NOT NULL DEFAULT '0' COMMENT 'Checked if this option is required',
  `created_at` timestamp NULL DEFAULT NULL,
  `updated_at` timestamp NULL DEFAULT NULL,
  PRIMARY KEY (`id`)
) ENGINE=InnoDB AUTO_INCREMENT=5 DEFAULT CHARSET=utf8mb4 COLLATE=utf8mb4_unicode_ci;

--
-- Dumping data for table `ec_global_options`
--

INSERT INTO `ec_global_options` VALUES (1,'Warranty','Botble\\Ecommerce\\Option\\OptionType\\RadioButton',1,'2024-05-10 02:11:10','2024-05-10 02:11:10'),(2,'RAM','Botble\\Ecommerce\\Option\\OptionType\\RadioButton',1,'2024-05-10 02:11:10','2024-05-10 02:11:10'),(3,'CPU','Botble\\Ecommerce\\Option\\OptionType\\RadioButton',1,'2024-05-10 02:11:10','2024-05-10 02:11:10'),(4,'HDD','Botble\\Ecommerce\\Option\\OptionType\\Dropdown',0,'2024-05-10 02:11:10','2024-05-10 02:11:10');

--
-- Table structure for table `ec_global_options_translations`
--

CREATE TABLE `ec_global_options_translations` (
  `lang_code` varchar(191) COLLATE utf8mb4_unicode_ci NOT NULL,
  `ec_global_options_id` bigint unsigned NOT NULL,
  `name` varchar(191) COLLATE utf8mb4_unicode_ci DEFAULT NULL,
  PRIMARY KEY (`lang_code`,`ec_global_options_id`)
) ENGINE=InnoDB DEFAULT CHARSET=utf8mb4 COLLATE=utf8mb4_unicode_ci;

--
-- Dumping data for table `ec_global_options_translations`
--


--
-- Table structure for table `ec_grouped_products`
--

CREATE TABLE `ec_grouped_products` (
  `id` bigint unsigned NOT NULL AUTO_INCREMENT,
  `parent_product_id` bigint unsigned NOT NULL,
  `product_id` bigint unsigned NOT NULL,
  `fixed_qty` int NOT NULL DEFAULT '1',
  PRIMARY KEY (`id`)
) ENGINE=InnoDB DEFAULT CHARSET=utf8mb4 COLLATE=utf8mb4_unicode_ci;

--
-- Dumping data for table `ec_grouped_products`
--


--
-- Table structure for table `ec_invoice_items`
--

CREATE TABLE `ec_invoice_items` (
  `id` bigint unsigned NOT NULL AUTO_INCREMENT,
  `invoice_id` bigint unsigned NOT NULL,
  `reference_type` varchar(191) COLLATE utf8mb4_unicode_ci NOT NULL,
  `reference_id` bigint unsigned NOT NULL,
  `name` varchar(191) COLLATE utf8mb4_unicode_ci NOT NULL,
  `description` varchar(400) COLLATE utf8mb4_unicode_ci DEFAULT NULL,
  `image` varchar(191) COLLATE utf8mb4_unicode_ci DEFAULT NULL,
  `qty` int unsigned NOT NULL,
  `price` decimal(15,2) NOT NULL DEFAULT '0.00',
  `sub_total` decimal(15,2) unsigned NOT NULL,
  `tax_amount` decimal(15,2) unsigned NOT NULL DEFAULT '0.00',
  `discount_amount` decimal(15,2) unsigned NOT NULL DEFAULT '0.00',
  `amount` decimal(15,2) unsigned NOT NULL,
  `options` text COLLATE utf8mb4_unicode_ci,
  `created_at` timestamp NULL DEFAULT NULL,
  `updated_at` timestamp NULL DEFAULT NULL,
  PRIMARY KEY (`id`),
  KEY `ec_invoice_items_reference_type_reference_id_index` (`reference_type`,`reference_id`)
) ENGINE=InnoDB DEFAULT CHARSET=utf8mb4 COLLATE=utf8mb4_unicode_ci;

--
-- Dumping data for table `ec_invoice_items`
--


--
-- Table structure for table `ec_invoices`
--

CREATE TABLE `ec_invoices` (
  `id` bigint unsigned NOT NULL AUTO_INCREMENT,
  `reference_type` varchar(191) COLLATE utf8mb4_unicode_ci NOT NULL,
  `reference_id` bigint unsigned NOT NULL,
  `code` varchar(191) COLLATE utf8mb4_unicode_ci NOT NULL,
  `customer_name` varchar(191) COLLATE utf8mb4_unicode_ci DEFAULT NULL,
  `company_name` varchar(191) COLLATE utf8mb4_unicode_ci DEFAULT NULL,
  `company_logo` varchar(191) COLLATE utf8mb4_unicode_ci DEFAULT NULL,
  `customer_email` varchar(191) COLLATE utf8mb4_unicode_ci DEFAULT NULL,
  `customer_phone` varchar(191) COLLATE utf8mb4_unicode_ci DEFAULT NULL,
  `customer_address` varchar(191) COLLATE utf8mb4_unicode_ci DEFAULT NULL,
  `customer_tax_id` varchar(191) COLLATE utf8mb4_unicode_ci DEFAULT NULL,
  `sub_total` decimal(15,2) unsigned NOT NULL,
  `tax_amount` decimal(15,2) unsigned NOT NULL DEFAULT '0.00',
  `shipping_amount` decimal(15,2) unsigned NOT NULL DEFAULT '0.00',
  `discount_amount` decimal(15,2) unsigned NOT NULL DEFAULT '0.00',
  `shipping_option` varchar(60) COLLATE utf8mb4_unicode_ci DEFAULT NULL,
  `shipping_method` varchar(60) COLLATE utf8mb4_unicode_ci NOT NULL DEFAULT 'default',
  `coupon_code` varchar(120) COLLATE utf8mb4_unicode_ci DEFAULT NULL,
  `discount_description` varchar(191) COLLATE utf8mb4_unicode_ci DEFAULT NULL,
  `amount` decimal(15,2) unsigned NOT NULL,
  `description` text COLLATE utf8mb4_unicode_ci,
  `payment_id` bigint unsigned DEFAULT NULL,
  `status` varchar(191) COLLATE utf8mb4_unicode_ci NOT NULL DEFAULT 'pending',
  `paid_at` timestamp NULL DEFAULT NULL,
  `created_at` timestamp NULL DEFAULT NULL,
  `updated_at` timestamp NULL DEFAULT NULL,
  PRIMARY KEY (`id`),
  UNIQUE KEY `ec_invoices_code_unique` (`code`),
  KEY `ec_invoices_reference_type_reference_id_index` (`reference_type`,`reference_id`),
  KEY `ec_invoices_payment_id_index` (`payment_id`),
  KEY `ec_invoices_status_index` (`status`)
) ENGINE=InnoDB DEFAULT CHARSET=utf8mb4 COLLATE=utf8mb4_unicode_ci;

--
-- Dumping data for table `ec_invoices`
--


--
-- Table structure for table `ec_option_value`
--

CREATE TABLE `ec_option_value` (
  `option_id` bigint unsigned NOT NULL COMMENT 'option id',
  `id` bigint unsigned NOT NULL AUTO_INCREMENT,
  `option_value` tinytext COLLATE utf8mb4_unicode_ci COMMENT 'option value',
  `affect_price` double DEFAULT NULL COMMENT 'value of price of this option affect',
  `order` int NOT NULL DEFAULT '9999',
  `affect_type` tinyint NOT NULL DEFAULT '0' COMMENT '0. fixed 1. percent',
  `created_at` timestamp NULL DEFAULT NULL,
  `updated_at` timestamp NULL DEFAULT NULL,
  PRIMARY KEY (`id`)
) ENGINE=InnoDB DEFAULT CHARSET=utf8mb4 COLLATE=utf8mb4_unicode_ci;

--
-- Dumping data for table `ec_option_value`
--


--
-- Table structure for table `ec_option_value_translations`
--

CREATE TABLE `ec_option_value_translations` (
  `lang_code` varchar(191) COLLATE utf8mb4_unicode_ci NOT NULL,
  `ec_option_value_id` bigint unsigned NOT NULL,
  `option_value` varchar(191) COLLATE utf8mb4_unicode_ci DEFAULT NULL,
  PRIMARY KEY (`lang_code`,`ec_option_value_id`)
) ENGINE=InnoDB DEFAULT CHARSET=utf8mb4 COLLATE=utf8mb4_unicode_ci;

--
-- Dumping data for table `ec_option_value_translations`
--


--
-- Table structure for table `ec_options`
--

CREATE TABLE `ec_options` (
  `id` bigint unsigned NOT NULL AUTO_INCREMENT,
  `name` varchar(191) COLLATE utf8mb4_unicode_ci NOT NULL COMMENT 'Name of options',
  `option_type` varchar(191) COLLATE utf8mb4_unicode_ci DEFAULT NULL COMMENT 'option type',
  `product_id` bigint unsigned NOT NULL DEFAULT '0',
  `order` int NOT NULL DEFAULT '9999',
  `required` tinyint(1) NOT NULL DEFAULT '0' COMMENT 'Checked if this option is required',
  `created_at` timestamp NULL DEFAULT NULL,
  `updated_at` timestamp NULL DEFAULT NULL,
  PRIMARY KEY (`id`)
) ENGINE=InnoDB DEFAULT CHARSET=utf8mb4 COLLATE=utf8mb4_unicode_ci;

--
-- Dumping data for table `ec_options`
--


--
-- Table structure for table `ec_options_translations`
--

CREATE TABLE `ec_options_translations` (
  `lang_code` varchar(191) COLLATE utf8mb4_unicode_ci NOT NULL,
  `ec_options_id` bigint unsigned NOT NULL,
  `name` varchar(191) COLLATE utf8mb4_unicode_ci DEFAULT NULL,
  PRIMARY KEY (`lang_code`,`ec_options_id`)
) ENGINE=InnoDB DEFAULT CHARSET=utf8mb4 COLLATE=utf8mb4_unicode_ci;

--
-- Dumping data for table `ec_options_translations`
--


--
-- Table structure for table `ec_order_addresses`
--

CREATE TABLE `ec_order_addresses` (
  `id` bigint unsigned NOT NULL AUTO_INCREMENT,
  `name` varchar(191) COLLATE utf8mb4_unicode_ci NOT NULL,
  `phone` varchar(20) COLLATE utf8mb4_unicode_ci DEFAULT NULL,
  `email` varchar(191) COLLATE utf8mb4_unicode_ci DEFAULT NULL,
  `country` varchar(120) COLLATE utf8mb4_unicode_ci DEFAULT NULL,
  `state` varchar(120) COLLATE utf8mb4_unicode_ci DEFAULT NULL,
  `city` varchar(120) COLLATE utf8mb4_unicode_ci DEFAULT NULL,
  `address` varchar(191) COLLATE utf8mb4_unicode_ci DEFAULT NULL,
  `order_id` bigint unsigned NOT NULL,
  `zip_code` varchar(20) COLLATE utf8mb4_unicode_ci DEFAULT NULL,
  `type` varchar(60) COLLATE utf8mb4_unicode_ci NOT NULL DEFAULT 'shipping_address',
  PRIMARY KEY (`id`)
) ENGINE=InnoDB DEFAULT CHARSET=utf8mb4 COLLATE=utf8mb4_unicode_ci;

--
-- Dumping data for table `ec_order_addresses`
--


--
-- Table structure for table `ec_order_histories`
--

CREATE TABLE `ec_order_histories` (
  `id` bigint unsigned NOT NULL AUTO_INCREMENT,
  `action` varchar(120) COLLATE utf8mb4_unicode_ci NOT NULL,
  `description` varchar(400) COLLATE utf8mb4_unicode_ci DEFAULT NULL,
  `user_id` bigint unsigned DEFAULT NULL,
  `order_id` bigint unsigned NOT NULL,
  `extras` text COLLATE utf8mb4_unicode_ci,
  `created_at` timestamp NULL DEFAULT NULL,
  `updated_at` timestamp NULL DEFAULT NULL,
  PRIMARY KEY (`id`)
) ENGINE=InnoDB DEFAULT CHARSET=utf8mb4 COLLATE=utf8mb4_unicode_ci;

--
-- Dumping data for table `ec_order_histories`
--


--
-- Table structure for table `ec_order_product`
--

CREATE TABLE `ec_order_product` (
  `id` bigint unsigned NOT NULL AUTO_INCREMENT,
  `order_id` bigint unsigned NOT NULL,
  `qty` int NOT NULL,
  `price` decimal(15,2) NOT NULL,
  `tax_amount` decimal(15,2) NOT NULL,
  `options` text COLLATE utf8mb4_unicode_ci,
  `product_options` text COLLATE utf8mb4_unicode_ci COMMENT 'product option data',
  `product_id` bigint unsigned DEFAULT NULL,
  `product_name` varchar(191) COLLATE utf8mb4_unicode_ci NOT NULL,
  `product_image` varchar(191) COLLATE utf8mb4_unicode_ci DEFAULT NULL,
  `weight` double(8,2) DEFAULT '0.00',
  `restock_quantity` int unsigned DEFAULT '0',
  `created_at` timestamp NULL DEFAULT NULL,
  `updated_at` timestamp NULL DEFAULT NULL,
  `product_type` varchar(60) COLLATE utf8mb4_unicode_ci NOT NULL DEFAULT 'physical',
  `times_downloaded` int NOT NULL DEFAULT '0',
  `license_code` char(36) COLLATE utf8mb4_unicode_ci DEFAULT NULL,
  PRIMARY KEY (`id`)
) ENGINE=InnoDB DEFAULT CHARSET=utf8mb4 COLLATE=utf8mb4_unicode_ci;

--
-- Dumping data for table `ec_order_product`
--


--
-- Table structure for table `ec_order_referrals`
--

CREATE TABLE `ec_order_referrals` (
  `id` bigint unsigned NOT NULL AUTO_INCREMENT,
  `ip` varchar(39) COLLATE utf8mb4_unicode_ci DEFAULT NULL,
  `landing_domain` varchar(191) COLLATE utf8mb4_unicode_ci DEFAULT NULL,
  `landing_page` varchar(191) COLLATE utf8mb4_unicode_ci DEFAULT NULL,
  `landing_params` varchar(191) COLLATE utf8mb4_unicode_ci DEFAULT NULL,
  `referral` varchar(191) COLLATE utf8mb4_unicode_ci DEFAULT NULL,
  `gclid` varchar(191) COLLATE utf8mb4_unicode_ci DEFAULT NULL,
  `fclid` varchar(191) COLLATE utf8mb4_unicode_ci DEFAULT NULL,
  `utm_source` varchar(191) COLLATE utf8mb4_unicode_ci DEFAULT NULL,
  `utm_campaign` varchar(191) COLLATE utf8mb4_unicode_ci DEFAULT NULL,
  `utm_medium` varchar(191) COLLATE utf8mb4_unicode_ci DEFAULT NULL,
  `utm_term` varchar(191) COLLATE utf8mb4_unicode_ci DEFAULT NULL,
  `utm_content` varchar(191) COLLATE utf8mb4_unicode_ci DEFAULT NULL,
  `referrer_url` text COLLATE utf8mb4_unicode_ci,
  `referrer_domain` varchar(191) COLLATE utf8mb4_unicode_ci DEFAULT NULL,
  `order_id` bigint unsigned DEFAULT NULL,
  `created_at` timestamp NULL DEFAULT NULL,
  `updated_at` timestamp NULL DEFAULT NULL,
  PRIMARY KEY (`id`),
  KEY `ec_order_referrals_order_id_index` (`order_id`)
) ENGINE=InnoDB DEFAULT CHARSET=utf8mb4 COLLATE=utf8mb4_unicode_ci;

--
-- Dumping data for table `ec_order_referrals`
--


--
-- Table structure for table `ec_order_return_histories`
--

CREATE TABLE `ec_order_return_histories` (
  `id` bigint unsigned NOT NULL AUTO_INCREMENT,
  `user_id` bigint unsigned DEFAULT NULL,
  `order_return_id` bigint unsigned NOT NULL,
  `action` varchar(191) COLLATE utf8mb4_unicode_ci NOT NULL,
  `description` varchar(400) COLLATE utf8mb4_unicode_ci DEFAULT NULL,
  `reason` varchar(191) COLLATE utf8mb4_unicode_ci DEFAULT NULL,
  `created_at` timestamp NULL DEFAULT NULL,
  `updated_at` timestamp NULL DEFAULT NULL,
  PRIMARY KEY (`id`)
) ENGINE=InnoDB DEFAULT CHARSET=utf8mb4 COLLATE=utf8mb4_unicode_ci;

--
-- Dumping data for table `ec_order_return_histories`
--


--
-- Table structure for table `ec_order_return_items`
--

CREATE TABLE `ec_order_return_items` (
  `id` bigint unsigned NOT NULL AUTO_INCREMENT,
  `order_return_id` bigint unsigned NOT NULL COMMENT 'Order return id',
  `order_product_id` bigint unsigned NOT NULL COMMENT 'Order product id',
  `product_id` bigint unsigned NOT NULL COMMENT 'Product id',
  `product_name` varchar(191) COLLATE utf8mb4_unicode_ci NOT NULL,
  `product_image` varchar(191) COLLATE utf8mb4_unicode_ci DEFAULT NULL,
  `qty` int NOT NULL COMMENT 'Quantity return',
  `price` decimal(15,2) NOT NULL COMMENT 'Price Product',
  `reason` text COLLATE utf8mb4_unicode_ci,
  `created_at` timestamp NULL DEFAULT NULL,
  `updated_at` timestamp NULL DEFAULT NULL,
  `refund_amount` decimal(12,2) DEFAULT '0.00',
  PRIMARY KEY (`id`)
) ENGINE=InnoDB DEFAULT CHARSET=utf8mb4 COLLATE=utf8mb4_unicode_ci;

--
-- Dumping data for table `ec_order_return_items`
--


--
-- Table structure for table `ec_order_returns`
--

CREATE TABLE `ec_order_returns` (
  `id` bigint unsigned NOT NULL AUTO_INCREMENT,
  `code` varchar(191) COLLATE utf8mb4_unicode_ci DEFAULT NULL,
  `order_id` bigint unsigned NOT NULL COMMENT 'Order ID',
  `store_id` bigint unsigned DEFAULT NULL COMMENT 'Store ID',
  `user_id` bigint unsigned NOT NULL COMMENT 'Customer ID',
  `reason` text COLLATE utf8mb4_unicode_ci COMMENT 'Reason return order',
  `order_status` varchar(191) COLLATE utf8mb4_unicode_ci DEFAULT NULL COMMENT 'Order current status',
  `return_status` varchar(191) COLLATE utf8mb4_unicode_ci NOT NULL COMMENT 'Return status',
  `created_at` timestamp NULL DEFAULT NULL,
  `updated_at` timestamp NULL DEFAULT NULL,
  PRIMARY KEY (`id`),
  UNIQUE KEY `ec_order_returns_code_unique` (`code`)
) ENGINE=InnoDB DEFAULT CHARSET=utf8mb4 COLLATE=utf8mb4_unicode_ci;

--
-- Dumping data for table `ec_order_returns`
--


--
-- Table structure for table `ec_order_tax_information`
--

CREATE TABLE `ec_order_tax_information` (
  `id` bigint unsigned NOT NULL AUTO_INCREMENT,
  `order_id` bigint unsigned NOT NULL,
  `company_name` varchar(120) COLLATE utf8mb4_unicode_ci NOT NULL,
  `company_address` varchar(191) COLLATE utf8mb4_unicode_ci NOT NULL,
  `company_tax_code` varchar(20) COLLATE utf8mb4_unicode_ci NOT NULL,
  `company_email` varchar(60) COLLATE utf8mb4_unicode_ci NOT NULL,
  `created_at` timestamp NULL DEFAULT NULL,
  `updated_at` timestamp NULL DEFAULT NULL,
  PRIMARY KEY (`id`),
  KEY `ec_order_tax_information_order_id_index` (`order_id`)
) ENGINE=InnoDB DEFAULT CHARSET=utf8mb4 COLLATE=utf8mb4_unicode_ci;

--
-- Dumping data for table `ec_order_tax_information`
--


--
-- Table structure for table `ec_orders`
--

CREATE TABLE `ec_orders` (
  `id` bigint unsigned NOT NULL AUTO_INCREMENT,
  `code` varchar(191) COLLATE utf8mb4_unicode_ci DEFAULT NULL,
  `user_id` bigint unsigned NOT NULL,
  `shipping_option` varchar(60) COLLATE utf8mb4_unicode_ci DEFAULT NULL,
  `shipping_method` varchar(60) COLLATE utf8mb4_unicode_ci NOT NULL DEFAULT 'default',
  `status` varchar(120) COLLATE utf8mb4_unicode_ci NOT NULL DEFAULT 'pending',
  `amount` decimal(15,2) NOT NULL,
  `tax_amount` decimal(15,2) DEFAULT NULL,
  `shipping_amount` decimal(15,2) DEFAULT NULL,
  `description` text COLLATE utf8mb4_unicode_ci,
  `coupon_code` varchar(120) COLLATE utf8mb4_unicode_ci DEFAULT NULL,
  `discount_amount` decimal(15,2) DEFAULT NULL,
  `sub_total` decimal(15,2) NOT NULL,
  `is_confirmed` tinyint(1) NOT NULL DEFAULT '0',
  `discount_description` varchar(191) COLLATE utf8mb4_unicode_ci DEFAULT NULL,
  `is_finished` tinyint(1) DEFAULT '0',
  `cancellation_reason` varchar(191) COLLATE utf8mb4_unicode_ci DEFAULT NULL,
  `cancellation_reason_description` varchar(191) COLLATE utf8mb4_unicode_ci DEFAULT NULL,
  `completed_at` timestamp NULL DEFAULT NULL,
  `token` varchar(120) COLLATE utf8mb4_unicode_ci DEFAULT NULL,
  `payment_id` bigint unsigned DEFAULT NULL,
  `created_at` timestamp NULL DEFAULT NULL,
  `updated_at` timestamp NULL DEFAULT NULL,
  `store_id` bigint unsigned DEFAULT NULL,
  `proof_file` varchar(191) COLLATE utf8mb4_unicode_ci DEFAULT NULL,
  PRIMARY KEY (`id`),
  UNIQUE KEY `ec_orders_code_unique` (`code`),
  KEY `ec_orders_user_id_status_created_at_index` (`user_id`,`status`,`created_at`)
) ENGINE=InnoDB DEFAULT CHARSET=utf8mb4 COLLATE=utf8mb4_unicode_ci;

--
-- Dumping data for table `ec_orders`
--


--
-- Table structure for table `ec_product_attribute_sets`
--

CREATE TABLE `ec_product_attribute_sets` (
  `id` bigint unsigned NOT NULL AUTO_INCREMENT,
  `title` varchar(120) COLLATE utf8mb4_unicode_ci NOT NULL,
  `slug` varchar(120) COLLATE utf8mb4_unicode_ci DEFAULT NULL,
  `display_layout` varchar(191) COLLATE utf8mb4_unicode_ci NOT NULL DEFAULT 'swatch_dropdown',
  `is_searchable` tinyint unsigned NOT NULL DEFAULT '1',
  `is_comparable` tinyint unsigned NOT NULL DEFAULT '1',
  `is_use_in_product_listing` tinyint unsigned NOT NULL DEFAULT '0',
  `status` varchar(60) COLLATE utf8mb4_unicode_ci NOT NULL DEFAULT 'published',
  `order` tinyint unsigned NOT NULL DEFAULT '0',
  `created_at` timestamp NULL DEFAULT NULL,
  `updated_at` timestamp NULL DEFAULT NULL,
  `use_image_from_product_variation` tinyint unsigned NOT NULL DEFAULT '0',
  PRIMARY KEY (`id`)
) ENGINE=InnoDB AUTO_INCREMENT=5 DEFAULT CHARSET=utf8mb4 COLLATE=utf8mb4_unicode_ci;

--
-- Dumping data for table `ec_product_attribute_sets`
--

INSERT INTO `ec_product_attribute_sets` VALUES (1,'Color','color','visual',1,1,1,'published',0,'2024-05-10 02:11:05','2024-05-10 02:11:05',0),(2,'Size','size','text',1,1,1,'published',1,'2024-05-10 02:11:05','2024-05-10 02:11:05',0),(3,'Weight','weight','text',1,1,1,'published',0,'2024-05-10 02:11:05','2024-05-10 02:11:05',0),(4,'Boxes','boxes','text',1,1,1,'published',1,'2024-05-10 02:11:05','2024-05-10 02:11:05',0);

--
-- Table structure for table `ec_product_attribute_sets_translations`
--

CREATE TABLE `ec_product_attribute_sets_translations` (
  `lang_code` varchar(191) COLLATE utf8mb4_unicode_ci NOT NULL,
  `ec_product_attribute_sets_id` bigint unsigned NOT NULL,
  `title` varchar(191) COLLATE utf8mb4_unicode_ci DEFAULT NULL,
  PRIMARY KEY (`lang_code`,`ec_product_attribute_sets_id`)
) ENGINE=InnoDB DEFAULT CHARSET=utf8mb4 COLLATE=utf8mb4_unicode_ci;

--
-- Dumping data for table `ec_product_attribute_sets_translations`
--


--
-- Table structure for table `ec_product_attributes`
--

CREATE TABLE `ec_product_attributes` (
  `id` bigint unsigned NOT NULL AUTO_INCREMENT,
  `attribute_set_id` bigint unsigned NOT NULL,
  `title` varchar(120) COLLATE utf8mb4_unicode_ci NOT NULL,
  `slug` varchar(120) COLLATE utf8mb4_unicode_ci DEFAULT NULL,
  `color` varchar(50) COLLATE utf8mb4_unicode_ci DEFAULT NULL,
  `image` varchar(191) COLLATE utf8mb4_unicode_ci DEFAULT NULL,
  `is_default` tinyint unsigned NOT NULL DEFAULT '0',
  `order` tinyint unsigned NOT NULL DEFAULT '0',
  `created_at` timestamp NULL DEFAULT NULL,
  `updated_at` timestamp NULL DEFAULT NULL,
  PRIMARY KEY (`id`),
  KEY `attribute_set_status_index` (`attribute_set_id`)
) ENGINE=InnoDB AUTO_INCREMENT=21 DEFAULT CHARSET=utf8mb4 COLLATE=utf8mb4_unicode_ci;

--
-- Dumping data for table `ec_product_attributes`
--

INSERT INTO `ec_product_attributes` VALUES (1,1,'Green','green','#5FB7D4',NULL,1,1,'2024-05-10 02:11:05','2024-05-10 02:11:05'),(2,1,'Blue','blue','#333333',NULL,0,2,'2024-05-10 02:11:05','2024-05-10 02:11:05'),(3,1,'Red','red','#DA323F',NULL,0,3,'2024-05-10 02:11:05','2024-05-10 02:11:05'),(4,1,'Black','black','#2F366C',NULL,0,4,'2024-05-10 02:11:05','2024-05-10 02:11:05'),(5,1,'Brown','brown','#87554B',NULL,0,5,'2024-05-10 02:11:05','2024-05-10 02:11:05'),(6,2,'S','s',NULL,NULL,1,1,'2024-05-10 02:11:05','2024-05-10 02:11:05'),(7,2,'M','m',NULL,NULL,0,2,'2024-05-10 02:11:05','2024-05-10 02:11:05'),(8,2,'L','l',NULL,NULL,0,3,'2024-05-10 02:11:05','2024-05-10 02:11:05'),(9,2,'XL','xl',NULL,NULL,0,4,'2024-05-10 02:11:05','2024-05-10 02:11:05'),(10,2,'XXL','xxl',NULL,NULL,0,5,'2024-05-10 02:11:05','2024-05-10 02:11:05'),(11,3,'1KG','1kg',NULL,NULL,1,1,'2024-05-10 02:11:05','2024-05-10 02:11:05'),(12,3,'2KG','2kg',NULL,NULL,0,2,'2024-05-10 02:11:05','2024-05-10 02:11:05'),(13,3,'3KG','3kg',NULL,NULL,0,3,'2024-05-10 02:11:05','2024-05-10 02:11:05'),(14,3,'4KG','4kg',NULL,NULL,0,4,'2024-05-10 02:11:05','2024-05-10 02:11:05'),(15,3,'5KG','5kg',NULL,NULL,0,5,'2024-05-10 02:11:05','2024-05-10 02:11:05'),(16,4,'1 Box','1-box',NULL,NULL,1,1,'2024-05-10 02:11:05','2024-05-10 02:11:05'),(17,4,'2 Boxes','2-boxes',NULL,NULL,0,2,'2024-05-10 02:11:05','2024-05-10 02:11:05'),(18,4,'3 Boxes','3-boxes',NULL,NULL,0,3,'2024-05-10 02:11:05','2024-05-10 02:11:05'),(19,4,'4 Boxes','4-boxes',NULL,NULL,0,4,'2024-05-10 02:11:05','2024-05-10 02:11:05'),(20,4,'5 Boxes','5-boxes',NULL,NULL,0,5,'2024-05-10 02:11:05','2024-05-10 02:11:05');

--
-- Table structure for table `ec_product_attributes_translations`
--

CREATE TABLE `ec_product_attributes_translations` (
  `lang_code` varchar(191) COLLATE utf8mb4_unicode_ci NOT NULL,
  `ec_product_attributes_id` bigint unsigned NOT NULL,
  `title` varchar(191) COLLATE utf8mb4_unicode_ci DEFAULT NULL,
  PRIMARY KEY (`lang_code`,`ec_product_attributes_id`)
) ENGINE=InnoDB DEFAULT CHARSET=utf8mb4 COLLATE=utf8mb4_unicode_ci;

--
-- Dumping data for table `ec_product_attributes_translations`
--


--
-- Table structure for table `ec_product_categories`
--

CREATE TABLE `ec_product_categories` (
  `id` bigint unsigned NOT NULL AUTO_INCREMENT,
  `name` varchar(191) COLLATE utf8mb4_unicode_ci NOT NULL,
  `parent_id` bigint unsigned NOT NULL DEFAULT '0',
  `description` mediumtext COLLATE utf8mb4_unicode_ci,
  `status` varchar(60) COLLATE utf8mb4_unicode_ci NOT NULL DEFAULT 'published',
  `order` int unsigned NOT NULL DEFAULT '0',
  `image` varchar(191) COLLATE utf8mb4_unicode_ci DEFAULT NULL,
  `is_featured` tinyint unsigned NOT NULL DEFAULT '0',
  `created_at` timestamp NULL DEFAULT NULL,
  `updated_at` timestamp NULL DEFAULT NULL,
  `icon` varchar(191) COLLATE utf8mb4_unicode_ci DEFAULT NULL,
  `icon_image` varchar(191) COLLATE utf8mb4_unicode_ci DEFAULT NULL,
  PRIMARY KEY (`id`),
  KEY `ec_product_categories_parent_id_status_created_at_index` (`parent_id`,`status`,`created_at`),
  KEY `ec_product_categories_parent_id_status_index` (`parent_id`,`status`)
) ENGINE=InnoDB AUTO_INCREMENT=19 DEFAULT CHARSET=utf8mb4 COLLATE=utf8mb4_unicode_ci;

--
-- Dumping data for table `ec_product_categories`
--

INSERT INTO `ec_product_categories` VALUES (1,'Discover Skincare',0,NULL,'published',0,'beauty/product-categories/1.jpg',1,'2024-05-10 02:11:14','2024-05-10 02:11:14',NULL,NULL),(2,'Clothing',0,NULL,'published',1,'beauty/product-categories/4.jpg',1,'2024-05-10 02:11:14','2024-05-10 02:11:14',NULL,NULL),(3,'Men\'s Clothing',2,NULL,'published',0,NULL,0,'2024-05-10 02:11:14','2024-05-10 02:11:14',NULL,NULL),(4,'T-Shirts',3,NULL,'published',0,NULL,0,'2024-05-10 02:11:14','2024-05-10 02:11:14',NULL,NULL),(5,'Jeans',3,NULL,'published',1,NULL,0,'2024-05-10 02:11:14','2024-05-10 02:11:14',NULL,NULL),(6,'Suits',3,NULL,'published',2,NULL,0,'2024-05-10 02:11:14','2024-05-10 02:11:14',NULL,NULL),(7,'Women\'s Clothing',2,NULL,'published',1,'beauty/product-categories/2.jpg',1,'2024-05-10 02:11:14','2024-05-10 02:11:14',NULL,NULL),(8,'Dresses',7,NULL,'published',0,NULL,0,'2024-05-10 02:11:14','2024-05-10 02:11:14',NULL,NULL),(9,'Blouses',7,NULL,'published',1,NULL,0,'2024-05-10 02:11:14','2024-05-10 02:11:14',NULL,NULL),(10,'Pants',7,NULL,'published',2,NULL,0,'2024-05-10 02:11:14','2024-05-10 02:11:14',NULL,NULL),(11,'Accessories',0,NULL,'published',2,'beauty/product-categories/5.jpg',1,'2024-05-10 02:11:14','2024-05-10 02:11:14',NULL,NULL),(12,'Hats',11,NULL,'published',0,NULL,0,'2024-05-10 02:11:14','2024-05-10 02:11:14',NULL,NULL),(13,'Scarves',11,NULL,'published',1,NULL,0,'2024-05-10 02:11:14','2024-05-10 02:11:14',NULL,NULL),(14,'Jewelry',11,NULL,'published',2,NULL,0,'2024-05-10 02:11:14','2024-05-10 02:11:14',NULL,NULL),(15,'Shoes',0,NULL,'published',3,'beauty/product-categories/6.jpg',1,'2024-05-10 02:11:14','2024-05-10 02:11:14',NULL,NULL),(16,'Sportswear',0,NULL,'published',4,NULL,0,'2024-05-10 02:11:14','2024-05-10 02:11:14',NULL,NULL),(17,'Running Shoes',16,NULL,'published',0,'beauty/product-categories/3.jpg',1,'2024-05-10 02:11:14','2024-05-10 02:11:14',NULL,NULL),(18,'Activewear',16,NULL,'published',1,NULL,0,'2024-05-10 02:11:14','2024-05-10 02:11:14',NULL,NULL);

--
-- Table structure for table `ec_product_categories_translations`
--

CREATE TABLE `ec_product_categories_translations` (
  `lang_code` varchar(191) COLLATE utf8mb4_unicode_ci NOT NULL,
  `ec_product_categories_id` bigint unsigned NOT NULL,
  `name` varchar(191) COLLATE utf8mb4_unicode_ci DEFAULT NULL,
  `description` mediumtext COLLATE utf8mb4_unicode_ci,
  PRIMARY KEY (`lang_code`,`ec_product_categories_id`)
) ENGINE=InnoDB DEFAULT CHARSET=utf8mb4 COLLATE=utf8mb4_unicode_ci;

--
-- Dumping data for table `ec_product_categories_translations`
--


--
-- Table structure for table `ec_product_categorizables`
--

CREATE TABLE `ec_product_categorizables` (
  `category_id` bigint unsigned NOT NULL,
  `reference_id` bigint unsigned NOT NULL,
  `reference_type` varchar(120) COLLATE utf8mb4_unicode_ci NOT NULL,
  PRIMARY KEY (`category_id`,`reference_id`,`reference_type`),
  KEY `ec_product_categorizables_category_id_index` (`category_id`),
  KEY `ec_product_categorizables_reference_id_index` (`reference_id`),
  KEY `ec_product_categorizables_reference_type_index` (`reference_type`)
) ENGINE=InnoDB DEFAULT CHARSET=utf8mb4 COLLATE=utf8mb4_unicode_ci;

--
-- Dumping data for table `ec_product_categorizables`
--


--
-- Table structure for table `ec_product_category_product`
--

CREATE TABLE `ec_product_category_product` (
  `category_id` bigint unsigned NOT NULL,
  `product_id` bigint unsigned NOT NULL,
  PRIMARY KEY (`product_id`,`category_id`),
  KEY `ec_product_category_product_category_id_index` (`category_id`),
  KEY `ec_product_category_product_product_id_index` (`product_id`)
) ENGINE=InnoDB DEFAULT CHARSET=utf8mb4 COLLATE=utf8mb4_unicode_ci;

--
-- Dumping data for table `ec_product_category_product`
--

INSERT INTO `ec_product_category_product` VALUES (1,5),(1,11),(1,15),(1,18),(1,21),(1,32),(1,33),(1,36),(2,5),(2,14),(2,15),(2,28),(2,36),(2,37),(2,38),(2,40),(2,43),(3,2),(3,5),(3,7),(3,11),(3,13),(3,27),(3,39),(3,43),(4,1),(4,8),(4,12),(4,15),(4,17),(4,23),(4,25),(4,29),(4,30),(4,41),(4,43),(5,1),(5,3),(5,8),(5,11),(5,15),(5,16),(5,19),(5,26),(5,27),(5,28),(5,29),(5,33),(5,38),(5,39),(5,41),(6,2),(6,4),(6,6),(6,12),(6,13),(6,18),(6,21),(6,23),(6,25),(6,27),(6,34),(6,37),(6,40),(6,42),(7,9),(7,10),(7,16),(7,20),(7,22),(7,24),(7,35),(7,39),(8,10),(8,14),(8,18),(8,30),(8,31),(8,34),(8,36),(8,37),(8,39),(8,41),(9,6),(9,14),(9,22),(9,25),(9,26),(9,33),(9,37),(10,3),(10,4),(10,6),(10,9),(10,17),(10,19),(10,20),(10,40),(11,5),(11,7),(11,24),(11,33),(11,35),(12,2),(12,9),(12,10),(12,17),(12,26),(12,35),(13,6),(13,8),(13,18),(13,19),(13,20),(13,22),(13,23),(13,25),(13,29),(13,31),(13,32),(13,38),(14,4),(14,8),(14,14),(14,16),(14,21),(14,24),(14,27),(14,34),(14,41),(14,42),(15,1),(15,3),(15,10),(15,13),(15,16),(15,19),(15,35),(15,36),(16,1),(16,3),(16,4),(16,11),(16,17),(16,20),(16,23),(16,24),(16,28),(16,29),(16,30),(16,38),(16,42),(16,43),(17,2),(17,7),(17,12),(17,13),(17,22),(17,28),(17,31),(17,32),(17,34),(17,40),(17,42),(18,7),(18,9),(18,12),(18,21),(18,26),(18,30),(18,31),(18,32);

--
-- Table structure for table `ec_product_collection_products`
--

CREATE TABLE `ec_product_collection_products` (
  `product_collection_id` bigint unsigned NOT NULL,
  `product_id` bigint unsigned NOT NULL,
  PRIMARY KEY (`product_id`,`product_collection_id`),
  KEY `ec_product_collection_products_product_collection_id_index` (`product_collection_id`),
  KEY `ec_product_collection_products_product_id_index` (`product_id`)
) ENGINE=InnoDB DEFAULT CHARSET=utf8mb4 COLLATE=utf8mb4_unicode_ci;

--
-- Dumping data for table `ec_product_collection_products`
--

INSERT INTO `ec_product_collection_products` VALUES (1,3),(1,4),(1,6),(1,11),(1,13),(1,14),(1,17),(1,25),(1,27),(1,37),(1,42),(2,1),(2,5),(2,8),(2,15),(2,20),(2,24),(2,26),(2,32),(2,35),(2,40),(2,41),(3,10),(3,12),(3,23),(3,29),(3,31),(3,39),(4,2),(4,7),(4,9),(4,16),(4,18),(4,19),(4,21),(4,22),(4,28),(4,30),(4,33),(4,34),(4,36),(4,38),(4,43);

--
-- Table structure for table `ec_product_collections`
--

CREATE TABLE `ec_product_collections` (
  `id` bigint unsigned NOT NULL AUTO_INCREMENT,
  `name` varchar(191) COLLATE utf8mb4_unicode_ci NOT NULL,
  `slug` varchar(191) COLLATE utf8mb4_unicode_ci NOT NULL,
  `description` varchar(400) COLLATE utf8mb4_unicode_ci DEFAULT NULL,
  `image` varchar(191) COLLATE utf8mb4_unicode_ci DEFAULT NULL,
  `status` varchar(60) COLLATE utf8mb4_unicode_ci NOT NULL DEFAULT 'published',
  `created_at` timestamp NULL DEFAULT NULL,
  `updated_at` timestamp NULL DEFAULT NULL,
  `is_featured` tinyint unsigned NOT NULL DEFAULT '0',
  PRIMARY KEY (`id`)
) ENGINE=InnoDB AUTO_INCREMENT=5 DEFAULT CHARSET=utf8mb4 COLLATE=utf8mb4_unicode_ci;

--
-- Dumping data for table `ec_product_collections`
--

INSERT INTO `ec_product_collections` VALUES (1,'Trendy Wardrobe Essentials','trendy-wardrobe-essentials',NULL,NULL,'published','2024-05-10 02:11:14','2024-05-10 02:11:14',0),(2,'Fashion Forward Finds','fashion-forward-finds',NULL,NULL,'published','2024-05-10 02:11:14','2024-05-10 02:11:14',0),(3,'Chic &amp; Stylish Collection','chic-stylish-collection',NULL,NULL,'published','2024-05-10 02:11:14','2024-05-10 02:11:14',0),(4,'Weekly Fashion Picks','weekly-fashion-picks',NULL,NULL,'published','2024-05-10 02:11:14','2024-05-10 02:11:14',0);

--
-- Table structure for table `ec_product_collections_translations`
--

CREATE TABLE `ec_product_collections_translations` (
  `lang_code` varchar(191) COLLATE utf8mb4_unicode_ci NOT NULL,
  `ec_product_collections_id` bigint unsigned NOT NULL,
  `name` varchar(191) COLLATE utf8mb4_unicode_ci DEFAULT NULL,
  `description` varchar(400) COLLATE utf8mb4_unicode_ci DEFAULT NULL,
  PRIMARY KEY (`lang_code`,`ec_product_collections_id`)
) ENGINE=InnoDB DEFAULT CHARSET=utf8mb4 COLLATE=utf8mb4_unicode_ci;

--
-- Dumping data for table `ec_product_collections_translations`
--


--
-- Table structure for table `ec_product_cross_sale_relations`
--

CREATE TABLE `ec_product_cross_sale_relations` (
  `from_product_id` bigint unsigned NOT NULL,
  `to_product_id` bigint unsigned NOT NULL,
  `is_variant` tinyint(1) NOT NULL DEFAULT '0',
  `price` decimal(15,2) DEFAULT '0.00',
  `price_type` varchar(191) COLLATE utf8mb4_unicode_ci NOT NULL DEFAULT 'fixed',
  `apply_to_all_variations` tinyint(1) NOT NULL DEFAULT '1',
  PRIMARY KEY (`from_product_id`,`to_product_id`),
  KEY `ec_product_cross_sale_relations_from_product_id_index` (`from_product_id`),
  KEY `ec_product_cross_sale_relations_to_product_id_index` (`to_product_id`)
) ENGINE=InnoDB DEFAULT CHARSET=utf8mb4 COLLATE=utf8mb4_unicode_ci;

--
-- Dumping data for table `ec_product_cross_sale_relations`
--

INSERT INTO `ec_product_cross_sale_relations` VALUES (1,4,0,0.00,'fixed',1),(1,8,0,0.00,'fixed',1),(1,18,0,0.00,'fixed',1),(1,20,0,0.00,'fixed',1),(1,26,0,0.00,'fixed',1),(1,27,0,0.00,'fixed',1),(1,42,0,0.00,'fixed',1),(2,1,0,0.00,'fixed',1),(2,10,0,0.00,'fixed',1),(2,24,0,0.00,'fixed',1),(2,30,0,0.00,'fixed',1),(2,33,0,0.00,'fixed',1),(2,40,0,0.00,'fixed',1),(3,11,0,0.00,'fixed',1),(3,13,0,0.00,'fixed',1),(3,14,0,0.00,'fixed',1),(3,24,0,0.00,'fixed',1),(3,28,0,0.00,'fixed',1),(3,37,0,0.00,'fixed',1),(3,41,0,0.00,'fixed',1),(4,2,0,0.00,'fixed',1),(4,3,0,0.00,'fixed',1),(4,17,0,0.00,'fixed',1),(4,23,0,0.00,'fixed',1),(4,27,0,0.00,'fixed',1),(4,28,0,0.00,'fixed',1),(4,42,0,0.00,'fixed',1),(5,2,0,0.00,'fixed',1),(5,3,0,0.00,'fixed',1),(5,8,0,0.00,'fixed',1),(5,28,0,0.00,'fixed',1),(5,29,0,0.00,'fixed',1),(5,34,0,0.00,'fixed',1),(6,2,0,0.00,'fixed',1),(6,9,0,0.00,'fixed',1),(6,14,0,0.00,'fixed',1),(6,15,0,0.00,'fixed',1),(6,30,0,0.00,'fixed',1),(6,41,0,0.00,'fixed',1),(7,4,0,0.00,'fixed',1),(7,10,0,0.00,'fixed',1),(7,16,0,0.00,'fixed',1),(7,21,0,0.00,'fixed',1),(7,31,0,0.00,'fixed',1),(7,42,0,0.00,'fixed',1),(8,2,0,0.00,'fixed',1),(8,9,0,0.00,'fixed',1),(8,11,0,0.00,'fixed',1),(8,34,0,0.00,'fixed',1),(8,36,0,0.00,'fixed',1),(8,38,0,0.00,'fixed',1),(9,1,0,0.00,'fixed',1),(9,13,0,0.00,'fixed',1),(9,18,0,0.00,'fixed',1),(9,35,0,0.00,'fixed',1),(9,36,0,0.00,'fixed',1),(10,3,0,0.00,'fixed',1),(10,8,0,0.00,'fixed',1),(10,23,0,0.00,'fixed',1),(10,24,0,0.00,'fixed',1),(10,29,0,0.00,'fixed',1),(10,33,0,0.00,'fixed',1),(10,35,0,0.00,'fixed',1),(11,13,0,0.00,'fixed',1),(11,18,0,0.00,'fixed',1),(11,25,0,0.00,'fixed',1),(11,26,0,0.00,'fixed',1),(11,29,0,0.00,'fixed',1),(11,40,0,0.00,'fixed',1),(11,43,0,0.00,'fixed',1),(12,23,0,0.00,'fixed',1),(12,27,0,0.00,'fixed',1),(12,28,0,0.00,'fixed',1),(12,29,0,0.00,'fixed',1),(12,36,0,0.00,'fixed',1),(13,10,0,0.00,'fixed',1),(13,15,0,0.00,'fixed',1),(13,16,0,0.00,'fixed',1),(13,18,0,0.00,'fixed',1),(13,20,0,0.00,'fixed',1),(13,36,0,0.00,'fixed',1),(13,40,0,0.00,'fixed',1),(14,1,0,0.00,'fixed',1),(14,2,0,0.00,'fixed',1),(14,3,0,0.00,'fixed',1),(14,10,0,0.00,'fixed',1),(14,11,0,0.00,'fixed',1),(14,19,0,0.00,'fixed',1),(14,25,0,0.00,'fixed',1),(15,2,0,0.00,'fixed',1),(15,9,0,0.00,'fixed',1),(15,25,0,0.00,'fixed',1),(15,34,0,0.00,'fixed',1),(15,38,0,0.00,'fixed',1),(15,41,0,0.00,'fixed',1),(15,42,0,0.00,'fixed',1),(16,4,0,0.00,'fixed',1),(16,5,0,0.00,'fixed',1),(16,7,0,0.00,'fixed',1),(16,20,0,0.00,'fixed',1),(16,25,0,0.00,'fixed',1),(16,27,0,0.00,'fixed',1),(16,33,0,0.00,'fixed',1),(17,4,0,0.00,'fixed',1),(17,18,0,0.00,'fixed',1),(17,20,0,0.00,'fixed',1),(17,25,0,0.00,'fixed',1),(17,27,0,0.00,'fixed',1),(17,31,0,0.00,'fixed',1),(17,40,0,0.00,'fixed',1),(18,13,0,0.00,'fixed',1),(18,14,0,0.00,'fixed',1),(18,19,0,0.00,'fixed',1),(18,26,0,0.00,'fixed',1),(18,30,0,0.00,'fixed',1),(18,36,0,0.00,'fixed',1),(18,40,0,0.00,'fixed',1),(19,3,0,0.00,'fixed',1),(19,18,0,0.00,'fixed',1),(19,20,0,0.00,'fixed',1),(19,23,0,0.00,'fixed',1),(19,39,0,0.00,'fixed',1),(19,42,0,0.00,'fixed',1),(19,43,0,0.00,'fixed',1),(20,3,0,0.00,'fixed',1),(20,7,0,0.00,'fixed',1),(20,25,0,0.00,'fixed',1),(20,30,0,0.00,'fixed',1),(20,36,0,0.00,'fixed',1),(20,38,0,0.00,'fixed',1),(21,8,0,0.00,'fixed',1),(21,9,0,0.00,'fixed',1),(21,19,0,0.00,'fixed',1),(21,27,0,0.00,'fixed',1),(21,33,0,0.00,'fixed',1),(21,39,0,0.00,'fixed',1),(21,43,0,0.00,'fixed',1),(22,10,0,0.00,'fixed',1),(22,12,0,0.00,'fixed',1),(22,17,0,0.00,'fixed',1),(22,18,0,0.00,'fixed',1),(22,28,0,0.00,'fixed',1),(22,33,0,0.00,'fixed',1),(22,42,0,0.00,'fixed',1),(23,1,0,0.00,'fixed',1),(23,3,0,0.00,'fixed',1),(23,27,0,0.00,'fixed',1),(23,30,0,0.00,'fixed',1),(23,33,0,0.00,'fixed',1),(23,37,0,0.00,'fixed',1),(23,41,0,0.00,'fixed',1),(24,4,0,0.00,'fixed',1),(24,13,0,0.00,'fixed',1),(24,20,0,0.00,'fixed',1),(24,28,0,0.00,'fixed',1),(24,30,0,0.00,'fixed',1),(24,39,0,0.00,'fixed',1),(25,4,0,0.00,'fixed',1),(25,14,0,0.00,'fixed',1),(25,28,0,0.00,'fixed',1),(25,31,0,0.00,'fixed',1),(25,35,0,0.00,'fixed',1),(25,41,0,0.00,'fixed',1),(26,6,0,0.00,'fixed',1),(26,15,0,0.00,'fixed',1),(26,22,0,0.00,'fixed',1),(26,39,0,0.00,'fixed',1),(26,41,0,0.00,'fixed',1),(27,16,0,0.00,'fixed',1),(27,18,0,0.00,'fixed',1),(27,19,0,0.00,'fixed',1),(27,20,0,0.00,'fixed',1),(27,26,0,0.00,'fixed',1),(27,35,0,0.00,'fixed',1),(27,43,0,0.00,'fixed',1),(28,8,0,0.00,'fixed',1),(28,14,0,0.00,'fixed',1),(28,18,0,0.00,'fixed',1),(28,40,0,0.00,'fixed',1),(28,43,0,0.00,'fixed',1),(29,8,0,0.00,'fixed',1),(29,9,0,0.00,'fixed',1),(29,11,0,0.00,'fixed',1),(29,26,0,0.00,'fixed',1),(29,30,0,0.00,'fixed',1),(29,41,0,0.00,'fixed',1),(29,43,0,0.00,'fixed',1),(30,9,0,0.00,'fixed',1),(30,10,0,0.00,'fixed',1),(30,11,0,0.00,'fixed',1),(30,31,0,0.00,'fixed',1),(30,35,0,0.00,'fixed',1),(30,36,0,0.00,'fixed',1),(30,41,0,0.00,'fixed',1),(31,6,0,0.00,'fixed',1),(31,8,0,0.00,'fixed',1),(31,14,0,0.00,'fixed',1),(31,20,0,0.00,'fixed',1),(31,22,0,0.00,'fixed',1),(32,2,0,0.00,'fixed',1),(32,11,0,0.00,'fixed',1),(32,14,0,0.00,'fixed',1),(32,15,0,0.00,'fixed',1),(32,16,0,0.00,'fixed',1),(32,39,0,0.00,'fixed',1),(33,11,0,0.00,'fixed',1),(33,19,0,0.00,'fixed',1),(33,20,0,0.00,'fixed',1),(33,32,0,0.00,'fixed',1),(33,42,0,0.00,'fixed',1),(34,1,0,0.00,'fixed',1),(34,5,0,0.00,'fixed',1),(34,12,0,0.00,'fixed',1),(34,19,0,0.00,'fixed',1),(34,27,0,0.00,'fixed',1),(34,36,0,0.00,'fixed',1),(34,43,0,0.00,'fixed',1),(35,1,0,0.00,'fixed',1),(35,2,0,0.00,'fixed',1),(35,5,0,0.00,'fixed',1),(35,9,0,0.00,'fixed',1),(35,12,0,0.00,'fixed',1),(35,38,0,0.00,'fixed',1),(35,41,0,0.00,'fixed',1),(36,12,0,0.00,'fixed',1),(36,15,0,0.00,'fixed',1),(36,18,0,0.00,'fixed',1),(36,26,0,0.00,'fixed',1),(36,29,0,0.00,'fixed',1),(36,31,0,0.00,'fixed',1),(36,39,0,0.00,'fixed',1),(37,1,0,0.00,'fixed',1),(37,2,0,0.00,'fixed',1),(37,10,0,0.00,'fixed',1),(37,30,0,0.00,'fixed',1),(37,34,0,0.00,'fixed',1),(37,41,0,0.00,'fixed',1),(38,2,0,0.00,'fixed',1),(38,10,0,0.00,'fixed',1),(38,15,0,0.00,'fixed',1),(38,16,0,0.00,'fixed',1),(38,24,0,0.00,'fixed',1),(38,30,0,0.00,'fixed',1),(39,5,0,0.00,'fixed',1),(39,6,0,0.00,'fixed',1),(39,10,0,0.00,'fixed',1),(39,11,0,0.00,'fixed',1),(39,31,0,0.00,'fixed',1),(39,38,0,0.00,'fixed',1),(39,42,0,0.00,'fixed',1),(40,9,0,0.00,'fixed',1),(40,10,0,0.00,'fixed',1),(40,11,0,0.00,'fixed',1),(40,19,0,0.00,'fixed',1),(40,22,0,0.00,'fixed',1),(40,32,0,0.00,'fixed',1),(40,35,0,0.00,'fixed',1),(41,9,0,0.00,'fixed',1),(41,13,0,0.00,'fixed',1),(41,14,0,0.00,'fixed',1),(41,24,0,0.00,'fixed',1),(41,35,0,0.00,'fixed',1),(41,40,0,0.00,'fixed',1),(42,14,0,0.00,'fixed',1),(42,15,0,0.00,'fixed',1),(42,17,0,0.00,'fixed',1),(42,19,0,0.00,'fixed',1),(42,29,0,0.00,'fixed',1),(42,41,0,0.00,'fixed',1),(43,10,0,0.00,'fixed',1),(43,13,0,0.00,'fixed',1),(43,25,0,0.00,'fixed',1),(43,34,0,0.00,'fixed',1),(43,37,0,0.00,'fixed',1),(43,42,0,0.00,'fixed',1);

--
-- Table structure for table `ec_product_files`
--

CREATE TABLE `ec_product_files` (
  `id` bigint unsigned NOT NULL AUTO_INCREMENT,
  `product_id` bigint unsigned DEFAULT NULL,
  `url` varchar(400) COLLATE utf8mb4_unicode_ci DEFAULT NULL,
  `extras` mediumtext COLLATE utf8mb4_unicode_ci,
  `created_at` timestamp NULL DEFAULT NULL,
  `updated_at` timestamp NULL DEFAULT NULL,
  PRIMARY KEY (`id`),
  KEY `ec_product_files_product_id_index` (`product_id`)
) ENGINE=InnoDB AUTO_INCREMENT=32 DEFAULT CHARSET=utf8mb4 COLLATE=utf8mb4_unicode_ci;

--
-- Dumping data for table `ec_product_files`
--

INSERT INTO `ec_product_files` VALUES (1,4,'ecommerce/digital-product-files/product-6.png','{\"filename\":\"product-6.png\",\"url\":\"ecommerce\\/digital-product-files\\/product-6.png\",\"mime_type\":\"image\\/png\",\"size\":9803,\"modified\":\"2024-05-10 09:11:16\",\"name\":\"product-6\",\"extension\":\"png\"}','2024-05-10 02:11:16','2024-05-10 02:11:16'),(2,4,'ecommerce/digital-product-files/product-5.png','{\"filename\":\"product-5.png\",\"url\":\"ecommerce\\/digital-product-files\\/product-5.png\",\"mime_type\":\"image\\/png\",\"size\":9803,\"modified\":\"2024-05-10 09:11:16\",\"name\":\"product-5\",\"extension\":\"png\"}','2024-05-10 02:11:16','2024-05-10 02:11:16'),(3,8,'ecommerce/digital-product-files/product-4.png','{\"filename\":\"product-4.png\",\"url\":\"ecommerce\\/digital-product-files\\/product-4.png\",\"mime_type\":\"image\\/png\",\"size\":9803,\"modified\":\"2024-05-10 09:11:16\",\"name\":\"product-4\",\"extension\":\"png\"}','2024-05-10 02:11:16','2024-05-10 02:11:16'),(4,8,'ecommerce/digital-product-files/product-3.png','{\"filename\":\"product-3.png\",\"url\":\"ecommerce\\/digital-product-files\\/product-3.png\",\"mime_type\":\"image\\/png\",\"size\":9803,\"modified\":\"2024-05-10 09:11:16\",\"name\":\"product-3\",\"extension\":\"png\"}','2024-05-10 02:11:16','2024-05-10 02:11:16'),(5,12,'ecommerce/digital-product-files/product-1.png','{\"filename\":\"product-1.png\",\"url\":\"ecommerce\\/digital-product-files\\/product-1.png\",\"mime_type\":\"image\\/png\",\"size\":9803,\"modified\":\"2024-05-10 09:11:16\",\"name\":\"product-1\",\"extension\":\"png\"}','2024-05-10 02:11:16','2024-05-10 02:11:16'),(6,12,'ecommerce/digital-product-files/product-7.png','{\"filename\":\"product-7.png\",\"url\":\"ecommerce\\/digital-product-files\\/product-7.png\",\"mime_type\":\"image\\/png\",\"size\":9803,\"modified\":\"2024-05-10 09:11:16\",\"name\":\"product-7\",\"extension\":\"png\"}','2024-05-10 02:11:16','2024-05-10 02:11:16'),(7,16,'ecommerce/digital-product-files/product-7.png','{\"filename\":\"product-7.png\",\"url\":\"ecommerce\\/digital-product-files\\/product-7.png\",\"mime_type\":\"image\\/png\",\"size\":9803,\"modified\":\"2024-05-10 09:11:16\",\"name\":\"product-7\",\"extension\":\"png\"}','2024-05-10 02:11:16','2024-05-10 02:11:16'),(8,16,'ecommerce/digital-product-files/product-2.png','{\"filename\":\"product-2.png\",\"url\":\"ecommerce\\/digital-product-files\\/product-2.png\",\"mime_type\":\"image\\/png\",\"size\":9803,\"modified\":\"2024-05-10 09:11:16\",\"name\":\"product-2\",\"extension\":\"png\"}','2024-05-10 02:11:16','2024-05-10 02:11:16'),(9,20,'ecommerce/digital-product-files/product-7.png','{\"filename\":\"product-7.png\",\"url\":\"ecommerce\\/digital-product-files\\/product-7.png\",\"mime_type\":\"image\\/png\",\"size\":9803,\"modified\":\"2024-05-10 09:11:16\",\"name\":\"product-7\",\"extension\":\"png\"}','2024-05-10 02:11:16','2024-05-10 02:11:16'),(10,20,'ecommerce/digital-product-files/product-6.png','{\"filename\":\"product-6.png\",\"url\":\"ecommerce\\/digital-product-files\\/product-6.png\",\"mime_type\":\"image\\/png\",\"size\":9803,\"modified\":\"2024-05-10 09:11:16\",\"name\":\"product-6\",\"extension\":\"png\"}','2024-05-10 02:11:16','2024-05-10 02:11:16'),(11,24,'ecommerce/digital-product-files/product-6.png','{\"filename\":\"product-6.png\",\"url\":\"ecommerce\\/digital-product-files\\/product-6.png\",\"mime_type\":\"image\\/png\",\"size\":9803,\"modified\":\"2024-05-10 09:11:16\",\"name\":\"product-6\",\"extension\":\"png\"}','2024-05-10 02:11:16','2024-05-10 02:11:16'),(12,24,'ecommerce/digital-product-files/product-4.png','{\"filename\":\"product-4.png\",\"url\":\"ecommerce\\/digital-product-files\\/product-4.png\",\"mime_type\":\"image\\/png\",\"size\":9803,\"modified\":\"2024-05-10 09:11:16\",\"name\":\"product-4\",\"extension\":\"png\"}','2024-05-10 02:11:16','2024-05-10 02:11:16'),(13,28,'ecommerce/digital-product-files/product-4.png','{\"filename\":\"product-4.png\",\"url\":\"ecommerce\\/digital-product-files\\/product-4.png\",\"mime_type\":\"image\\/png\",\"size\":9803,\"modified\":\"2024-05-10 09:11:16\",\"name\":\"product-4\",\"extension\":\"png\"}','2024-05-10 02:11:16','2024-05-10 02:11:16'),(14,28,'ecommerce/digital-product-files/product-3.png','{\"filename\":\"product-3.png\",\"url\":\"ecommerce\\/digital-product-files\\/product-3.png\",\"mime_type\":\"image\\/png\",\"size\":9803,\"modified\":\"2024-05-10 09:11:16\",\"name\":\"product-3\",\"extension\":\"png\"}','2024-05-10 02:11:16','2024-05-10 02:11:16'),(15,32,'ecommerce/digital-product-files/product-5.png','{\"filename\":\"product-5.png\",\"url\":\"ecommerce\\/digital-product-files\\/product-5.png\",\"mime_type\":\"image\\/png\",\"size\":9803,\"modified\":\"2024-05-10 09:11:16\",\"name\":\"product-5\",\"extension\":\"png\"}','2024-05-10 02:11:16','2024-05-10 02:11:16'),(16,32,'ecommerce/digital-product-files/product-1.png','{\"filename\":\"product-1.png\",\"url\":\"ecommerce\\/digital-product-files\\/product-1.png\",\"mime_type\":\"image\\/png\",\"size\":9803,\"modified\":\"2024-05-10 09:11:16\",\"name\":\"product-1\",\"extension\":\"png\"}','2024-05-10 02:11:16','2024-05-10 02:11:16'),(17,36,'ecommerce/digital-product-files/product-7.png','{\"filename\":\"product-7.png\",\"url\":\"ecommerce\\/digital-product-files\\/product-7.png\",\"mime_type\":\"image\\/png\",\"size\":9803,\"modified\":\"2024-05-10 09:11:16\",\"name\":\"product-7\",\"extension\":\"png\"}','2024-05-10 02:11:16','2024-05-10 02:11:16'),(18,36,'ecommerce/digital-product-files/product-1.png','{\"filename\":\"product-1.png\",\"url\":\"ecommerce\\/digital-product-files\\/product-1.png\",\"mime_type\":\"image\\/png\",\"size\":9803,\"modified\":\"2024-05-10 09:11:16\",\"name\":\"product-1\",\"extension\":\"png\"}','2024-05-10 02:11:16','2024-05-10 02:11:16'),(19,40,'ecommerce/digital-product-files/product-1.png','{\"filename\":\"product-1.png\",\"url\":\"ecommerce\\/digital-product-files\\/product-1.png\",\"mime_type\":\"image\\/png\",\"size\":9803,\"modified\":\"2024-05-10 09:11:16\",\"name\":\"product-1\",\"extension\":\"png\"}','2024-05-10 02:11:16','2024-05-10 02:11:16'),(20,40,'ecommerce/digital-product-files/product-5.png','{\"filename\":\"product-5.png\",\"url\":\"ecommerce\\/digital-product-files\\/product-5.png\",\"mime_type\":\"image\\/png\",\"size\":9803,\"modified\":\"2024-05-10 09:11:16\",\"name\":\"product-5\",\"extension\":\"png\"}','2024-05-10 02:11:16','2024-05-10 02:11:16'),(21,57,'ecommerce/digital-product-files/product-7.png','{\"filename\":\"product-7.png\",\"url\":\"ecommerce\\/digital-product-files\\/product-7.png\",\"mime_type\":\"image\\/png\",\"size\":9803,\"modified\":\"2024-05-10 09:11:16\",\"name\":\"product-7\",\"extension\":\"png\"}','2024-05-10 02:11:16','2024-05-10 02:11:16'),(22,58,'ecommerce/digital-product-files/product-4.png','{\"filename\":\"product-4.png\",\"url\":\"ecommerce\\/digital-product-files\\/product-4.png\",\"mime_type\":\"image\\/png\",\"size\":9803,\"modified\":\"2024-05-10 09:11:16\",\"name\":\"product-4\",\"extension\":\"png\"}','2024-05-10 02:11:16','2024-05-10 02:11:16'),(23,77,'ecommerce/digital-product-files/product-3.png','{\"filename\":\"product-3.png\",\"url\":\"ecommerce\\/digital-product-files\\/product-3.png\",\"mime_type\":\"image\\/png\",\"size\":9803,\"modified\":\"2024-05-10 09:11:16\",\"name\":\"product-3\",\"extension\":\"png\"}','2024-05-10 02:11:16','2024-05-10 02:11:16'),(24,78,'ecommerce/digital-product-files/product-5.png','{\"filename\":\"product-5.png\",\"url\":\"ecommerce\\/digital-product-files\\/product-5.png\",\"mime_type\":\"image\\/png\",\"size\":9803,\"modified\":\"2024-05-10 09:11:16\",\"name\":\"product-5\",\"extension\":\"png\"}','2024-05-10 02:11:16','2024-05-10 02:11:16'),(25,79,'ecommerce/digital-product-files/product-6.png','{\"filename\":\"product-6.png\",\"url\":\"ecommerce\\/digital-product-files\\/product-6.png\",\"mime_type\":\"image\\/png\",\"size\":9803,\"modified\":\"2024-05-10 09:11:16\",\"name\":\"product-6\",\"extension\":\"png\"}','2024-05-10 02:11:16','2024-05-10 02:11:16'),(26,86,'ecommerce/digital-product-files/product-1.png','{\"filename\":\"product-1.png\",\"url\":\"ecommerce\\/digital-product-files\\/product-1.png\",\"mime_type\":\"image\\/png\",\"size\":9803,\"modified\":\"2024-05-10 09:11:16\",\"name\":\"product-1\",\"extension\":\"png\"}','2024-05-10 02:11:16','2024-05-10 02:11:16'),(27,87,'ecommerce/digital-product-files/product-6.png','{\"filename\":\"product-6.png\",\"url\":\"ecommerce\\/digital-product-files\\/product-6.png\",\"mime_type\":\"image\\/png\",\"size\":9803,\"modified\":\"2024-05-10 09:11:16\",\"name\":\"product-6\",\"extension\":\"png\"}','2024-05-10 02:11:16','2024-05-10 02:11:16'),(28,88,'ecommerce/digital-product-files/product-5.png','{\"filename\":\"product-5.png\",\"url\":\"ecommerce\\/digital-product-files\\/product-5.png\",\"mime_type\":\"image\\/png\",\"size\":9803,\"modified\":\"2024-05-10 09:11:16\",\"name\":\"product-5\",\"extension\":\"png\"}','2024-05-10 02:11:16','2024-05-10 02:11:16'),(29,100,'ecommerce/digital-product-files/product-5.png','{\"filename\":\"product-5.png\",\"url\":\"ecommerce\\/digital-product-files\\/product-5.png\",\"mime_type\":\"image\\/png\",\"size\":9803,\"modified\":\"2024-05-10 09:11:16\",\"name\":\"product-5\",\"extension\":\"png\"}','2024-05-10 02:11:16','2024-05-10 02:11:16'),(30,101,'ecommerce/digital-product-files/product-7.png','{\"filename\":\"product-7.png\",\"url\":\"ecommerce\\/digital-product-files\\/product-7.png\",\"mime_type\":\"image\\/png\",\"size\":9803,\"modified\":\"2024-05-10 09:11:16\",\"name\":\"product-7\",\"extension\":\"png\"}','2024-05-10 02:11:16','2024-05-10 02:11:16'),(31,102,'ecommerce/digital-product-files/product-1.png','{\"filename\":\"product-1.png\",\"url\":\"ecommerce\\/digital-product-files\\/product-1.png\",\"mime_type\":\"image\\/png\",\"size\":9803,\"modified\":\"2024-05-10 09:11:16\",\"name\":\"product-1\",\"extension\":\"png\"}','2024-05-10 02:11:16','2024-05-10 02:11:16');

--
-- Table structure for table `ec_product_label_products`
--

CREATE TABLE `ec_product_label_products` (
  `product_label_id` bigint unsigned NOT NULL,
  `product_id` bigint unsigned NOT NULL,
  PRIMARY KEY (`product_label_id`,`product_id`),
  KEY `ec_product_label_products_product_label_id_index` (`product_label_id`),
  KEY `ec_product_label_products_product_id_index` (`product_id`)
) ENGINE=InnoDB DEFAULT CHARSET=utf8mb4 COLLATE=utf8mb4_unicode_ci;

--
-- Dumping data for table `ec_product_label_products`
--

INSERT INTO `ec_product_label_products` VALUES (1,3),(1,6),(1,30),(1,33),(1,42),(2,9),(2,12),(2,15),(2,18),(2,24),(2,27),(2,36),(2,39),(3,21);

--
-- Table structure for table `ec_product_labels`
--

CREATE TABLE `ec_product_labels` (
  `id` bigint unsigned NOT NULL AUTO_INCREMENT,
  `name` varchar(191) COLLATE utf8mb4_unicode_ci NOT NULL,
  `color` varchar(120) COLLATE utf8mb4_unicode_ci DEFAULT NULL,
  `status` varchar(60) COLLATE utf8mb4_unicode_ci NOT NULL DEFAULT 'published',
  `created_at` timestamp NULL DEFAULT NULL,
  `updated_at` timestamp NULL DEFAULT NULL,
  PRIMARY KEY (`id`)
) ENGINE=InnoDB AUTO_INCREMENT=4 DEFAULT CHARSET=utf8mb4 COLLATE=utf8mb4_unicode_ci;

--
-- Dumping data for table `ec_product_labels`
--

INSERT INTO `ec_product_labels` VALUES (1,'Hot','#AC2200','published','2024-05-10 02:11:05','2024-05-10 02:11:05'),(2,'New','#006554','published','2024-05-10 02:11:05','2024-05-10 02:11:05'),(3,'Sale','#9A3B00','published','2024-05-10 02:11:05','2024-05-10 02:11:05');

--
-- Table structure for table `ec_product_labels_translations`
--

CREATE TABLE `ec_product_labels_translations` (
  `lang_code` varchar(191) COLLATE utf8mb4_unicode_ci NOT NULL,
  `ec_product_labels_id` bigint unsigned NOT NULL,
  `name` varchar(191) COLLATE utf8mb4_unicode_ci DEFAULT NULL,
  `description` varchar(400) COLLATE utf8mb4_unicode_ci DEFAULT NULL,
  PRIMARY KEY (`lang_code`,`ec_product_labels_id`)
) ENGINE=InnoDB DEFAULT CHARSET=utf8mb4 COLLATE=utf8mb4_unicode_ci;

--
-- Dumping data for table `ec_product_labels_translations`
--


--
-- Table structure for table `ec_product_related_relations`
--

CREATE TABLE `ec_product_related_relations` (
  `from_product_id` bigint unsigned NOT NULL,
  `to_product_id` bigint unsigned NOT NULL,
  PRIMARY KEY (`from_product_id`,`to_product_id`),
  KEY `ec_product_related_relations_from_product_id_index` (`from_product_id`),
  KEY `ec_product_related_relations_to_product_id_index` (`to_product_id`)
) ENGINE=InnoDB DEFAULT CHARSET=utf8mb4 COLLATE=utf8mb4_unicode_ci;

--
-- Dumping data for table `ec_product_related_relations`
--


--
-- Table structure for table `ec_product_tag_product`
--

CREATE TABLE `ec_product_tag_product` (
  `product_id` bigint unsigned NOT NULL,
  `tag_id` bigint unsigned NOT NULL,
  PRIMARY KEY (`product_id`,`tag_id`),
  KEY `ec_product_tag_product_product_id_index` (`product_id`),
  KEY `ec_product_tag_product_tag_id_index` (`tag_id`)
) ENGINE=InnoDB DEFAULT CHARSET=utf8mb4 COLLATE=utf8mb4_unicode_ci;

--
-- Dumping data for table `ec_product_tag_product`
--

INSERT INTO `ec_product_tag_product` VALUES (1,1),(1,2),(1,3),(2,2),(2,4),(2,5),(3,2),(3,5),(3,6),(4,2),(4,3),(4,4),(5,1),(5,2),(5,4),(6,1),(6,3),(6,6),(7,1),(7,2),(7,6),(8,2),(8,5),(8,6),(9,1),(9,3),(9,5),(10,1),(10,3),(10,4),(11,1),(11,4),(11,6),(12,1),(12,4),(12,5),(13,3),(13,5),(13,6),(14,1),(14,3),(14,4),(15,2),(15,5),(15,6),(16,3),(16,4),(16,6),(17,1),(17,3),(17,4),(18,2),(18,3),(18,4),(19,3),(19,4),(19,6),(20,1),(20,3),(20,5),(21,2),(21,5),(21,6),(22,1),(22,2),(22,5),(23,1),(23,3),(23,6),(24,1),(24,2),(24,3),(25,1),(25,2),(25,5),(26,3),(26,5),(26,6),(27,1),(27,4),(27,5),(28,1),(28,2),(28,4),(29,1),(29,4),(29,6),(30,2),(30,4),(30,6),(31,3),(31,5),(31,6),(32,2),(32,3),(32,5),(33,1),(33,3),(33,5),(34,1),(34,2),(34,4),(35,2),(35,3),(35,5),(36,3),(36,4),(36,6),(37,1),(37,3),(37,6),(38,1),(38,4),(38,5),(39,1),(39,4),(39,5),(40,1),(40,2),(40,5),(41,2),(41,4),(41,6),(42,1),(42,2),(42,4),(43,3),(43,4),(43,5);

--
-- Table structure for table `ec_product_tags`
--

CREATE TABLE `ec_product_tags` (
  `id` bigint unsigned NOT NULL AUTO_INCREMENT,
  `name` varchar(120) COLLATE utf8mb4_unicode_ci NOT NULL,
  `description` varchar(400) COLLATE utf8mb4_unicode_ci DEFAULT NULL,
  `status` varchar(60) COLLATE utf8mb4_unicode_ci NOT NULL DEFAULT 'published',
  `created_at` timestamp NULL DEFAULT NULL,
  `updated_at` timestamp NULL DEFAULT NULL,
  PRIMARY KEY (`id`)
) ENGINE=InnoDB AUTO_INCREMENT=7 DEFAULT CHARSET=utf8mb4 COLLATE=utf8mb4_unicode_ci;

--
-- Dumping data for table `ec_product_tags`
--

INSERT INTO `ec_product_tags` VALUES (1,'Electronic',NULL,'published','2024-05-10 02:11:08','2024-05-10 02:11:08'),(2,'Mobile',NULL,'published','2024-05-10 02:11:08','2024-05-10 02:11:08'),(3,'Iphone',NULL,'published','2024-05-10 02:11:08','2024-05-10 02:11:08'),(4,'Printer',NULL,'published','2024-05-10 02:11:08','2024-05-10 02:11:08'),(5,'Office',NULL,'published','2024-05-10 02:11:08','2024-05-10 02:11:08'),(6,'IT',NULL,'published','2024-05-10 02:11:08','2024-05-10 02:11:08');

--
-- Table structure for table `ec_product_tags_translations`
--

CREATE TABLE `ec_product_tags_translations` (
  `lang_code` varchar(191) COLLATE utf8mb4_unicode_ci NOT NULL,
  `ec_product_tags_id` bigint unsigned NOT NULL,
  `name` varchar(191) COLLATE utf8mb4_unicode_ci DEFAULT NULL,
  PRIMARY KEY (`lang_code`,`ec_product_tags_id`)
) ENGINE=InnoDB DEFAULT CHARSET=utf8mb4 COLLATE=utf8mb4_unicode_ci;

--
-- Dumping data for table `ec_product_tags_translations`
--


--
-- Table structure for table `ec_product_up_sale_relations`
--

CREATE TABLE `ec_product_up_sale_relations` (
  `from_product_id` bigint unsigned NOT NULL,
  `to_product_id` bigint unsigned NOT NULL,
  PRIMARY KEY (`from_product_id`,`to_product_id`),
  KEY `ec_product_up_sale_relations_from_product_id_index` (`from_product_id`),
  KEY `ec_product_up_sale_relations_to_product_id_index` (`to_product_id`)
) ENGINE=InnoDB DEFAULT CHARSET=utf8mb4 COLLATE=utf8mb4_unicode_ci;

--
-- Dumping data for table `ec_product_up_sale_relations`
--


--
-- Table structure for table `ec_product_variation_items`
--

CREATE TABLE `ec_product_variation_items` (
  `id` bigint unsigned NOT NULL AUTO_INCREMENT,
  `attribute_id` bigint unsigned NOT NULL,
  `variation_id` bigint unsigned NOT NULL,
  PRIMARY KEY (`id`),
  UNIQUE KEY `ec_product_variation_items_attribute_id_variation_id_unique` (`attribute_id`,`variation_id`),
  KEY `attribute_variation_index` (`attribute_id`,`variation_id`)
) ENGINE=InnoDB AUTO_INCREMENT=139 DEFAULT CHARSET=utf8mb4 COLLATE=utf8mb4_unicode_ci;

--
-- Dumping data for table `ec_product_variation_items`
--

INSERT INTO `ec_product_variation_items` VALUES (19,1,10),(23,1,12),(37,1,19),(11,2,6),(33,2,17),(39,2,20),(3,3,2),(13,3,7),(17,3,9),(21,3,11),(27,3,14),(41,3,21),(45,3,23),(9,4,5),(15,4,8),(29,4,15),(31,4,16),(35,4,18),(1,5,1),(5,5,3),(7,5,4),(25,5,13),(43,5,22),(10,6,5),(44,6,22),(8,7,4),(12,7,6),(22,7,11),(26,7,13),(2,8,1),(4,8,2),(20,8,10),(24,8,12),(28,8,14),(38,8,19),(42,8,21),(46,8,23),(14,9,7),(16,9,8),(32,9,16),(36,9,18),(6,10,3),(18,10,9),(30,10,15),(34,10,17),(40,10,20),(53,11,27),(71,11,36),(79,11,40),(89,11,45),(93,11,47),(95,11,48),(97,11,49),(99,11,50),(101,11,51),(113,11,57),(127,11,64),(129,11,65),(131,11,66),(49,12,25),(59,12,30),(69,12,35),(91,12,46),(107,12,54),(117,12,59),(119,12,60),(47,13,24),(51,13,26),(55,13,28),(67,13,34),(73,13,37),(81,13,41),(105,13,53),(123,13,62),(125,13,63),(137,13,69),(75,14,38),(77,14,39),(83,14,42),(87,14,44),(103,14,52),(111,14,56),(115,14,58),(133,14,67),(57,15,29),(61,15,31),(63,15,32),(65,15,33),(85,15,43),(109,15,55),(121,15,61),(135,15,68),(50,16,25),(56,16,28),(60,16,30),(62,16,31),(68,16,34),(72,16,36),(78,16,39),(94,16,47),(98,16,49),(100,16,50),(104,16,52),(106,16,53),(108,16,54),(112,16,56),(128,16,64),(136,16,68),(48,17,24),(58,17,29),(74,17,37),(82,17,41),(84,17,42),(118,17,59),(138,17,69),(54,18,27),(88,18,44),(96,18,48),(116,18,58),(120,18,60),(52,19,26),(86,19,43),(102,19,51),(114,19,57),(132,19,66),(64,20,32),(66,20,33),(70,20,35),(76,20,38),(80,20,40),(90,20,45),(92,20,46),(110,20,55),(122,20,61),(124,20,62),(126,20,63),(130,20,65),(134,20,67);

--
-- Table structure for table `ec_product_variations`
--

CREATE TABLE `ec_product_variations` (
  `id` bigint unsigned NOT NULL AUTO_INCREMENT,
  `product_id` bigint unsigned DEFAULT NULL,
  `configurable_product_id` bigint unsigned NOT NULL,
  `is_default` tinyint NOT NULL DEFAULT '0',
  PRIMARY KEY (`id`),
  UNIQUE KEY `ec_product_variations_product_id_configurable_product_id_unique` (`product_id`,`configurable_product_id`),
  KEY `configurable_product_index` (`product_id`,`configurable_product_id`)
) ENGINE=InnoDB AUTO_INCREMENT=70 DEFAULT CHARSET=utf8mb4 COLLATE=utf8mb4_unicode_ci;

--
-- Dumping data for table `ec_product_variations`
--

INSERT INTO `ec_product_variations` VALUES (1,44,3,1),(2,45,5,1),(3,46,5,0),(4,47,5,0),(5,48,5,0),(6,49,6,1),(7,50,6,0),(8,51,6,0),(9,52,7,1),(10,53,10,1),(11,54,10,0),(12,55,10,0),(13,56,11,1),(14,57,12,1),(15,58,12,0),(16,59,13,1),(17,60,13,0),(18,61,15,1),(19,62,15,0),(20,63,15,0),(21,64,15,0),(22,65,18,1),(23,66,18,0),(24,67,21,1),(25,68,21,0),(26,69,21,0),(27,70,22,1),(28,71,22,0),(29,72,22,0),(30,73,22,0),(31,74,22,0),(32,75,23,1),(33,76,23,0),(34,77,28,1),(35,78,28,0),(36,79,28,0),(37,80,29,1),(38,81,29,0),(39,82,30,1),(40,83,30,0),(41,84,31,1),(42,85,31,0),(43,86,32,1),(44,87,32,0),(45,88,32,0),(46,89,34,1),(47,90,34,0),(48,91,35,1),(49,92,35,0),(50,93,35,0),(51,94,37,1),(52,95,37,0),(53,96,37,0),(54,97,38,1),(55,98,38,0),(56,99,38,0),(57,100,40,1),(58,101,40,0),(59,102,40,0),(60,103,41,1),(61,104,41,0),(62,105,41,0),(63,106,41,0),(64,107,41,0),(65,108,43,1),(66,109,43,0),(67,110,43,0),(68,111,43,0),(69,112,43,0);

--
-- Table structure for table `ec_product_views`
--

CREATE TABLE `ec_product_views` (
  `id` bigint unsigned NOT NULL AUTO_INCREMENT,
  `product_id` bigint unsigned NOT NULL,
  `views` int NOT NULL DEFAULT '1',
  `date` date NOT NULL DEFAULT '2024-05-10',
  PRIMARY KEY (`id`),
  UNIQUE KEY `ec_product_views_product_id_date_unique` (`product_id`,`date`),
  KEY `ec_product_views_product_id_index` (`product_id`)
) ENGINE=InnoDB DEFAULT CHARSET=utf8mb4 COLLATE=utf8mb4_unicode_ci;

--
-- Dumping data for table `ec_product_views`
--


--
-- Table structure for table `ec_product_with_attribute_set`
--

CREATE TABLE `ec_product_with_attribute_set` (
  `attribute_set_id` bigint unsigned NOT NULL,
  `product_id` bigint unsigned NOT NULL,
  `order` tinyint unsigned NOT NULL DEFAULT '0',
  PRIMARY KEY (`product_id`,`attribute_set_id`)
) ENGINE=InnoDB DEFAULT CHARSET=utf8mb4 COLLATE=utf8mb4_unicode_ci;

--
-- Dumping data for table `ec_product_with_attribute_set`
--

INSERT INTO `ec_product_with_attribute_set` VALUES (1,3,0),(2,3,0),(1,5,0),(2,5,0),(1,6,0),(2,6,0),(1,7,0),(2,7,0),(1,10,0),(2,10,0),(1,11,0),(2,11,0),(1,12,0),(2,12,0),(1,13,0),(2,13,0),(1,15,0),(2,15,0),(1,18,0),(2,18,0),(3,21,0),(4,21,0),(3,22,0),(4,22,0),(3,23,0),(4,23,0),(3,28,0),(4,28,0),(3,29,0),(4,29,0),(3,30,0),(4,30,0),(3,31,0),(4,31,0),(3,32,0),(4,32,0),(3,34,0),(4,34,0),(3,35,0),(4,35,0),(3,37,0),(4,37,0),(3,38,0),(4,38,0),(3,40,0),(4,40,0),(3,41,0),(4,41,0),(3,43,0),(4,43,0);

--
-- Table structure for table `ec_products`
--

CREATE TABLE `ec_products` (
  `id` bigint unsigned NOT NULL AUTO_INCREMENT,
  `name` varchar(191) COLLATE utf8mb4_unicode_ci NOT NULL,
  `description` text COLLATE utf8mb4_unicode_ci,
  `content` longtext COLLATE utf8mb4_unicode_ci,
  `status` varchar(60) COLLATE utf8mb4_unicode_ci NOT NULL DEFAULT 'published',
  `images` text COLLATE utf8mb4_unicode_ci,
  `sku` varchar(191) COLLATE utf8mb4_unicode_ci DEFAULT NULL,
  `order` int unsigned NOT NULL DEFAULT '0',
  `quantity` int unsigned DEFAULT NULL,
  `allow_checkout_when_out_of_stock` tinyint unsigned NOT NULL DEFAULT '0',
  `with_storehouse_management` tinyint unsigned NOT NULL DEFAULT '0',
  `is_featured` tinyint unsigned NOT NULL DEFAULT '0',
  `brand_id` bigint unsigned DEFAULT NULL,
  `is_variation` tinyint NOT NULL DEFAULT '0',
  `sale_type` tinyint NOT NULL DEFAULT '0',
  `price` double unsigned DEFAULT NULL,
  `sale_price` double unsigned DEFAULT NULL,
  `start_date` timestamp NULL DEFAULT NULL,
  `end_date` timestamp NULL DEFAULT NULL,
  `length` double(8,2) DEFAULT NULL,
  `wide` double(8,2) DEFAULT NULL,
  `height` double(8,2) DEFAULT NULL,
  `weight` double(8,2) DEFAULT NULL,
  `tax_id` bigint unsigned DEFAULT NULL,
  `views` bigint NOT NULL DEFAULT '0',
  `created_at` timestamp NULL DEFAULT NULL,
  `updated_at` timestamp NULL DEFAULT NULL,
  `stock_status` varchar(191) COLLATE utf8mb4_unicode_ci DEFAULT 'in_stock',
  `store_id` bigint unsigned DEFAULT NULL,
  `created_by_id` bigint unsigned DEFAULT '0',
  `created_by_type` varchar(191) COLLATE utf8mb4_unicode_ci NOT NULL DEFAULT 'Botble\\ACL\\Models\\User',
  `approved_by` bigint unsigned DEFAULT '0',
  `image` varchar(191) COLLATE utf8mb4_unicode_ci DEFAULT NULL,
  `product_type` varchar(60) COLLATE utf8mb4_unicode_ci DEFAULT 'physical',
  `barcode` varchar(50) COLLATE utf8mb4_unicode_ci DEFAULT NULL,
  `cost_per_item` double DEFAULT NULL,
  `generate_license_code` tinyint(1) NOT NULL DEFAULT '0',
  `minimum_order_quantity` int unsigned DEFAULT '0',
  `maximum_order_quantity` int unsigned DEFAULT '0',
  PRIMARY KEY (`id`),
  KEY `ec_products_brand_id_status_is_variation_created_at_index` (`brand_id`,`status`,`is_variation`,`created_at`),
  KEY `sale_type_index` (`sale_type`),
  KEY `start_date_index` (`start_date`),
  KEY `end_date_index` (`end_date`),
  KEY `sale_price_index` (`sale_price`),
  KEY `is_variation_index` (`is_variation`),
  KEY `ec_products_sku_index` (`sku`)
) ENGINE=InnoDB AUTO_INCREMENT=113 DEFAULT CHARSET=utf8mb4 COLLATE=utf8mb4_unicode_ci;

--
-- Dumping data for table `ec_products`
--

INSERT INTO `ec_products` VALUES (1,'Vintage Denim Jacket','Complete your look with these classic aviator sunglasses, offering a touch of timeless glamour and UV protection for your eyes.','<div class=\"row justify-content-center\">\n    <div class=\"col-xl-10\">\n        <div class=\"tp-product-details-desc-item pb-105\">\n            <div class=\"row\">\n                <div class=\"col-lg-6\">\n                    <div class=\"pt-25\">\n                        <span>Anti-Aging Serum</span>\n                        <h3 class=\"tp-product-details-desc-title\">Revitalize Your Skin</h3>\n                        <p>\n                            Turn back the clock with our advanced anti-aging serum. Formulated with potent ingredients like hyaluronic acid and retinol, this serum targets fine lines, wrinkles, and age spots, leaving your skin looking youthful and radiant. Restore your skin\'s natural glow and texture with regular use.\n                        </p>\n                    </div>\n                    <div>\n                        <h3 class=\"tp-product-details-desc-title\">Hydration and Nourishment</h3>\n                        <p>\n                            Our anti-aging serum is enriched with hydrating and nourishing ingredients that penetrate deep into the skin to replenish moisture and improve elasticity. Say goodbye to dry, dull skin and hello to a complexion that\'s supple, smooth, and rejuvenated.\n                        </p>\n                    </div>\n                </div>\n                <div class=\"col-lg-6\">\n                    <div class=\"tp-product-details-desc-thumb\">\n                        <img src=\"/storage/beauty/products/product-1.png\" alt=\"Anti-Aging Serum\">\n                    </div>\n                </div>\n            </div>\n        </div>\n        <div class=\"tp-product-details-desc-item pb-75\">\n            <div class=\"row\">\n                <div class=\"col-lg-7\">\n                    <div class=\"tp-product-details-desc-thumb\">\n                        <img src=\"/storage/beauty/products/product-2.png\" alt=\"Application of Anti-Aging Serum\">\n                    </div>\n                </div>\n\n                <div class=\"col-lg-5 order-first order-lg-last\">\n                    <div class=\"des-content-2 pl-40\">\n                        <h3 class=\"tp-product-details-desc-title\">\n                            Visible Results\n                        </h3>\n                        <p>\n                            Experience noticeable results with our anti-aging serum. Within weeks of use, you\'ll notice smoother, firmer skin with reduced signs of aging. Incorporate it into your daily skincare routine for long-lasting benefits and a complexion that defies time.\n                        </p>\n                    </div>\n                </div>\n            </div>\n        </div>\n        <div class=\"tp-product-details-desc-item\">\n            <div class=\"row\">\n                <div class=\"col-xl-12\">\n                    <div class=\"tp-product-details-desc-banner text-center m-img\">\n                        <h3 class=\"tp-product-details-desc-banner-title tp-product-details-desc-title\">Expertly Formulated</h3>\n                        <img src=\"/storage/beauty/products/product-3.png\" alt=\"Beauty Lab\">\n                    </div>\n                </div>\n            </div>\n        </div>\n    </div>\n</div>\n','published','[\"beauty\\/products\\/product-8.png\",\"beauty\\/products\\/product-1.png\",\"beauty\\/products\\/product-5.png\",\"beauty\\/products\\/product-6.png\",\"beauty\\/products\\/product-3.png\"]','NQ-111',0,10,0,1,0,2,0,0,1461,928,NULL,NULL,14.00,18.00,12.00,654.00,NULL,182902,'2024-05-10 02:11:14','2024-05-10 02:11:14','in_stock',5,0,'Botble\\ACL\\Models\\User',0,NULL,'physical',NULL,NULL,0,0,0),(2,'Floral Maxi Dress','Achieve a polished look with this tailored wool blazer, designed for a flattering fit and versatile enough for both work and casual outings.','<div class=\"row justify-content-center\">\n    <div class=\"col-xl-10\">\n        <div class=\"tp-product-details-desc-item pb-105\">\n            <div class=\"row\">\n                <div class=\"col-lg-6\">\n                    <div class=\"pt-25\">\n                        <span>Anti-Aging Serum</span>\n                        <h3 class=\"tp-product-details-desc-title\">Revitalize Your Skin</h3>\n                        <p>\n                            Turn back the clock with our advanced anti-aging serum. Formulated with potent ingredients like hyaluronic acid and retinol, this serum targets fine lines, wrinkles, and age spots, leaving your skin looking youthful and radiant. Restore your skin\'s natural glow and texture with regular use.\n                        </p>\n                    </div>\n                    <div>\n                        <h3 class=\"tp-product-details-desc-title\">Hydration and Nourishment</h3>\n                        <p>\n                            Our anti-aging serum is enriched with hydrating and nourishing ingredients that penetrate deep into the skin to replenish moisture and improve elasticity. Say goodbye to dry, dull skin and hello to a complexion that\'s supple, smooth, and rejuvenated.\n                        </p>\n                    </div>\n                </div>\n                <div class=\"col-lg-6\">\n                    <div class=\"tp-product-details-desc-thumb\">\n                        <img src=\"/storage/beauty/products/product-1.png\" alt=\"Anti-Aging Serum\">\n                    </div>\n                </div>\n            </div>\n        </div>\n        <div class=\"tp-product-details-desc-item pb-75\">\n            <div class=\"row\">\n                <div class=\"col-lg-7\">\n                    <div class=\"tp-product-details-desc-thumb\">\n                        <img src=\"/storage/beauty/products/product-2.png\" alt=\"Application of Anti-Aging Serum\">\n                    </div>\n                </div>\n\n                <div class=\"col-lg-5 order-first order-lg-last\">\n                    <div class=\"des-content-2 pl-40\">\n                        <h3 class=\"tp-product-details-desc-title\">\n                            Visible Results\n                        </h3>\n                        <p>\n                            Experience noticeable results with our anti-aging serum. Within weeks of use, you\'ll notice smoother, firmer skin with reduced signs of aging. Incorporate it into your daily skincare routine for long-lasting benefits and a complexion that defies time.\n                        </p>\n                    </div>\n                </div>\n            </div>\n        </div>\n        <div class=\"tp-product-details-desc-item\">\n            <div class=\"row\">\n                <div class=\"col-xl-12\">\n                    <div class=\"tp-product-details-desc-banner text-center m-img\">\n                        <h3 class=\"tp-product-details-desc-banner-title tp-product-details-desc-title\">Expertly Formulated</h3>\n                        <img src=\"/storage/beauty/products/product-3.png\" alt=\"Beauty Lab\">\n                    </div>\n                </div>\n            </div>\n        </div>\n    </div>\n</div>\n','published','[\"beauty\\/products\\/product-4.png\",\"beauty\\/products\\/product-3.png\",\"beauty\\/products\\/product-8.png\",\"beauty\\/products\\/product-6.png\",\"beauty\\/products\\/product-2.png\",\"beauty\\/products\\/product-7.png\",\"beauty\\/products\\/product-1.png\"]','56-160',0,10,0,1,1,2,0,0,837,253,NULL,NULL,19.00,19.00,15.00,583.00,NULL,38461,'2024-05-10 02:11:14','2024-05-10 02:11:14','in_stock',7,0,'Botble\\ACL\\Models\\User',0,NULL,'physical',NULL,NULL,0,0,0),(3,'Leather Ankle Boots','Accessorize with this bohemian fringe handbag, featuring intricate details and enough space for your essentials. The perfect boho-chic addition to your collection.','<div class=\"row justify-content-center\">\n    <div class=\"col-xl-10\">\n        <div class=\"tp-product-details-desc-item pb-105\">\n            <div class=\"row\">\n                <div class=\"col-lg-6\">\n                    <div class=\"pt-25\">\n                        <span>Anti-Aging Serum</span>\n                        <h3 class=\"tp-product-details-desc-title\">Revitalize Your Skin</h3>\n                        <p>\n                            Turn back the clock with our advanced anti-aging serum. Formulated with potent ingredients like hyaluronic acid and retinol, this serum targets fine lines, wrinkles, and age spots, leaving your skin looking youthful and radiant. Restore your skin\'s natural glow and texture with regular use.\n                        </p>\n                    </div>\n                    <div>\n                        <h3 class=\"tp-product-details-desc-title\">Hydration and Nourishment</h3>\n                        <p>\n                            Our anti-aging serum is enriched with hydrating and nourishing ingredients that penetrate deep into the skin to replenish moisture and improve elasticity. Say goodbye to dry, dull skin and hello to a complexion that\'s supple, smooth, and rejuvenated.\n                        </p>\n                    </div>\n                </div>\n                <div class=\"col-lg-6\">\n                    <div class=\"tp-product-details-desc-thumb\">\n                        <img src=\"/storage/beauty/products/product-1.png\" alt=\"Anti-Aging Serum\">\n                    </div>\n                </div>\n            </div>\n        </div>\n        <div class=\"tp-product-details-desc-item pb-75\">\n            <div class=\"row\">\n                <div class=\"col-lg-7\">\n                    <div class=\"tp-product-details-desc-thumb\">\n                        <img src=\"/storage/beauty/products/product-2.png\" alt=\"Application of Anti-Aging Serum\">\n                    </div>\n                </div>\n\n                <div class=\"col-lg-5 order-first order-lg-last\">\n                    <div class=\"des-content-2 pl-40\">\n                        <h3 class=\"tp-product-details-desc-title\">\n                            Visible Results\n                        </h3>\n                        <p>\n                            Experience noticeable results with our anti-aging serum. Within weeks of use, you\'ll notice smoother, firmer skin with reduced signs of aging. Incorporate it into your daily skincare routine for long-lasting benefits and a complexion that defies time.\n                        </p>\n                    </div>\n                </div>\n            </div>\n        </div>\n        <div class=\"tp-product-details-desc-item\">\n            <div class=\"row\">\n                <div class=\"col-xl-12\">\n                    <div class=\"tp-product-details-desc-banner text-center m-img\">\n                        <h3 class=\"tp-product-details-desc-banner-title tp-product-details-desc-title\">Expertly Formulated</h3>\n                        <img src=\"/storage/beauty/products/product-3.png\" alt=\"Beauty Lab\">\n                    </div>\n                </div>\n            </div>\n        </div>\n    </div>\n</div>\n','published','[\"beauty\\/products\\/product-4.png\",\"beauty\\/products\\/product-7.png\",\"beauty\\/products\\/product-3.png\",\"beauty\\/products\\/product-6.png\"]','ZU-176-A1',0,18,0,1,1,1,0,0,1793,NULL,NULL,NULL,17.00,18.00,13.00,867.00,NULL,142985,'2024-05-10 02:11:14','2024-05-10 02:11:15','in_stock',4,0,'Botble\\ACL\\Models\\User',0,NULL,'physical',NULL,NULL,0,0,0),(4,'Knit Turtleneck Sweater (Digital)','Make a statement in this floral maxi dress, perfect for summer events or a casual day out. The flowy silhouette and vibrant print will turn heads wherever you go.','<div class=\"row justify-content-center\">\n    <div class=\"col-xl-10\">\n        <div class=\"tp-product-details-desc-item pb-105\">\n            <div class=\"row\">\n                <div class=\"col-lg-6\">\n                    <div class=\"pt-25\">\n                        <span>Anti-Aging Serum</span>\n                        <h3 class=\"tp-product-details-desc-title\">Revitalize Your Skin</h3>\n                        <p>\n                            Turn back the clock with our advanced anti-aging serum. Formulated with potent ingredients like hyaluronic acid and retinol, this serum targets fine lines, wrinkles, and age spots, leaving your skin looking youthful and radiant. Restore your skin\'s natural glow and texture with regular use.\n                        </p>\n                    </div>\n                    <div>\n                        <h3 class=\"tp-product-details-desc-title\">Hydration and Nourishment</h3>\n                        <p>\n                            Our anti-aging serum is enriched with hydrating and nourishing ingredients that penetrate deep into the skin to replenish moisture and improve elasticity. Say goodbye to dry, dull skin and hello to a complexion that\'s supple, smooth, and rejuvenated.\n                        </p>\n                    </div>\n                </div>\n                <div class=\"col-lg-6\">\n                    <div class=\"tp-product-details-desc-thumb\">\n                        <img src=\"/storage/beauty/products/product-1.png\" alt=\"Anti-Aging Serum\">\n                    </div>\n                </div>\n            </div>\n        </div>\n        <div class=\"tp-product-details-desc-item pb-75\">\n            <div class=\"row\">\n                <div class=\"col-lg-7\">\n                    <div class=\"tp-product-details-desc-thumb\">\n                        <img src=\"/storage/beauty/products/product-2.png\" alt=\"Application of Anti-Aging Serum\">\n                    </div>\n                </div>\n\n                <div class=\"col-lg-5 order-first order-lg-last\">\n                    <div class=\"des-content-2 pl-40\">\n                        <h3 class=\"tp-product-details-desc-title\">\n                            Visible Results\n                        </h3>\n                        <p>\n                            Experience noticeable results with our anti-aging serum. Within weeks of use, you\'ll notice smoother, firmer skin with reduced signs of aging. Incorporate it into your daily skincare routine for long-lasting benefits and a complexion that defies time.\n                        </p>\n                    </div>\n                </div>\n            </div>\n        </div>\n        <div class=\"tp-product-details-desc-item\">\n            <div class=\"row\">\n                <div class=\"col-xl-12\">\n                    <div class=\"tp-product-details-desc-banner text-center m-img\">\n                        <h3 class=\"tp-product-details-desc-banner-title tp-product-details-desc-title\">Expertly Formulated</h3>\n                        <img src=\"/storage/beauty/products/product-3.png\" alt=\"Beauty Lab\">\n                    </div>\n                </div>\n            </div>\n        </div>\n    </div>\n</div>\n','published','[\"beauty\\/products\\/product-6.png\",\"beauty\\/products\\/product-5.png\",\"beauty\\/products\\/product-1.png\",\"beauty\\/products\\/product-7.png\",\"beauty\\/products\\/product-3.png\"]','OW-185',0,19,0,1,1,1,0,0,314,112,NULL,NULL,16.00,15.00,15.00,866.00,NULL,54167,'2024-05-10 02:11:14','2024-05-10 02:11:14','in_stock',1,0,'Botble\\ACL\\Models\\User',0,NULL,'digital',NULL,NULL,0,0,0),(5,'Classic Aviator Sunglasses','Stay on trend with these high-waisted wide-leg trousers, combining comfort and sophistication. Pair them with heels for a refined look.','<div class=\"row justify-content-center\">\n    <div class=\"col-xl-10\">\n        <div class=\"tp-product-details-desc-item pb-105\">\n            <div class=\"row\">\n                <div class=\"col-lg-6\">\n                    <div class=\"pt-25\">\n                        <span>Anti-Aging Serum</span>\n                        <h3 class=\"tp-product-details-desc-title\">Revitalize Your Skin</h3>\n                        <p>\n                            Turn back the clock with our advanced anti-aging serum. Formulated with potent ingredients like hyaluronic acid and retinol, this serum targets fine lines, wrinkles, and age spots, leaving your skin looking youthful and radiant. Restore your skin\'s natural glow and texture with regular use.\n                        </p>\n                    </div>\n                    <div>\n                        <h3 class=\"tp-product-details-desc-title\">Hydration and Nourishment</h3>\n                        <p>\n                            Our anti-aging serum is enriched with hydrating and nourishing ingredients that penetrate deep into the skin to replenish moisture and improve elasticity. Say goodbye to dry, dull skin and hello to a complexion that\'s supple, smooth, and rejuvenated.\n                        </p>\n                    </div>\n                </div>\n                <div class=\"col-lg-6\">\n                    <div class=\"tp-product-details-desc-thumb\">\n                        <img src=\"/storage/beauty/products/product-1.png\" alt=\"Anti-Aging Serum\">\n                    </div>\n                </div>\n            </div>\n        </div>\n        <div class=\"tp-product-details-desc-item pb-75\">\n            <div class=\"row\">\n                <div class=\"col-lg-7\">\n                    <div class=\"tp-product-details-desc-thumb\">\n                        <img src=\"/storage/beauty/products/product-2.png\" alt=\"Application of Anti-Aging Serum\">\n                    </div>\n                </div>\n\n                <div class=\"col-lg-5 order-first order-lg-last\">\n                    <div class=\"des-content-2 pl-40\">\n                        <h3 class=\"tp-product-details-desc-title\">\n                            Visible Results\n                        </h3>\n                        <p>\n                            Experience noticeable results with our anti-aging serum. Within weeks of use, you\'ll notice smoother, firmer skin with reduced signs of aging. Incorporate it into your daily skincare routine for long-lasting benefits and a complexion that defies time.\n                        </p>\n                    </div>\n                </div>\n            </div>\n        </div>\n        <div class=\"tp-product-details-desc-item\">\n            <div class=\"row\">\n                <div class=\"col-xl-12\">\n                    <div class=\"tp-product-details-desc-banner text-center m-img\">\n                        <h3 class=\"tp-product-details-desc-banner-title tp-product-details-desc-title\">Expertly Formulated</h3>\n                        <img src=\"/storage/beauty/products/product-3.png\" alt=\"Beauty Lab\">\n                    </div>\n                </div>\n            </div>\n        </div>\n    </div>\n</div>\n','published','[\"beauty\\/products\\/product-7.png\",\"beauty\\/products\\/product-3.png\",\"beauty\\/products\\/product-6.png\",\"beauty\\/products\\/product-1.png\"]','FM-114-A1',0,13,0,1,1,2,0,0,486,NULL,NULL,NULL,14.00,19.00,12.00,864.00,NULL,55391,'2024-05-10 02:11:14','2024-05-10 02:11:15','in_stock',5,0,'Botble\\ACL\\Models\\User',0,NULL,'physical',NULL,NULL,0,0,0),(6,'Tailored Wool Blazer','Make a statement in this floral maxi dress, perfect for summer events or a casual day out. The flowy silhouette and vibrant print will turn heads wherever you go.','<div class=\"row justify-content-center\">\n    <div class=\"col-xl-10\">\n        <div class=\"tp-product-details-desc-item pb-105\">\n            <div class=\"row\">\n                <div class=\"col-lg-6\">\n                    <div class=\"pt-25\">\n                        <span>Anti-Aging Serum</span>\n                        <h3 class=\"tp-product-details-desc-title\">Revitalize Your Skin</h3>\n                        <p>\n                            Turn back the clock with our advanced anti-aging serum. Formulated with potent ingredients like hyaluronic acid and retinol, this serum targets fine lines, wrinkles, and age spots, leaving your skin looking youthful and radiant. Restore your skin\'s natural glow and texture with regular use.\n                        </p>\n                    </div>\n                    <div>\n                        <h3 class=\"tp-product-details-desc-title\">Hydration and Nourishment</h3>\n                        <p>\n                            Our anti-aging serum is enriched with hydrating and nourishing ingredients that penetrate deep into the skin to replenish moisture and improve elasticity. Say goodbye to dry, dull skin and hello to a complexion that\'s supple, smooth, and rejuvenated.\n                        </p>\n                    </div>\n                </div>\n                <div class=\"col-lg-6\">\n                    <div class=\"tp-product-details-desc-thumb\">\n                        <img src=\"/storage/beauty/products/product-1.png\" alt=\"Anti-Aging Serum\">\n                    </div>\n                </div>\n            </div>\n        </div>\n        <div class=\"tp-product-details-desc-item pb-75\">\n            <div class=\"row\">\n                <div class=\"col-lg-7\">\n                    <div class=\"tp-product-details-desc-thumb\">\n                        <img src=\"/storage/beauty/products/product-2.png\" alt=\"Application of Anti-Aging Serum\">\n                    </div>\n                </div>\n\n                <div class=\"col-lg-5 order-first order-lg-last\">\n                    <div class=\"des-content-2 pl-40\">\n                        <h3 class=\"tp-product-details-desc-title\">\n                            Visible Results\n                        </h3>\n                        <p>\n                            Experience noticeable results with our anti-aging serum. Within weeks of use, you\'ll notice smoother, firmer skin with reduced signs of aging. Incorporate it into your daily skincare routine for long-lasting benefits and a complexion that defies time.\n                        </p>\n                    </div>\n                </div>\n            </div>\n        </div>\n        <div class=\"tp-product-details-desc-item\">\n            <div class=\"row\">\n                <div class=\"col-xl-12\">\n                    <div class=\"tp-product-details-desc-banner text-center m-img\">\n                        <h3 class=\"tp-product-details-desc-banner-title tp-product-details-desc-title\">Expertly Formulated</h3>\n                        <img src=\"/storage/beauty/products/product-3.png\" alt=\"Beauty Lab\">\n                    </div>\n                </div>\n            </div>\n        </div>\n    </div>\n</div>\n','published','[\"beauty\\/products\\/product-6.png\",\"beauty\\/products\\/product-5.png\",\"beauty\\/products\\/product-3.png\",\"beauty\\/products\\/product-1.png\",\"beauty\\/products\\/product-4.png\",\"beauty\\/products\\/product-2.png\"]','GF-141-A1',0,14,0,1,1,2,0,0,2172,NULL,NULL,NULL,15.00,17.00,11.00,748.00,NULL,24882,'2024-05-10 02:11:14','2024-05-10 02:11:15','in_stock',1,0,'Botble\\ACL\\Models\\User',0,NULL,'physical',NULL,NULL,0,0,0),(7,'Bohemian Fringe Handbag','Stay cozy and chic in this knit turtleneck sweater, featuring a ribbed texture and a timeless design. Perfect for chilly days and nights.','<div class=\"row justify-content-center\">\n    <div class=\"col-xl-10\">\n        <div class=\"tp-product-details-desc-item pb-105\">\n            <div class=\"row\">\n                <div class=\"col-lg-6\">\n                    <div class=\"pt-25\">\n                        <span>Anti-Aging Serum</span>\n                        <h3 class=\"tp-product-details-desc-title\">Revitalize Your Skin</h3>\n                        <p>\n                            Turn back the clock with our advanced anti-aging serum. Formulated with potent ingredients like hyaluronic acid and retinol, this serum targets fine lines, wrinkles, and age spots, leaving your skin looking youthful and radiant. Restore your skin\'s natural glow and texture with regular use.\n                        </p>\n                    </div>\n                    <div>\n                        <h3 class=\"tp-product-details-desc-title\">Hydration and Nourishment</h3>\n                        <p>\n                            Our anti-aging serum is enriched with hydrating and nourishing ingredients that penetrate deep into the skin to replenish moisture and improve elasticity. Say goodbye to dry, dull skin and hello to a complexion that\'s supple, smooth, and rejuvenated.\n                        </p>\n                    </div>\n                </div>\n                <div class=\"col-lg-6\">\n                    <div class=\"tp-product-details-desc-thumb\">\n                        <img src=\"/storage/beauty/products/product-1.png\" alt=\"Anti-Aging Serum\">\n                    </div>\n                </div>\n            </div>\n        </div>\n        <div class=\"tp-product-details-desc-item pb-75\">\n            <div class=\"row\">\n                <div class=\"col-lg-7\">\n                    <div class=\"tp-product-details-desc-thumb\">\n                        <img src=\"/storage/beauty/products/product-2.png\" alt=\"Application of Anti-Aging Serum\">\n                    </div>\n                </div>\n\n                <div class=\"col-lg-5 order-first order-lg-last\">\n                    <div class=\"des-content-2 pl-40\">\n                        <h3 class=\"tp-product-details-desc-title\">\n                            Visible Results\n                        </h3>\n                        <p>\n                            Experience noticeable results with our anti-aging serum. Within weeks of use, you\'ll notice smoother, firmer skin with reduced signs of aging. Incorporate it into your daily skincare routine for long-lasting benefits and a complexion that defies time.\n                        </p>\n                    </div>\n                </div>\n            </div>\n        </div>\n        <div class=\"tp-product-details-desc-item\">\n            <div class=\"row\">\n                <div class=\"col-xl-12\">\n                    <div class=\"tp-product-details-desc-banner text-center m-img\">\n                        <h3 class=\"tp-product-details-desc-banner-title tp-product-details-desc-title\">Expertly Formulated</h3>\n                        <img src=\"/storage/beauty/products/product-3.png\" alt=\"Beauty Lab\">\n                    </div>\n                </div>\n            </div>\n        </div>\n    </div>\n</div>\n','published','[\"beauty\\/products\\/product-1.png\",\"beauty\\/products\\/product-5.png\",\"beauty\\/products\\/product-3.png\",\"beauty\\/products\\/product-8.png\",\"beauty\\/products\\/product-4.png\",\"beauty\\/products\\/product-6.png\"]','J0-187-A1',0,15,0,1,1,3,0,0,1244,NULL,NULL,NULL,16.00,16.00,12.00,792.00,NULL,122099,'2024-05-10 02:11:14','2024-05-10 02:11:15','in_stock',7,0,'Botble\\ACL\\Models\\User',0,NULL,'physical',NULL,NULL,0,0,0),(8,'Silk Scarf with Geometric Print (Digital)','Add a pop of color to your outfit with this silk scarf adorned with a geometric print. Wrap it around your neck or tie it to your handbag for a stylish touch.','<div class=\"row justify-content-center\">\n    <div class=\"col-xl-10\">\n        <div class=\"tp-product-details-desc-item pb-105\">\n            <div class=\"row\">\n                <div class=\"col-lg-6\">\n                    <div class=\"pt-25\">\n                        <span>Anti-Aging Serum</span>\n                        <h3 class=\"tp-product-details-desc-title\">Revitalize Your Skin</h3>\n                        <p>\n                            Turn back the clock with our advanced anti-aging serum. Formulated with potent ingredients like hyaluronic acid and retinol, this serum targets fine lines, wrinkles, and age spots, leaving your skin looking youthful and radiant. Restore your skin\'s natural glow and texture with regular use.\n                        </p>\n                    </div>\n                    <div>\n                        <h3 class=\"tp-product-details-desc-title\">Hydration and Nourishment</h3>\n                        <p>\n                            Our anti-aging serum is enriched with hydrating and nourishing ingredients that penetrate deep into the skin to replenish moisture and improve elasticity. Say goodbye to dry, dull skin and hello to a complexion that\'s supple, smooth, and rejuvenated.\n                        </p>\n                    </div>\n                </div>\n                <div class=\"col-lg-6\">\n                    <div class=\"tp-product-details-desc-thumb\">\n                        <img src=\"/storage/beauty/products/product-1.png\" alt=\"Anti-Aging Serum\">\n                    </div>\n                </div>\n            </div>\n        </div>\n        <div class=\"tp-product-details-desc-item pb-75\">\n            <div class=\"row\">\n                <div class=\"col-lg-7\">\n                    <div class=\"tp-product-details-desc-thumb\">\n                        <img src=\"/storage/beauty/products/product-2.png\" alt=\"Application of Anti-Aging Serum\">\n                    </div>\n                </div>\n\n                <div class=\"col-lg-5 order-first order-lg-last\">\n                    <div class=\"des-content-2 pl-40\">\n                        <h3 class=\"tp-product-details-desc-title\">\n                            Visible Results\n                        </h3>\n                        <p>\n                            Experience noticeable results with our anti-aging serum. Within weeks of use, you\'ll notice smoother, firmer skin with reduced signs of aging. Incorporate it into your daily skincare routine for long-lasting benefits and a complexion that defies time.\n                        </p>\n                    </div>\n                </div>\n            </div>\n        </div>\n        <div class=\"tp-product-details-desc-item\">\n            <div class=\"row\">\n                <div class=\"col-xl-12\">\n                    <div class=\"tp-product-details-desc-banner text-center m-img\">\n                        <h3 class=\"tp-product-details-desc-banner-title tp-product-details-desc-title\">Expertly Formulated</h3>\n                        <img src=\"/storage/beauty/products/product-3.png\" alt=\"Beauty Lab\">\n                    </div>\n                </div>\n            </div>\n        </div>\n    </div>\n</div>\n','published','[\"beauty\\/products\\/product-4.png\",\"beauty\\/products\\/product-3.png\",\"beauty\\/products\\/product-2.png\",\"beauty\\/products\\/product-5.png\",\"beauty\\/products\\/product-6.png\",\"beauty\\/products\\/product-1.png\",\"beauty\\/products\\/product-7.png\"]','Q2-112',0,10,0,1,1,4,0,0,1386,15,NULL,NULL,16.00,13.00,20.00,524.00,NULL,1768,'2024-05-10 02:11:14','2024-05-10 02:11:14','in_stock',7,0,'Botble\\ACL\\Models\\User',0,NULL,'digital',NULL,NULL,0,0,0),(9,'High-Waisted Wide Leg Trousers','Step out in style with these leather ankle boots, crafted with a sleek design and comfortable block heel. Versatile enough to pair with both dresses and jeans.','<div class=\"row justify-content-center\">\n    <div class=\"col-xl-10\">\n        <div class=\"tp-product-details-desc-item pb-105\">\n            <div class=\"row\">\n                <div class=\"col-lg-6\">\n                    <div class=\"pt-25\">\n                        <span>Anti-Aging Serum</span>\n                        <h3 class=\"tp-product-details-desc-title\">Revitalize Your Skin</h3>\n                        <p>\n                            Turn back the clock with our advanced anti-aging serum. Formulated with potent ingredients like hyaluronic acid and retinol, this serum targets fine lines, wrinkles, and age spots, leaving your skin looking youthful and radiant. Restore your skin\'s natural glow and texture with regular use.\n                        </p>\n                    </div>\n                    <div>\n                        <h3 class=\"tp-product-details-desc-title\">Hydration and Nourishment</h3>\n                        <p>\n                            Our anti-aging serum is enriched with hydrating and nourishing ingredients that penetrate deep into the skin to replenish moisture and improve elasticity. Say goodbye to dry, dull skin and hello to a complexion that\'s supple, smooth, and rejuvenated.\n                        </p>\n                    </div>\n                </div>\n                <div class=\"col-lg-6\">\n                    <div class=\"tp-product-details-desc-thumb\">\n                        <img src=\"/storage/beauty/products/product-1.png\" alt=\"Anti-Aging Serum\">\n                    </div>\n                </div>\n            </div>\n        </div>\n        <div class=\"tp-product-details-desc-item pb-75\">\n            <div class=\"row\">\n                <div class=\"col-lg-7\">\n                    <div class=\"tp-product-details-desc-thumb\">\n                        <img src=\"/storage/beauty/products/product-2.png\" alt=\"Application of Anti-Aging Serum\">\n                    </div>\n                </div>\n\n                <div class=\"col-lg-5 order-first order-lg-last\">\n                    <div class=\"des-content-2 pl-40\">\n                        <h3 class=\"tp-product-details-desc-title\">\n                            Visible Results\n                        </h3>\n                        <p>\n                            Experience noticeable results with our anti-aging serum. Within weeks of use, you\'ll notice smoother, firmer skin with reduced signs of aging. Incorporate it into your daily skincare routine for long-lasting benefits and a complexion that defies time.\n                        </p>\n                    </div>\n                </div>\n            </div>\n        </div>\n        <div class=\"tp-product-details-desc-item\">\n            <div class=\"row\">\n                <div class=\"col-xl-12\">\n                    <div class=\"tp-product-details-desc-banner text-center m-img\">\n                        <h3 class=\"tp-product-details-desc-banner-title tp-product-details-desc-title\">Expertly Formulated</h3>\n                        <img src=\"/storage/beauty/products/product-3.png\" alt=\"Beauty Lab\">\n                    </div>\n                </div>\n            </div>\n        </div>\n    </div>\n</div>\n','published','[\"beauty\\/products\\/product-1.png\",\"beauty\\/products\\/product-5.png\",\"beauty\\/products\\/product-8.png\",\"beauty\\/products\\/product-6.png\"]','7T-151',0,18,0,1,1,2,0,0,2450,139,NULL,NULL,13.00,19.00,15.00,836.00,NULL,77966,'2024-05-10 02:11:14','2024-05-10 02:11:14','in_stock',1,0,'Botble\\ACL\\Models\\User',0,NULL,'physical',NULL,NULL,0,0,0),(10,'Embroidered Boho Blouse','Embrace bohemian vibes with this embroidered boho blouse, featuring intricate stitching and a relaxed fit. Perfect for a casual day with a touch of style.','<div class=\"row justify-content-center\">\n    <div class=\"col-xl-10\">\n        <div class=\"tp-product-details-desc-item pb-105\">\n            <div class=\"row\">\n                <div class=\"col-lg-6\">\n                    <div class=\"pt-25\">\n                        <span>Anti-Aging Serum</span>\n                        <h3 class=\"tp-product-details-desc-title\">Revitalize Your Skin</h3>\n                        <p>\n                            Turn back the clock with our advanced anti-aging serum. Formulated with potent ingredients like hyaluronic acid and retinol, this serum targets fine lines, wrinkles, and age spots, leaving your skin looking youthful and radiant. Restore your skin\'s natural glow and texture with regular use.\n                        </p>\n                    </div>\n                    <div>\n                        <h3 class=\"tp-product-details-desc-title\">Hydration and Nourishment</h3>\n                        <p>\n                            Our anti-aging serum is enriched with hydrating and nourishing ingredients that penetrate deep into the skin to replenish moisture and improve elasticity. Say goodbye to dry, dull skin and hello to a complexion that\'s supple, smooth, and rejuvenated.\n                        </p>\n                    </div>\n                </div>\n                <div class=\"col-lg-6\">\n                    <div class=\"tp-product-details-desc-thumb\">\n                        <img src=\"/storage/beauty/products/product-1.png\" alt=\"Anti-Aging Serum\">\n                    </div>\n                </div>\n            </div>\n        </div>\n        <div class=\"tp-product-details-desc-item pb-75\">\n            <div class=\"row\">\n                <div class=\"col-lg-7\">\n                    <div class=\"tp-product-details-desc-thumb\">\n                        <img src=\"/storage/beauty/products/product-2.png\" alt=\"Application of Anti-Aging Serum\">\n                    </div>\n                </div>\n\n                <div class=\"col-lg-5 order-first order-lg-last\">\n                    <div class=\"des-content-2 pl-40\">\n                        <h3 class=\"tp-product-details-desc-title\">\n                            Visible Results\n                        </h3>\n                        <p>\n                            Experience noticeable results with our anti-aging serum. Within weeks of use, you\'ll notice smoother, firmer skin with reduced signs of aging. Incorporate it into your daily skincare routine for long-lasting benefits and a complexion that defies time.\n                        </p>\n                    </div>\n                </div>\n            </div>\n        </div>\n        <div class=\"tp-product-details-desc-item\">\n            <div class=\"row\">\n                <div class=\"col-xl-12\">\n                    <div class=\"tp-product-details-desc-banner text-center m-img\">\n                        <h3 class=\"tp-product-details-desc-banner-title tp-product-details-desc-title\">Expertly Formulated</h3>\n                        <img src=\"/storage/beauty/products/product-3.png\" alt=\"Beauty Lab\">\n                    </div>\n                </div>\n            </div>\n        </div>\n    </div>\n</div>\n','published','[\"beauty\\/products\\/product-1.png\",\"beauty\\/products\\/product-3.png\",\"beauty\\/products\\/product-5.png\",\"beauty\\/products\\/product-4.png\",\"beauty\\/products\\/product-6.png\",\"beauty\\/products\\/product-7.png\",\"beauty\\/products\\/product-8.png\",\"beauty\\/products\\/product-2.png\"]','HU-166-A1',0,17,0,1,0,2,0,0,2191,NULL,NULL,NULL,19.00,11.00,16.00,564.00,NULL,157492,'2024-05-10 02:11:14','2024-05-10 02:11:15','in_stock',8,0,'Botble\\ACL\\Models\\User',0,NULL,'physical',NULL,NULL,0,0,0),(11,'Statement Chunky Necklace','Make a statement in this floral maxi dress, perfect for summer events or a casual day out. The flowy silhouette and vibrant print will turn heads wherever you go.','<div class=\"row justify-content-center\">\n    <div class=\"col-xl-10\">\n        <div class=\"tp-product-details-desc-item pb-105\">\n            <div class=\"row\">\n                <div class=\"col-lg-6\">\n                    <div class=\"pt-25\">\n                        <span>Anti-Aging Serum</span>\n                        <h3 class=\"tp-product-details-desc-title\">Revitalize Your Skin</h3>\n                        <p>\n                            Turn back the clock with our advanced anti-aging serum. Formulated with potent ingredients like hyaluronic acid and retinol, this serum targets fine lines, wrinkles, and age spots, leaving your skin looking youthful and radiant. Restore your skin\'s natural glow and texture with regular use.\n                        </p>\n                    </div>\n                    <div>\n                        <h3 class=\"tp-product-details-desc-title\">Hydration and Nourishment</h3>\n                        <p>\n                            Our anti-aging serum is enriched with hydrating and nourishing ingredients that penetrate deep into the skin to replenish moisture and improve elasticity. Say goodbye to dry, dull skin and hello to a complexion that\'s supple, smooth, and rejuvenated.\n                        </p>\n                    </div>\n                </div>\n                <div class=\"col-lg-6\">\n                    <div class=\"tp-product-details-desc-thumb\">\n                        <img src=\"/storage/beauty/products/product-1.png\" alt=\"Anti-Aging Serum\">\n                    </div>\n                </div>\n            </div>\n        </div>\n        <div class=\"tp-product-details-desc-item pb-75\">\n            <div class=\"row\">\n                <div class=\"col-lg-7\">\n                    <div class=\"tp-product-details-desc-thumb\">\n                        <img src=\"/storage/beauty/products/product-2.png\" alt=\"Application of Anti-Aging Serum\">\n                    </div>\n                </div>\n\n                <div class=\"col-lg-5 order-first order-lg-last\">\n                    <div class=\"des-content-2 pl-40\">\n                        <h3 class=\"tp-product-details-desc-title\">\n                            Visible Results\n                        </h3>\n                        <p>\n                            Experience noticeable results with our anti-aging serum. Within weeks of use, you\'ll notice smoother, firmer skin with reduced signs of aging. Incorporate it into your daily skincare routine for long-lasting benefits and a complexion that defies time.\n                        </p>\n                    </div>\n                </div>\n            </div>\n        </div>\n        <div class=\"tp-product-details-desc-item\">\n            <div class=\"row\">\n                <div class=\"col-xl-12\">\n                    <div class=\"tp-product-details-desc-banner text-center m-img\">\n                        <h3 class=\"tp-product-details-desc-banner-title tp-product-details-desc-title\">Expertly Formulated</h3>\n                        <img src=\"/storage/beauty/products/product-3.png\" alt=\"Beauty Lab\">\n                    </div>\n                </div>\n            </div>\n        </div>\n    </div>\n</div>\n','published','[\"beauty\\/products\\/product-8.png\",\"beauty\\/products\\/product-5.png\",\"beauty\\/products\\/product-1.png\",\"beauty\\/products\\/product-3.png\",\"beauty\\/products\\/product-6.png\",\"beauty\\/products\\/product-2.png\",\"beauty\\/products\\/product-4.png\",\"beauty\\/products\\/product-7.png\"]','MN-155-A1',0,14,0,1,1,2,0,0,1932,NULL,NULL,NULL,10.00,14.00,13.00,765.00,NULL,89093,'2024-05-10 02:11:14','2024-05-10 02:11:15','in_stock',6,0,'Botble\\ACL\\Models\\User',0,NULL,'physical',NULL,NULL,0,0,0),(12,'Chic Fedora Hat (Digital)','Accessorize with this bohemian fringe handbag, featuring intricate details and enough space for your essentials. The perfect boho-chic addition to your collection.','<div class=\"row justify-content-center\">\n    <div class=\"col-xl-10\">\n        <div class=\"tp-product-details-desc-item pb-105\">\n            <div class=\"row\">\n                <div class=\"col-lg-6\">\n                    <div class=\"pt-25\">\n                        <span>Anti-Aging Serum</span>\n                        <h3 class=\"tp-product-details-desc-title\">Revitalize Your Skin</h3>\n                        <p>\n                            Turn back the clock with our advanced anti-aging serum. Formulated with potent ingredients like hyaluronic acid and retinol, this serum targets fine lines, wrinkles, and age spots, leaving your skin looking youthful and radiant. Restore your skin\'s natural glow and texture with regular use.\n                        </p>\n                    </div>\n                    <div>\n                        <h3 class=\"tp-product-details-desc-title\">Hydration and Nourishment</h3>\n                        <p>\n                            Our anti-aging serum is enriched with hydrating and nourishing ingredients that penetrate deep into the skin to replenish moisture and improve elasticity. Say goodbye to dry, dull skin and hello to a complexion that\'s supple, smooth, and rejuvenated.\n                        </p>\n                    </div>\n                </div>\n                <div class=\"col-lg-6\">\n                    <div class=\"tp-product-details-desc-thumb\">\n                        <img src=\"/storage/beauty/products/product-1.png\" alt=\"Anti-Aging Serum\">\n                    </div>\n                </div>\n            </div>\n        </div>\n        <div class=\"tp-product-details-desc-item pb-75\">\n            <div class=\"row\">\n                <div class=\"col-lg-7\">\n                    <div class=\"tp-product-details-desc-thumb\">\n                        <img src=\"/storage/beauty/products/product-2.png\" alt=\"Application of Anti-Aging Serum\">\n                    </div>\n                </div>\n\n                <div class=\"col-lg-5 order-first order-lg-last\">\n                    <div class=\"des-content-2 pl-40\">\n                        <h3 class=\"tp-product-details-desc-title\">\n                            Visible Results\n                        </h3>\n                        <p>\n                            Experience noticeable results with our anti-aging serum. Within weeks of use, you\'ll notice smoother, firmer skin with reduced signs of aging. Incorporate it into your daily skincare routine for long-lasting benefits and a complexion that defies time.\n                        </p>\n                    </div>\n                </div>\n            </div>\n        </div>\n        <div class=\"tp-product-details-desc-item\">\n            <div class=\"row\">\n                <div class=\"col-xl-12\">\n                    <div class=\"tp-product-details-desc-banner text-center m-img\">\n                        <h3 class=\"tp-product-details-desc-banner-title tp-product-details-desc-title\">Expertly Formulated</h3>\n                        <img src=\"/storage/beauty/products/product-3.png\" alt=\"Beauty Lab\">\n                    </div>\n                </div>\n            </div>\n        </div>\n    </div>\n</div>\n','published','[\"beauty\\/products\\/product-1.png\",\"beauty\\/products\\/product-7.png\",\"beauty\\/products\\/product-4.png\",\"beauty\\/products\\/product-6.png\"]','AF-173-A1',0,20,0,1,0,2,0,0,2473,2176.24,NULL,NULL,17.00,19.00,10.00,575.00,NULL,172293,'2024-05-10 02:11:14','2024-05-10 02:11:15','in_stock',1,0,'Botble\\ACL\\Models\\User',0,NULL,'digital',NULL,NULL,0,0,0),(13,'Strappy Block Heel Sandals','Top off your look with this chic fedora hat, crafted with a classic silhouette and a timeless appeal. A must-have accessory for any fashion-forward wardrobe.','<div class=\"row justify-content-center\">\n    <div class=\"col-xl-10\">\n        <div class=\"tp-product-details-desc-item pb-105\">\n            <div class=\"row\">\n                <div class=\"col-lg-6\">\n                    <div class=\"pt-25\">\n                        <span>Anti-Aging Serum</span>\n                        <h3 class=\"tp-product-details-desc-title\">Revitalize Your Skin</h3>\n                        <p>\n                            Turn back the clock with our advanced anti-aging serum. Formulated with potent ingredients like hyaluronic acid and retinol, this serum targets fine lines, wrinkles, and age spots, leaving your skin looking youthful and radiant. Restore your skin\'s natural glow and texture with regular use.\n                        </p>\n                    </div>\n                    <div>\n                        <h3 class=\"tp-product-details-desc-title\">Hydration and Nourishment</h3>\n                        <p>\n                            Our anti-aging serum is enriched with hydrating and nourishing ingredients that penetrate deep into the skin to replenish moisture and improve elasticity. Say goodbye to dry, dull skin and hello to a complexion that\'s supple, smooth, and rejuvenated.\n                        </p>\n                    </div>\n                </div>\n                <div class=\"col-lg-6\">\n                    <div class=\"tp-product-details-desc-thumb\">\n                        <img src=\"/storage/beauty/products/product-1.png\" alt=\"Anti-Aging Serum\">\n                    </div>\n                </div>\n            </div>\n        </div>\n        <div class=\"tp-product-details-desc-item pb-75\">\n            <div class=\"row\">\n                <div class=\"col-lg-7\">\n                    <div class=\"tp-product-details-desc-thumb\">\n                        <img src=\"/storage/beauty/products/product-2.png\" alt=\"Application of Anti-Aging Serum\">\n                    </div>\n                </div>\n\n                <div class=\"col-lg-5 order-first order-lg-last\">\n                    <div class=\"des-content-2 pl-40\">\n                        <h3 class=\"tp-product-details-desc-title\">\n                            Visible Results\n                        </h3>\n                        <p>\n                            Experience noticeable results with our anti-aging serum. Within weeks of use, you\'ll notice smoother, firmer skin with reduced signs of aging. Incorporate it into your daily skincare routine for long-lasting benefits and a complexion that defies time.\n                        </p>\n                    </div>\n                </div>\n            </div>\n        </div>\n        <div class=\"tp-product-details-desc-item\">\n            <div class=\"row\">\n                <div class=\"col-xl-12\">\n                    <div class=\"tp-product-details-desc-banner text-center m-img\">\n                        <h3 class=\"tp-product-details-desc-banner-title tp-product-details-desc-title\">Expertly Formulated</h3>\n                        <img src=\"/storage/beauty/products/product-3.png\" alt=\"Beauty Lab\">\n                    </div>\n                </div>\n            </div>\n        </div>\n    </div>\n</div>\n','published','[\"beauty\\/products\\/product-3.png\",\"beauty\\/products\\/product-6.png\",\"beauty\\/products\\/product-1.png\",\"beauty\\/products\\/product-2.png\",\"beauty\\/products\\/product-4.png\"]','AP-129-A1',0,11,0,1,0,3,0,0,569,NULL,NULL,NULL,11.00,11.00,15.00,678.00,NULL,135974,'2024-05-10 02:11:14','2024-05-10 02:11:15','in_stock',6,0,'Botble\\ACL\\Models\\User',0,NULL,'physical',NULL,NULL,0,0,0),(14,'Velvet Evening Gown','Accessorize with this bohemian fringe handbag, featuring intricate details and enough space for your essentials. The perfect boho-chic addition to your collection.','<div class=\"row justify-content-center\">\n    <div class=\"col-xl-10\">\n        <div class=\"tp-product-details-desc-item pb-105\">\n            <div class=\"row\">\n                <div class=\"col-lg-6\">\n                    <div class=\"pt-25\">\n                        <span>Anti-Aging Serum</span>\n                        <h3 class=\"tp-product-details-desc-title\">Revitalize Your Skin</h3>\n                        <p>\n                            Turn back the clock with our advanced anti-aging serum. Formulated with potent ingredients like hyaluronic acid and retinol, this serum targets fine lines, wrinkles, and age spots, leaving your skin looking youthful and radiant. Restore your skin\'s natural glow and texture with regular use.\n                        </p>\n                    </div>\n                    <div>\n                        <h3 class=\"tp-product-details-desc-title\">Hydration and Nourishment</h3>\n                        <p>\n                            Our anti-aging serum is enriched with hydrating and nourishing ingredients that penetrate deep into the skin to replenish moisture and improve elasticity. Say goodbye to dry, dull skin and hello to a complexion that\'s supple, smooth, and rejuvenated.\n                        </p>\n                    </div>\n                </div>\n                <div class=\"col-lg-6\">\n                    <div class=\"tp-product-details-desc-thumb\">\n                        <img src=\"/storage/beauty/products/product-1.png\" alt=\"Anti-Aging Serum\">\n                    </div>\n                </div>\n            </div>\n        </div>\n        <div class=\"tp-product-details-desc-item pb-75\">\n            <div class=\"row\">\n                <div class=\"col-lg-7\">\n                    <div class=\"tp-product-details-desc-thumb\">\n                        <img src=\"/storage/beauty/products/product-2.png\" alt=\"Application of Anti-Aging Serum\">\n                    </div>\n                </div>\n\n                <div class=\"col-lg-5 order-first order-lg-last\">\n                    <div class=\"des-content-2 pl-40\">\n                        <h3 class=\"tp-product-details-desc-title\">\n                            Visible Results\n                        </h3>\n                        <p>\n                            Experience noticeable results with our anti-aging serum. Within weeks of use, you\'ll notice smoother, firmer skin with reduced signs of aging. Incorporate it into your daily skincare routine for long-lasting benefits and a complexion that defies time.\n                        </p>\n                    </div>\n                </div>\n            </div>\n        </div>\n        <div class=\"tp-product-details-desc-item\">\n            <div class=\"row\">\n                <div class=\"col-xl-12\">\n                    <div class=\"tp-product-details-desc-banner text-center m-img\">\n                        <h3 class=\"tp-product-details-desc-banner-title tp-product-details-desc-title\">Expertly Formulated</h3>\n                        <img src=\"/storage/beauty/products/product-3.png\" alt=\"Beauty Lab\">\n                    </div>\n                </div>\n            </div>\n        </div>\n    </div>\n</div>\n','published','[\"beauty\\/products\\/product-7.png\",\"beauty\\/products\\/product-3.png\",\"beauty\\/products\\/product-1.png\",\"beauty\\/products\\/product-8.png\",\"beauty\\/products\\/product-4.png\",\"beauty\\/products\\/product-2.png\",\"beauty\\/products\\/product-6.png\"]','7L-180',0,11,0,1,1,1,0,0,628,251,NULL,NULL,18.00,18.00,12.00,709.00,NULL,147643,'2024-05-10 02:11:15','2024-05-10 02:11:15','in_stock',4,0,'Botble\\ACL\\Models\\User',0,NULL,'physical',NULL,NULL,0,0,0),(15,'Quilted Crossbody Bag','Stay cozy and chic in this knit turtleneck sweater, featuring a ribbed texture and a timeless design. Perfect for chilly days and nights.','<div class=\"row justify-content-center\">\n    <div class=\"col-xl-10\">\n        <div class=\"tp-product-details-desc-item pb-105\">\n            <div class=\"row\">\n                <div class=\"col-lg-6\">\n                    <div class=\"pt-25\">\n                        <span>Anti-Aging Serum</span>\n                        <h3 class=\"tp-product-details-desc-title\">Revitalize Your Skin</h3>\n                        <p>\n                            Turn back the clock with our advanced anti-aging serum. Formulated with potent ingredients like hyaluronic acid and retinol, this serum targets fine lines, wrinkles, and age spots, leaving your skin looking youthful and radiant. Restore your skin\'s natural glow and texture with regular use.\n                        </p>\n                    </div>\n                    <div>\n                        <h3 class=\"tp-product-details-desc-title\">Hydration and Nourishment</h3>\n                        <p>\n                            Our anti-aging serum is enriched with hydrating and nourishing ingredients that penetrate deep into the skin to replenish moisture and improve elasticity. Say goodbye to dry, dull skin and hello to a complexion that\'s supple, smooth, and rejuvenated.\n                        </p>\n                    </div>\n                </div>\n                <div class=\"col-lg-6\">\n                    <div class=\"tp-product-details-desc-thumb\">\n                        <img src=\"/storage/beauty/products/product-1.png\" alt=\"Anti-Aging Serum\">\n                    </div>\n                </div>\n            </div>\n        </div>\n        <div class=\"tp-product-details-desc-item pb-75\">\n            <div class=\"row\">\n                <div class=\"col-lg-7\">\n                    <div class=\"tp-product-details-desc-thumb\">\n                        <img src=\"/storage/beauty/products/product-2.png\" alt=\"Application of Anti-Aging Serum\">\n                    </div>\n                </div>\n\n                <div class=\"col-lg-5 order-first order-lg-last\">\n                    <div class=\"des-content-2 pl-40\">\n                        <h3 class=\"tp-product-details-desc-title\">\n                            Visible Results\n                        </h3>\n                        <p>\n                            Experience noticeable results with our anti-aging serum. Within weeks of use, you\'ll notice smoother, firmer skin with reduced signs of aging. Incorporate it into your daily skincare routine for long-lasting benefits and a complexion that defies time.\n                        </p>\n                    </div>\n                </div>\n            </div>\n        </div>\n        <div class=\"tp-product-details-desc-item\">\n            <div class=\"row\">\n                <div class=\"col-xl-12\">\n                    <div class=\"tp-product-details-desc-banner text-center m-img\">\n                        <h3 class=\"tp-product-details-desc-banner-title tp-product-details-desc-title\">Expertly Formulated</h3>\n                        <img src=\"/storage/beauty/products/product-3.png\" alt=\"Beauty Lab\">\n                    </div>\n                </div>\n            </div>\n        </div>\n    </div>\n</div>\n','published','[\"beauty\\/products\\/product-5.png\",\"beauty\\/products\\/product-7.png\",\"beauty\\/products\\/product-6.png\",\"beauty\\/products\\/product-8.png\"]','GS-136-A1',0,19,0,1,0,2,0,0,1100,NULL,NULL,NULL,14.00,17.00,20.00,830.00,NULL,170968,'2024-05-10 02:11:15','2024-05-10 02:11:15','in_stock',8,0,'Botble\\ACL\\Models\\User',0,NULL,'physical',NULL,NULL,0,0,0),(16,'Distressed Skinny Jeans (Digital)','Embrace bohemian vibes with this embroidered boho blouse, featuring intricate stitching and a relaxed fit. Perfect for a casual day with a touch of style.','<div class=\"row justify-content-center\">\n    <div class=\"col-xl-10\">\n        <div class=\"tp-product-details-desc-item pb-105\">\n            <div class=\"row\">\n                <div class=\"col-lg-6\">\n                    <div class=\"pt-25\">\n                        <span>Anti-Aging Serum</span>\n                        <h3 class=\"tp-product-details-desc-title\">Revitalize Your Skin</h3>\n                        <p>\n                            Turn back the clock with our advanced anti-aging serum. Formulated with potent ingredients like hyaluronic acid and retinol, this serum targets fine lines, wrinkles, and age spots, leaving your skin looking youthful and radiant. Restore your skin\'s natural glow and texture with regular use.\n                        </p>\n                    </div>\n                    <div>\n                        <h3 class=\"tp-product-details-desc-title\">Hydration and Nourishment</h3>\n                        <p>\n                            Our anti-aging serum is enriched with hydrating and nourishing ingredients that penetrate deep into the skin to replenish moisture and improve elasticity. Say goodbye to dry, dull skin and hello to a complexion that\'s supple, smooth, and rejuvenated.\n                        </p>\n                    </div>\n                </div>\n                <div class=\"col-lg-6\">\n                    <div class=\"tp-product-details-desc-thumb\">\n                        <img src=\"/storage/beauty/products/product-1.png\" alt=\"Anti-Aging Serum\">\n                    </div>\n                </div>\n            </div>\n        </div>\n        <div class=\"tp-product-details-desc-item pb-75\">\n            <div class=\"row\">\n                <div class=\"col-lg-7\">\n                    <div class=\"tp-product-details-desc-thumb\">\n                        <img src=\"/storage/beauty/products/product-2.png\" alt=\"Application of Anti-Aging Serum\">\n                    </div>\n                </div>\n\n                <div class=\"col-lg-5 order-first order-lg-last\">\n                    <div class=\"des-content-2 pl-40\">\n                        <h3 class=\"tp-product-details-desc-title\">\n                            Visible Results\n                        </h3>\n                        <p>\n                            Experience noticeable results with our anti-aging serum. Within weeks of use, you\'ll notice smoother, firmer skin with reduced signs of aging. Incorporate it into your daily skincare routine for long-lasting benefits and a complexion that defies time.\n                        </p>\n                    </div>\n                </div>\n            </div>\n        </div>\n        <div class=\"tp-product-details-desc-item\">\n            <div class=\"row\">\n                <div class=\"col-xl-12\">\n                    <div class=\"tp-product-details-desc-banner text-center m-img\">\n                        <h3 class=\"tp-product-details-desc-banner-title tp-product-details-desc-title\">Expertly Formulated</h3>\n                        <img src=\"/storage/beauty/products/product-3.png\" alt=\"Beauty Lab\">\n                    </div>\n                </div>\n            </div>\n        </div>\n    </div>\n</div>\n','published','[\"beauty\\/products\\/product-7.png\",\"beauty\\/products\\/product-2.png\",\"beauty\\/products\\/product-8.png\",\"beauty\\/products\\/product-3.png\",\"beauty\\/products\\/product-1.png\",\"beauty\\/products\\/product-4.png\",\"beauty\\/products\\/product-5.png\"]','NX-160',0,17,0,1,1,2,0,0,2002,211,NULL,NULL,17.00,10.00,11.00,592.00,NULL,47435,'2024-05-10 02:11:15','2024-05-10 02:11:15','in_stock',2,0,'Botble\\ACL\\Models\\User',0,NULL,'digital',NULL,NULL,0,0,0),(17,'Lace-Up Combat Boots','Make a bold statement with this chunky necklace, designed to add a touch of glamour to any outfit. The perfect accessory for a night out.','<div class=\"row justify-content-center\">\n    <div class=\"col-xl-10\">\n        <div class=\"tp-product-details-desc-item pb-105\">\n            <div class=\"row\">\n                <div class=\"col-lg-6\">\n                    <div class=\"pt-25\">\n                        <span>Anti-Aging Serum</span>\n                        <h3 class=\"tp-product-details-desc-title\">Revitalize Your Skin</h3>\n                        <p>\n                            Turn back the clock with our advanced anti-aging serum. Formulated with potent ingredients like hyaluronic acid and retinol, this serum targets fine lines, wrinkles, and age spots, leaving your skin looking youthful and radiant. Restore your skin\'s natural glow and texture with regular use.\n                        </p>\n                    </div>\n                    <div>\n                        <h3 class=\"tp-product-details-desc-title\">Hydration and Nourishment</h3>\n                        <p>\n                            Our anti-aging serum is enriched with hydrating and nourishing ingredients that penetrate deep into the skin to replenish moisture and improve elasticity. Say goodbye to dry, dull skin and hello to a complexion that\'s supple, smooth, and rejuvenated.\n                        </p>\n                    </div>\n                </div>\n                <div class=\"col-lg-6\">\n                    <div class=\"tp-product-details-desc-thumb\">\n                        <img src=\"/storage/beauty/products/product-1.png\" alt=\"Anti-Aging Serum\">\n                    </div>\n                </div>\n            </div>\n        </div>\n        <div class=\"tp-product-details-desc-item pb-75\">\n            <div class=\"row\">\n                <div class=\"col-lg-7\">\n                    <div class=\"tp-product-details-desc-thumb\">\n                        <img src=\"/storage/beauty/products/product-2.png\" alt=\"Application of Anti-Aging Serum\">\n                    </div>\n                </div>\n\n                <div class=\"col-lg-5 order-first order-lg-last\">\n                    <div class=\"des-content-2 pl-40\">\n                        <h3 class=\"tp-product-details-desc-title\">\n                            Visible Results\n                        </h3>\n                        <p>\n                            Experience noticeable results with our anti-aging serum. Within weeks of use, you\'ll notice smoother, firmer skin with reduced signs of aging. Incorporate it into your daily skincare routine for long-lasting benefits and a complexion that defies time.\n                        </p>\n                    </div>\n                </div>\n            </div>\n        </div>\n        <div class=\"tp-product-details-desc-item\">\n            <div class=\"row\">\n                <div class=\"col-xl-12\">\n                    <div class=\"tp-product-details-desc-banner text-center m-img\">\n                        <h3 class=\"tp-product-details-desc-banner-title tp-product-details-desc-title\">Expertly Formulated</h3>\n                        <img src=\"/storage/beauty/products/product-3.png\" alt=\"Beauty Lab\">\n                    </div>\n                </div>\n            </div>\n        </div>\n    </div>\n</div>\n','published','[\"beauty\\/products\\/product-8.png\",\"beauty\\/products\\/product-1.png\",\"beauty\\/products\\/product-3.png\"]','JB-136',0,15,0,1,0,3,0,0,2083,246,NULL,NULL,11.00,17.00,12.00,893.00,NULL,176759,'2024-05-10 02:11:15','2024-05-10 02:11:15','in_stock',3,0,'Botble\\ACL\\Models\\User',0,NULL,'physical',NULL,NULL,0,0,0),(18,'Cotton Striped T-Shirt Dress','Embrace bohemian vibes with this embroidered boho blouse, featuring intricate stitching and a relaxed fit. Perfect for a casual day with a touch of style.','<div class=\"row justify-content-center\">\n    <div class=\"col-xl-10\">\n        <div class=\"tp-product-details-desc-item pb-105\">\n            <div class=\"row\">\n                <div class=\"col-lg-6\">\n                    <div class=\"pt-25\">\n                        <span>Anti-Aging Serum</span>\n                        <h3 class=\"tp-product-details-desc-title\">Revitalize Your Skin</h3>\n                        <p>\n                            Turn back the clock with our advanced anti-aging serum. Formulated with potent ingredients like hyaluronic acid and retinol, this serum targets fine lines, wrinkles, and age spots, leaving your skin looking youthful and radiant. Restore your skin\'s natural glow and texture with regular use.\n                        </p>\n                    </div>\n                    <div>\n                        <h3 class=\"tp-product-details-desc-title\">Hydration and Nourishment</h3>\n                        <p>\n                            Our anti-aging serum is enriched with hydrating and nourishing ingredients that penetrate deep into the skin to replenish moisture and improve elasticity. Say goodbye to dry, dull skin and hello to a complexion that\'s supple, smooth, and rejuvenated.\n                        </p>\n                    </div>\n                </div>\n                <div class=\"col-lg-6\">\n                    <div class=\"tp-product-details-desc-thumb\">\n                        <img src=\"/storage/beauty/products/product-1.png\" alt=\"Anti-Aging Serum\">\n                    </div>\n                </div>\n            </div>\n        </div>\n        <div class=\"tp-product-details-desc-item pb-75\">\n            <div class=\"row\">\n                <div class=\"col-lg-7\">\n                    <div class=\"tp-product-details-desc-thumb\">\n                        <img src=\"/storage/beauty/products/product-2.png\" alt=\"Application of Anti-Aging Serum\">\n                    </div>\n                </div>\n\n                <div class=\"col-lg-5 order-first order-lg-last\">\n                    <div class=\"des-content-2 pl-40\">\n                        <h3 class=\"tp-product-details-desc-title\">\n                            Visible Results\n                        </h3>\n                        <p>\n                            Experience noticeable results with our anti-aging serum. Within weeks of use, you\'ll notice smoother, firmer skin with reduced signs of aging. Incorporate it into your daily skincare routine for long-lasting benefits and a complexion that defies time.\n                        </p>\n                    </div>\n                </div>\n            </div>\n        </div>\n        <div class=\"tp-product-details-desc-item\">\n            <div class=\"row\">\n                <div class=\"col-xl-12\">\n                    <div class=\"tp-product-details-desc-banner text-center m-img\">\n                        <h3 class=\"tp-product-details-desc-banner-title tp-product-details-desc-title\">Expertly Formulated</h3>\n                        <img src=\"/storage/beauty/products/product-3.png\" alt=\"Beauty Lab\">\n                    </div>\n                </div>\n            </div>\n        </div>\n    </div>\n</div>\n','published','[\"beauty\\/products\\/product-5.png\",\"beauty\\/products\\/product-1.png\",\"beauty\\/products\\/product-2.png\",\"beauty\\/products\\/product-7.png\",\"beauty\\/products\\/product-4.png\",\"beauty\\/products\\/product-6.png\"]','1D-126-A1',0,10,0,1,0,3,0,0,2115,NULL,NULL,NULL,13.00,12.00,11.00,875.00,NULL,178548,'2024-05-10 02:11:15','2024-05-10 02:11:15','in_stock',7,0,'Botble\\ACL\\Models\\User',0,NULL,'physical',NULL,NULL,0,0,0),(19,'Printed Palazzo Pants','Top off your look with this chic fedora hat, crafted with a classic silhouette and a timeless appeal. A must-have accessory for any fashion-forward wardrobe.','<div class=\"row justify-content-center\">\n    <div class=\"col-xl-10\">\n        <div class=\"tp-product-details-desc-item pb-105\">\n            <div class=\"row\">\n                <div class=\"col-lg-6\">\n                    <div class=\"pt-25\">\n                        <span>Anti-Aging Serum</span>\n                        <h3 class=\"tp-product-details-desc-title\">Revitalize Your Skin</h3>\n                        <p>\n                            Turn back the clock with our advanced anti-aging serum. Formulated with potent ingredients like hyaluronic acid and retinol, this serum targets fine lines, wrinkles, and age spots, leaving your skin looking youthful and radiant. Restore your skin\'s natural glow and texture with regular use.\n                        </p>\n                    </div>\n                    <div>\n                        <h3 class=\"tp-product-details-desc-title\">Hydration and Nourishment</h3>\n                        <p>\n                            Our anti-aging serum is enriched with hydrating and nourishing ingredients that penetrate deep into the skin to replenish moisture and improve elasticity. Say goodbye to dry, dull skin and hello to a complexion that\'s supple, smooth, and rejuvenated.\n                        </p>\n                    </div>\n                </div>\n                <div class=\"col-lg-6\">\n                    <div class=\"tp-product-details-desc-thumb\">\n                        <img src=\"/storage/beauty/products/product-1.png\" alt=\"Anti-Aging Serum\">\n                    </div>\n                </div>\n            </div>\n        </div>\n        <div class=\"tp-product-details-desc-item pb-75\">\n            <div class=\"row\">\n                <div class=\"col-lg-7\">\n                    <div class=\"tp-product-details-desc-thumb\">\n                        <img src=\"/storage/beauty/products/product-2.png\" alt=\"Application of Anti-Aging Serum\">\n                    </div>\n                </div>\n\n                <div class=\"col-lg-5 order-first order-lg-last\">\n                    <div class=\"des-content-2 pl-40\">\n                        <h3 class=\"tp-product-details-desc-title\">\n                            Visible Results\n                        </h3>\n                        <p>\n                            Experience noticeable results with our anti-aging serum. Within weeks of use, you\'ll notice smoother, firmer skin with reduced signs of aging. Incorporate it into your daily skincare routine for long-lasting benefits and a complexion that defies time.\n                        </p>\n                    </div>\n                </div>\n            </div>\n        </div>\n        <div class=\"tp-product-details-desc-item\">\n            <div class=\"row\">\n                <div class=\"col-xl-12\">\n                    <div class=\"tp-product-details-desc-banner text-center m-img\">\n                        <h3 class=\"tp-product-details-desc-banner-title tp-product-details-desc-title\">Expertly Formulated</h3>\n                        <img src=\"/storage/beauty/products/product-3.png\" alt=\"Beauty Lab\">\n                    </div>\n                </div>\n            </div>\n        </div>\n    </div>\n</div>\n','published','[\"beauty\\/products\\/product-2.png\",\"beauty\\/products\\/product-1.png\",\"beauty\\/products\\/product-8.png\",\"beauty\\/products\\/product-4.png\",\"beauty\\/products\\/product-3.png\",\"beauty\\/products\\/product-6.png\",\"beauty\\/products\\/product-5.png\",\"beauty\\/products\\/product-7.png\"]','HZ-114',0,13,0,1,1,2,0,0,820,298,NULL,NULL,19.00,18.00,15.00,888.00,NULL,151296,'2024-05-10 02:11:15','2024-05-10 02:11:15','in_stock',6,0,'Botble\\ACL\\Models\\User',0,NULL,'physical',NULL,NULL,0,0,0),(20,'Structured Satchel Bag (Digital)','Achieve a polished look with this tailored wool blazer, designed for a flattering fit and versatile enough for both work and casual outings.','<div class=\"row justify-content-center\">\n    <div class=\"col-xl-10\">\n        <div class=\"tp-product-details-desc-item pb-105\">\n            <div class=\"row\">\n                <div class=\"col-lg-6\">\n                    <div class=\"pt-25\">\n                        <span>Anti-Aging Serum</span>\n                        <h3 class=\"tp-product-details-desc-title\">Revitalize Your Skin</h3>\n                        <p>\n                            Turn back the clock with our advanced anti-aging serum. Formulated with potent ingredients like hyaluronic acid and retinol, this serum targets fine lines, wrinkles, and age spots, leaving your skin looking youthful and radiant. Restore your skin\'s natural glow and texture with regular use.\n                        </p>\n                    </div>\n                    <div>\n                        <h3 class=\"tp-product-details-desc-title\">Hydration and Nourishment</h3>\n                        <p>\n                            Our anti-aging serum is enriched with hydrating and nourishing ingredients that penetrate deep into the skin to replenish moisture and improve elasticity. Say goodbye to dry, dull skin and hello to a complexion that\'s supple, smooth, and rejuvenated.\n                        </p>\n                    </div>\n                </div>\n                <div class=\"col-lg-6\">\n                    <div class=\"tp-product-details-desc-thumb\">\n                        <img src=\"/storage/beauty/products/product-1.png\" alt=\"Anti-Aging Serum\">\n                    </div>\n                </div>\n            </div>\n        </div>\n        <div class=\"tp-product-details-desc-item pb-75\">\n            <div class=\"row\">\n                <div class=\"col-lg-7\">\n                    <div class=\"tp-product-details-desc-thumb\">\n                        <img src=\"/storage/beauty/products/product-2.png\" alt=\"Application of Anti-Aging Serum\">\n                    </div>\n                </div>\n\n                <div class=\"col-lg-5 order-first order-lg-last\">\n                    <div class=\"des-content-2 pl-40\">\n                        <h3 class=\"tp-product-details-desc-title\">\n                            Visible Results\n                        </h3>\n                        <p>\n                            Experience noticeable results with our anti-aging serum. Within weeks of use, you\'ll notice smoother, firmer skin with reduced signs of aging. Incorporate it into your daily skincare routine for long-lasting benefits and a complexion that defies time.\n                        </p>\n                    </div>\n                </div>\n            </div>\n        </div>\n        <div class=\"tp-product-details-desc-item\">\n            <div class=\"row\">\n                <div class=\"col-xl-12\">\n                    <div class=\"tp-product-details-desc-banner text-center m-img\">\n                        <h3 class=\"tp-product-details-desc-banner-title tp-product-details-desc-title\">Expertly Formulated</h3>\n                        <img src=\"/storage/beauty/products/product-3.png\" alt=\"Beauty Lab\">\n                    </div>\n                </div>\n            </div>\n        </div>\n    </div>\n</div>\n','published','[\"beauty\\/products\\/product-7.png\",\"beauty\\/products\\/product-6.png\",\"beauty\\/products\\/product-5.png\",\"beauty\\/products\\/product-8.png\",\"beauty\\/products\\/product-2.png\",\"beauty\\/products\\/product-4.png\"]','KF-164',0,17,0,1,1,2,0,0,2144,657,NULL,NULL,11.00,13.00,18.00,608.00,NULL,4896,'2024-05-10 02:11:15','2024-05-10 02:11:15','in_stock',8,0,'Botble\\ACL\\Models\\User',0,NULL,'digital',NULL,NULL,0,0,0),(21,'Off-Shoulder Ruffle Top','Embrace bohemian vibes with this embroidered boho blouse, featuring intricate stitching and a relaxed fit. Perfect for a casual day with a touch of style.','<div class=\"row justify-content-center\">\n    <div class=\"col-xl-10\">\n        <div class=\"tp-product-details-desc-item pb-105\">\n            <div class=\"row\">\n                <div class=\"col-lg-6\">\n                    <div class=\"pt-25\">\n                        <span>Anti-Aging Serum</span>\n                        <h3 class=\"tp-product-details-desc-title\">Revitalize Your Skin</h3>\n                        <p>\n                            Turn back the clock with our advanced anti-aging serum. Formulated with potent ingredients like hyaluronic acid and retinol, this serum targets fine lines, wrinkles, and age spots, leaving your skin looking youthful and radiant. Restore your skin\'s natural glow and texture with regular use.\n                        </p>\n                    </div>\n                    <div>\n                        <h3 class=\"tp-product-details-desc-title\">Hydration and Nourishment</h3>\n                        <p>\n                            Our anti-aging serum is enriched with hydrating and nourishing ingredients that penetrate deep into the skin to replenish moisture and improve elasticity. Say goodbye to dry, dull skin and hello to a complexion that\'s supple, smooth, and rejuvenated.\n                        </p>\n                    </div>\n                </div>\n                <div class=\"col-lg-6\">\n                    <div class=\"tp-product-details-desc-thumb\">\n                        <img src=\"/storage/beauty/products/product-1.png\" alt=\"Anti-Aging Serum\">\n                    </div>\n                </div>\n            </div>\n        </div>\n        <div class=\"tp-product-details-desc-item pb-75\">\n            <div class=\"row\">\n                <div class=\"col-lg-7\">\n                    <div class=\"tp-product-details-desc-thumb\">\n                        <img src=\"/storage/beauty/products/product-2.png\" alt=\"Application of Anti-Aging Serum\">\n                    </div>\n                </div>\n\n                <div class=\"col-lg-5 order-first order-lg-last\">\n                    <div class=\"des-content-2 pl-40\">\n                        <h3 class=\"tp-product-details-desc-title\">\n                            Visible Results\n                        </h3>\n                        <p>\n                            Experience noticeable results with our anti-aging serum. Within weeks of use, you\'ll notice smoother, firmer skin with reduced signs of aging. Incorporate it into your daily skincare routine for long-lasting benefits and a complexion that defies time.\n                        </p>\n                    </div>\n                </div>\n            </div>\n        </div>\n        <div class=\"tp-product-details-desc-item\">\n            <div class=\"row\">\n                <div class=\"col-xl-12\">\n                    <div class=\"tp-product-details-desc-banner text-center m-img\">\n                        <h3 class=\"tp-product-details-desc-banner-title tp-product-details-desc-title\">Expertly Formulated</h3>\n                        <img src=\"/storage/beauty/products/product-3.png\" alt=\"Beauty Lab\">\n                    </div>\n                </div>\n            </div>\n        </div>\n    </div>\n</div>\n','published','[\"beauty\\/products\\/product-1.png\",\"beauty\\/products\\/product-6.png\",\"beauty\\/products\\/product-2.png\",\"beauty\\/products\\/product-3.png\"]','WG-115-A1',0,10,0,1,0,5,0,0,1611,NULL,NULL,NULL,18.00,12.00,18.00,801.00,NULL,65336,'2024-05-10 02:11:15','2024-05-10 02:11:15','in_stock',3,0,'Botble\\ACL\\Models\\User',0,NULL,'physical',NULL,NULL,0,0,0),(22,'Suede Pointed-Toe Pumps','Stay on trend with these high-waisted wide-leg trousers, combining comfort and sophistication. Pair them with heels for a refined look.','<div class=\"row justify-content-center\">\n    <div class=\"col-xl-10\">\n        <div class=\"tp-product-details-desc-item pb-105\">\n            <div class=\"row\">\n                <div class=\"col-lg-6\">\n                    <div class=\"pt-25\">\n                        <span>Anti-Aging Serum</span>\n                        <h3 class=\"tp-product-details-desc-title\">Revitalize Your Skin</h3>\n                        <p>\n                            Turn back the clock with our advanced anti-aging serum. Formulated with potent ingredients like hyaluronic acid and retinol, this serum targets fine lines, wrinkles, and age spots, leaving your skin looking youthful and radiant. Restore your skin\'s natural glow and texture with regular use.\n                        </p>\n                    </div>\n                    <div>\n                        <h3 class=\"tp-product-details-desc-title\">Hydration and Nourishment</h3>\n                        <p>\n                            Our anti-aging serum is enriched with hydrating and nourishing ingredients that penetrate deep into the skin to replenish moisture and improve elasticity. Say goodbye to dry, dull skin and hello to a complexion that\'s supple, smooth, and rejuvenated.\n                        </p>\n                    </div>\n                </div>\n                <div class=\"col-lg-6\">\n                    <div class=\"tp-product-details-desc-thumb\">\n                        <img src=\"/storage/beauty/products/product-1.png\" alt=\"Anti-Aging Serum\">\n                    </div>\n                </div>\n            </div>\n        </div>\n        <div class=\"tp-product-details-desc-item pb-75\">\n            <div class=\"row\">\n                <div class=\"col-lg-7\">\n                    <div class=\"tp-product-details-desc-thumb\">\n                        <img src=\"/storage/beauty/products/product-2.png\" alt=\"Application of Anti-Aging Serum\">\n                    </div>\n                </div>\n\n                <div class=\"col-lg-5 order-first order-lg-last\">\n                    <div class=\"des-content-2 pl-40\">\n                        <h3 class=\"tp-product-details-desc-title\">\n                            Visible Results\n                        </h3>\n                        <p>\n                            Experience noticeable results with our anti-aging serum. Within weeks of use, you\'ll notice smoother, firmer skin with reduced signs of aging. Incorporate it into your daily skincare routine for long-lasting benefits and a complexion that defies time.\n                        </p>\n                    </div>\n                </div>\n            </div>\n        </div>\n        <div class=\"tp-product-details-desc-item\">\n            <div class=\"row\">\n                <div class=\"col-xl-12\">\n                    <div class=\"tp-product-details-desc-banner text-center m-img\">\n                        <h3 class=\"tp-product-details-desc-banner-title tp-product-details-desc-title\">Expertly Formulated</h3>\n                        <img src=\"/storage/beauty/products/product-3.png\" alt=\"Beauty Lab\">\n                    </div>\n                </div>\n            </div>\n        </div>\n    </div>\n</div>\n','published','[\"beauty\\/products\\/product-5.png\",\"beauty\\/products\\/product-4.png\",\"beauty\\/products\\/product-8.png\"]','49-105-A1',0,18,0,1,0,2,0,0,1288,NULL,NULL,NULL,11.00,20.00,12.00,536.00,NULL,160260,'2024-05-10 02:11:15','2024-05-10 02:11:15','in_stock',1,0,'Botble\\ACL\\Models\\User',0,NULL,'physical',NULL,NULL,0,0,0),(23,'Cropped Cable Knit Sweater','Step out in style with these leather ankle boots, crafted with a sleek design and comfortable block heel. Versatile enough to pair with both dresses and jeans.','<div class=\"row justify-content-center\">\n    <div class=\"col-xl-10\">\n        <div class=\"tp-product-details-desc-item pb-105\">\n            <div class=\"row\">\n                <div class=\"col-lg-6\">\n                    <div class=\"pt-25\">\n                        <span>Anti-Aging Serum</span>\n                        <h3 class=\"tp-product-details-desc-title\">Revitalize Your Skin</h3>\n                        <p>\n                            Turn back the clock with our advanced anti-aging serum. Formulated with potent ingredients like hyaluronic acid and retinol, this serum targets fine lines, wrinkles, and age spots, leaving your skin looking youthful and radiant. Restore your skin\'s natural glow and texture with regular use.\n                        </p>\n                    </div>\n                    <div>\n                        <h3 class=\"tp-product-details-desc-title\">Hydration and Nourishment</h3>\n                        <p>\n                            Our anti-aging serum is enriched with hydrating and nourishing ingredients that penetrate deep into the skin to replenish moisture and improve elasticity. Say goodbye to dry, dull skin and hello to a complexion that\'s supple, smooth, and rejuvenated.\n                        </p>\n                    </div>\n                </div>\n                <div class=\"col-lg-6\">\n                    <div class=\"tp-product-details-desc-thumb\">\n                        <img src=\"/storage/beauty/products/product-1.png\" alt=\"Anti-Aging Serum\">\n                    </div>\n                </div>\n            </div>\n        </div>\n        <div class=\"tp-product-details-desc-item pb-75\">\n            <div class=\"row\">\n                <div class=\"col-lg-7\">\n                    <div class=\"tp-product-details-desc-thumb\">\n                        <img src=\"/storage/beauty/products/product-2.png\" alt=\"Application of Anti-Aging Serum\">\n                    </div>\n                </div>\n\n                <div class=\"col-lg-5 order-first order-lg-last\">\n                    <div class=\"des-content-2 pl-40\">\n                        <h3 class=\"tp-product-details-desc-title\">\n                            Visible Results\n                        </h3>\n                        <p>\n                            Experience noticeable results with our anti-aging serum. Within weeks of use, you\'ll notice smoother, firmer skin with reduced signs of aging. Incorporate it into your daily skincare routine for long-lasting benefits and a complexion that defies time.\n                        </p>\n                    </div>\n                </div>\n            </div>\n        </div>\n        <div class=\"tp-product-details-desc-item\">\n            <div class=\"row\">\n                <div class=\"col-xl-12\">\n                    <div class=\"tp-product-details-desc-banner text-center m-img\">\n                        <h3 class=\"tp-product-details-desc-banner-title tp-product-details-desc-title\">Expertly Formulated</h3>\n                        <img src=\"/storage/beauty/products/product-3.png\" alt=\"Beauty Lab\">\n                    </div>\n                </div>\n            </div>\n        </div>\n    </div>\n</div>\n','published','[\"beauty\\/products\\/product-7.png\",\"beauty\\/products\\/product-4.png\",\"beauty\\/products\\/product-8.png\",\"beauty\\/products\\/product-5.png\",\"beauty\\/products\\/product-6.png\",\"beauty\\/products\\/product-3.png\"]','JX-186-A1',0,15,0,1,0,1,0,0,922,NULL,NULL,NULL,12.00,17.00,18.00,893.00,NULL,165005,'2024-05-10 02:11:15','2024-05-10 02:11:15','in_stock',4,0,'Botble\\ACL\\Models\\User',0,NULL,'physical',NULL,NULL,0,0,0),(24,'Athleisure Jogger Pants (Digital)','Step out in style with these leather ankle boots, crafted with a sleek design and comfortable block heel. Versatile enough to pair with both dresses and jeans.','<div class=\"row justify-content-center\">\n    <div class=\"col-xl-10\">\n        <div class=\"tp-product-details-desc-item pb-105\">\n            <div class=\"row\">\n                <div class=\"col-lg-6\">\n                    <div class=\"pt-25\">\n                        <span>Anti-Aging Serum</span>\n                        <h3 class=\"tp-product-details-desc-title\">Revitalize Your Skin</h3>\n                        <p>\n                            Turn back the clock with our advanced anti-aging serum. Formulated with potent ingredients like hyaluronic acid and retinol, this serum targets fine lines, wrinkles, and age spots, leaving your skin looking youthful and radiant. Restore your skin\'s natural glow and texture with regular use.\n                        </p>\n                    </div>\n                    <div>\n                        <h3 class=\"tp-product-details-desc-title\">Hydration and Nourishment</h3>\n                        <p>\n                            Our anti-aging serum is enriched with hydrating and nourishing ingredients that penetrate deep into the skin to replenish moisture and improve elasticity. Say goodbye to dry, dull skin and hello to a complexion that\'s supple, smooth, and rejuvenated.\n                        </p>\n                    </div>\n                </div>\n                <div class=\"col-lg-6\">\n                    <div class=\"tp-product-details-desc-thumb\">\n                        <img src=\"/storage/beauty/products/product-1.png\" alt=\"Anti-Aging Serum\">\n                    </div>\n                </div>\n            </div>\n        </div>\n        <div class=\"tp-product-details-desc-item pb-75\">\n            <div class=\"row\">\n                <div class=\"col-lg-7\">\n                    <div class=\"tp-product-details-desc-thumb\">\n                        <img src=\"/storage/beauty/products/product-2.png\" alt=\"Application of Anti-Aging Serum\">\n                    </div>\n                </div>\n\n                <div class=\"col-lg-5 order-first order-lg-last\">\n                    <div class=\"des-content-2 pl-40\">\n                        <h3 class=\"tp-product-details-desc-title\">\n                            Visible Results\n                        </h3>\n                        <p>\n                            Experience noticeable results with our anti-aging serum. Within weeks of use, you\'ll notice smoother, firmer skin with reduced signs of aging. Incorporate it into your daily skincare routine for long-lasting benefits and a complexion that defies time.\n                        </p>\n                    </div>\n                </div>\n            </div>\n        </div>\n        <div class=\"tp-product-details-desc-item\">\n            <div class=\"row\">\n                <div class=\"col-xl-12\">\n                    <div class=\"tp-product-details-desc-banner text-center m-img\">\n                        <h3 class=\"tp-product-details-desc-banner-title tp-product-details-desc-title\">Expertly Formulated</h3>\n                        <img src=\"/storage/beauty/products/product-3.png\" alt=\"Beauty Lab\">\n                    </div>\n                </div>\n            </div>\n        </div>\n    </div>\n</div>\n','published','[\"beauty\\/products\\/product-6.png\",\"beauty\\/products\\/product-4.png\",\"beauty\\/products\\/product-8.png\",\"beauty\\/products\\/product-1.png\",\"beauty\\/products\\/product-5.png\",\"beauty\\/products\\/product-3.png\"]','IS-137',0,13,0,1,0,1,0,0,1470,707,NULL,NULL,19.00,20.00,10.00,572.00,NULL,165896,'2024-05-10 02:11:15','2024-05-10 02:11:15','in_stock',4,0,'Botble\\ACL\\Models\\User',0,NULL,'digital',NULL,NULL,0,0,0),(25,'Leopard Print Midi Skirt','Stay on trend with these high-waisted wide-leg trousers, combining comfort and sophistication. Pair them with heels for a refined look.','<div class=\"row justify-content-center\">\n    <div class=\"col-xl-10\">\n        <div class=\"tp-product-details-desc-item pb-105\">\n            <div class=\"row\">\n                <div class=\"col-lg-6\">\n                    <div class=\"pt-25\">\n                        <span>Anti-Aging Serum</span>\n                        <h3 class=\"tp-product-details-desc-title\">Revitalize Your Skin</h3>\n                        <p>\n                            Turn back the clock with our advanced anti-aging serum. Formulated with potent ingredients like hyaluronic acid and retinol, this serum targets fine lines, wrinkles, and age spots, leaving your skin looking youthful and radiant. Restore your skin\'s natural glow and texture with regular use.\n                        </p>\n                    </div>\n                    <div>\n                        <h3 class=\"tp-product-details-desc-title\">Hydration and Nourishment</h3>\n                        <p>\n                            Our anti-aging serum is enriched with hydrating and nourishing ingredients that penetrate deep into the skin to replenish moisture and improve elasticity. Say goodbye to dry, dull skin and hello to a complexion that\'s supple, smooth, and rejuvenated.\n                        </p>\n                    </div>\n                </div>\n                <div class=\"col-lg-6\">\n                    <div class=\"tp-product-details-desc-thumb\">\n                        <img src=\"/storage/beauty/products/product-1.png\" alt=\"Anti-Aging Serum\">\n                    </div>\n                </div>\n            </div>\n        </div>\n        <div class=\"tp-product-details-desc-item pb-75\">\n            <div class=\"row\">\n                <div class=\"col-lg-7\">\n                    <div class=\"tp-product-details-desc-thumb\">\n                        <img src=\"/storage/beauty/products/product-2.png\" alt=\"Application of Anti-Aging Serum\">\n                    </div>\n                </div>\n\n                <div class=\"col-lg-5 order-first order-lg-last\">\n                    <div class=\"des-content-2 pl-40\">\n                        <h3 class=\"tp-product-details-desc-title\">\n                            Visible Results\n                        </h3>\n                        <p>\n                            Experience noticeable results with our anti-aging serum. Within weeks of use, you\'ll notice smoother, firmer skin with reduced signs of aging. Incorporate it into your daily skincare routine for long-lasting benefits and a complexion that defies time.\n                        </p>\n                    </div>\n                </div>\n            </div>\n        </div>\n        <div class=\"tp-product-details-desc-item\">\n            <div class=\"row\">\n                <div class=\"col-xl-12\">\n                    <div class=\"tp-product-details-desc-banner text-center m-img\">\n                        <h3 class=\"tp-product-details-desc-banner-title tp-product-details-desc-title\">Expertly Formulated</h3>\n                        <img src=\"/storage/beauty/products/product-3.png\" alt=\"Beauty Lab\">\n                    </div>\n                </div>\n            </div>\n        </div>\n    </div>\n</div>\n','published','[\"beauty\\/products\\/product-7.png\",\"beauty\\/products\\/product-8.png\",\"beauty\\/products\\/product-3.png\",\"beauty\\/products\\/product-2.png\",\"beauty\\/products\\/product-4.png\"]','FS-187',0,14,0,1,1,3,0,0,496,83,NULL,NULL,12.00,19.00,11.00,691.00,NULL,129982,'2024-05-10 02:11:15','2024-05-10 02:11:15','in_stock',8,0,'Botble\\ACL\\Models\\User',0,NULL,'physical',NULL,NULL,0,0,0),(26,'Retro Cat-Eye Sunglasses','Stay cozy and chic in this knit turtleneck sweater, featuring a ribbed texture and a timeless design. Perfect for chilly days and nights.','<div class=\"row justify-content-center\">\n    <div class=\"col-xl-10\">\n        <div class=\"tp-product-details-desc-item pb-105\">\n            <div class=\"row\">\n                <div class=\"col-lg-6\">\n                    <div class=\"pt-25\">\n                        <span>Anti-Aging Serum</span>\n                        <h3 class=\"tp-product-details-desc-title\">Revitalize Your Skin</h3>\n                        <p>\n                            Turn back the clock with our advanced anti-aging serum. Formulated with potent ingredients like hyaluronic acid and retinol, this serum targets fine lines, wrinkles, and age spots, leaving your skin looking youthful and radiant. Restore your skin\'s natural glow and texture with regular use.\n                        </p>\n                    </div>\n                    <div>\n                        <h3 class=\"tp-product-details-desc-title\">Hydration and Nourishment</h3>\n                        <p>\n                            Our anti-aging serum is enriched with hydrating and nourishing ingredients that penetrate deep into the skin to replenish moisture and improve elasticity. Say goodbye to dry, dull skin and hello to a complexion that\'s supple, smooth, and rejuvenated.\n                        </p>\n                    </div>\n                </div>\n                <div class=\"col-lg-6\">\n                    <div class=\"tp-product-details-desc-thumb\">\n                        <img src=\"/storage/beauty/products/product-1.png\" alt=\"Anti-Aging Serum\">\n                    </div>\n                </div>\n            </div>\n        </div>\n        <div class=\"tp-product-details-desc-item pb-75\">\n            <div class=\"row\">\n                <div class=\"col-lg-7\">\n                    <div class=\"tp-product-details-desc-thumb\">\n                        <img src=\"/storage/beauty/products/product-2.png\" alt=\"Application of Anti-Aging Serum\">\n                    </div>\n                </div>\n\n                <div class=\"col-lg-5 order-first order-lg-last\">\n                    <div class=\"des-content-2 pl-40\">\n                        <h3 class=\"tp-product-details-desc-title\">\n                            Visible Results\n                        </h3>\n                        <p>\n                            Experience noticeable results with our anti-aging serum. Within weeks of use, you\'ll notice smoother, firmer skin with reduced signs of aging. Incorporate it into your daily skincare routine for long-lasting benefits and a complexion that defies time.\n                        </p>\n                    </div>\n                </div>\n            </div>\n        </div>\n        <div class=\"tp-product-details-desc-item\">\n            <div class=\"row\">\n                <div class=\"col-xl-12\">\n                    <div class=\"tp-product-details-desc-banner text-center m-img\">\n                        <h3 class=\"tp-product-details-desc-banner-title tp-product-details-desc-title\">Expertly Formulated</h3>\n                        <img src=\"/storage/beauty/products/product-3.png\" alt=\"Beauty Lab\">\n                    </div>\n                </div>\n            </div>\n        </div>\n    </div>\n</div>\n','published','[\"beauty\\/products\\/product-2.png\",\"beauty\\/products\\/product-1.png\",\"beauty\\/products\\/product-8.png\",\"beauty\\/products\\/product-4.png\",\"beauty\\/products\\/product-7.png\",\"beauty\\/products\\/product-3.png\"]','K6-152',0,14,0,1,1,5,0,0,1925,1312,NULL,NULL,15.00,13.00,11.00,596.00,NULL,12408,'2024-05-10 02:11:15','2024-05-10 02:11:15','in_stock',7,0,'Botble\\ACL\\Models\\User',0,NULL,'physical',NULL,NULL,0,0,0),(27,'Faux Fur Trimmed Coat','Top off your look with this chic fedora hat, crafted with a classic silhouette and a timeless appeal. A must-have accessory for any fashion-forward wardrobe.','<div class=\"row justify-content-center\">\n    <div class=\"col-xl-10\">\n        <div class=\"tp-product-details-desc-item pb-105\">\n            <div class=\"row\">\n                <div class=\"col-lg-6\">\n                    <div class=\"pt-25\">\n                        <span>Anti-Aging Serum</span>\n                        <h3 class=\"tp-product-details-desc-title\">Revitalize Your Skin</h3>\n                        <p>\n                            Turn back the clock with our advanced anti-aging serum. Formulated with potent ingredients like hyaluronic acid and retinol, this serum targets fine lines, wrinkles, and age spots, leaving your skin looking youthful and radiant. Restore your skin\'s natural glow and texture with regular use.\n                        </p>\n                    </div>\n                    <div>\n                        <h3 class=\"tp-product-details-desc-title\">Hydration and Nourishment</h3>\n                        <p>\n                            Our anti-aging serum is enriched with hydrating and nourishing ingredients that penetrate deep into the skin to replenish moisture and improve elasticity. Say goodbye to dry, dull skin and hello to a complexion that\'s supple, smooth, and rejuvenated.\n                        </p>\n                    </div>\n                </div>\n                <div class=\"col-lg-6\">\n                    <div class=\"tp-product-details-desc-thumb\">\n                        <img src=\"/storage/beauty/products/product-1.png\" alt=\"Anti-Aging Serum\">\n                    </div>\n                </div>\n            </div>\n        </div>\n        <div class=\"tp-product-details-desc-item pb-75\">\n            <div class=\"row\">\n                <div class=\"col-lg-7\">\n                    <div class=\"tp-product-details-desc-thumb\">\n                        <img src=\"/storage/beauty/products/product-2.png\" alt=\"Application of Anti-Aging Serum\">\n                    </div>\n                </div>\n\n                <div class=\"col-lg-5 order-first order-lg-last\">\n                    <div class=\"des-content-2 pl-40\">\n                        <h3 class=\"tp-product-details-desc-title\">\n                            Visible Results\n                        </h3>\n                        <p>\n                            Experience noticeable results with our anti-aging serum. Within weeks of use, you\'ll notice smoother, firmer skin with reduced signs of aging. Incorporate it into your daily skincare routine for long-lasting benefits and a complexion that defies time.\n                        </p>\n                    </div>\n                </div>\n            </div>\n        </div>\n        <div class=\"tp-product-details-desc-item\">\n            <div class=\"row\">\n                <div class=\"col-xl-12\">\n                    <div class=\"tp-product-details-desc-banner text-center m-img\">\n                        <h3 class=\"tp-product-details-desc-banner-title tp-product-details-desc-title\">Expertly Formulated</h3>\n                        <img src=\"/storage/beauty/products/product-3.png\" alt=\"Beauty Lab\">\n                    </div>\n                </div>\n            </div>\n        </div>\n    </div>\n</div>\n','published','[\"beauty\\/products\\/product-3.png\",\"beauty\\/products\\/product-7.png\",\"beauty\\/products\\/product-6.png\",\"beauty\\/products\\/product-1.png\"]','NU-107',0,17,0,1,1,4,0,0,574,251,NULL,NULL,14.00,11.00,20.00,792.00,NULL,76774,'2024-05-10 02:11:15','2024-05-10 02:11:15','in_stock',7,0,'Botble\\ACL\\Models\\User',0,NULL,'physical',NULL,NULL,0,0,0),(28,'Boho Fringed Kimono (Digital)','Achieve a polished look with this tailored wool blazer, designed for a flattering fit and versatile enough for both work and casual outings.','<div class=\"row justify-content-center\">\n    <div class=\"col-xl-10\">\n        <div class=\"tp-product-details-desc-item pb-105\">\n            <div class=\"row\">\n                <div class=\"col-lg-6\">\n                    <div class=\"pt-25\">\n                        <span>Anti-Aging Serum</span>\n                        <h3 class=\"tp-product-details-desc-title\">Revitalize Your Skin</h3>\n                        <p>\n                            Turn back the clock with our advanced anti-aging serum. Formulated with potent ingredients like hyaluronic acid and retinol, this serum targets fine lines, wrinkles, and age spots, leaving your skin looking youthful and radiant. Restore your skin\'s natural glow and texture with regular use.\n                        </p>\n                    </div>\n                    <div>\n                        <h3 class=\"tp-product-details-desc-title\">Hydration and Nourishment</h3>\n                        <p>\n                            Our anti-aging serum is enriched with hydrating and nourishing ingredients that penetrate deep into the skin to replenish moisture and improve elasticity. Say goodbye to dry, dull skin and hello to a complexion that\'s supple, smooth, and rejuvenated.\n                        </p>\n                    </div>\n                </div>\n                <div class=\"col-lg-6\">\n                    <div class=\"tp-product-details-desc-thumb\">\n                        <img src=\"/storage/beauty/products/product-1.png\" alt=\"Anti-Aging Serum\">\n                    </div>\n                </div>\n            </div>\n        </div>\n        <div class=\"tp-product-details-desc-item pb-75\">\n            <div class=\"row\">\n                <div class=\"col-lg-7\">\n                    <div class=\"tp-product-details-desc-thumb\">\n                        <img src=\"/storage/beauty/products/product-2.png\" alt=\"Application of Anti-Aging Serum\">\n                    </div>\n                </div>\n\n                <div class=\"col-lg-5 order-first order-lg-last\">\n                    <div class=\"des-content-2 pl-40\">\n                        <h3 class=\"tp-product-details-desc-title\">\n                            Visible Results\n                        </h3>\n                        <p>\n                            Experience noticeable results with our anti-aging serum. Within weeks of use, you\'ll notice smoother, firmer skin with reduced signs of aging. Incorporate it into your daily skincare routine for long-lasting benefits and a complexion that defies time.\n                        </p>\n                    </div>\n                </div>\n            </div>\n        </div>\n        <div class=\"tp-product-details-desc-item\">\n            <div class=\"row\">\n                <div class=\"col-xl-12\">\n                    <div class=\"tp-product-details-desc-banner text-center m-img\">\n                        <h3 class=\"tp-product-details-desc-banner-title tp-product-details-desc-title\">Expertly Formulated</h3>\n                        <img src=\"/storage/beauty/products/product-3.png\" alt=\"Beauty Lab\">\n                    </div>\n                </div>\n            </div>\n        </div>\n    </div>\n</div>\n','published','[\"beauty\\/products\\/product-4.png\",\"beauty\\/products\\/product-3.png\",\"beauty\\/products\\/product-5.png\",\"beauty\\/products\\/product-6.png\",\"beauty\\/products\\/product-1.png\",\"beauty\\/products\\/product-7.png\",\"beauty\\/products\\/product-8.png\"]','SF-104-A1',0,10,0,1,0,5,0,0,1410,1001.1,NULL,NULL,16.00,12.00,16.00,653.00,NULL,16331,'2024-05-10 02:11:15','2024-05-10 02:11:15','in_stock',5,0,'Botble\\ACL\\Models\\User',0,NULL,'digital',NULL,NULL,0,0,0),(29,'Ruffled Wrap Dress','Complete your look with these classic aviator sunglasses, offering a touch of timeless glamour and UV protection for your eyes.','<div class=\"row justify-content-center\">\n    <div class=\"col-xl-10\">\n        <div class=\"tp-product-details-desc-item pb-105\">\n            <div class=\"row\">\n                <div class=\"col-lg-6\">\n                    <div class=\"pt-25\">\n                        <span>Anti-Aging Serum</span>\n                        <h3 class=\"tp-product-details-desc-title\">Revitalize Your Skin</h3>\n                        <p>\n                            Turn back the clock with our advanced anti-aging serum. Formulated with potent ingredients like hyaluronic acid and retinol, this serum targets fine lines, wrinkles, and age spots, leaving your skin looking youthful and radiant. Restore your skin\'s natural glow and texture with regular use.\n                        </p>\n                    </div>\n                    <div>\n                        <h3 class=\"tp-product-details-desc-title\">Hydration and Nourishment</h3>\n                        <p>\n                            Our anti-aging serum is enriched with hydrating and nourishing ingredients that penetrate deep into the skin to replenish moisture and improve elasticity. Say goodbye to dry, dull skin and hello to a complexion that\'s supple, smooth, and rejuvenated.\n                        </p>\n                    </div>\n                </div>\n                <div class=\"col-lg-6\">\n                    <div class=\"tp-product-details-desc-thumb\">\n                        <img src=\"/storage/beauty/products/product-1.png\" alt=\"Anti-Aging Serum\">\n                    </div>\n                </div>\n            </div>\n        </div>\n        <div class=\"tp-product-details-desc-item pb-75\">\n            <div class=\"row\">\n                <div class=\"col-lg-7\">\n                    <div class=\"tp-product-details-desc-thumb\">\n                        <img src=\"/storage/beauty/products/product-2.png\" alt=\"Application of Anti-Aging Serum\">\n                    </div>\n                </div>\n\n                <div class=\"col-lg-5 order-first order-lg-last\">\n                    <div class=\"des-content-2 pl-40\">\n                        <h3 class=\"tp-product-details-desc-title\">\n                            Visible Results\n                        </h3>\n                        <p>\n                            Experience noticeable results with our anti-aging serum. Within weeks of use, you\'ll notice smoother, firmer skin with reduced signs of aging. Incorporate it into your daily skincare routine for long-lasting benefits and a complexion that defies time.\n                        </p>\n                    </div>\n                </div>\n            </div>\n        </div>\n        <div class=\"tp-product-details-desc-item\">\n            <div class=\"row\">\n                <div class=\"col-xl-12\">\n                    <div class=\"tp-product-details-desc-banner text-center m-img\">\n                        <h3 class=\"tp-product-details-desc-banner-title tp-product-details-desc-title\">Expertly Formulated</h3>\n                        <img src=\"/storage/beauty/products/product-3.png\" alt=\"Beauty Lab\">\n                    </div>\n                </div>\n            </div>\n        </div>\n    </div>\n</div>\n','published','[\"beauty\\/products\\/product-7.png\",\"beauty\\/products\\/product-1.png\",\"beauty\\/products\\/product-5.png\",\"beauty\\/products\\/product-6.png\"]','MZ-190-A1',0,11,0,1,0,1,0,0,2148,NULL,NULL,NULL,10.00,10.00,19.00,835.00,NULL,173619,'2024-05-10 02:11:15','2024-05-10 02:11:15','in_stock',4,0,'Botble\\ACL\\Models\\User',0,NULL,'physical',NULL,NULL,0,0,0),(30,'Beaded Evening Clutch','Add a pop of color to your outfit with this silk scarf adorned with a geometric print. Wrap it around your neck or tie it to your handbag for a stylish touch.','<div class=\"row justify-content-center\">\n    <div class=\"col-xl-10\">\n        <div class=\"tp-product-details-desc-item pb-105\">\n            <div class=\"row\">\n                <div class=\"col-lg-6\">\n                    <div class=\"pt-25\">\n                        <span>Anti-Aging Serum</span>\n                        <h3 class=\"tp-product-details-desc-title\">Revitalize Your Skin</h3>\n                        <p>\n                            Turn back the clock with our advanced anti-aging serum. Formulated with potent ingredients like hyaluronic acid and retinol, this serum targets fine lines, wrinkles, and age spots, leaving your skin looking youthful and radiant. Restore your skin\'s natural glow and texture with regular use.\n                        </p>\n                    </div>\n                    <div>\n                        <h3 class=\"tp-product-details-desc-title\">Hydration and Nourishment</h3>\n                        <p>\n                            Our anti-aging serum is enriched with hydrating and nourishing ingredients that penetrate deep into the skin to replenish moisture and improve elasticity. Say goodbye to dry, dull skin and hello to a complexion that\'s supple, smooth, and rejuvenated.\n                        </p>\n                    </div>\n                </div>\n                <div class=\"col-lg-6\">\n                    <div class=\"tp-product-details-desc-thumb\">\n                        <img src=\"/storage/beauty/products/product-1.png\" alt=\"Anti-Aging Serum\">\n                    </div>\n                </div>\n            </div>\n        </div>\n        <div class=\"tp-product-details-desc-item pb-75\">\n            <div class=\"row\">\n                <div class=\"col-lg-7\">\n                    <div class=\"tp-product-details-desc-thumb\">\n                        <img src=\"/storage/beauty/products/product-2.png\" alt=\"Application of Anti-Aging Serum\">\n                    </div>\n                </div>\n\n                <div class=\"col-lg-5 order-first order-lg-last\">\n                    <div class=\"des-content-2 pl-40\">\n                        <h3 class=\"tp-product-details-desc-title\">\n                            Visible Results\n                        </h3>\n                        <p>\n                            Experience noticeable results with our anti-aging serum. Within weeks of use, you\'ll notice smoother, firmer skin with reduced signs of aging. Incorporate it into your daily skincare routine for long-lasting benefits and a complexion that defies time.\n                        </p>\n                    </div>\n                </div>\n            </div>\n        </div>\n        <div class=\"tp-product-details-desc-item\">\n            <div class=\"row\">\n                <div class=\"col-xl-12\">\n                    <div class=\"tp-product-details-desc-banner text-center m-img\">\n                        <h3 class=\"tp-product-details-desc-banner-title tp-product-details-desc-title\">Expertly Formulated</h3>\n                        <img src=\"/storage/beauty/products/product-3.png\" alt=\"Beauty Lab\">\n                    </div>\n                </div>\n            </div>\n        </div>\n    </div>\n</div>\n','published','[\"beauty\\/products\\/product-8.png\",\"beauty\\/products\\/product-3.png\",\"beauty\\/products\\/product-1.png\",\"beauty\\/products\\/product-2.png\"]','CX-186-A1',0,11,0,1,1,1,0,0,1492,NULL,NULL,NULL,11.00,20.00,20.00,606.00,NULL,123999,'2024-05-10 02:11:15','2024-05-10 02:11:15','in_stock',4,0,'Botble\\ACL\\Models\\User',0,NULL,'physical',NULL,NULL,0,0,0),(31,'Wide Brim Floppy Hat','Step out in style with these leather ankle boots, crafted with a sleek design and comfortable block heel. Versatile enough to pair with both dresses and jeans.','<div class=\"row justify-content-center\">\n    <div class=\"col-xl-10\">\n        <div class=\"tp-product-details-desc-item pb-105\">\n            <div class=\"row\">\n                <div class=\"col-lg-6\">\n                    <div class=\"pt-25\">\n                        <span>Anti-Aging Serum</span>\n                        <h3 class=\"tp-product-details-desc-title\">Revitalize Your Skin</h3>\n                        <p>\n                            Turn back the clock with our advanced anti-aging serum. Formulated with potent ingredients like hyaluronic acid and retinol, this serum targets fine lines, wrinkles, and age spots, leaving your skin looking youthful and radiant. Restore your skin\'s natural glow and texture with regular use.\n                        </p>\n                    </div>\n                    <div>\n                        <h3 class=\"tp-product-details-desc-title\">Hydration and Nourishment</h3>\n                        <p>\n                            Our anti-aging serum is enriched with hydrating and nourishing ingredients that penetrate deep into the skin to replenish moisture and improve elasticity. Say goodbye to dry, dull skin and hello to a complexion that\'s supple, smooth, and rejuvenated.\n                        </p>\n                    </div>\n                </div>\n                <div class=\"col-lg-6\">\n                    <div class=\"tp-product-details-desc-thumb\">\n                        <img src=\"/storage/beauty/products/product-1.png\" alt=\"Anti-Aging Serum\">\n                    </div>\n                </div>\n            </div>\n        </div>\n        <div class=\"tp-product-details-desc-item pb-75\">\n            <div class=\"row\">\n                <div class=\"col-lg-7\">\n                    <div class=\"tp-product-details-desc-thumb\">\n                        <img src=\"/storage/beauty/products/product-2.png\" alt=\"Application of Anti-Aging Serum\">\n                    </div>\n                </div>\n\n                <div class=\"col-lg-5 order-first order-lg-last\">\n                    <div class=\"des-content-2 pl-40\">\n                        <h3 class=\"tp-product-details-desc-title\">\n                            Visible Results\n                        </h3>\n                        <p>\n                            Experience noticeable results with our anti-aging serum. Within weeks of use, you\'ll notice smoother, firmer skin with reduced signs of aging. Incorporate it into your daily skincare routine for long-lasting benefits and a complexion that defies time.\n                        </p>\n                    </div>\n                </div>\n            </div>\n        </div>\n        <div class=\"tp-product-details-desc-item\">\n            <div class=\"row\">\n                <div class=\"col-xl-12\">\n                    <div class=\"tp-product-details-desc-banner text-center m-img\">\n                        <h3 class=\"tp-product-details-desc-banner-title tp-product-details-desc-title\">Expertly Formulated</h3>\n                        <img src=\"/storage/beauty/products/product-3.png\" alt=\"Beauty Lab\">\n                    </div>\n                </div>\n            </div>\n        </div>\n    </div>\n</div>\n','published','[\"beauty\\/products\\/product-7.png\",\"beauty\\/products\\/product-2.png\",\"beauty\\/products\\/product-1.png\",\"beauty\\/products\\/product-4.png\"]','SX-150-A1',0,10,0,1,0,2,0,0,1180,NULL,NULL,NULL,17.00,19.00,18.00,590.00,NULL,160469,'2024-05-10 02:11:15','2024-05-10 02:11:15','in_stock',6,0,'Botble\\ACL\\Models\\User',0,NULL,'physical',NULL,NULL,0,0,0),(32,'Denim Overall Jumpsuit (Digital)','Stay on trend with these high-waisted wide-leg trousers, combining comfort and sophistication. Pair them with heels for a refined look.','<div class=\"row justify-content-center\">\n    <div class=\"col-xl-10\">\n        <div class=\"tp-product-details-desc-item pb-105\">\n            <div class=\"row\">\n                <div class=\"col-lg-6\">\n                    <div class=\"pt-25\">\n                        <span>Anti-Aging Serum</span>\n                        <h3 class=\"tp-product-details-desc-title\">Revitalize Your Skin</h3>\n                        <p>\n                            Turn back the clock with our advanced anti-aging serum. Formulated with potent ingredients like hyaluronic acid and retinol, this serum targets fine lines, wrinkles, and age spots, leaving your skin looking youthful and radiant. Restore your skin\'s natural glow and texture with regular use.\n                        </p>\n                    </div>\n                    <div>\n                        <h3 class=\"tp-product-details-desc-title\">Hydration and Nourishment</h3>\n                        <p>\n                            Our anti-aging serum is enriched with hydrating and nourishing ingredients that penetrate deep into the skin to replenish moisture and improve elasticity. Say goodbye to dry, dull skin and hello to a complexion that\'s supple, smooth, and rejuvenated.\n                        </p>\n                    </div>\n                </div>\n                <div class=\"col-lg-6\">\n                    <div class=\"tp-product-details-desc-thumb\">\n                        <img src=\"/storage/beauty/products/product-1.png\" alt=\"Anti-Aging Serum\">\n                    </div>\n                </div>\n            </div>\n        </div>\n        <div class=\"tp-product-details-desc-item pb-75\">\n            <div class=\"row\">\n                <div class=\"col-lg-7\">\n                    <div class=\"tp-product-details-desc-thumb\">\n                        <img src=\"/storage/beauty/products/product-2.png\" alt=\"Application of Anti-Aging Serum\">\n                    </div>\n                </div>\n\n                <div class=\"col-lg-5 order-first order-lg-last\">\n                    <div class=\"des-content-2 pl-40\">\n                        <h3 class=\"tp-product-details-desc-title\">\n                            Visible Results\n                        </h3>\n                        <p>\n                            Experience noticeable results with our anti-aging serum. Within weeks of use, you\'ll notice smoother, firmer skin with reduced signs of aging. Incorporate it into your daily skincare routine for long-lasting benefits and a complexion that defies time.\n                        </p>\n                    </div>\n                </div>\n            </div>\n        </div>\n        <div class=\"tp-product-details-desc-item\">\n            <div class=\"row\">\n                <div class=\"col-xl-12\">\n                    <div class=\"tp-product-details-desc-banner text-center m-img\">\n                        <h3 class=\"tp-product-details-desc-banner-title tp-product-details-desc-title\">Expertly Formulated</h3>\n                        <img src=\"/storage/beauty/products/product-3.png\" alt=\"Beauty Lab\">\n                    </div>\n                </div>\n            </div>\n        </div>\n    </div>\n</div>\n','published','[\"beauty\\/products\\/product-5.png\",\"beauty\\/products\\/product-1.png\",\"beauty\\/products\\/product-6.png\"]','YA-153-A1',0,15,0,1,0,1,0,0,609,535.92,NULL,NULL,19.00,12.00,20.00,834.00,NULL,2853,'2024-05-10 02:11:15','2024-05-10 02:11:15','in_stock',8,0,'Botble\\ACL\\Models\\User',0,NULL,'digital',NULL,NULL,0,0,0),(33,'Embellished Ballet Flats','Elevate your street style with this vintage denim jacket, featuring distressed detailing and a relaxed fit for a laid-back vibe.','<div class=\"row justify-content-center\">\n    <div class=\"col-xl-10\">\n        <div class=\"tp-product-details-desc-item pb-105\">\n            <div class=\"row\">\n                <div class=\"col-lg-6\">\n                    <div class=\"pt-25\">\n                        <span>Anti-Aging Serum</span>\n                        <h3 class=\"tp-product-details-desc-title\">Revitalize Your Skin</h3>\n                        <p>\n                            Turn back the clock with our advanced anti-aging serum. Formulated with potent ingredients like hyaluronic acid and retinol, this serum targets fine lines, wrinkles, and age spots, leaving your skin looking youthful and radiant. Restore your skin\'s natural glow and texture with regular use.\n                        </p>\n                    </div>\n                    <div>\n                        <h3 class=\"tp-product-details-desc-title\">Hydration and Nourishment</h3>\n                        <p>\n                            Our anti-aging serum is enriched with hydrating and nourishing ingredients that penetrate deep into the skin to replenish moisture and improve elasticity. Say goodbye to dry, dull skin and hello to a complexion that\'s supple, smooth, and rejuvenated.\n                        </p>\n                    </div>\n                </div>\n                <div class=\"col-lg-6\">\n                    <div class=\"tp-product-details-desc-thumb\">\n                        <img src=\"/storage/beauty/products/product-1.png\" alt=\"Anti-Aging Serum\">\n                    </div>\n                </div>\n            </div>\n        </div>\n        <div class=\"tp-product-details-desc-item pb-75\">\n            <div class=\"row\">\n                <div class=\"col-lg-7\">\n                    <div class=\"tp-product-details-desc-thumb\">\n                        <img src=\"/storage/beauty/products/product-2.png\" alt=\"Application of Anti-Aging Serum\">\n                    </div>\n                </div>\n\n                <div class=\"col-lg-5 order-first order-lg-last\">\n                    <div class=\"des-content-2 pl-40\">\n                        <h3 class=\"tp-product-details-desc-title\">\n                            Visible Results\n                        </h3>\n                        <p>\n                            Experience noticeable results with our anti-aging serum. Within weeks of use, you\'ll notice smoother, firmer skin with reduced signs of aging. Incorporate it into your daily skincare routine for long-lasting benefits and a complexion that defies time.\n                        </p>\n                    </div>\n                </div>\n            </div>\n        </div>\n        <div class=\"tp-product-details-desc-item\">\n            <div class=\"row\">\n                <div class=\"col-xl-12\">\n                    <div class=\"tp-product-details-desc-banner text-center m-img\">\n                        <h3 class=\"tp-product-details-desc-banner-title tp-product-details-desc-title\">Expertly Formulated</h3>\n                        <img src=\"/storage/beauty/products/product-3.png\" alt=\"Beauty Lab\">\n                    </div>\n                </div>\n            </div>\n        </div>\n    </div>\n</div>\n','published','[\"beauty\\/products\\/product-5.png\",\"beauty\\/products\\/product-7.png\",\"beauty\\/products\\/product-3.png\",\"beauty\\/products\\/product-8.png\",\"beauty\\/products\\/product-1.png\",\"beauty\\/products\\/product-4.png\",\"beauty\\/products\\/product-6.png\",\"beauty\\/products\\/product-2.png\"]','CR-105',0,17,0,1,0,4,0,0,1784,688,NULL,NULL,11.00,18.00,12.00,796.00,NULL,129044,'2024-05-10 02:11:15','2024-05-10 02:11:15','in_stock',1,0,'Botble\\ACL\\Models\\User',0,NULL,'physical',NULL,NULL,0,0,0),(34,'Pleated Midi Skirt','Complete your look with these classic aviator sunglasses, offering a touch of timeless glamour and UV protection for your eyes.','<div class=\"row justify-content-center\">\n    <div class=\"col-xl-10\">\n        <div class=\"tp-product-details-desc-item pb-105\">\n            <div class=\"row\">\n                <div class=\"col-lg-6\">\n                    <div class=\"pt-25\">\n                        <span>Anti-Aging Serum</span>\n                        <h3 class=\"tp-product-details-desc-title\">Revitalize Your Skin</h3>\n                        <p>\n                            Turn back the clock with our advanced anti-aging serum. Formulated with potent ingredients like hyaluronic acid and retinol, this serum targets fine lines, wrinkles, and age spots, leaving your skin looking youthful and radiant. Restore your skin\'s natural glow and texture with regular use.\n                        </p>\n                    </div>\n                    <div>\n                        <h3 class=\"tp-product-details-desc-title\">Hydration and Nourishment</h3>\n                        <p>\n                            Our anti-aging serum is enriched with hydrating and nourishing ingredients that penetrate deep into the skin to replenish moisture and improve elasticity. Say goodbye to dry, dull skin and hello to a complexion that\'s supple, smooth, and rejuvenated.\n                        </p>\n                    </div>\n                </div>\n                <div class=\"col-lg-6\">\n                    <div class=\"tp-product-details-desc-thumb\">\n                        <img src=\"/storage/beauty/products/product-1.png\" alt=\"Anti-Aging Serum\">\n                    </div>\n                </div>\n            </div>\n        </div>\n        <div class=\"tp-product-details-desc-item pb-75\">\n            <div class=\"row\">\n                <div class=\"col-lg-7\">\n                    <div class=\"tp-product-details-desc-thumb\">\n                        <img src=\"/storage/beauty/products/product-2.png\" alt=\"Application of Anti-Aging Serum\">\n                    </div>\n                </div>\n\n                <div class=\"col-lg-5 order-first order-lg-last\">\n                    <div class=\"des-content-2 pl-40\">\n                        <h3 class=\"tp-product-details-desc-title\">\n                            Visible Results\n                        </h3>\n                        <p>\n                            Experience noticeable results with our anti-aging serum. Within weeks of use, you\'ll notice smoother, firmer skin with reduced signs of aging. Incorporate it into your daily skincare routine for long-lasting benefits and a complexion that defies time.\n                        </p>\n                    </div>\n                </div>\n            </div>\n        </div>\n        <div class=\"tp-product-details-desc-item\">\n            <div class=\"row\">\n                <div class=\"col-xl-12\">\n                    <div class=\"tp-product-details-desc-banner text-center m-img\">\n                        <h3 class=\"tp-product-details-desc-banner-title tp-product-details-desc-title\">Expertly Formulated</h3>\n                        <img src=\"/storage/beauty/products/product-3.png\" alt=\"Beauty Lab\">\n                    </div>\n                </div>\n            </div>\n        </div>\n    </div>\n</div>\n','published','[\"beauty\\/products\\/product-4.png\",\"beauty\\/products\\/product-7.png\",\"beauty\\/products\\/product-6.png\",\"beauty\\/products\\/product-2.png\",\"beauty\\/products\\/product-5.png\",\"beauty\\/products\\/product-1.png\",\"beauty\\/products\\/product-3.png\"]','YB-126-A1',0,12,0,1,1,5,0,0,2208,NULL,NULL,NULL,14.00,17.00,19.00,648.00,NULL,93796,'2024-05-10 02:11:15','2024-05-10 02:11:15','in_stock',1,0,'Botble\\ACL\\Models\\User',0,NULL,'physical',NULL,NULL,0,0,0),(35,'Velour Tracksuit Set','Stay cozy and chic in this knit turtleneck sweater, featuring a ribbed texture and a timeless design. Perfect for chilly days and nights.','<div class=\"row justify-content-center\">\n    <div class=\"col-xl-10\">\n        <div class=\"tp-product-details-desc-item pb-105\">\n            <div class=\"row\">\n                <div class=\"col-lg-6\">\n                    <div class=\"pt-25\">\n                        <span>Anti-Aging Serum</span>\n                        <h3 class=\"tp-product-details-desc-title\">Revitalize Your Skin</h3>\n                        <p>\n                            Turn back the clock with our advanced anti-aging serum. Formulated with potent ingredients like hyaluronic acid and retinol, this serum targets fine lines, wrinkles, and age spots, leaving your skin looking youthful and radiant. Restore your skin\'s natural glow and texture with regular use.\n                        </p>\n                    </div>\n                    <div>\n                        <h3 class=\"tp-product-details-desc-title\">Hydration and Nourishment</h3>\n                        <p>\n                            Our anti-aging serum is enriched with hydrating and nourishing ingredients that penetrate deep into the skin to replenish moisture and improve elasticity. Say goodbye to dry, dull skin and hello to a complexion that\'s supple, smooth, and rejuvenated.\n                        </p>\n                    </div>\n                </div>\n                <div class=\"col-lg-6\">\n                    <div class=\"tp-product-details-desc-thumb\">\n                        <img src=\"/storage/beauty/products/product-1.png\" alt=\"Anti-Aging Serum\">\n                    </div>\n                </div>\n            </div>\n        </div>\n        <div class=\"tp-product-details-desc-item pb-75\">\n            <div class=\"row\">\n                <div class=\"col-lg-7\">\n                    <div class=\"tp-product-details-desc-thumb\">\n                        <img src=\"/storage/beauty/products/product-2.png\" alt=\"Application of Anti-Aging Serum\">\n                    </div>\n                </div>\n\n                <div class=\"col-lg-5 order-first order-lg-last\">\n                    <div class=\"des-content-2 pl-40\">\n                        <h3 class=\"tp-product-details-desc-title\">\n                            Visible Results\n                        </h3>\n                        <p>\n                            Experience noticeable results with our anti-aging serum. Within weeks of use, you\'ll notice smoother, firmer skin with reduced signs of aging. Incorporate it into your daily skincare routine for long-lasting benefits and a complexion that defies time.\n                        </p>\n                    </div>\n                </div>\n            </div>\n        </div>\n        <div class=\"tp-product-details-desc-item\">\n            <div class=\"row\">\n                <div class=\"col-xl-12\">\n                    <div class=\"tp-product-details-desc-banner text-center m-img\">\n                        <h3 class=\"tp-product-details-desc-banner-title tp-product-details-desc-title\">Expertly Formulated</h3>\n                        <img src=\"/storage/beauty/products/product-3.png\" alt=\"Beauty Lab\">\n                    </div>\n                </div>\n            </div>\n        </div>\n    </div>\n</div>\n','published','[\"beauty\\/products\\/product-7.png\",\"beauty\\/products\\/product-2.png\",\"beauty\\/products\\/product-6.png\"]','AQ-121-A1',0,17,0,1,1,4,0,0,934,NULL,NULL,NULL,20.00,18.00,15.00,689.00,NULL,49213,'2024-05-10 02:11:15','2024-05-10 02:11:15','in_stock',8,0,'Botble\\ACL\\Models\\User',0,NULL,'physical',NULL,NULL,0,0,0),(36,'Geometric Patterned Cardigan (Digital)','Achieve a polished look with this tailored wool blazer, designed for a flattering fit and versatile enough for both work and casual outings.','<div class=\"row justify-content-center\">\n    <div class=\"col-xl-10\">\n        <div class=\"tp-product-details-desc-item pb-105\">\n            <div class=\"row\">\n                <div class=\"col-lg-6\">\n                    <div class=\"pt-25\">\n                        <span>Anti-Aging Serum</span>\n                        <h3 class=\"tp-product-details-desc-title\">Revitalize Your Skin</h3>\n                        <p>\n                            Turn back the clock with our advanced anti-aging serum. Formulated with potent ingredients like hyaluronic acid and retinol, this serum targets fine lines, wrinkles, and age spots, leaving your skin looking youthful and radiant. Restore your skin\'s natural glow and texture with regular use.\n                        </p>\n                    </div>\n                    <div>\n                        <h3 class=\"tp-product-details-desc-title\">Hydration and Nourishment</h3>\n                        <p>\n                            Our anti-aging serum is enriched with hydrating and nourishing ingredients that penetrate deep into the skin to replenish moisture and improve elasticity. Say goodbye to dry, dull skin and hello to a complexion that\'s supple, smooth, and rejuvenated.\n                        </p>\n                    </div>\n                </div>\n                <div class=\"col-lg-6\">\n                    <div class=\"tp-product-details-desc-thumb\">\n                        <img src=\"/storage/beauty/products/product-1.png\" alt=\"Anti-Aging Serum\">\n                    </div>\n                </div>\n            </div>\n        </div>\n        <div class=\"tp-product-details-desc-item pb-75\">\n            <div class=\"row\">\n                <div class=\"col-lg-7\">\n                    <div class=\"tp-product-details-desc-thumb\">\n                        <img src=\"/storage/beauty/products/product-2.png\" alt=\"Application of Anti-Aging Serum\">\n                    </div>\n                </div>\n\n                <div class=\"col-lg-5 order-first order-lg-last\">\n                    <div class=\"des-content-2 pl-40\">\n                        <h3 class=\"tp-product-details-desc-title\">\n                            Visible Results\n                        </h3>\n                        <p>\n                            Experience noticeable results with our anti-aging serum. Within weeks of use, you\'ll notice smoother, firmer skin with reduced signs of aging. Incorporate it into your daily skincare routine for long-lasting benefits and a complexion that defies time.\n                        </p>\n                    </div>\n                </div>\n            </div>\n        </div>\n        <div class=\"tp-product-details-desc-item\">\n            <div class=\"row\">\n                <div class=\"col-xl-12\">\n                    <div class=\"tp-product-details-desc-banner text-center m-img\">\n                        <h3 class=\"tp-product-details-desc-banner-title tp-product-details-desc-title\">Expertly Formulated</h3>\n                        <img src=\"/storage/beauty/products/product-3.png\" alt=\"Beauty Lab\">\n                    </div>\n                </div>\n            </div>\n        </div>\n    </div>\n</div>\n','published','[\"beauty\\/products\\/product-7.png\",\"beauty\\/products\\/product-1.png\",\"beauty\\/products\\/product-4.png\"]','A9-179',0,14,0,1,0,1,0,0,659,150,NULL,NULL,13.00,17.00,19.00,608.00,NULL,43650,'2024-05-10 02:11:15','2024-05-10 02:11:15','in_stock',1,0,'Botble\\ACL\\Models\\User',0,NULL,'digital',NULL,NULL,0,0,0),(37,'Buckle Detail Ankle Booties','Step out in style with these leather ankle boots, crafted with a sleek design and comfortable block heel. Versatile enough to pair with both dresses and jeans.','<div class=\"row justify-content-center\">\n    <div class=\"col-xl-10\">\n        <div class=\"tp-product-details-desc-item pb-105\">\n            <div class=\"row\">\n                <div class=\"col-lg-6\">\n                    <div class=\"pt-25\">\n                        <span>Anti-Aging Serum</span>\n                        <h3 class=\"tp-product-details-desc-title\">Revitalize Your Skin</h3>\n                        <p>\n                            Turn back the clock with our advanced anti-aging serum. Formulated with potent ingredients like hyaluronic acid and retinol, this serum targets fine lines, wrinkles, and age spots, leaving your skin looking youthful and radiant. Restore your skin\'s natural glow and texture with regular use.\n                        </p>\n                    </div>\n                    <div>\n                        <h3 class=\"tp-product-details-desc-title\">Hydration and Nourishment</h3>\n                        <p>\n                            Our anti-aging serum is enriched with hydrating and nourishing ingredients that penetrate deep into the skin to replenish moisture and improve elasticity. Say goodbye to dry, dull skin and hello to a complexion that\'s supple, smooth, and rejuvenated.\n                        </p>\n                    </div>\n                </div>\n                <div class=\"col-lg-6\">\n                    <div class=\"tp-product-details-desc-thumb\">\n                        <img src=\"/storage/beauty/products/product-1.png\" alt=\"Anti-Aging Serum\">\n                    </div>\n                </div>\n            </div>\n        </div>\n        <div class=\"tp-product-details-desc-item pb-75\">\n            <div class=\"row\">\n                <div class=\"col-lg-7\">\n                    <div class=\"tp-product-details-desc-thumb\">\n                        <img src=\"/storage/beauty/products/product-2.png\" alt=\"Application of Anti-Aging Serum\">\n                    </div>\n                </div>\n\n                <div class=\"col-lg-5 order-first order-lg-last\">\n                    <div class=\"des-content-2 pl-40\">\n                        <h3 class=\"tp-product-details-desc-title\">\n                            Visible Results\n                        </h3>\n                        <p>\n                            Experience noticeable results with our anti-aging serum. Within weeks of use, you\'ll notice smoother, firmer skin with reduced signs of aging. Incorporate it into your daily skincare routine for long-lasting benefits and a complexion that defies time.\n                        </p>\n                    </div>\n                </div>\n            </div>\n        </div>\n        <div class=\"tp-product-details-desc-item\">\n            <div class=\"row\">\n                <div class=\"col-xl-12\">\n                    <div class=\"tp-product-details-desc-banner text-center m-img\">\n                        <h3 class=\"tp-product-details-desc-banner-title tp-product-details-desc-title\">Expertly Formulated</h3>\n                        <img src=\"/storage/beauty/products/product-3.png\" alt=\"Beauty Lab\">\n                    </div>\n                </div>\n            </div>\n        </div>\n    </div>\n</div>\n','published','[\"beauty\\/products\\/product-2.png\",\"beauty\\/products\\/product-6.png\",\"beauty\\/products\\/product-7.png\",\"beauty\\/products\\/product-3.png\",\"beauty\\/products\\/product-1.png\",\"beauty\\/products\\/product-4.png\",\"beauty\\/products\\/product-8.png\"]','C7-143-A1',0,15,0,1,1,3,0,0,271,NULL,NULL,NULL,16.00,19.00,12.00,850.00,NULL,156743,'2024-05-10 02:11:15','2024-05-10 02:11:15','in_stock',8,0,'Botble\\ACL\\Models\\User',0,NULL,'physical',NULL,NULL,0,0,0),(38,'Embroidered Bomber Jacket','Step out in style with these leather ankle boots, crafted with a sleek design and comfortable block heel. Versatile enough to pair with both dresses and jeans.','<div class=\"row justify-content-center\">\n    <div class=\"col-xl-10\">\n        <div class=\"tp-product-details-desc-item pb-105\">\n            <div class=\"row\">\n                <div class=\"col-lg-6\">\n                    <div class=\"pt-25\">\n                        <span>Anti-Aging Serum</span>\n                        <h3 class=\"tp-product-details-desc-title\">Revitalize Your Skin</h3>\n                        <p>\n                            Turn back the clock with our advanced anti-aging serum. Formulated with potent ingredients like hyaluronic acid and retinol, this serum targets fine lines, wrinkles, and age spots, leaving your skin looking youthful and radiant. Restore your skin\'s natural glow and texture with regular use.\n                        </p>\n                    </div>\n                    <div>\n                        <h3 class=\"tp-product-details-desc-title\">Hydration and Nourishment</h3>\n                        <p>\n                            Our anti-aging serum is enriched with hydrating and nourishing ingredients that penetrate deep into the skin to replenish moisture and improve elasticity. Say goodbye to dry, dull skin and hello to a complexion that\'s supple, smooth, and rejuvenated.\n                        </p>\n                    </div>\n                </div>\n                <div class=\"col-lg-6\">\n                    <div class=\"tp-product-details-desc-thumb\">\n                        <img src=\"/storage/beauty/products/product-1.png\" alt=\"Anti-Aging Serum\">\n                    </div>\n                </div>\n            </div>\n        </div>\n        <div class=\"tp-product-details-desc-item pb-75\">\n            <div class=\"row\">\n                <div class=\"col-lg-7\">\n                    <div class=\"tp-product-details-desc-thumb\">\n                        <img src=\"/storage/beauty/products/product-2.png\" alt=\"Application of Anti-Aging Serum\">\n                    </div>\n                </div>\n\n                <div class=\"col-lg-5 order-first order-lg-last\">\n                    <div class=\"des-content-2 pl-40\">\n                        <h3 class=\"tp-product-details-desc-title\">\n                            Visible Results\n                        </h3>\n                        <p>\n                            Experience noticeable results with our anti-aging serum. Within weeks of use, you\'ll notice smoother, firmer skin with reduced signs of aging. Incorporate it into your daily skincare routine for long-lasting benefits and a complexion that defies time.\n                        </p>\n                    </div>\n                </div>\n            </div>\n        </div>\n        <div class=\"tp-product-details-desc-item\">\n            <div class=\"row\">\n                <div class=\"col-xl-12\">\n                    <div class=\"tp-product-details-desc-banner text-center m-img\">\n                        <h3 class=\"tp-product-details-desc-banner-title tp-product-details-desc-title\">Expertly Formulated</h3>\n                        <img src=\"/storage/beauty/products/product-3.png\" alt=\"Beauty Lab\">\n                    </div>\n                </div>\n            </div>\n        </div>\n    </div>\n</div>\n','published','[\"beauty\\/products\\/product-2.png\",\"beauty\\/products\\/product-7.png\",\"beauty\\/products\\/product-3.png\",\"beauty\\/products\\/product-5.png\",\"beauty\\/products\\/product-6.png\",\"beauty\\/products\\/product-8.png\",\"beauty\\/products\\/product-4.png\",\"beauty\\/products\\/product-1.png\"]','9W-157-A1',0,20,0,1,0,2,0,0,1023,NULL,NULL,NULL,17.00,12.00,11.00,748.00,NULL,112905,'2024-05-10 02:11:15','2024-05-10 02:11:15','in_stock',2,0,'Botble\\ACL\\Models\\User',0,NULL,'physical',NULL,NULL,0,0,0),(39,'Cowl Neck Knit Poncho','Elevate your street style with this vintage denim jacket, featuring distressed detailing and a relaxed fit for a laid-back vibe.','<div class=\"row justify-content-center\">\n    <div class=\"col-xl-10\">\n        <div class=\"tp-product-details-desc-item pb-105\">\n            <div class=\"row\">\n                <div class=\"col-lg-6\">\n                    <div class=\"pt-25\">\n                        <span>Anti-Aging Serum</span>\n                        <h3 class=\"tp-product-details-desc-title\">Revitalize Your Skin</h3>\n                        <p>\n                            Turn back the clock with our advanced anti-aging serum. Formulated with potent ingredients like hyaluronic acid and retinol, this serum targets fine lines, wrinkles, and age spots, leaving your skin looking youthful and radiant. Restore your skin\'s natural glow and texture with regular use.\n                        </p>\n                    </div>\n                    <div>\n                        <h3 class=\"tp-product-details-desc-title\">Hydration and Nourishment</h3>\n                        <p>\n                            Our anti-aging serum is enriched with hydrating and nourishing ingredients that penetrate deep into the skin to replenish moisture and improve elasticity. Say goodbye to dry, dull skin and hello to a complexion that\'s supple, smooth, and rejuvenated.\n                        </p>\n                    </div>\n                </div>\n                <div class=\"col-lg-6\">\n                    <div class=\"tp-product-details-desc-thumb\">\n                        <img src=\"/storage/beauty/products/product-1.png\" alt=\"Anti-Aging Serum\">\n                    </div>\n                </div>\n            </div>\n        </div>\n        <div class=\"tp-product-details-desc-item pb-75\">\n            <div class=\"row\">\n                <div class=\"col-lg-7\">\n                    <div class=\"tp-product-details-desc-thumb\">\n                        <img src=\"/storage/beauty/products/product-2.png\" alt=\"Application of Anti-Aging Serum\">\n                    </div>\n                </div>\n\n                <div class=\"col-lg-5 order-first order-lg-last\">\n                    <div class=\"des-content-2 pl-40\">\n                        <h3 class=\"tp-product-details-desc-title\">\n                            Visible Results\n                        </h3>\n                        <p>\n                            Experience noticeable results with our anti-aging serum. Within weeks of use, you\'ll notice smoother, firmer skin with reduced signs of aging. Incorporate it into your daily skincare routine for long-lasting benefits and a complexion that defies time.\n                        </p>\n                    </div>\n                </div>\n            </div>\n        </div>\n        <div class=\"tp-product-details-desc-item\">\n            <div class=\"row\">\n                <div class=\"col-xl-12\">\n                    <div class=\"tp-product-details-desc-banner text-center m-img\">\n                        <h3 class=\"tp-product-details-desc-banner-title tp-product-details-desc-title\">Expertly Formulated</h3>\n                        <img src=\"/storage/beauty/products/product-3.png\" alt=\"Beauty Lab\">\n                    </div>\n                </div>\n            </div>\n        </div>\n    </div>\n</div>\n','published','[\"beauty\\/products\\/product-4.png\",\"beauty\\/products\\/product-7.png\",\"beauty\\/products\\/product-8.png\",\"beauty\\/products\\/product-6.png\",\"beauty\\/products\\/product-3.png\",\"beauty\\/products\\/product-2.png\",\"beauty\\/products\\/product-1.png\"]','CP-132',0,15,0,1,1,3,0,0,1856,1485,NULL,NULL,14.00,18.00,17.00,804.00,NULL,2308,'2024-05-10 02:11:15','2024-05-10 02:11:15','in_stock',4,0,'Botble\\ACL\\Models\\User',0,NULL,'physical',NULL,NULL,0,0,0),(40,'Chunky Knit Infinity Scarf (Digital)','Make a statement in this floral maxi dress, perfect for summer events or a casual day out. The flowy silhouette and vibrant print will turn heads wherever you go.','<div class=\"row justify-content-center\">\n    <div class=\"col-xl-10\">\n        <div class=\"tp-product-details-desc-item pb-105\">\n            <div class=\"row\">\n                <div class=\"col-lg-6\">\n                    <div class=\"pt-25\">\n                        <span>Anti-Aging Serum</span>\n                        <h3 class=\"tp-product-details-desc-title\">Revitalize Your Skin</h3>\n                        <p>\n                            Turn back the clock with our advanced anti-aging serum. Formulated with potent ingredients like hyaluronic acid and retinol, this serum targets fine lines, wrinkles, and age spots, leaving your skin looking youthful and radiant. Restore your skin\'s natural glow and texture with regular use.\n                        </p>\n                    </div>\n                    <div>\n                        <h3 class=\"tp-product-details-desc-title\">Hydration and Nourishment</h3>\n                        <p>\n                            Our anti-aging serum is enriched with hydrating and nourishing ingredients that penetrate deep into the skin to replenish moisture and improve elasticity. Say goodbye to dry, dull skin and hello to a complexion that\'s supple, smooth, and rejuvenated.\n                        </p>\n                    </div>\n                </div>\n                <div class=\"col-lg-6\">\n                    <div class=\"tp-product-details-desc-thumb\">\n                        <img src=\"/storage/beauty/products/product-1.png\" alt=\"Anti-Aging Serum\">\n                    </div>\n                </div>\n            </div>\n        </div>\n        <div class=\"tp-product-details-desc-item pb-75\">\n            <div class=\"row\">\n                <div class=\"col-lg-7\">\n                    <div class=\"tp-product-details-desc-thumb\">\n                        <img src=\"/storage/beauty/products/product-2.png\" alt=\"Application of Anti-Aging Serum\">\n                    </div>\n                </div>\n\n                <div class=\"col-lg-5 order-first order-lg-last\">\n                    <div class=\"des-content-2 pl-40\">\n                        <h3 class=\"tp-product-details-desc-title\">\n                            Visible Results\n                        </h3>\n                        <p>\n                            Experience noticeable results with our anti-aging serum. Within weeks of use, you\'ll notice smoother, firmer skin with reduced signs of aging. Incorporate it into your daily skincare routine for long-lasting benefits and a complexion that defies time.\n                        </p>\n                    </div>\n                </div>\n            </div>\n        </div>\n        <div class=\"tp-product-details-desc-item\">\n            <div class=\"row\">\n                <div class=\"col-xl-12\">\n                    <div class=\"tp-product-details-desc-banner text-center m-img\">\n                        <h3 class=\"tp-product-details-desc-banner-title tp-product-details-desc-title\">Expertly Formulated</h3>\n                        <img src=\"/storage/beauty/products/product-3.png\" alt=\"Beauty Lab\">\n                    </div>\n                </div>\n            </div>\n        </div>\n    </div>\n</div>\n','published','[\"beauty\\/products\\/product-1.png\",\"beauty\\/products\\/product-5.png\",\"beauty\\/products\\/product-7.png\"]','HL-124-A1',0,15,0,1,1,1,0,0,1499,1094.27,NULL,NULL,16.00,11.00,18.00,650.00,NULL,139302,'2024-05-10 02:11:15','2024-05-10 02:11:15','in_stock',2,0,'Botble\\ACL\\Models\\User',0,NULL,'digital',NULL,NULL,0,0,0),(41,'Retro High-Top Sneakers','Add a pop of color to your outfit with this silk scarf adorned with a geometric print. Wrap it around your neck or tie it to your handbag for a stylish touch.','<div class=\"row justify-content-center\">\n    <div class=\"col-xl-10\">\n        <div class=\"tp-product-details-desc-item pb-105\">\n            <div class=\"row\">\n                <div class=\"col-lg-6\">\n                    <div class=\"pt-25\">\n                        <span>Anti-Aging Serum</span>\n                        <h3 class=\"tp-product-details-desc-title\">Revitalize Your Skin</h3>\n                        <p>\n                            Turn back the clock with our advanced anti-aging serum. Formulated with potent ingredients like hyaluronic acid and retinol, this serum targets fine lines, wrinkles, and age spots, leaving your skin looking youthful and radiant. Restore your skin\'s natural glow and texture with regular use.\n                        </p>\n                    </div>\n                    <div>\n                        <h3 class=\"tp-product-details-desc-title\">Hydration and Nourishment</h3>\n                        <p>\n                            Our anti-aging serum is enriched with hydrating and nourishing ingredients that penetrate deep into the skin to replenish moisture and improve elasticity. Say goodbye to dry, dull skin and hello to a complexion that\'s supple, smooth, and rejuvenated.\n                        </p>\n                    </div>\n                </div>\n                <div class=\"col-lg-6\">\n                    <div class=\"tp-product-details-desc-thumb\">\n                        <img src=\"/storage/beauty/products/product-1.png\" alt=\"Anti-Aging Serum\">\n                    </div>\n                </div>\n            </div>\n        </div>\n        <div class=\"tp-product-details-desc-item pb-75\">\n            <div class=\"row\">\n                <div class=\"col-lg-7\">\n                    <div class=\"tp-product-details-desc-thumb\">\n                        <img src=\"/storage/beauty/products/product-2.png\" alt=\"Application of Anti-Aging Serum\">\n                    </div>\n                </div>\n\n                <div class=\"col-lg-5 order-first order-lg-last\">\n                    <div class=\"des-content-2 pl-40\">\n                        <h3 class=\"tp-product-details-desc-title\">\n                            Visible Results\n                        </h3>\n                        <p>\n                            Experience noticeable results with our anti-aging serum. Within weeks of use, you\'ll notice smoother, firmer skin with reduced signs of aging. Incorporate it into your daily skincare routine for long-lasting benefits and a complexion that defies time.\n                        </p>\n                    </div>\n                </div>\n            </div>\n        </div>\n        <div class=\"tp-product-details-desc-item\">\n            <div class=\"row\">\n                <div class=\"col-xl-12\">\n                    <div class=\"tp-product-details-desc-banner text-center m-img\">\n                        <h3 class=\"tp-product-details-desc-banner-title tp-product-details-desc-title\">Expertly Formulated</h3>\n                        <img src=\"/storage/beauty/products/product-3.png\" alt=\"Beauty Lab\">\n                    </div>\n                </div>\n            </div>\n        </div>\n    </div>\n</div>\n','published','[\"beauty\\/products\\/product-1.png\",\"beauty\\/products\\/product-8.png\",\"beauty\\/products\\/product-6.png\",\"beauty\\/products\\/product-3.png\"]','N6-180-A1',0,15,0,1,1,3,0,0,1890,NULL,NULL,NULL,13.00,15.00,12.00,523.00,NULL,55217,'2024-05-10 02:11:15','2024-05-10 02:11:16','in_stock',4,0,'Botble\\ACL\\Models\\User',0,NULL,'physical',NULL,NULL,0,0,0),(42,'Faux Leather Leggings','Stay on trend with these high-waisted wide-leg trousers, combining comfort and sophistication. Pair them with heels for a refined look.','<div class=\"row justify-content-center\">\n    <div class=\"col-xl-10\">\n        <div class=\"tp-product-details-desc-item pb-105\">\n            <div class=\"row\">\n                <div class=\"col-lg-6\">\n                    <div class=\"pt-25\">\n                        <span>Anti-Aging Serum</span>\n                        <h3 class=\"tp-product-details-desc-title\">Revitalize Your Skin</h3>\n                        <p>\n                            Turn back the clock with our advanced anti-aging serum. Formulated with potent ingredients like hyaluronic acid and retinol, this serum targets fine lines, wrinkles, and age spots, leaving your skin looking youthful and radiant. Restore your skin\'s natural glow and texture with regular use.\n                        </p>\n                    </div>\n                    <div>\n                        <h3 class=\"tp-product-details-desc-title\">Hydration and Nourishment</h3>\n                        <p>\n                            Our anti-aging serum is enriched with hydrating and nourishing ingredients that penetrate deep into the skin to replenish moisture and improve elasticity. Say goodbye to dry, dull skin and hello to a complexion that\'s supple, smooth, and rejuvenated.\n                        </p>\n                    </div>\n                </div>\n                <div class=\"col-lg-6\">\n                    <div class=\"tp-product-details-desc-thumb\">\n                        <img src=\"/storage/beauty/products/product-1.png\" alt=\"Anti-Aging Serum\">\n                    </div>\n                </div>\n            </div>\n        </div>\n        <div class=\"tp-product-details-desc-item pb-75\">\n            <div class=\"row\">\n                <div class=\"col-lg-7\">\n                    <div class=\"tp-product-details-desc-thumb\">\n                        <img src=\"/storage/beauty/products/product-2.png\" alt=\"Application of Anti-Aging Serum\">\n                    </div>\n                </div>\n\n                <div class=\"col-lg-5 order-first order-lg-last\">\n                    <div class=\"des-content-2 pl-40\">\n                        <h3 class=\"tp-product-details-desc-title\">\n                            Visible Results\n                        </h3>\n                        <p>\n                            Experience noticeable results with our anti-aging serum. Within weeks of use, you\'ll notice smoother, firmer skin with reduced signs of aging. Incorporate it into your daily skincare routine for long-lasting benefits and a complexion that defies time.\n                        </p>\n                    </div>\n                </div>\n            </div>\n        </div>\n        <div class=\"tp-product-details-desc-item\">\n            <div class=\"row\">\n                <div class=\"col-xl-12\">\n                    <div class=\"tp-product-details-desc-banner text-center m-img\">\n                        <h3 class=\"tp-product-details-desc-banner-title tp-product-details-desc-title\">Expertly Formulated</h3>\n                        <img src=\"/storage/beauty/products/product-3.png\" alt=\"Beauty Lab\">\n                    </div>\n                </div>\n            </div>\n        </div>\n    </div>\n</div>\n','published','[\"beauty\\/products\\/product-3.png\",\"beauty\\/products\\/product-7.png\",\"beauty\\/products\\/product-4.png\",\"beauty\\/products\\/product-2.png\",\"beauty\\/products\\/product-5.png\",\"beauty\\/products\\/product-8.png\",\"beauty\\/products\\/product-6.png\",\"beauty\\/products\\/product-1.png\"]','IX-172',0,19,0,1,0,3,0,0,1089,422,NULL,NULL,19.00,10.00,17.00,834.00,NULL,71576,'2024-05-10 02:11:15','2024-05-10 02:11:15','in_stock',8,0,'Botble\\ACL\\Models\\User',0,NULL,'physical',NULL,NULL,0,0,0),(43,'Metallic Pleated Maxi Skirt','Accessorize with this bohemian fringe handbag, featuring intricate details and enough space for your essentials. The perfect boho-chic addition to your collection.','<div class=\"row justify-content-center\">\n    <div class=\"col-xl-10\">\n        <div class=\"tp-product-details-desc-item pb-105\">\n            <div class=\"row\">\n                <div class=\"col-lg-6\">\n                    <div class=\"pt-25\">\n                        <span>Anti-Aging Serum</span>\n                        <h3 class=\"tp-product-details-desc-title\">Revitalize Your Skin</h3>\n                        <p>\n                            Turn back the clock with our advanced anti-aging serum. Formulated with potent ingredients like hyaluronic acid and retinol, this serum targets fine lines, wrinkles, and age spots, leaving your skin looking youthful and radiant. Restore your skin\'s natural glow and texture with regular use.\n                        </p>\n                    </div>\n                    <div>\n                        <h3 class=\"tp-product-details-desc-title\">Hydration and Nourishment</h3>\n                        <p>\n                            Our anti-aging serum is enriched with hydrating and nourishing ingredients that penetrate deep into the skin to replenish moisture and improve elasticity. Say goodbye to dry, dull skin and hello to a complexion that\'s supple, smooth, and rejuvenated.\n                        </p>\n                    </div>\n                </div>\n                <div class=\"col-lg-6\">\n                    <div class=\"tp-product-details-desc-thumb\">\n                        <img src=\"/storage/beauty/products/product-1.png\" alt=\"Anti-Aging Serum\">\n                    </div>\n                </div>\n            </div>\n        </div>\n        <div class=\"tp-product-details-desc-item pb-75\">\n            <div class=\"row\">\n                <div class=\"col-lg-7\">\n                    <div class=\"tp-product-details-desc-thumb\">\n                        <img src=\"/storage/beauty/products/product-2.png\" alt=\"Application of Anti-Aging Serum\">\n                    </div>\n                </div>\n\n                <div class=\"col-lg-5 order-first order-lg-last\">\n                    <div class=\"des-content-2 pl-40\">\n                        <h3 class=\"tp-product-details-desc-title\">\n                            Visible Results\n                        </h3>\n                        <p>\n                            Experience noticeable results with our anti-aging serum. Within weeks of use, you\'ll notice smoother, firmer skin with reduced signs of aging. Incorporate it into your daily skincare routine for long-lasting benefits and a complexion that defies time.\n                        </p>\n                    </div>\n                </div>\n            </div>\n        </div>\n        <div class=\"tp-product-details-desc-item\">\n            <div class=\"row\">\n                <div class=\"col-xl-12\">\n                    <div class=\"tp-product-details-desc-banner text-center m-img\">\n                        <h3 class=\"tp-product-details-desc-banner-title tp-product-details-desc-title\">Expertly Formulated</h3>\n                        <img src=\"/storage/beauty/products/product-3.png\" alt=\"Beauty Lab\">\n                    </div>\n                </div>\n            </div>\n        </div>\n    </div>\n</div>\n','published','[\"beauty\\/products\\/product-8.png\",\"beauty\\/products\\/product-6.png\",\"beauty\\/products\\/product-7.png\",\"beauty\\/products\\/product-3.png\"]','SA-131-A1',0,16,0,1,0,5,0,0,1945,NULL,NULL,NULL,13.00,20.00,15.00,582.00,NULL,128160,'2024-05-10 02:11:15','2024-05-10 02:11:16','in_stock',6,0,'Botble\\ACL\\Models\\User',0,NULL,'physical',NULL,NULL,0,0,0),(44,'Leather Ankle Boots',NULL,NULL,'published','[\"beauty\\/products\\/product-7.png\"]','ZU-176-A1',0,18,0,1,0,1,1,0,1793,NULL,NULL,NULL,17.00,18.00,13.00,867.00,NULL,0,'2024-05-10 02:11:15','2024-05-10 02:11:15','in_stock',NULL,0,'Botble\\ACL\\Models\\User',0,NULL,'physical',NULL,NULL,0,NULL,NULL),(45,'Classic Aviator Sunglasses',NULL,NULL,'published','[\"beauty\\/products\\/product-3.png\"]','FM-114-A1',0,13,0,1,0,2,1,0,486,NULL,NULL,NULL,14.00,19.00,12.00,864.00,NULL,0,'2024-05-10 02:11:15','2024-05-10 02:11:15','in_stock',NULL,0,'Botble\\ACL\\Models\\User',0,NULL,'physical',NULL,NULL,0,NULL,NULL),(46,'Classic Aviator Sunglasses',NULL,NULL,'published','[\"beauty\\/products\\/product-6.png\"]','FM-114-A1-A2',0,13,0,1,0,2,1,0,486,NULL,NULL,NULL,14.00,19.00,12.00,864.00,NULL,0,'2024-05-10 02:11:15','2024-05-10 02:11:15','in_stock',NULL,0,'Botble\\ACL\\Models\\User',0,NULL,'physical',NULL,NULL,0,0,0),(47,'Classic Aviator Sunglasses',NULL,NULL,'published','[\"beauty\\/products\\/product-1.png\"]','FM-114-A1-A3',0,13,0,1,0,2,1,0,486,NULL,NULL,NULL,14.00,19.00,12.00,864.00,NULL,0,'2024-05-10 02:11:15','2024-05-10 02:11:15','in_stock',NULL,0,'Botble\\ACL\\Models\\User',0,NULL,'physical',NULL,NULL,0,0,0),(48,'Classic Aviator Sunglasses',NULL,NULL,'published','[\"beauty\\/products\\/product-7.png\"]','FM-114-A1-A4',0,13,0,1,0,2,1,0,486,NULL,NULL,NULL,14.00,19.00,12.00,864.00,NULL,0,'2024-05-10 02:11:15','2024-05-10 02:11:15','in_stock',NULL,0,'Botble\\ACL\\Models\\User',0,NULL,'physical',NULL,NULL,0,0,0),(49,'Tailored Wool Blazer',NULL,NULL,'published','[\"beauty\\/products\\/product-5.png\"]','GF-141-A1',0,14,0,1,0,2,1,0,2172,NULL,NULL,NULL,15.00,17.00,11.00,748.00,NULL,0,'2024-05-10 02:11:15','2024-05-10 02:11:15','in_stock',NULL,0,'Botble\\ACL\\Models\\User',0,NULL,'physical',NULL,NULL,0,NULL,NULL),(50,'Tailored Wool Blazer',NULL,NULL,'published','[\"beauty\\/products\\/product-3.png\"]','GF-141-A1-A2',0,14,0,1,0,2,1,0,2172,NULL,NULL,NULL,15.00,17.00,11.00,748.00,NULL,0,'2024-05-10 02:11:15','2024-05-10 02:11:15','in_stock',NULL,0,'Botble\\ACL\\Models\\User',0,NULL,'physical',NULL,NULL,0,0,0),(51,'Tailored Wool Blazer',NULL,NULL,'published','[\"beauty\\/products\\/product-1.png\"]','GF-141-A1-A3',0,14,0,1,0,2,1,0,2172,NULL,NULL,NULL,15.00,17.00,11.00,748.00,NULL,0,'2024-05-10 02:11:15','2024-05-10 02:11:15','in_stock',NULL,0,'Botble\\ACL\\Models\\User',0,NULL,'physical',NULL,NULL,0,0,0),(52,'Bohemian Fringe Handbag',NULL,NULL,'published','[\"beauty\\/products\\/product-5.png\"]','J0-187-A1',0,15,0,1,0,3,1,0,1244,NULL,NULL,NULL,16.00,16.00,12.00,792.00,NULL,0,'2024-05-10 02:11:15','2024-05-10 02:11:15','in_stock',NULL,0,'Botble\\ACL\\Models\\User',0,NULL,'physical',NULL,NULL,0,NULL,NULL),(53,'Embroidered Boho Blouse',NULL,NULL,'published','[\"beauty\\/products\\/product-3.png\"]','HU-166-A1',0,17,0,1,0,2,1,0,2191,NULL,NULL,NULL,19.00,11.00,16.00,564.00,NULL,0,'2024-05-10 02:11:15','2024-05-10 02:11:15','in_stock',NULL,0,'Botble\\ACL\\Models\\User',0,NULL,'physical',NULL,NULL,0,NULL,NULL),(54,'Embroidered Boho Blouse',NULL,NULL,'published','[\"beauty\\/products\\/product-5.png\"]','HU-166-A1-A2',0,17,0,1,0,2,1,0,2191,NULL,NULL,NULL,19.00,11.00,16.00,564.00,NULL,0,'2024-05-10 02:11:15','2024-05-10 02:11:15','in_stock',NULL,0,'Botble\\ACL\\Models\\User',0,NULL,'physical',NULL,NULL,0,0,0),(55,'Embroidered Boho Blouse',NULL,NULL,'published','[\"beauty\\/products\\/product-4.png\"]','HU-166-A1-A3',0,17,0,1,0,2,1,0,2191,NULL,NULL,NULL,19.00,11.00,16.00,564.00,NULL,0,'2024-05-10 02:11:15','2024-05-10 02:11:15','in_stock',NULL,0,'Botble\\ACL\\Models\\User',0,NULL,'physical',NULL,NULL,0,0,0),(56,'Statement Chunky Necklace',NULL,NULL,'published','[\"beauty\\/products\\/product-5.png\"]','MN-155-A1',0,14,0,1,0,2,1,0,1932,NULL,NULL,NULL,10.00,14.00,13.00,765.00,NULL,0,'2024-05-10 02:11:15','2024-05-10 02:11:15','in_stock',NULL,0,'Botble\\ACL\\Models\\User',0,NULL,'physical',NULL,NULL,0,NULL,NULL),(57,'Chic Fedora Hat (Digital)',NULL,NULL,'published','[\"beauty\\/products\\/product-7.png\"]','AF-173-A1',0,20,0,1,0,2,1,0,2473,2176.24,NULL,NULL,17.00,19.00,10.00,575.00,NULL,0,'2024-05-10 02:11:15','2024-05-10 02:11:15','in_stock',NULL,0,'Botble\\ACL\\Models\\User',0,NULL,'digital',NULL,NULL,0,NULL,NULL),(58,'Chic Fedora Hat (Digital)',NULL,NULL,'published','[\"beauty\\/products\\/product-4.png\"]','AF-173-A1-A2',0,20,0,1,0,2,1,0,2473,1805.29,NULL,NULL,17.00,19.00,10.00,575.00,NULL,0,'2024-05-10 02:11:15','2024-05-10 02:11:15','in_stock',NULL,0,'Botble\\ACL\\Models\\User',0,NULL,'digital',NULL,NULL,0,0,0),(59,'Strappy Block Heel Sandals',NULL,NULL,'published','[\"beauty\\/products\\/product-6.png\"]','AP-129-A1',0,11,0,1,0,3,1,0,569,NULL,NULL,NULL,11.00,11.00,15.00,678.00,NULL,0,'2024-05-10 02:11:15','2024-05-10 02:11:15','in_stock',NULL,0,'Botble\\ACL\\Models\\User',0,NULL,'physical',NULL,NULL,0,NULL,NULL),(60,'Strappy Block Heel Sandals',NULL,NULL,'published','[\"beauty\\/products\\/product-1.png\"]','AP-129-A1-A2',0,11,0,1,0,3,1,0,569,NULL,NULL,NULL,11.00,11.00,15.00,678.00,NULL,0,'2024-05-10 02:11:15','2024-05-10 02:11:15','in_stock',NULL,0,'Botble\\ACL\\Models\\User',0,NULL,'physical',NULL,NULL,0,0,0),(61,'Quilted Crossbody Bag',NULL,NULL,'published','[\"beauty\\/products\\/product-7.png\"]','GS-136-A1',0,19,0,1,0,2,1,0,1100,NULL,NULL,NULL,14.00,17.00,20.00,830.00,NULL,0,'2024-05-10 02:11:15','2024-05-10 02:11:15','in_stock',NULL,0,'Botble\\ACL\\Models\\User',0,NULL,'physical',NULL,NULL,0,NULL,NULL),(62,'Quilted Crossbody Bag',NULL,NULL,'published','[\"beauty\\/products\\/product-6.png\"]','GS-136-A1-A2',0,19,0,1,0,2,1,0,1100,NULL,NULL,NULL,14.00,17.00,20.00,830.00,NULL,0,'2024-05-10 02:11:15','2024-05-10 02:11:15','in_stock',NULL,0,'Botble\\ACL\\Models\\User',0,NULL,'physical',NULL,NULL,0,0,0),(63,'Quilted Crossbody Bag',NULL,NULL,'published','[\"beauty\\/products\\/product-8.png\"]','GS-136-A1-A3',0,19,0,1,0,2,1,0,1100,NULL,NULL,NULL,14.00,17.00,20.00,830.00,NULL,0,'2024-05-10 02:11:15','2024-05-10 02:11:15','in_stock',NULL,0,'Botble\\ACL\\Models\\User',0,NULL,'physical',NULL,NULL,0,0,0),(64,'Quilted Crossbody Bag',NULL,NULL,'published','[\"beauty\\/products\\/product-5.png\"]','GS-136-A1-A4',0,19,0,1,0,2,1,0,1100,NULL,NULL,NULL,14.00,17.00,20.00,830.00,NULL,0,'2024-05-10 02:11:15','2024-05-10 02:11:15','in_stock',NULL,0,'Botble\\ACL\\Models\\User',0,NULL,'physical',NULL,NULL,0,0,0),(65,'Cotton Striped T-Shirt Dress',NULL,NULL,'published','[\"beauty\\/products\\/product-1.png\"]','1D-126-A1',0,10,0,1,0,3,1,0,2115,NULL,NULL,NULL,13.00,12.00,11.00,875.00,NULL,0,'2024-05-10 02:11:15','2024-05-10 02:11:15','in_stock',NULL,0,'Botble\\ACL\\Models\\User',0,NULL,'physical',NULL,NULL,0,NULL,NULL),(66,'Cotton Striped T-Shirt Dress',NULL,NULL,'published','[\"beauty\\/products\\/product-2.png\"]','1D-126-A1-A2',0,10,0,1,0,3,1,0,2115,NULL,NULL,NULL,13.00,12.00,11.00,875.00,NULL,0,'2024-05-10 02:11:15','2024-05-10 02:11:15','in_stock',NULL,0,'Botble\\ACL\\Models\\User',0,NULL,'physical',NULL,NULL,0,0,0),(67,'Off-Shoulder Ruffle Top',NULL,NULL,'published','[\"beauty\\/products\\/product-6.png\"]','WG-115-A1',0,10,0,1,0,5,1,0,1611,NULL,NULL,NULL,18.00,12.00,18.00,801.00,NULL,0,'2024-05-10 02:11:15','2024-05-10 02:11:15','in_stock',NULL,0,'Botble\\ACL\\Models\\User',0,NULL,'physical',NULL,NULL,0,NULL,NULL),(68,'Off-Shoulder Ruffle Top',NULL,NULL,'published','[\"beauty\\/products\\/product-2.png\"]','WG-115-A1-A2',0,10,0,1,0,5,1,0,1611,NULL,NULL,NULL,18.00,12.00,18.00,801.00,NULL,0,'2024-05-10 02:11:15','2024-05-10 02:11:15','in_stock',NULL,0,'Botble\\ACL\\Models\\User',0,NULL,'physical',NULL,NULL,0,0,0),(69,'Off-Shoulder Ruffle Top',NULL,NULL,'published','[\"beauty\\/products\\/product-3.png\"]','WG-115-A1-A3',0,10,0,1,0,5,1,0,1611,NULL,NULL,NULL,18.00,12.00,18.00,801.00,NULL,0,'2024-05-10 02:11:15','2024-05-10 02:11:15','in_stock',NULL,0,'Botble\\ACL\\Models\\User',0,NULL,'physical',NULL,NULL,0,0,0),(70,'Suede Pointed-Toe Pumps',NULL,NULL,'published','[\"beauty\\/products\\/product-4.png\"]','49-105-A1',0,18,0,1,0,2,1,0,1288,NULL,NULL,NULL,11.00,20.00,12.00,536.00,NULL,0,'2024-05-10 02:11:15','2024-05-10 02:11:15','in_stock',NULL,0,'Botble\\ACL\\Models\\User',0,NULL,'physical',NULL,NULL,0,NULL,NULL),(71,'Suede Pointed-Toe Pumps',NULL,NULL,'published','[\"beauty\\/products\\/product-8.png\"]','49-105-A1-A2',0,18,0,1,0,2,1,0,1288,NULL,NULL,NULL,11.00,20.00,12.00,536.00,NULL,0,'2024-05-10 02:11:15','2024-05-10 02:11:15','in_stock',NULL,0,'Botble\\ACL\\Models\\User',0,NULL,'physical',NULL,NULL,0,0,0),(72,'Suede Pointed-Toe Pumps',NULL,NULL,'published','[\"beauty\\/products\\/product-5.png\"]','49-105-A1-A3',0,18,0,1,0,2,1,0,1288,NULL,NULL,NULL,11.00,20.00,12.00,536.00,NULL,0,'2024-05-10 02:11:15','2024-05-10 02:11:15','in_stock',NULL,0,'Botble\\ACL\\Models\\User',0,NULL,'physical',NULL,NULL,0,0,0),(73,'Suede Pointed-Toe Pumps',NULL,NULL,'published','[\"beauty\\/products\\/product-5.png\"]','49-105-A1-A4',0,18,0,1,0,2,1,0,1288,NULL,NULL,NULL,11.00,20.00,12.00,536.00,NULL,0,'2024-05-10 02:11:15','2024-05-10 02:11:15','in_stock',NULL,0,'Botble\\ACL\\Models\\User',0,NULL,'physical',NULL,NULL,0,0,0),(74,'Suede Pointed-Toe Pumps',NULL,NULL,'published','[\"beauty\\/products\\/product-5.png\"]','49-105-A1-A5',0,18,0,1,0,2,1,0,1288,NULL,NULL,NULL,11.00,20.00,12.00,536.00,NULL,0,'2024-05-10 02:11:15','2024-05-10 02:11:15','in_stock',NULL,0,'Botble\\ACL\\Models\\User',0,NULL,'physical',NULL,NULL,0,0,0),(75,'Cropped Cable Knit Sweater',NULL,NULL,'published','[\"beauty\\/products\\/product-4.png\"]','JX-186-A1',0,15,0,1,0,1,1,0,922,NULL,NULL,NULL,12.00,17.00,18.00,893.00,NULL,0,'2024-05-10 02:11:15','2024-05-10 02:11:15','in_stock',NULL,0,'Botble\\ACL\\Models\\User',0,NULL,'physical',NULL,NULL,0,NULL,NULL),(76,'Cropped Cable Knit Sweater',NULL,NULL,'published','[\"beauty\\/products\\/product-8.png\"]','JX-186-A1-A2',0,15,0,1,0,1,1,0,922,NULL,NULL,NULL,12.00,17.00,18.00,893.00,NULL,0,'2024-05-10 02:11:15','2024-05-10 02:11:15','in_stock',NULL,0,'Botble\\ACL\\Models\\User',0,NULL,'physical',NULL,NULL,0,0,0),(77,'Boho Fringed Kimono (Digital)',NULL,NULL,'published','[\"beauty\\/products\\/product-3.png\"]','SF-104-A1',0,10,0,1,0,5,1,0,1410,1001.1,NULL,NULL,16.00,12.00,16.00,653.00,NULL,0,'2024-05-10 02:11:15','2024-05-10 02:11:15','in_stock',NULL,0,'Botble\\ACL\\Models\\User',0,NULL,'digital',NULL,NULL,0,NULL,NULL),(78,'Boho Fringed Kimono (Digital)',NULL,NULL,'published','[\"beauty\\/products\\/product-5.png\"]','SF-104-A1-A2',0,10,0,1,0,5,1,0,1410,1085.7,NULL,NULL,16.00,12.00,16.00,653.00,NULL,0,'2024-05-10 02:11:15','2024-05-10 02:11:15','in_stock',NULL,0,'Botble\\ACL\\Models\\User',0,NULL,'digital',NULL,NULL,0,0,0),(79,'Boho Fringed Kimono (Digital)',NULL,NULL,'published','[\"beauty\\/products\\/product-6.png\"]','SF-104-A1-A3',0,10,0,1,0,5,1,0,1410,1085.7,NULL,NULL,16.00,12.00,16.00,653.00,NULL,0,'2024-05-10 02:11:15','2024-05-10 02:11:15','in_stock',NULL,0,'Botble\\ACL\\Models\\User',0,NULL,'digital',NULL,NULL,0,0,0),(80,'Ruffled Wrap Dress',NULL,NULL,'published','[\"beauty\\/products\\/product-1.png\"]','MZ-190-A1',0,11,0,1,0,1,1,0,2148,NULL,NULL,NULL,10.00,10.00,19.00,835.00,NULL,0,'2024-05-10 02:11:15','2024-05-10 02:11:15','in_stock',NULL,0,'Botble\\ACL\\Models\\User',0,NULL,'physical',NULL,NULL,0,NULL,NULL),(81,'Ruffled Wrap Dress',NULL,NULL,'published','[\"beauty\\/products\\/product-5.png\"]','MZ-190-A1-A2',0,11,0,1,0,1,1,0,2148,NULL,NULL,NULL,10.00,10.00,19.00,835.00,NULL,0,'2024-05-10 02:11:15','2024-05-10 02:11:15','in_stock',NULL,0,'Botble\\ACL\\Models\\User',0,NULL,'physical',NULL,NULL,0,0,0),(82,'Beaded Evening Clutch',NULL,NULL,'published','[\"beauty\\/products\\/product-3.png\"]','CX-186-A1',0,11,0,1,0,1,1,0,1492,NULL,NULL,NULL,11.00,20.00,20.00,606.00,NULL,0,'2024-05-10 02:11:15','2024-05-10 02:11:15','in_stock',NULL,0,'Botble\\ACL\\Models\\User',0,NULL,'physical',NULL,NULL,0,NULL,NULL),(83,'Beaded Evening Clutch',NULL,NULL,'published','[\"beauty\\/products\\/product-1.png\"]','CX-186-A1-A2',0,11,0,1,0,1,1,0,1492,NULL,NULL,NULL,11.00,20.00,20.00,606.00,NULL,0,'2024-05-10 02:11:15','2024-05-10 02:11:15','in_stock',NULL,0,'Botble\\ACL\\Models\\User',0,NULL,'physical',NULL,NULL,0,0,0),(84,'Wide Brim Floppy Hat',NULL,NULL,'published','[\"beauty\\/products\\/product-2.png\"]','SX-150-A1',0,10,0,1,0,2,1,0,1180,NULL,NULL,NULL,17.00,19.00,18.00,590.00,NULL,0,'2024-05-10 02:11:15','2024-05-10 02:11:15','in_stock',NULL,0,'Botble\\ACL\\Models\\User',0,NULL,'physical',NULL,NULL,0,NULL,NULL),(85,'Wide Brim Floppy Hat',NULL,NULL,'published','[\"beauty\\/products\\/product-1.png\"]','SX-150-A1-A2',0,10,0,1,0,2,1,0,1180,NULL,NULL,NULL,17.00,19.00,18.00,590.00,NULL,0,'2024-05-10 02:11:15','2024-05-10 02:11:15','in_stock',NULL,0,'Botble\\ACL\\Models\\User',0,NULL,'physical',NULL,NULL,0,0,0),(86,'Denim Overall Jumpsuit (Digital)',NULL,NULL,'published','[\"beauty\\/products\\/product-1.png\"]','YA-153-A1',0,15,0,1,0,1,1,0,609,535.92,NULL,NULL,19.00,12.00,20.00,834.00,NULL,0,'2024-05-10 02:11:15','2024-05-10 02:11:15','in_stock',NULL,0,'Botble\\ACL\\Models\\User',0,NULL,'digital',NULL,NULL,0,NULL,NULL),(87,'Denim Overall Jumpsuit (Digital)',NULL,NULL,'published','[\"beauty\\/products\\/product-6.png\"]','YA-153-A1-A2',0,15,0,1,0,1,1,0,609,493.29,NULL,NULL,19.00,12.00,20.00,834.00,NULL,0,'2024-05-10 02:11:15','2024-05-10 02:11:15','in_stock',NULL,0,'Botble\\ACL\\Models\\User',0,NULL,'digital',NULL,NULL,0,0,0),(88,'Denim Overall Jumpsuit (Digital)',NULL,NULL,'published','[\"beauty\\/products\\/product-5.png\"]','YA-153-A1-A3',0,15,0,1,0,1,1,0,609,523.74,NULL,NULL,19.00,12.00,20.00,834.00,NULL,0,'2024-05-10 02:11:15','2024-05-10 02:11:15','in_stock',NULL,0,'Botble\\ACL\\Models\\User',0,NULL,'digital',NULL,NULL,0,0,0),(89,'Pleated Midi Skirt',NULL,NULL,'published','[\"beauty\\/products\\/product-7.png\"]','YB-126-A1',0,12,0,1,0,5,1,0,2208,NULL,NULL,NULL,14.00,17.00,19.00,648.00,NULL,0,'2024-05-10 02:11:15','2024-05-10 02:11:15','in_stock',NULL,0,'Botble\\ACL\\Models\\User',0,NULL,'physical',NULL,NULL,0,NULL,NULL),(90,'Pleated Midi Skirt',NULL,NULL,'published','[\"beauty\\/products\\/product-6.png\"]','YB-126-A1-A2',0,12,0,1,0,5,1,0,2208,NULL,NULL,NULL,14.00,17.00,19.00,648.00,NULL,0,'2024-05-10 02:11:15','2024-05-10 02:11:15','in_stock',NULL,0,'Botble\\ACL\\Models\\User',0,NULL,'physical',NULL,NULL,0,0,0),(91,'Velour Tracksuit Set',NULL,NULL,'published','[\"beauty\\/products\\/product-2.png\"]','AQ-121-A1',0,17,0,1,0,4,1,0,934,NULL,NULL,NULL,20.00,18.00,15.00,689.00,NULL,0,'2024-05-10 02:11:15','2024-05-10 02:11:15','in_stock',NULL,0,'Botble\\ACL\\Models\\User',0,NULL,'physical',NULL,NULL,0,NULL,NULL),(92,'Velour Tracksuit Set',NULL,NULL,'published','[\"beauty\\/products\\/product-6.png\"]','AQ-121-A1-A2',0,17,0,1,0,4,1,0,934,NULL,NULL,NULL,20.00,18.00,15.00,689.00,NULL,0,'2024-05-10 02:11:15','2024-05-10 02:11:15','in_stock',NULL,0,'Botble\\ACL\\Models\\User',0,NULL,'physical',NULL,NULL,0,0,0),(93,'Velour Tracksuit Set',NULL,NULL,'published','[\"beauty\\/products\\/product-7.png\"]','AQ-121-A1-A3',0,17,0,1,0,4,1,0,934,NULL,NULL,NULL,20.00,18.00,15.00,689.00,NULL,0,'2024-05-10 02:11:15','2024-05-10 02:11:15','in_stock',NULL,0,'Botble\\ACL\\Models\\User',0,NULL,'physical',NULL,NULL,0,0,0),(94,'Buckle Detail Ankle Booties',NULL,NULL,'published','[\"beauty\\/products\\/product-6.png\"]','C7-143-A1',0,15,0,1,0,3,1,0,271,NULL,NULL,NULL,16.00,19.00,12.00,850.00,NULL,0,'2024-05-10 02:11:15','2024-05-10 02:11:15','in_stock',NULL,0,'Botble\\ACL\\Models\\User',0,NULL,'physical',NULL,NULL,0,NULL,NULL),(95,'Buckle Detail Ankle Booties',NULL,NULL,'published','[\"beauty\\/products\\/product-7.png\"]','C7-143-A1-A2',0,15,0,1,0,3,1,0,271,NULL,NULL,NULL,16.00,19.00,12.00,850.00,NULL,0,'2024-05-10 02:11:15','2024-05-10 02:11:15','in_stock',NULL,0,'Botble\\ACL\\Models\\User',0,NULL,'physical',NULL,NULL,0,0,0),(96,'Buckle Detail Ankle Booties',NULL,NULL,'published','[\"beauty\\/products\\/product-3.png\"]','C7-143-A1-A3',0,15,0,1,0,3,1,0,271,NULL,NULL,NULL,16.00,19.00,12.00,850.00,NULL,0,'2024-05-10 02:11:15','2024-05-10 02:11:15','in_stock',NULL,0,'Botble\\ACL\\Models\\User',0,NULL,'physical',NULL,NULL,0,0,0),(97,'Embroidered Bomber Jacket',NULL,NULL,'published','[\"beauty\\/products\\/product-7.png\"]','9W-157-A1',0,20,0,1,0,2,1,0,1023,NULL,NULL,NULL,17.00,12.00,11.00,748.00,NULL,0,'2024-05-10 02:11:15','2024-05-10 02:11:15','in_stock',NULL,0,'Botble\\ACL\\Models\\User',0,NULL,'physical',NULL,NULL,0,NULL,NULL),(98,'Embroidered Bomber Jacket',NULL,NULL,'published','[\"beauty\\/products\\/product-3.png\"]','9W-157-A1-A2',0,20,0,1,0,2,1,0,1023,NULL,NULL,NULL,17.00,12.00,11.00,748.00,NULL,0,'2024-05-10 02:11:15','2024-05-10 02:11:15','in_stock',NULL,0,'Botble\\ACL\\Models\\User',0,NULL,'physical',NULL,NULL,0,0,0),(99,'Embroidered Bomber Jacket',NULL,NULL,'published','[\"beauty\\/products\\/product-5.png\"]','9W-157-A1-A3',0,20,0,1,0,2,1,0,1023,NULL,NULL,NULL,17.00,12.00,11.00,748.00,NULL,0,'2024-05-10 02:11:15','2024-05-10 02:11:15','in_stock',NULL,0,'Botble\\ACL\\Models\\User',0,NULL,'physical',NULL,NULL,0,0,0),(100,'Chunky Knit Infinity Scarf (Digital)',NULL,NULL,'published','[\"beauty\\/products\\/product-5.png\"]','HL-124-A1',0,15,0,1,0,1,1,0,1499,1094.27,NULL,NULL,16.00,11.00,18.00,650.00,NULL,0,'2024-05-10 02:11:15','2024-05-10 02:11:15','in_stock',NULL,0,'Botble\\ACL\\Models\\User',0,NULL,'digital',NULL,NULL,0,NULL,NULL),(101,'Chunky Knit Infinity Scarf (Digital)',NULL,NULL,'published','[\"beauty\\/products\\/product-7.png\"]','HL-124-A1-A2',0,15,0,1,0,1,1,0,1499,1109.26,NULL,NULL,16.00,11.00,18.00,650.00,NULL,0,'2024-05-10 02:11:15','2024-05-10 02:11:15','in_stock',NULL,0,'Botble\\ACL\\Models\\User',0,NULL,'digital',NULL,NULL,0,0,0),(102,'Chunky Knit Infinity Scarf (Digital)',NULL,NULL,'published','[\"beauty\\/products\\/product-1.png\"]','HL-124-A1-A3',0,15,0,1,0,1,1,0,1499,1199.2,NULL,NULL,16.00,11.00,18.00,650.00,NULL,0,'2024-05-10 02:11:15','2024-05-10 02:11:15','in_stock',NULL,0,'Botble\\ACL\\Models\\User',0,NULL,'digital',NULL,NULL,0,0,0),(103,'Retro High-Top Sneakers',NULL,NULL,'published','[\"beauty\\/products\\/product-8.png\"]','N6-180-A1',0,15,0,1,0,3,1,0,1890,NULL,NULL,NULL,13.00,15.00,12.00,523.00,NULL,0,'2024-05-10 02:11:16','2024-05-10 02:11:16','in_stock',NULL,0,'Botble\\ACL\\Models\\User',0,NULL,'physical',NULL,NULL,0,NULL,NULL),(104,'Retro High-Top Sneakers',NULL,NULL,'published','[\"beauty\\/products\\/product-6.png\"]','N6-180-A1-A2',0,15,0,1,0,3,1,0,1890,NULL,NULL,NULL,13.00,15.00,12.00,523.00,NULL,0,'2024-05-10 02:11:16','2024-05-10 02:11:16','in_stock',NULL,0,'Botble\\ACL\\Models\\User',0,NULL,'physical',NULL,NULL,0,0,0),(105,'Retro High-Top Sneakers',NULL,NULL,'published','[\"beauty\\/products\\/product-3.png\"]','N6-180-A1-A3',0,15,0,1,0,3,1,0,1890,NULL,NULL,NULL,13.00,15.00,12.00,523.00,NULL,0,'2024-05-10 02:11:16','2024-05-10 02:11:16','in_stock',NULL,0,'Botble\\ACL\\Models\\User',0,NULL,'physical',NULL,NULL,0,0,0),(106,'Retro High-Top Sneakers',NULL,NULL,'published','[\"beauty\\/products\\/product-1.png\"]','N6-180-A1-A4',0,15,0,1,0,3,1,0,1890,NULL,NULL,NULL,13.00,15.00,12.00,523.00,NULL,0,'2024-05-10 02:11:16','2024-05-10 02:11:16','in_stock',NULL,0,'Botble\\ACL\\Models\\User',0,NULL,'physical',NULL,NULL,0,0,0),(107,'Retro High-Top Sneakers',NULL,NULL,'published','[\"beauty\\/products\\/product-1.png\"]','N6-180-A1-A5',0,15,0,1,0,3,1,0,1890,NULL,NULL,NULL,13.00,15.00,12.00,523.00,NULL,0,'2024-05-10 02:11:16','2024-05-10 02:11:16','in_stock',NULL,0,'Botble\\ACL\\Models\\User',0,NULL,'physical',NULL,NULL,0,0,0),(108,'Metallic Pleated Maxi Skirt',NULL,NULL,'published','[\"beauty\\/products\\/product-6.png\"]','SA-131-A1',0,16,0,1,0,5,1,0,1945,NULL,NULL,NULL,13.00,20.00,15.00,582.00,NULL,0,'2024-05-10 02:11:16','2024-05-10 02:11:16','in_stock',NULL,0,'Botble\\ACL\\Models\\User',0,NULL,'physical',NULL,NULL,0,NULL,NULL),(109,'Metallic Pleated Maxi Skirt',NULL,NULL,'published','[\"beauty\\/products\\/product-7.png\"]','SA-131-A1-A2',0,16,0,1,0,5,1,0,1945,NULL,NULL,NULL,13.00,20.00,15.00,582.00,NULL,0,'2024-05-10 02:11:16','2024-05-10 02:11:16','in_stock',NULL,0,'Botble\\ACL\\Models\\User',0,NULL,'physical',NULL,NULL,0,0,0),(110,'Metallic Pleated Maxi Skirt',NULL,NULL,'published','[\"beauty\\/products\\/product-3.png\"]','SA-131-A1-A3',0,16,0,1,0,5,1,0,1945,NULL,NULL,NULL,13.00,20.00,15.00,582.00,NULL,0,'2024-05-10 02:11:16','2024-05-10 02:11:16','in_stock',NULL,0,'Botble\\ACL\\Models\\User',0,NULL,'physical',NULL,NULL,0,0,0),(111,'Metallic Pleated Maxi Skirt',NULL,NULL,'published','[\"beauty\\/products\\/product-8.png\"]','SA-131-A1-A4',0,16,0,1,0,5,1,0,1945,NULL,NULL,NULL,13.00,20.00,15.00,582.00,NULL,0,'2024-05-10 02:11:16','2024-05-10 02:11:16','in_stock',NULL,0,'Botble\\ACL\\Models\\User',0,NULL,'physical',NULL,NULL,0,0,0),(112,'Metallic Pleated Maxi Skirt',NULL,NULL,'published','[\"beauty\\/products\\/product-8.png\"]','SA-131-A1-A5',0,16,0,1,0,5,1,0,1945,NULL,NULL,NULL,13.00,20.00,15.00,582.00,NULL,0,'2024-05-10 02:11:16','2024-05-10 02:11:16','in_stock',NULL,0,'Botble\\ACL\\Models\\User',0,NULL,'physical',NULL,NULL,0,0,0);

--
