-- Table structure for table `ec_products_translations`
--

CREATE TABLE `ec_products_translations` (
  `lang_code` varchar(191) COLLATE utf8mb4_unicode_ci NOT NULL,
  `ec_products_id` bigint unsigned NOT NULL,
  `name` varchar(191) COLLATE utf8mb4_unicode_ci DEFAULT NULL,
  `description` text COLLATE utf8mb4_unicode_ci,
  `content` text COLLATE utf8mb4_unicode_ci,
  PRIMARY KEY (`lang_code`,`ec_products_id`)
) ENGINE=InnoDB DEFAULT CHARSET=utf8mb4 COLLATE=utf8mb4_unicode_ci;

--
-- Dumping data for table `ec_products_translations`
--


--
-- Table structure for table `ec_review_replies`
--

CREATE TABLE `ec_review_replies` (
  `id` bigint unsigned NOT NULL AUTO_INCREMENT,
  `user_id` bigint unsigned NOT NULL,
  `review_id` bigint unsigned NOT NULL,
  `message` text COLLATE utf8mb4_unicode_ci NOT NULL,
  `created_at` timestamp NULL DEFAULT NULL,
  `updated_at` timestamp NULL DEFAULT NULL,
  PRIMARY KEY (`id`),
  UNIQUE KEY `ec_review_replies_review_id_user_id_unique` (`review_id`,`user_id`)
) ENGINE=InnoDB DEFAULT CHARSET=utf8mb4 COLLATE=utf8mb4_unicode_ci;

--
-- Dumping data for table `ec_review_replies`
--


--
-- Table structure for table `ec_reviews`
--

CREATE TABLE `ec_reviews` (
  `id` bigint unsigned NOT NULL AUTO_INCREMENT,
  `customer_id` bigint unsigned DEFAULT NULL,
  `customer_name` varchar(191) COLLATE utf8mb4_unicode_ci DEFAULT NULL,
  `customer_email` varchar(191) COLLATE utf8mb4_unicode_ci DEFAULT NULL,
  `product_id` bigint unsigned NOT NULL,
  `star` double(8,2) NOT NULL,
  `comment` text COLLATE utf8mb4_unicode_ci NOT NULL,
  `status` varchar(60) COLLATE utf8mb4_unicode_ci NOT NULL DEFAULT 'published',
  `created_at` timestamp NULL DEFAULT NULL,
  `updated_at` timestamp NULL DEFAULT NULL,
  `images` text COLLATE utf8mb4_unicode_ci,
  PRIMARY KEY (`id`),
  UNIQUE KEY `ec_reviews_product_id_customer_id_unique` (`product_id`,`customer_id`),
  KEY `ec_reviews_product_id_customer_id_status_created_at_index` (`product_id`,`customer_id`,`status`,`created_at`),
  KEY `review_relation_index` (`product_id`,`customer_id`,`status`)
) ENGINE=InnoDB AUTO_INCREMENT=1001 DEFAULT CHARSET=utf8mb4 COLLATE=utf8mb4_unicode_ci;

--
-- Dumping data for table `ec_reviews`
--

INSERT INTO `ec_reviews` VALUES (1,7,NULL,NULL,36,3.00,'Perfect +++++++++ i love it really also i get to fast ticket answers... Thanks Lot BOTBLE Teams','published','2024-05-10 02:11:17','2024-05-10 02:11:17','[\"beauty\\/products\\/product-2.png\",\"beauty\\/products\\/product-5.png\",\"beauty\\/products\\/product-6.png\",\"beauty\\/products\\/product-8.png\"]'),(2,9,NULL,NULL,34,2.00,'The code is good, in general, if you like it, can you give it 5 stars?','published','2024-05-10 02:11:17','2024-05-10 02:11:17','[\"beauty\\/products\\/product-1.png\"]'),(3,10,NULL,NULL,5,5.00,'I Love this Script. I also found how to add other fees. Now I just wait the BIG update for the Marketplace with the Bulk Import. Just do not forget to make it to be Multi-language for us the Botble Fans.','published','2024-05-10 02:11:17','2024-05-10 02:11:17','[\"beauty\\/products\\/product-2.png\",\"beauty\\/products\\/product-3.png\",\"beauty\\/products\\/product-6.png\"]'),(4,10,NULL,NULL,18,5.00,'We have received brilliant service support and will be expanding the features with the developer. Nice product!','published','2024-05-10 02:11:17','2024-05-10 02:11:17','[\"beauty\\/products\\/product-3.png\"]'),(5,6,NULL,NULL,36,3.00,'Great system, great support, good job Botble. I\'m looking forward to more great functional plugins.','published','2024-05-10 02:11:17','2024-05-10 02:11:17','[\"beauty\\/products\\/product-3.png\",\"beauty\\/products\\/product-7.png\"]'),(6,6,NULL,NULL,24,4.00,'This script is well coded and is super fast. The support is pretty quick. Very patient and helpful team. I strongly recommend it and they deserve more than 5 stars.','published','2024-05-10 02:11:17','2024-05-10 02:11:17','[\"beauty\\/products\\/product-1.png\",\"beauty\\/products\\/product-4.png\"]'),(7,2,NULL,NULL,3,3.00,'Great E-commerce system. And much more : Wonderful Customer Support.','published','2024-05-10 02:11:17','2024-05-10 02:11:17','[\"beauty\\/products\\/product-6.png\",\"beauty\\/products\\/product-8.png\"]'),(8,4,NULL,NULL,19,4.00,'Amazing code, amazing support. Overall, im really confident in Botble and im happy I made the right choice! Thank you so much guys for coding this masterpiece','published','2024-05-10 02:11:17','2024-05-10 02:11:17','[\"beauty\\/products\\/product-6.png\"]'),(9,7,NULL,NULL,15,5.00,'I Love this Script. I also found how to add other fees. Now I just wait the BIG update for the Marketplace with the Bulk Import. Just do not forget to make it to be Multi-language for us the Botble Fans.','published','2024-05-10 02:11:17','2024-05-10 02:11:17','[\"beauty\\/products\\/product-1.png\",\"beauty\\/products\\/product-2.png\"]'),(10,3,NULL,NULL,26,1.00,'Perfect +++++++++ i love it really also i get to fast ticket answers... Thanks Lot BOTBLE Teams','published','2024-05-10 02:11:17','2024-05-10 02:11:17','[\"beauty\\/products\\/product-4.png\",\"beauty\\/products\\/product-5.png\",\"beauty\\/products\\/product-6.png\",\"beauty\\/products\\/product-7.png\"]'),(11,4,NULL,NULL,12,1.00,'I Love this Script. I also found how to add other fees. Now I just wait the BIG update for the Marketplace with the Bulk Import. Just do not forget to make it to be Multi-language for us the Botble Fans.','published','2024-05-10 02:11:17','2024-05-10 02:11:17','[\"beauty\\/products\\/product-8.png\"]'),(12,7,NULL,NULL,31,4.00,'Amazing code, amazing support. Overall, im really confident in Botble and im happy I made the right choice! Thank you so much guys for coding this masterpiece','published','2024-05-10 02:11:17','2024-05-10 02:11:17','[\"beauty\\/products\\/product-1.png\",\"beauty\\/products\\/product-8.png\"]'),(13,3,NULL,NULL,7,5.00,'The script is the best of its class, fast, easy to implement and work with , and the most important thing is the great support team , Recommend with no doubt.','published','2024-05-10 02:11:17','2024-05-10 02:11:17','[\"beauty\\/products\\/product-1.png\"]'),(14,10,NULL,NULL,26,5.00,'We have received brilliant service support and will be expanding the features with the developer. Nice product!','published','2024-05-10 02:11:17','2024-05-10 02:11:17','[\"beauty\\/products\\/product-1.png\",\"beauty\\/products\\/product-4.png\"]'),(15,3,NULL,NULL,37,3.00,'As a developer I reviewed this script. This is really awesome ecommerce script. I have convinced when I noticed that it\'s built on fully WordPress concept.','published','2024-05-10 02:11:17','2024-05-10 02:11:17','[\"beauty\\/products\\/product-1.png\",\"beauty\\/products\\/product-6.png\"]'),(16,5,NULL,NULL,29,1.00,'Best ecommerce CMS online store!','published','2024-05-10 02:11:17','2024-05-10 02:11:17','[\"beauty\\/products\\/product-3.png\"]'),(17,2,NULL,NULL,4,3.00,'I Love this Script. I also found how to add other fees. Now I just wait the BIG update for the Marketplace with the Bulk Import. Just do not forget to make it to be Multi-language for us the Botble Fans.','published','2024-05-10 02:11:17','2024-05-10 02:11:17','[\"beauty\\/products\\/product-1.png\",\"beauty\\/products\\/product-4.png\",\"beauty\\/products\\/product-6.png\",\"beauty\\/products\\/product-8.png\"]'),(18,3,NULL,NULL,28,3.00,'Best ecommerce CMS online store!','published','2024-05-10 02:11:17','2024-05-10 02:11:17','[\"beauty\\/products\\/product-2.png\",\"beauty\\/products\\/product-4.png\",\"beauty\\/products\\/product-5.png\",\"beauty\\/products\\/product-7.png\"]'),(19,3,NULL,NULL,31,1.00,'For me the best eCommerce script on Envato at this moment: modern, clean code, a lot of great features. The customer support is great too: I always get an answer within hours!','published','2024-05-10 02:11:17','2024-05-10 02:11:17','[\"beauty\\/products\\/product-1.png\",\"beauty\\/products\\/product-3.png\",\"beauty\\/products\\/product-4.png\",\"beauty\\/products\\/product-8.png\"]'),(21,6,NULL,NULL,17,4.00,'Great system, great support, good job Botble. I\'m looking forward to more great functional plugins.','published','2024-05-10 02:11:17','2024-05-10 02:11:17','[\"beauty\\/products\\/product-4.png\",\"beauty\\/products\\/product-6.png\"]'),(22,3,NULL,NULL,11,5.00,'Amazing code, amazing support. Overall, im really confident in Botble and im happy I made the right choice! Thank you so much guys for coding this masterpiece','published','2024-05-10 02:11:17','2024-05-10 02:11:17','[\"beauty\\/products\\/product-1.png\",\"beauty\\/products\\/product-5.png\",\"beauty\\/products\\/product-8.png\"]'),(23,1,NULL,NULL,24,1.00,'This web app is really good in design, code quality & features. Besides, the customer support provided by the Botble team was really fast & helpful. You guys are awesome!','published','2024-05-10 02:11:17','2024-05-10 02:11:17','[\"beauty\\/products\\/product-1.png\",\"beauty\\/products\\/product-8.png\"]'),(24,4,NULL,NULL,20,3.00,'It\'s not my first experience here on Codecanyon and I can honestly tell you all that Botble puts a LOT of effort into the support. They answer so fast, they helped me tons of times. REALLY by far THE BEST EXPERIENCE on Codecanyon. Those guys at Botble are so good that they deserve 5 stars. I recommend them, I trust them and I can\'t wait to see what they will sell in a near future. Thank you Botble :)','published','2024-05-10 02:11:17','2024-05-10 02:11:17','[\"beauty\\/products\\/product-2.png\",\"beauty\\/products\\/product-3.png\"]'),(25,4,NULL,NULL,3,2.00,'The code is good, in general, if you like it, can you give it 5 stars?','published','2024-05-10 02:11:17','2024-05-10 02:11:17','[\"beauty\\/products\\/product-2.png\",\"beauty\\/products\\/product-4.png\",\"beauty\\/products\\/product-5.png\",\"beauty\\/products\\/product-7.png\"]'),(26,6,NULL,NULL,2,5.00,'Best ecommerce CMS online store!','published','2024-05-10 02:11:17','2024-05-10 02:11:17','[\"beauty\\/products\\/product-5.png\"]'),(28,6,NULL,NULL,6,1.00,'We have received brilliant service support and will be expanding the features with the developer. Nice product!','published','2024-05-10 02:11:17','2024-05-10 02:11:17','[\"beauty\\/products\\/product-3.png\",\"beauty\\/products\\/product-7.png\"]'),(29,6,NULL,NULL,35,4.00,'The best store template! Excellent coding! Very good support! Thank you so much for all the help, I really appreciated.','published','2024-05-10 02:11:17','2024-05-10 02:11:17','[\"beauty\\/products\\/product-7.png\"]'),(30,2,NULL,NULL,21,2.00,'We have received brilliant service support and will be expanding the features with the developer. Nice product!','published','2024-05-10 02:11:17','2024-05-10 02:11:17','[\"beauty\\/products\\/product-2.png\",\"beauty\\/products\\/product-6.png\",\"beauty\\/products\\/product-7.png\"]'),(31,3,NULL,NULL,9,1.00,'The best store template! Excellent coding! Very good support! Thank you so much for all the help, I really appreciated.','published','2024-05-10 02:11:17','2024-05-10 02:11:17','[\"beauty\\/products\\/product-1.png\",\"beauty\\/products\\/product-3.png\",\"beauty\\/products\\/product-5.png\",\"beauty\\/products\\/product-6.png\"]'),(32,6,NULL,NULL,40,3.00,'We have received brilliant service support and will be expanding the features with the developer. Nice product!','published','2024-05-10 02:11:17','2024-05-10 02:11:17','[\"beauty\\/products\\/product-1.png\",\"beauty\\/products\\/product-5.png\",\"beauty\\/products\\/product-6.png\",\"beauty\\/products\\/product-8.png\"]'),(33,5,NULL,NULL,32,2.00,'As a developer I reviewed this script. This is really awesome ecommerce script. I have convinced when I noticed that it\'s built on fully WordPress concept.','published','2024-05-10 02:11:17','2024-05-10 02:11:17','[\"beauty\\/products\\/product-2.png\",\"beauty\\/products\\/product-4.png\",\"beauty\\/products\\/product-6.png\"]'),(34,4,NULL,NULL,28,1.00,'Solution is too robust for our purpose so we didn\'t use it at the end. But I appreciate customer support during initial configuration.','published','2024-05-10 02:11:17','2024-05-10 02:11:17','[\"beauty\\/products\\/product-7.png\"]'),(35,8,NULL,NULL,27,2.00,'We have received brilliant service support and will be expanding the features with the developer. Nice product!','published','2024-05-10 02:11:17','2024-05-10 02:11:17','[\"beauty\\/products\\/product-4.png\",\"beauty\\/products\\/product-6.png\",\"beauty\\/products\\/product-7.png\",\"beauty\\/products\\/product-8.png\"]'),(36,3,NULL,NULL,12,2.00,'Very enthusiastic support! Excellent code is written. It\'s a true pleasure working with.','published','2024-05-10 02:11:17','2024-05-10 02:11:17','[\"beauty\\/products\\/product-8.png\"]'),(37,7,NULL,NULL,20,2.00,'The best store template! Excellent coding! Very good support! Thank you so much for all the help, I really appreciated.','published','2024-05-10 02:11:17','2024-05-10 02:11:17','[\"beauty\\/products\\/product-1.png\",\"beauty\\/products\\/product-3.png\",\"beauty\\/products\\/product-6.png\",\"beauty\\/products\\/product-8.png\"]'),(38,3,NULL,NULL,22,4.00,'Perfect +++++++++ i love it really also i get to fast ticket answers... Thanks Lot BOTBLE Teams','published','2024-05-10 02:11:17','2024-05-10 02:11:17','[\"beauty\\/products\\/product-2.png\",\"beauty\\/products\\/product-4.png\",\"beauty\\/products\\/product-6.png\"]'),(39,5,NULL,NULL,23,1.00,'The script is the best of its class, fast, easy to implement and work with , and the most important thing is the great support team , Recommend with no doubt.','published','2024-05-10 02:11:17','2024-05-10 02:11:17','[\"beauty\\/products\\/product-5.png\",\"beauty\\/products\\/product-7.png\"]'),(40,6,NULL,NULL,18,5.00,'The code is good, in general, if you like it, can you give it 5 stars?','published','2024-05-10 02:11:17','2024-05-10 02:11:17','[\"beauty\\/products\\/product-1.png\",\"beauty\\/products\\/product-2.png\",\"beauty\\/products\\/product-5.png\",\"beauty\\/products\\/product-8.png\"]'),(41,9,NULL,NULL,2,3.00,'Clean & perfect source code','published','2024-05-10 02:11:17','2024-05-10 02:11:17','[\"beauty\\/products\\/product-3.png\",\"beauty\\/products\\/product-4.png\",\"beauty\\/products\\/product-6.png\",\"beauty\\/products\\/product-7.png\"]'),(43,3,NULL,NULL,32,3.00,'The code is good, in general, if you like it, can you give it 5 stars?','published','2024-05-10 02:11:17','2024-05-10 02:11:17','[\"beauty\\/products\\/product-2.png\",\"beauty\\/products\\/product-8.png\"]'),(44,10,NULL,NULL,40,5.00,'As a developer I reviewed this script. This is really awesome ecommerce script. I have convinced when I noticed that it\'s built on fully WordPress concept.','published','2024-05-10 02:11:17','2024-05-10 02:11:17','[\"beauty\\/products\\/product-1.png\",\"beauty\\/products\\/product-2.png\",\"beauty\\/products\\/product-5.png\",\"beauty\\/products\\/product-8.png\"]'),(45,7,NULL,NULL,32,2.00,'We have received brilliant service support and will be expanding the features with the developer. Nice product!','published','2024-05-10 02:11:17','2024-05-10 02:11:17','[\"beauty\\/products\\/product-2.png\"]'),(46,5,NULL,NULL,21,1.00,'The script is the best of its class, fast, easy to implement and work with , and the most important thing is the great support team , Recommend with no doubt.','published','2024-05-10 02:11:17','2024-05-10 02:11:17','[\"beauty\\/products\\/product-5.png\"]'),(47,4,NULL,NULL,5,5.00,'For me the best eCommerce script on Envato at this moment: modern, clean code, a lot of great features. The customer support is great too: I always get an answer within hours!','published','2024-05-10 02:11:17','2024-05-10 02:11:17','[\"beauty\\/products\\/product-1.png\",\"beauty\\/products\\/product-3.png\",\"beauty\\/products\\/product-7.png\"]'),(48,3,NULL,NULL,38,3.00,'Solution is too robust for our purpose so we didn\'t use it at the end. But I appreciate customer support during initial configuration.','published','2024-05-10 02:11:17','2024-05-10 02:11:17','[\"beauty\\/products\\/product-1.png\",\"beauty\\/products\\/product-3.png\",\"beauty\\/products\\/product-5.png\",\"beauty\\/products\\/product-8.png\"]'),(49,9,NULL,NULL,37,2.00,'I Love this Script. I also found how to add other fees. Now I just wait the BIG update for the Marketplace with the Bulk Import. Just do not forget to make it to be Multi-language for us the Botble Fans.','published','2024-05-10 02:11:17','2024-05-10 02:11:17','[\"beauty\\/products\\/product-4.png\",\"beauty\\/products\\/product-5.png\",\"beauty\\/products\\/product-6.png\",\"beauty\\/products\\/product-7.png\"]'),(50,1,NULL,NULL,18,3.00,'Good app, good backup service and support. Good documentation.','published','2024-05-10 02:11:17','2024-05-10 02:11:17','[\"beauty\\/products\\/product-3.png\",\"beauty\\/products\\/product-5.png\"]'),(51,1,NULL,NULL,12,5.00,'Best ecommerce CMS online store!','published','2024-05-10 02:11:17','2024-05-10 02:11:17','[\"beauty\\/products\\/product-1.png\",\"beauty\\/products\\/product-2.png\"]'),(52,7,NULL,NULL,7,1.00,'We have received brilliant service support and will be expanding the features with the developer. Nice product!','published','2024-05-10 02:11:17','2024-05-10 02:11:17','[\"beauty\\/products\\/product-1.png\",\"beauty\\/products\\/product-2.png\",\"beauty\\/products\\/product-7.png\",\"beauty\\/products\\/product-8.png\"]'),(53,7,NULL,NULL,8,4.00,'Customer Support are grade (A*), however the code is a way too over engineered for it\'s purpose.','published','2024-05-10 02:11:17','2024-05-10 02:11:17','[\"beauty\\/products\\/product-1.png\"]'),(54,1,NULL,NULL,20,3.00,'This web app is really good in design, code quality & features. Besides, the customer support provided by the Botble team was really fast & helpful. You guys are awesome!','published','2024-05-10 02:11:17','2024-05-10 02:11:17','[\"beauty\\/products\\/product-2.png\",\"beauty\\/products\\/product-5.png\",\"beauty\\/products\\/product-7.png\"]'),(55,10,NULL,NULL,2,2.00,'Second or third time that I buy a Botble product, happy with the products and support. You guys do a good job :)','published','2024-05-10 02:11:17','2024-05-10 02:11:17','[\"beauty\\/products\\/product-2.png\",\"beauty\\/products\\/product-5.png\",\"beauty\\/products\\/product-6.png\",\"beauty\\/products\\/product-7.png\"]'),(56,3,NULL,NULL,5,2.00,'The best ecommerce CMS! Excellent coding! best support service! Thank you so much..... I really like your hard work.','published','2024-05-10 02:11:17','2024-05-10 02:11:17','[\"beauty\\/products\\/product-2.png\",\"beauty\\/products\\/product-5.png\",\"beauty\\/products\\/product-6.png\",\"beauty\\/products\\/product-8.png\"]'),(57,9,NULL,NULL,14,5.00,'These guys are amazing! Responses immediately, amazing support and help... I immediately feel at ease after Purchasing..','published','2024-05-10 02:11:17','2024-05-10 02:11:17','[\"beauty\\/products\\/product-4.png\",\"beauty\\/products\\/product-6.png\",\"beauty\\/products\\/product-8.png\"]'),(58,4,NULL,NULL,32,5.00,'Great system, great support, good job Botble. I\'m looking forward to more great functional plugins.','published','2024-05-10 02:11:17','2024-05-10 02:11:17','[\"beauty\\/products\\/product-1.png\",\"beauty\\/products\\/product-7.png\",\"beauty\\/products\\/product-8.png\"]'),(59,8,NULL,NULL,22,1.00,'Perfect +++++++++ i love it really also i get to fast ticket answers... Thanks Lot BOTBLE Teams','published','2024-05-10 02:11:17','2024-05-10 02:11:17','[\"beauty\\/products\\/product-3.png\",\"beauty\\/products\\/product-7.png\"]'),(61,7,NULL,NULL,1,5.00,'This script is well coded and is super fast. The support is pretty quick. Very patient and helpful team. I strongly recommend it and they deserve more than 5 stars.','published','2024-05-10 02:11:17','2024-05-10 02:11:17','[\"beauty\\/products\\/product-4.png\"]'),(62,3,NULL,NULL,10,5.00,'Cool template. Excellent code quality. The support responds very quickly, which is very rare on themeforest and codecanyon.net, I buy a lot of templates, and everyone will have a response from technical support for two or three days. Thanks to tech support. I recommend to buy.','published','2024-05-10 02:11:17','2024-05-10 02:11:17','[\"beauty\\/products\\/product-8.png\"]'),(63,4,NULL,NULL,11,5.00,'Perfect +++++++++ i love it really also i get to fast ticket answers... Thanks Lot BOTBLE Teams','published','2024-05-10 02:11:17','2024-05-10 02:11:17','[\"beauty\\/products\\/product-3.png\",\"beauty\\/products\\/product-5.png\"]'),(64,3,NULL,NULL,18,4.00,'This script is well coded and is super fast. The support is pretty quick. Very patient and helpful team. I strongly recommend it and they deserve more than 5 stars.','published','2024-05-10 02:11:17','2024-05-10 02:11:17','[\"beauty\\/products\\/product-2.png\",\"beauty\\/products\\/product-3.png\",\"beauty\\/products\\/product-5.png\",\"beauty\\/products\\/product-8.png\"]'),(66,9,NULL,NULL,6,1.00,'Great system, great support, good job Botble. I\'m looking forward to more great functional plugins.','published','2024-05-10 02:11:17','2024-05-10 02:11:17','[\"beauty\\/products\\/product-3.png\",\"beauty\\/products\\/product-4.png\",\"beauty\\/products\\/product-6.png\"]'),(67,8,NULL,NULL,2,1.00,'Those guys now what they are doing, the release such a good product that it\'s a pleasure to work with ! Even when I was stuck on the project, I created a ticket and the next day it was replied by the team. GOOD JOB guys. I love working with them :)','published','2024-05-10 02:11:17','2024-05-10 02:11:17','[\"beauty\\/products\\/product-1.png\",\"beauty\\/products\\/product-3.png\",\"beauty\\/products\\/product-5.png\"]'),(69,10,NULL,NULL,36,5.00,'As a developer I reviewed this script. This is really awesome ecommerce script. I have convinced when I noticed that it\'s built on fully WordPress concept.','published','2024-05-10 02:11:17','2024-05-10 02:11:17','[\"beauty\\/products\\/product-1.png\",\"beauty\\/products\\/product-6.png\"]'),(70,4,NULL,NULL,43,2.00,'Amazing code, amazing support. Overall, im really confident in Botble and im happy I made the right choice! Thank you so much guys for coding this masterpiece','published','2024-05-10 02:11:17','2024-05-10 02:11:17','[\"beauty\\/products\\/product-1.png\",\"beauty\\/products\\/product-3.png\",\"beauty\\/products\\/product-7.png\"]'),(71,1,NULL,NULL,38,3.00,'For me the best eCommerce script on Envato at this moment: modern, clean code, a lot of great features. The customer support is great too: I always get an answer within hours!','published','2024-05-10 02:11:17','2024-05-10 02:11:17','[\"beauty\\/products\\/product-1.png\",\"beauty\\/products\\/product-5.png\"]'),(72,1,NULL,NULL,42,3.00,'Perfect +++++++++ i love it really also i get to fast ticket answers... Thanks Lot BOTBLE Teams','published','2024-05-10 02:11:17','2024-05-10 02:11:17','[\"beauty\\/products\\/product-1.png\",\"beauty\\/products\\/product-4.png\",\"beauty\\/products\\/product-5.png\"]'),(73,5,NULL,NULL,43,1.00,'Cool template. Excellent code quality. The support responds very quickly, which is very rare on themeforest and codecanyon.net, I buy a lot of templates, and everyone will have a response from technical support for two or three days. Thanks to tech support. I recommend to buy.','published','2024-05-10 02:11:17','2024-05-10 02:11:17','[\"beauty\\/products\\/product-1.png\",\"beauty\\/products\\/product-8.png\"]'),(74,4,NULL,NULL,37,4.00,'Those guys now what they are doing, the release such a good product that it\'s a pleasure to work with ! Even when I was stuck on the project, I created a ticket and the next day it was replied by the team. GOOD JOB guys. I love working with them :)','published','2024-05-10 02:11:17','2024-05-10 02:11:17','[\"beauty\\/products\\/product-3.png\",\"beauty\\/products\\/product-4.png\",\"beauty\\/products\\/product-6.png\",\"beauty\\/products\\/product-7.png\"]'),(75,5,NULL,NULL,26,2.00,'I Love this Script. I also found how to add other fees. Now I just wait the BIG update for the Marketplace with the Bulk Import. Just do not forget to make it to be Multi-language for us the Botble Fans.','published','2024-05-10 02:11:17','2024-05-10 02:11:17','[\"beauty\\/products\\/product-7.png\"]'),(76,2,NULL,NULL,34,5.00,'Best ecommerce CMS online store!','published','2024-05-10 02:11:17','2024-05-10 02:11:17','[\"beauty\\/products\\/product-3.png\",\"beauty\\/products\\/product-5.png\",\"beauty\\/products\\/product-6.png\",\"beauty\\/products\\/product-7.png\"]'),(77,6,NULL,NULL,4,3.00,'Great system, great support, good job Botble. I\'m looking forward to more great functional plugins.','published','2024-05-10 02:11:17','2024-05-10 02:11:17','[\"beauty\\/products\\/product-2.png\",\"beauty\\/products\\/product-3.png\"]'),(78,5,NULL,NULL,10,5.00,'Those guys now what they are doing, the release such a good product that it\'s a pleasure to work with ! Even when I was stuck on the project, I created a ticket and the next day it was replied by the team. GOOD JOB guys. I love working with them :)','published','2024-05-10 02:11:17','2024-05-10 02:11:17','[\"beauty\\/products\\/product-2.png\",\"beauty\\/products\\/product-5.png\"]'),(79,3,NULL,NULL,3,3.00,'The script is the best of its class, fast, easy to implement and work with , and the most important thing is the great support team , Recommend with no doubt.','published','2024-05-10 02:11:17','2024-05-10 02:11:17','[\"beauty\\/products\\/product-5.png\"]'),(80,3,NULL,NULL,20,4.00,'Great system, great support, good job Botble. I\'m looking forward to more great functional plugins.','published','2024-05-10 02:11:17','2024-05-10 02:11:17','[\"beauty\\/products\\/product-2.png\",\"beauty\\/products\\/product-4.png\",\"beauty\\/products\\/product-6.png\"]'),(81,7,NULL,NULL,21,5.00,'Customer Support are grade (A*), however the code is a way too over engineered for it\'s purpose.','published','2024-05-10 02:11:17','2024-05-10 02:11:17','[\"beauty\\/products\\/product-3.png\",\"beauty\\/products\\/product-8.png\"]'),(82,7,NULL,NULL,27,3.00,'Customer Support are grade (A*), however the code is a way too over engineered for it\'s purpose.','published','2024-05-10 02:11:17','2024-05-10 02:11:17','[\"beauty\\/products\\/product-8.png\"]'),(83,4,NULL,NULL,9,2.00,'Perfect +++++++++ i love it really also i get to fast ticket answers... Thanks Lot BOTBLE Teams','published','2024-05-10 02:11:17','2024-05-10 02:11:17','[\"beauty\\/products\\/product-3.png\",\"beauty\\/products\\/product-5.png\",\"beauty\\/products\\/product-6.png\"]'),(84,6,NULL,NULL,19,1.00,'For me the best eCommerce script on Envato at this moment: modern, clean code, a lot of great features. The customer support is great too: I always get an answer within hours!','published','2024-05-10 02:11:17','2024-05-10 02:11:17','[\"beauty\\/products\\/product-4.png\",\"beauty\\/products\\/product-7.png\"]'),(85,4,NULL,NULL,27,3.00,'Clean & perfect source code','published','2024-05-10 02:11:17','2024-05-10 02:11:17','[\"beauty\\/products\\/product-1.png\",\"beauty\\/products\\/product-3.png\",\"beauty\\/products\\/product-6.png\",\"beauty\\/products\\/product-8.png\"]'),(86,7,NULL,NULL,39,3.00,'Cool template. Excellent code quality. The support responds very quickly, which is very rare on themeforest and codecanyon.net, I buy a lot of templates, and everyone will have a response from technical support for two or three days. Thanks to tech support. I recommend to buy.','published','2024-05-10 02:11:17','2024-05-10 02:11:17','[\"beauty\\/products\\/product-1.png\",\"beauty\\/products\\/product-4.png\",\"beauty\\/products\\/product-6.png\",\"beauty\\/products\\/product-8.png\"]'),(87,5,NULL,NULL,2,4.00,'Best ecommerce CMS online store!','published','2024-05-10 02:11:17','2024-05-10 02:11:17','[\"beauty\\/products\\/product-1.png\",\"beauty\\/products\\/product-2.png\",\"beauty\\/products\\/product-3.png\",\"beauty\\/products\\/product-6.png\"]'),(88,1,NULL,NULL,35,1.00,'Ok good product. I have some issues in customizations. But its not correct to blame the developer. The product is good. Good luck for your business.','published','2024-05-10 02:11:17','2024-05-10 02:11:17','[\"beauty\\/products\\/product-7.png\",\"beauty\\/products\\/product-8.png\"]'),(89,9,NULL,NULL,20,4.00,'The script is the best of its class, fast, easy to implement and work with , and the most important thing is the great support team , Recommend with no doubt.','published','2024-05-10 02:11:17','2024-05-10 02:11:17','[\"beauty\\/products\\/product-3.png\",\"beauty\\/products\\/product-4.png\",\"beauty\\/products\\/product-5.png\",\"beauty\\/products\\/product-8.png\"]'),(90,8,NULL,NULL,12,1.00,'Very enthusiastic support! Excellent code is written. It\'s a true pleasure working with.','published','2024-05-10 02:11:17','2024-05-10 02:11:17','[\"beauty\\/products\\/product-1.png\",\"beauty\\/products\\/product-3.png\",\"beauty\\/products\\/product-4.png\"]'),(91,7,NULL,NULL,23,4.00,'Best ecommerce CMS online store!','published','2024-05-10 02:11:17','2024-05-10 02:11:17','[\"beauty\\/products\\/product-1.png\"]'),(92,6,NULL,NULL,39,1.00,'This web app is really good in design, code quality & features. Besides, the customer support provided by the Botble team was really fast & helpful. You guys are awesome!','published','2024-05-10 02:11:17','2024-05-10 02:11:17','[\"beauty\\/products\\/product-3.png\",\"beauty\\/products\\/product-8.png\"]'),(93,4,NULL,NULL,41,3.00,'Very enthusiastic support! Excellent code is written. It\'s a true pleasure working with.','published','2024-05-10 02:11:17','2024-05-10 02:11:17','[\"beauty\\/products\\/product-5.png\",\"beauty\\/products\\/product-7.png\",\"beauty\\/products\\/product-8.png\"]'),(94,3,NULL,NULL,34,1.00,'Amazing code, amazing support. Overall, im really confident in Botble and im happy I made the right choice! Thank you so much guys for coding this masterpiece','published','2024-05-10 02:11:17','2024-05-10 02:11:17','[\"beauty\\/products\\/product-3.png\",\"beauty\\/products\\/product-8.png\"]'),(95,7,NULL,NULL,2,3.00,'As a developer I reviewed this script. This is really awesome ecommerce script. I have convinced when I noticed that it\'s built on fully WordPress concept.','published','2024-05-10 02:11:17','2024-05-10 02:11:17','[\"beauty\\/products\\/product-8.png\"]'),(96,3,NULL,NULL,25,5.00,'Best ecommerce CMS online store!','published','2024-05-10 02:11:17','2024-05-10 02:11:17','[\"beauty\\/products\\/product-1.png\",\"beauty\\/products\\/product-6.png\",\"beauty\\/products\\/product-8.png\"]'),(97,9,NULL,NULL,35,1.00,'Ok good product. I have some issues in customizations. But its not correct to blame the developer. The product is good. Good luck for your business.','published','2024-05-10 02:11:17','2024-05-10 02:11:17','[\"beauty\\/products\\/product-2.png\",\"beauty\\/products\\/product-3.png\",\"beauty\\/products\\/product-5.png\",\"beauty\\/products\\/product-8.png\"]'),(98,7,NULL,NULL,3,5.00,'Solution is too robust for our purpose so we didn\'t use it at the end. But I appreciate customer support during initial configuration.','published','2024-05-10 02:11:17','2024-05-10 02:11:17','[\"beauty\\/products\\/product-1.png\",\"beauty\\/products\\/product-2.png\",\"beauty\\/products\\/product-3.png\",\"beauty\\/products\\/product-8.png\"]'),(99,8,NULL,NULL,35,1.00,'Perfect +++++++++ i love it really also i get to fast ticket answers... Thanks Lot BOTBLE Teams','published','2024-05-10 02:11:17','2024-05-10 02:11:17','[\"beauty\\/products\\/product-1.png\"]'),(100,4,NULL,NULL,23,2.00,'It\'s not my first experience here on Codecanyon and I can honestly tell you all that Botble puts a LOT of effort into the support. They answer so fast, they helped me tons of times. REALLY by far THE BEST EXPERIENCE on Codecanyon. Those guys at Botble are so good that they deserve 5 stars. I recommend them, I trust them and I can\'t wait to see what they will sell in a near future. Thank you Botble :)','published','2024-05-10 02:11:17','2024-05-10 02:11:17','[\"beauty\\/products\\/product-2.png\",\"beauty\\/products\\/product-3.png\"]'),(103,1,NULL,NULL,33,5.00,'Great E-commerce system. And much more : Wonderful Customer Support.','published','2024-05-10 02:11:17','2024-05-10 02:11:17','[\"beauty\\/products\\/product-1.png\",\"beauty\\/products\\/product-5.png\",\"beauty\\/products\\/product-6.png\"]'),(105,2,NULL,NULL,19,3.00,'Ok good product. I have some issues in customizations. But its not correct to blame the developer. The product is good. Good luck for your business.','published','2024-05-10 02:11:17','2024-05-10 02:11:17','[\"beauty\\/products\\/product-2.png\",\"beauty\\/products\\/product-4.png\",\"beauty\\/products\\/product-7.png\"]'),(106,3,NULL,NULL,23,2.00,'The script is the best of its class, fast, easy to implement and work with , and the most important thing is the great support team , Recommend with no doubt.','published','2024-05-10 02:11:17','2024-05-10 02:11:17','[\"beauty\\/products\\/product-3.png\",\"beauty\\/products\\/product-8.png\"]'),(108,10,NULL,NULL,42,3.00,'I Love this Script. I also found how to add other fees. Now I just wait the BIG update for the Marketplace with the Bulk Import. Just do not forget to make it to be Multi-language for us the Botble Fans.','published','2024-05-10 02:11:17','2024-05-10 02:11:17','[\"beauty\\/products\\/product-1.png\",\"beauty\\/products\\/product-2.png\",\"beauty\\/products\\/product-6.png\"]'),(109,8,NULL,NULL,38,2.00,'The code is good, in general, if you like it, can you give it 5 stars?','published','2024-05-10 02:11:17','2024-05-10 02:11:17','[\"beauty\\/products\\/product-1.png\",\"beauty\\/products\\/product-6.png\",\"beauty\\/products\\/product-8.png\"]'),(110,4,NULL,NULL,40,4.00,'Ok good product. I have some issues in customizations. But its not correct to blame the developer. The product is good. Good luck for your business.','published','2024-05-10 02:11:17','2024-05-10 02:11:17','[\"beauty\\/products\\/product-8.png\"]'),(111,1,NULL,NULL,7,4.00,'As a developer I reviewed this script. This is really awesome ecommerce script. I have convinced when I noticed that it\'s built on fully WordPress concept.','published','2024-05-10 02:11:17','2024-05-10 02:11:17','[\"beauty\\/products\\/product-1.png\",\"beauty\\/products\\/product-2.png\",\"beauty\\/products\\/product-3.png\",\"beauty\\/products\\/product-4.png\"]'),(112,8,NULL,NULL,31,3.00,'Second or third time that I buy a Botble product, happy with the products and support. You guys do a good job :)','published','2024-05-10 02:11:17','2024-05-10 02:11:17','[\"beauty\\/products\\/product-1.png\",\"beauty\\/products\\/product-4.png\",\"beauty\\/products\\/product-5.png\",\"beauty\\/products\\/product-6.png\"]'),(113,6,NULL,NULL,10,3.00,'The best store template! Excellent coding! Very good support! Thank you so much for all the help, I really appreciated.','published','2024-05-10 02:11:17','2024-05-10 02:11:17','[\"beauty\\/products\\/product-3.png\",\"beauty\\/products\\/product-4.png\"]'),(114,6,NULL,NULL,42,3.00,'Great E-commerce system. And much more : Wonderful Customer Support.','published','2024-05-10 02:11:17','2024-05-10 02:11:17','[\"beauty\\/products\\/product-1.png\",\"beauty\\/products\\/product-4.png\",\"beauty\\/products\\/product-5.png\",\"beauty\\/products\\/product-6.png\"]'),(116,8,NULL,NULL,14,1.00,'Best ecommerce CMS online store!','published','2024-05-10 02:11:17','2024-05-10 02:11:17','[\"beauty\\/products\\/product-1.png\",\"beauty\\/products\\/product-3.png\",\"beauty\\/products\\/product-8.png\"]'),(118,9,NULL,NULL,18,4.00,'Solution is too robust for our purpose so we didn\'t use it at the end. But I appreciate customer support during initial configuration.','published','2024-05-10 02:11:17','2024-05-10 02:11:17','[\"beauty\\/products\\/product-2.png\",\"beauty\\/products\\/product-3.png\",\"beauty\\/products\\/product-6.png\",\"beauty\\/products\\/product-7.png\"]'),(119,7,NULL,NULL,35,2.00,'Second or third time that I buy a Botble product, happy with the products and support. You guys do a good job :)','published','2024-05-10 02:11:17','2024-05-10 02:11:17','[\"beauty\\/products\\/product-2.png\",\"beauty\\/products\\/product-5.png\",\"beauty\\/products\\/product-7.png\"]'),(121,7,NULL,NULL,18,4.00,'Those guys now what they are doing, the release such a good product that it\'s a pleasure to work with ! Even when I was stuck on the project, I created a ticket and the next day it was replied by the team. GOOD JOB guys. I love working with them :)','published','2024-05-10 02:11:17','2024-05-10 02:11:17','[\"beauty\\/products\\/product-1.png\",\"beauty\\/products\\/product-5.png\",\"beauty\\/products\\/product-6.png\"]'),(122,6,NULL,NULL,23,2.00,'Ok good product. I have some issues in customizations. But its not correct to blame the developer. The product is good. Good luck for your business.','published','2024-05-10 02:11:17','2024-05-10 02:11:17','[\"beauty\\/products\\/product-3.png\"]'),(123,8,NULL,NULL,4,2.00,'The code is good, in general, if you like it, can you give it 5 stars?','published','2024-05-10 02:11:17','2024-05-10 02:11:17','[\"beauty\\/products\\/product-4.png\",\"beauty\\/products\\/product-6.png\",\"beauty\\/products\\/product-7.png\"]'),(124,10,NULL,NULL,30,4.00,'The code is good, in general, if you like it, can you give it 5 stars?','published','2024-05-10 02:11:17','2024-05-10 02:11:17','[\"beauty\\/products\\/product-5.png\",\"beauty\\/products\\/product-8.png\"]'),(125,4,NULL,NULL,21,1.00,'The script is the best of its class, fast, easy to implement and work with , and the most important thing is the great support team , Recommend with no doubt.','published','2024-05-10 02:11:17','2024-05-10 02:11:17','[\"beauty\\/products\\/product-2.png\",\"beauty\\/products\\/product-5.png\"]'),(127,1,NULL,NULL,34,4.00,'Great E-commerce system. And much more : Wonderful Customer Support.','published','2024-05-10 02:11:17','2024-05-10 02:11:17','[\"beauty\\/products\\/product-2.png\",\"beauty\\/products\\/product-8.png\"]'),(128,1,NULL,NULL,36,3.00,'Very enthusiastic support! Excellent code is written. It\'s a true pleasure working with.','published','2024-05-10 02:11:17','2024-05-10 02:11:17','[\"beauty\\/products\\/product-3.png\",\"beauty\\/products\\/product-7.png\"]'),(129,3,NULL,NULL,8,4.00,'The best store template! Excellent coding! Very good support! Thank you so much for all the help, I really appreciated.','published','2024-05-10 02:11:17','2024-05-10 02:11:17','[\"beauty\\/products\\/product-1.png\",\"beauty\\/products\\/product-2.png\",\"beauty\\/products\\/product-3.png\",\"beauty\\/products\\/product-7.png\"]'),(130,8,NULL,NULL,37,2.00,'Amazing code, amazing support. Overall, im really confident in Botble and im happy I made the right choice! Thank you so much guys for coding this masterpiece','published','2024-05-10 02:11:17','2024-05-10 02:11:17','[\"beauty\\/products\\/product-1.png\",\"beauty\\/products\\/product-2.png\",\"beauty\\/products\\/product-4.png\"]'),(133,7,NULL,NULL,29,5.00,'Those guys now what they are doing, the release such a good product that it\'s a pleasure to work with ! Even when I was stuck on the project, I created a ticket and the next day it was replied by the team. GOOD JOB guys. I love working with them :)','published','2024-05-10 02:11:17','2024-05-10 02:11:17','[\"beauty\\/products\\/product-4.png\"]'),(134,8,NULL,NULL,21,1.00,'We have received brilliant service support and will be expanding the features with the developer. Nice product!','published','2024-05-10 02:11:17','2024-05-10 02:11:17','[\"beauty\\/products\\/product-5.png\",\"beauty\\/products\\/product-7.png\",\"beauty\\/products\\/product-8.png\"]'),(136,8,NULL,NULL,18,3.00,'Best ecommerce CMS online store!','published','2024-05-10 02:11:17','2024-05-10 02:11:17','[\"beauty\\/products\\/product-1.png\",\"beauty\\/products\\/product-3.png\",\"beauty\\/products\\/product-6.png\"]'),(137,8,NULL,NULL,36,1.00,'For me the best eCommerce script on Envato at this moment: modern, clean code, a lot of great features. The customer support is great too: I always get an answer within hours!','published','2024-05-10 02:11:17','2024-05-10 02:11:17','[\"beauty\\/products\\/product-5.png\",\"beauty\\/products\\/product-6.png\",\"beauty\\/products\\/product-8.png\"]'),(141,5,NULL,NULL,22,4.00,'For me the best eCommerce script on Envato at this moment: modern, clean code, a lot of great features. The customer support is great too: I always get an answer within hours!','published','2024-05-10 02:11:17','2024-05-10 02:11:17','[\"beauty\\/products\\/product-1.png\",\"beauty\\/products\\/product-7.png\"]'),(142,9,NULL,NULL,1,2.00,'For me the best eCommerce script on Envato at this moment: modern, clean code, a lot of great features. The customer support is great too: I always get an answer within hours!','published','2024-05-10 02:11:17','2024-05-10 02:11:17','[\"beauty\\/products\\/product-5.png\",\"beauty\\/products\\/product-8.png\"]'),(143,2,NULL,NULL,40,3.00,'Customer Support are grade (A*), however the code is a way too over engineered for it\'s purpose.','published','2024-05-10 02:11:17','2024-05-10 02:11:17','[\"beauty\\/products\\/product-1.png\",\"beauty\\/products\\/product-5.png\",\"beauty\\/products\\/product-6.png\",\"beauty\\/products\\/product-8.png\"]'),(144,10,NULL,NULL,28,4.00,'The code is good, in general, if you like it, can you give it 5 stars?','published','2024-05-10 02:11:17','2024-05-10 02:11:17','[\"beauty\\/products\\/product-3.png\",\"beauty\\/products\\/product-4.png\"]'),(145,8,NULL,NULL,15,3.00,'Great system, great support, good job Botble. I\'m looking forward to more great functional plugins.','published','2024-05-10 02:11:17','2024-05-10 02:11:17','[\"beauty\\/products\\/product-3.png\",\"beauty\\/products\\/product-5.png\",\"beauty\\/products\\/product-7.png\"]'),(146,1,NULL,NULL,37,1.00,'Best ecommerce CMS online store!','published','2024-05-10 02:11:17','2024-05-10 02:11:17','[\"beauty\\/products\\/product-2.png\",\"beauty\\/products\\/product-3.png\",\"beauty\\/products\\/product-5.png\",\"beauty\\/products\\/product-7.png\"]'),(147,2,NULL,NULL,20,3.00,'This script is well coded and is super fast. The support is pretty quick. Very patient and helpful team. I strongly recommend it and they deserve more than 5 stars.','published','2024-05-10 02:11:17','2024-05-10 02:11:17','[\"beauty\\/products\\/product-4.png\"]'),(149,8,NULL,NULL,39,5.00,'Great E-commerce system. And much more : Wonderful Customer Support.','published','2024-05-10 02:11:17','2024-05-10 02:11:17','[\"beauty\\/products\\/product-1.png\",\"beauty\\/products\\/product-4.png\",\"beauty\\/products\\/product-5.png\",\"beauty\\/products\\/product-7.png\"]'),(150,9,NULL,NULL,21,3.00,'Customer Support are grade (A*), however the code is a way too over engineered for it\'s purpose.','published','2024-05-10 02:11:17','2024-05-10 02:11:17','[\"beauty\\/products\\/product-1.png\"]'),(151,4,NULL,NULL,39,3.00,'For me the best eCommerce script on Envato at this moment: modern, clean code, a lot of great features. The customer support is great too: I always get an answer within hours!','published','2024-05-10 02:11:17','2024-05-10 02:11:17','[\"beauty\\/products\\/product-7.png\"]'),(152,8,NULL,NULL,25,5.00,'Cool template. Excellent code quality. The support responds very quickly, which is very rare on themeforest and codecanyon.net, I buy a lot of templates, and everyone will have a response from technical support for two or three days. Thanks to tech support. I recommend to buy.','published','2024-05-10 02:11:17','2024-05-10 02:11:17','[\"beauty\\/products\\/product-5.png\",\"beauty\\/products\\/product-7.png\"]'),(153,8,NULL,NULL,30,2.00,'Perfect +++++++++ i love it really also i get to fast ticket answers... Thanks Lot BOTBLE Teams','published','2024-05-10 02:11:17','2024-05-10 02:11:17','[\"beauty\\/products\\/product-6.png\",\"beauty\\/products\\/product-7.png\"]'),(154,1,NULL,NULL,3,5.00,'For me the best eCommerce script on Envato at this moment: modern, clean code, a lot of great features. The customer support is great too: I always get an answer within hours!','published','2024-05-10 02:11:17','2024-05-10 02:11:17','[\"beauty\\/products\\/product-1.png\",\"beauty\\/products\\/product-5.png\"]'),(155,9,NULL,NULL,43,4.00,'Best ecommerce CMS online store!','published','2024-05-10 02:11:17','2024-05-10 02:11:17','[\"beauty\\/products\\/product-5.png\",\"beauty\\/products\\/product-6.png\",\"beauty\\/products\\/product-7.png\"]'),(156,2,NULL,NULL,10,5.00,'Perfect +++++++++ i love it really also i get to fast ticket answers... Thanks Lot BOTBLE Teams','published','2024-05-10 02:11:17','2024-05-10 02:11:17','[\"beauty\\/products\\/product-1.png\",\"beauty\\/products\\/product-2.png\",\"beauty\\/products\\/product-8.png\"]'),(158,9,NULL,NULL,36,2.00,'I Love this Script. I also found how to add other fees. Now I just wait the BIG update for the Marketplace with the Bulk Import. Just do not forget to make it to be Multi-language for us the Botble Fans.','published','2024-05-10 02:11:17','2024-05-10 02:11:17','[\"beauty\\/products\\/product-2.png\"]'),(159,6,NULL,NULL,27,5.00,'Good app, good backup service and support. Good documentation.','published','2024-05-10 02:11:17','2024-05-10 02:11:17','[\"beauty\\/products\\/product-2.png\",\"beauty\\/products\\/product-7.png\",\"beauty\\/products\\/product-8.png\"]'),(160,10,NULL,NULL,29,1.00,'The best store template! Excellent coding! Very good support! Thank you so much for all the help, I really appreciated.','published','2024-05-10 02:11:17','2024-05-10 02:11:17','[\"beauty\\/products\\/product-2.png\",\"beauty\\/products\\/product-4.png\",\"beauty\\/products\\/product-7.png\"]'),(163,10,NULL,NULL,9,1.00,'We have received brilliant service support and will be expanding the features with the developer. Nice product!','published','2024-05-10 02:11:17','2024-05-10 02:11:17','[\"beauty\\/products\\/product-3.png\",\"beauty\\/products\\/product-4.png\"]'),(165,1,NULL,NULL,30,2.00,'Perfect +++++++++ i love it really also i get to fast ticket answers... Thanks Lot BOTBLE Teams','published','2024-05-10 02:11:17','2024-05-10 02:11:17','[\"beauty\\/products\\/product-5.png\",\"beauty\\/products\\/product-8.png\"]'),(167,1,NULL,NULL,41,4.00,'Second or third time that I buy a Botble product, happy with the products and support. You guys do a good job :)','published','2024-05-10 02:11:17','2024-05-10 02:11:17','[\"beauty\\/products\\/product-1.png\",\"beauty\\/products\\/product-8.png\"]'),(168,2,NULL,NULL,33,5.00,'Ok good product. I have some issues in customizations. But its not correct to blame the developer. The product is good. Good luck for your business.','published','2024-05-10 02:11:17','2024-05-10 02:11:17','[\"beauty\\/products\\/product-2.png\"]'),(170,1,NULL,NULL,27,1.00,'Customer Support are grade (A*), however the code is a way too over engineered for it\'s purpose.','published','2024-05-10 02:11:17','2024-05-10 02:11:17','[\"beauty\\/products\\/product-2.png\",\"beauty\\/products\\/product-3.png\",\"beauty\\/products\\/product-8.png\"]'),(171,6,NULL,NULL,32,2.00,'This web app is really good in design, code quality & features. Besides, the customer support provided by the Botble team was really fast & helpful. You guys are awesome!','published','2024-05-10 02:11:17','2024-05-10 02:11:17','[\"beauty\\/products\\/product-3.png\",\"beauty\\/products\\/product-4.png\",\"beauty\\/products\\/product-5.png\",\"beauty\\/products\\/product-6.png\"]'),(172,7,NULL,NULL,30,5.00,'Good app, good backup service and support. Good documentation.','published','2024-05-10 02:11:17','2024-05-10 02:11:17','[\"beauty\\/products\\/product-1.png\",\"beauty\\/products\\/product-4.png\",\"beauty\\/products\\/product-6.png\"]'),(175,7,NULL,NULL,6,1.00,'Ok good product. I have some issues in customizations. But its not correct to blame the developer. The product is good. Good luck for your business.','published','2024-05-10 02:11:17','2024-05-10 02:11:17','[\"beauty\\/products\\/product-2.png\",\"beauty\\/products\\/product-4.png\",\"beauty\\/products\\/product-7.png\",\"beauty\\/products\\/product-8.png\"]'),(176,2,NULL,NULL,24,2.00,'Best ecommerce CMS online store!','published','2024-05-10 02:11:17','2024-05-10 02:11:17','[\"beauty\\/products\\/product-3.png\",\"beauty\\/products\\/product-6.png\",\"beauty\\/products\\/product-8.png\"]'),(178,9,NULL,NULL,41,1.00,'The script is the best of its class, fast, easy to implement and work with , and the most important thing is the great support team , Recommend with no doubt.','published','2024-05-10 02:11:17','2024-05-10 02:11:17','[\"beauty\\/products\\/product-6.png\",\"beauty\\/products\\/product-8.png\"]'),(179,10,NULL,NULL,25,3.00,'These guys are amazing! Responses immediately, amazing support and help... I immediately feel at ease after Purchasing..','published','2024-05-10 02:11:17','2024-05-10 02:11:17','[\"beauty\\/products\\/product-1.png\",\"beauty\\/products\\/product-2.png\",\"beauty\\/products\\/product-6.png\"]'),(181,5,NULL,NULL,8,3.00,'The best ecommerce CMS! Excellent coding! best support service! Thank you so much..... I really like your hard work.','published','2024-05-10 02:11:17','2024-05-10 02:11:17','[\"beauty\\/products\\/product-4.png\",\"beauty\\/products\\/product-8.png\"]'),(182,3,NULL,NULL,43,2.00,'Solution is too robust for our purpose so we didn\'t use it at the end. But I appreciate customer support during initial configuration.','published','2024-05-10 02:11:17','2024-05-10 02:11:17','[\"beauty\\/products\\/product-4.png\",\"beauty\\/products\\/product-6.png\"]'),(184,6,NULL,NULL,25,3.00,'Good app, good backup service and support. Good documentation.','published','2024-05-10 02:11:17','2024-05-10 02:11:17','[\"beauty\\/products\\/product-7.png\"]'),(185,4,NULL,NULL,22,2.00,'The script is the best of its class, fast, easy to implement and work with , and the most important thing is the great support team , Recommend with no doubt.','published','2024-05-10 02:11:17','2024-05-10 02:11:17','[\"beauty\\/products\\/product-1.png\",\"beauty\\/products\\/product-3.png\"]'),(186,1,NULL,NULL,25,3.00,'Those guys now what they are doing, the release such a good product that it\'s a pleasure to work with ! Even when I was stuck on the project, I created a ticket and the next day it was replied by the team. GOOD JOB guys. I love working with them :)','published','2024-05-10 02:11:17','2024-05-10 02:11:17','[\"beauty\\/products\\/product-4.png\"]'),(188,9,NULL,NULL,10,1.00,'Those guys now what they are doing, the release such a good product that it\'s a pleasure to work with ! Even when I was stuck on the project, I created a ticket and the next day it was replied by the team. GOOD JOB guys. I love working with them :)','published','2024-05-10 02:11:17','2024-05-10 02:11:17','[\"beauty\\/products\\/product-2.png\",\"beauty\\/products\\/product-4.png\",\"beauty\\/products\\/product-5.png\"]'),(189,9,NULL,NULL,33,3.00,'For me the best eCommerce script on Envato at this moment: modern, clean code, a lot of great features. The customer support is great too: I always get an answer within hours!','published','2024-05-10 02:11:17','2024-05-10 02:11:17','[\"beauty\\/products\\/product-2.png\",\"beauty\\/products\\/product-3.png\",\"beauty\\/products\\/product-4.png\",\"beauty\\/products\\/product-5.png\"]'),(190,4,NULL,NULL,30,3.00,'Those guys now what they are doing, the release such a good product that it\'s a pleasure to work with ! Even when I was stuck on the project, I created a ticket and the next day it was replied by the team. GOOD JOB guys. I love working with them :)','published','2024-05-10 02:11:17','2024-05-10 02:11:17','[\"beauty\\/products\\/product-1.png\",\"beauty\\/products\\/product-2.png\",\"beauty\\/products\\/product-5.png\",\"beauty\\/products\\/product-7.png\"]'),(193,7,NULL,NULL,9,2.00,'It\'s not my first experience here on Codecanyon and I can honestly tell you all that Botble puts a LOT of effort into the support. They answer so fast, they helped me tons of times. REALLY by far THE BEST EXPERIENCE on Codecanyon. Those guys at Botble are so good that they deserve 5 stars. I recommend them, I trust them and I can\'t wait to see what they will sell in a near future. Thank you Botble :)','published','2024-05-10 02:11:17','2024-05-10 02:11:17','[\"beauty\\/products\\/product-1.png\",\"beauty\\/products\\/product-2.png\",\"beauty\\/products\\/product-6.png\"]'),(195,1,NULL,NULL,5,1.00,'Good app, good backup service and support. Good documentation.','published','2024-05-10 02:11:17','2024-05-10 02:11:17','[\"beauty\\/products\\/product-5.png\"]'),(196,4,NULL,NULL,13,5.00,'This web app is really good in design, code quality & features. Besides, the customer support provided by the Botble team was really fast & helpful. You guys are awesome!','published','2024-05-10 02:11:17','2024-05-10 02:11:17','[\"beauty\\/products\\/product-1.png\",\"beauty\\/products\\/product-3.png\",\"beauty\\/products\\/product-7.png\"]'),(199,7,NULL,NULL,33,5.00,'These guys are amazing! Responses immediately, amazing support and help... I immediately feel at ease after Purchasing..','published','2024-05-10 02:11:17','2024-05-10 02:11:17','[\"beauty\\/products\\/product-2.png\",\"beauty\\/products\\/product-8.png\"]'),(200,8,NULL,NULL,9,2.00,'This web app is really good in design, code quality & features. Besides, the customer support provided by the Botble team was really fast & helpful. You guys are awesome!','published','2024-05-10 02:11:17','2024-05-10 02:11:17','[\"beauty\\/products\\/product-2.png\",\"beauty\\/products\\/product-3.png\",\"beauty\\/products\\/product-8.png\"]'),(202,9,NULL,NULL,25,1.00,'This script is well coded and is super fast. The support is pretty quick. Very patient and helpful team. I strongly recommend it and they deserve more than 5 stars.','published','2024-05-10 02:11:17','2024-05-10 02:11:17','[\"beauty\\/products\\/product-4.png\",\"beauty\\/products\\/product-5.png\",\"beauty\\/products\\/product-6.png\",\"beauty\\/products\\/product-7.png\"]'),(203,5,NULL,NULL,15,2.00,'I Love this Script. I also found how to add other fees. Now I just wait the BIG update for the Marketplace with the Bulk Import. Just do not forget to make it to be Multi-language for us the Botble Fans.','published','2024-05-10 02:11:17','2024-05-10 02:11:17','[\"beauty\\/products\\/product-1.png\",\"beauty\\/products\\/product-5.png\"]'),(204,4,NULL,NULL,38,2.00,'It\'s not my first experience here on Codecanyon and I can honestly tell you all that Botble puts a LOT of effort into the support. They answer so fast, they helped me tons of times. REALLY by far THE BEST EXPERIENCE on Codecanyon. Those guys at Botble are so good that they deserve 5 stars. I recommend them, I trust them and I can\'t wait to see what they will sell in a near future. Thank you Botble :)','published','2024-05-10 02:11:17','2024-05-10 02:11:17','[\"beauty\\/products\\/product-4.png\"]'),(205,6,NULL,NULL,30,3.00,'Good app, good backup service and support. Good documentation.','published','2024-05-10 02:11:17','2024-05-10 02:11:17','[\"beauty\\/products\\/product-3.png\"]'),(207,7,NULL,NULL,4,1.00,'Ok good product. I have some issues in customizations. But its not correct to blame the developer. The product is good. Good luck for your business.','published','2024-05-10 02:11:17','2024-05-10 02:11:17','[\"beauty\\/products\\/product-1.png\",\"beauty\\/products\\/product-3.png\",\"beauty\\/products\\/product-8.png\"]'),(208,4,NULL,NULL,17,5.00,'Customer Support are grade (A*), however the code is a way too over engineered for it\'s purpose.','published','2024-05-10 02:11:17','2024-05-10 02:11:17','[\"beauty\\/products\\/product-1.png\"]'),(209,8,NULL,NULL,41,4.00,'It\'s not my first experience here on Codecanyon and I can honestly tell you all that Botble puts a LOT of effort into the support. They answer so fast, they helped me tons of times. REALLY by far THE BEST EXPERIENCE on Codecanyon. Those guys at Botble are so good that they deserve 5 stars. I recommend them, I trust them and I can\'t wait to see what they will sell in a near future. Thank you Botble :)','published','2024-05-10 02:11:17','2024-05-10 02:11:17','[\"beauty\\/products\\/product-3.png\",\"beauty\\/products\\/product-5.png\",\"beauty\\/products\\/product-7.png\"]'),(210,2,NULL,NULL,37,5.00,'Very enthusiastic support! Excellent code is written. It\'s a true pleasure working with.','published','2024-05-10 02:11:17','2024-05-10 02:11:17','[\"beauty\\/products\\/product-2.png\",\"beauty\\/products\\/product-5.png\",\"beauty\\/products\\/product-6.png\",\"beauty\\/products\\/product-8.png\"]'),(213,5,NULL,NULL,4,3.00,'Perfect +++++++++ i love it really also i get to fast ticket answers... Thanks Lot BOTBLE Teams','published','2024-05-10 02:11:17','2024-05-10 02:11:17','[\"beauty\\/products\\/product-4.png\",\"beauty\\/products\\/product-6.png\"]'),(214,9,NULL,NULL,30,5.00,'Amazing code, amazing support. Overall, im really confident in Botble and im happy I made the right choice! Thank you so much guys for coding this masterpiece','published','2024-05-10 02:11:17','2024-05-10 02:11:17','[\"beauty\\/products\\/product-1.png\"]'),(215,9,NULL,NULL,22,2.00,'These guys are amazing! Responses immediately, amazing support and help... I immediately feel at ease after Purchasing..','published','2024-05-10 02:11:17','2024-05-10 02:11:17','[\"beauty\\/products\\/product-1.png\",\"beauty\\/products\\/product-5.png\",\"beauty\\/products\\/product-6.png\",\"beauty\\/products\\/product-8.png\"]'),(216,1,NULL,NULL,11,5.00,'These guys are amazing! Responses immediately, amazing support and help... I immediately feel at ease after Purchasing..','published','2024-05-10 02:11:17','2024-05-10 02:11:17','[\"beauty\\/products\\/product-2.png\",\"beauty\\/products\\/product-3.png\",\"beauty\\/products\\/product-5.png\",\"beauty\\/products\\/product-6.png\"]'),(218,5,NULL,NULL,14,5.00,'The script is the best of its class, fast, easy to implement and work with , and the most important thing is the great support team , Recommend with no doubt.','published','2024-05-10 02:11:17','2024-05-10 02:11:17','[\"beauty\\/products\\/product-5.png\",\"beauty\\/products\\/product-7.png\"]'),(223,6,NULL,NULL,20,1.00,'Great E-commerce system. And much more : Wonderful Customer Support.','published','2024-05-10 02:11:17','2024-05-10 02:11:17','[\"beauty\\/products\\/product-3.png\",\"beauty\\/products\\/product-5.png\",\"beauty\\/products\\/product-6.png\",\"beauty\\/products\\/product-7.png\"]'),(224,7,NULL,NULL,22,5.00,'Solution is too robust for our purpose so we didn\'t use it at the end. But I appreciate customer support during initial configuration.','published','2024-05-10 02:11:17','2024-05-10 02:11:17','[\"beauty\\/products\\/product-6.png\"]'),(226,7,NULL,NULL,17,1.00,'The code is good, in general, if you like it, can you give it 5 stars?','published','2024-05-10 02:11:17','2024-05-10 02:11:17','[\"beauty\\/products\\/product-1.png\",\"beauty\\/products\\/product-2.png\",\"beauty\\/products\\/product-4.png\",\"beauty\\/products\\/product-6.png\"]'),(230,2,NULL,NULL,23,5.00,'Cool template. Excellent code quality. The support responds very quickly, which is very rare on themeforest and codecanyon.net, I buy a lot of templates, and everyone will have a response from technical support for two or three days. Thanks to tech support. I recommend to buy.','published','2024-05-10 02:11:17','2024-05-10 02:11:17','[\"beauty\\/products\\/product-4.png\"]'),(232,10,NULL,NULL,6,2.00,'The script is the best of its class, fast, easy to implement and work with , and the most important thing is the great support team , Recommend with no doubt.','published','2024-05-10 02:11:17','2024-05-10 02:11:17','[\"beauty\\/products\\/product-7.png\",\"beauty\\/products\\/product-8.png\"]'),(235,2,NULL,NULL,29,3.00,'Those guys now what they are doing, the release such a good product that it\'s a pleasure to work with ! Even when I was stuck on the project, I created a ticket and the next day it was replied by the team. GOOD JOB guys. I love working with them :)','published','2024-05-10 02:11:17','2024-05-10 02:11:17','[\"beauty\\/products\\/product-1.png\",\"beauty\\/products\\/product-5.png\",\"beauty\\/products\\/product-6.png\"]'),(236,9,NULL,NULL,17,1.00,'Amazing code, amazing support. Overall, im really confident in Botble and im happy I made the right choice! Thank you so much guys for coding this masterpiece','published','2024-05-10 02:11:17','2024-05-10 02:11:17','[\"beauty\\/products\\/product-2.png\",\"beauty\\/products\\/product-3.png\",\"beauty\\/products\\/product-7.png\",\"beauty\\/products\\/product-8.png\"]'),(237,7,NULL,NULL,14,1.00,'This web app is really good in design, code quality & features. Besides, the customer support provided by the Botble team was really fast & helpful. You guys are awesome!','published','2024-05-10 02:11:17','2024-05-10 02:11:17','[\"beauty\\/products\\/product-4.png\",\"beauty\\/products\\/product-6.png\",\"beauty\\/products\\/product-7.png\",\"beauty\\/products\\/product-8.png\"]'),(238,1,NULL,NULL,16,3.00,'This script is well coded and is super fast. The support is pretty quick. Very patient and helpful team. I strongly recommend it and they deserve more than 5 stars.','published','2024-05-10 02:11:17','2024-05-10 02:11:17','[\"beauty\\/products\\/product-6.png\",\"beauty\\/products\\/product-8.png\"]'),(240,1,NULL,NULL,39,4.00,'Good app, good backup service and support. Good documentation.','published','2024-05-10 02:11:17','2024-05-10 02:11:17','[\"beauty\\/products\\/product-2.png\",\"beauty\\/products\\/product-3.png\",\"beauty\\/products\\/product-4.png\"]'),(242,2,NULL,NULL,16,5.00,'Customer Support are grade (A*), however the code is a way too over engineered for it\'s purpose.','published','2024-05-10 02:11:17','2024-05-10 02:11:17','[\"beauty\\/products\\/product-1.png\",\"beauty\\/products\\/product-8.png\"]'),(247,4,NULL,NULL,15,2.00,'Clean & perfect source code','published','2024-05-10 02:11:17','2024-05-10 02:11:17','[\"beauty\\/products\\/product-1.png\",\"beauty\\/products\\/product-2.png\",\"beauty\\/products\\/product-4.png\",\"beauty\\/products\\/product-5.png\"]'),(249,6,NULL,NULL,5,2.00,'Those guys now what they are doing, the release such a good product that it\'s a pleasure to work with ! Even when I was stuck on the project, I created a ticket and the next day it was replied by the team. GOOD JOB guys. I love working with them :)','published','2024-05-10 02:11:17','2024-05-10 02:11:17','[\"beauty\\/products\\/product-2.png\",\"beauty\\/products\\/product-4.png\",\"beauty\\/products\\/product-7.png\"]'),(250,5,NULL,NULL,20,2.00,'Great system, great support, good job Botble. I\'m looking forward to more great functional plugins.','published','2024-05-10 02:11:17','2024-05-10 02:11:17','[\"beauty\\/products\\/product-3.png\",\"beauty\\/products\\/product-7.png\"]'),(251,8,NULL,NULL,20,1.00,'The best store template! Excellent coding! Very good support! Thank you so much for all the help, I really appreciated.','published','2024-05-10 02:11:17','2024-05-10 02:11:17','[\"beauty\\/products\\/product-3.png\"]'),(252,7,NULL,NULL,11,2.00,'Great system, great support, good job Botble. I\'m looking forward to more great functional plugins.','published','2024-05-10 02:11:17','2024-05-10 02:11:17','[\"beauty\\/products\\/product-3.png\",\"beauty\\/products\\/product-5.png\"]'),(253,1,NULL,NULL,31,5.00,'Very enthusiastic support! Excellent code is written. It\'s a true pleasure working with.','published','2024-05-10 02:11:17','2024-05-10 02:11:17','[\"beauty\\/products\\/product-2.png\",\"beauty\\/products\\/product-4.png\",\"beauty\\/products\\/product-5.png\",\"beauty\\/products\\/product-7.png\"]'),(255,1,NULL,NULL,6,2.00,'We have received brilliant service support and will be expanding the features with the developer. Nice product!','published','2024-05-10 02:11:17','2024-05-10 02:11:17','[\"beauty\\/products\\/product-4.png\"]'),(257,2,NULL,NULL,11,5.00,'As a developer I reviewed this script. This is really awesome ecommerce script. I have convinced when I noticed that it\'s built on fully WordPress concept.','published','2024-05-10 02:11:17','2024-05-10 02:11:17','[\"beauty\\/products\\/product-2.png\",\"beauty\\/products\\/product-3.png\",\"beauty\\/products\\/product-6.png\",\"beauty\\/products\\/product-8.png\"]'),(258,7,NULL,NULL,41,5.00,'It\'s not my first experience here on Codecanyon and I can honestly tell you all that Botble puts a LOT of effort into the support. They answer so fast, they helped me tons of times. REALLY by far THE BEST EXPERIENCE on Codecanyon. Those guys at Botble are so good that they deserve 5 stars. I recommend them, I trust them and I can\'t wait to see what they will sell in a near future. Thank you Botble :)','published','2024-05-10 02:11:17','2024-05-10 02:11:17','[\"beauty\\/products\\/product-5.png\"]'),(259,2,NULL,NULL,42,1.00,'I Love this Script. I also found how to add other fees. Now I just wait the BIG update for the Marketplace with the Bulk Import. Just do not forget to make it to be Multi-language for us the Botble Fans.','published','2024-05-10 02:11:17','2024-05-10 02:11:17','[\"beauty\\/products\\/product-5.png\",\"beauty\\/products\\/product-7.png\"]'),(263,9,NULL,NULL,40,1.00,'These guys are amazing! Responses immediately, amazing support and help... I immediately feel at ease after Purchasing..','published','2024-05-10 02:11:17','2024-05-10 02:11:17','[\"beauty\\/products\\/product-2.png\",\"beauty\\/products\\/product-5.png\",\"beauty\\/products\\/product-6.png\"]'),(264,8,NULL,NULL,5,5.00,'Customer Support are grade (A*), however the code is a way too over engineered for it\'s purpose.','published','2024-05-10 02:11:17','2024-05-10 02:11:17','[\"beauty\\/products\\/product-1.png\",\"beauty\\/products\\/product-4.png\",\"beauty\\/products\\/product-5.png\",\"beauty\\/products\\/product-8.png\"]'),(266,8,NULL,NULL,34,4.00,'For me the best eCommerce script on Envato at this moment: modern, clean code, a lot of great features. The customer support is great too: I always get an answer within hours!','published','2024-05-10 02:11:17','2024-05-10 02:11:17','[\"beauty\\/products\\/product-3.png\",\"beauty\\/products\\/product-4.png\"]'),(267,10,NULL,NULL,16,5.00,'It\'s not my first experience here on Codecanyon and I can honestly tell you all that Botble puts a LOT of effort into the support. They answer so fast, they helped me tons of times. REALLY by far THE BEST EXPERIENCE on Codecanyon. Those guys at Botble are so good that they deserve 5 stars. I recommend them, I trust them and I can\'t wait to see what they will sell in a near future. Thank you Botble :)','published','2024-05-10 02:11:17','2024-05-10 02:11:17','[\"beauty\\/products\\/product-4.png\"]'),(270,2,NULL,NULL,17,1.00,'Perfect +++++++++ i love it really also i get to fast ticket answers... Thanks Lot BOTBLE Teams','published','2024-05-10 02:11:17','2024-05-10 02:11:17','[\"beauty\\/products\\/product-7.png\"]'),(272,3,NULL,NULL,2,5.00,'I Love this Script. I also found how to add other fees. Now I just wait the BIG update for the Marketplace with the Bulk Import. Just do not forget to make it to be Multi-language for us the Botble Fans.','published','2024-05-10 02:11:17','2024-05-10 02:11:17','[\"beauty\\/products\\/product-4.png\"]'),(273,9,NULL,NULL,15,1.00,'Solution is too robust for our purpose so we didn\'t use it at the end. But I appreciate customer support during initial configuration.','published','2024-05-10 02:11:17','2024-05-10 02:11:17','[\"beauty\\/products\\/product-1.png\",\"beauty\\/products\\/product-7.png\"]'),(275,3,NULL,NULL,33,4.00,'As a developer I reviewed this script. This is really awesome ecommerce script. I have convinced when I noticed that it\'s built on fully WordPress concept.','published','2024-05-10 02:11:17','2024-05-10 02:11:17','[\"beauty\\/products\\/product-6.png\",\"beauty\\/products\\/product-7.png\"]'),(276,9,NULL,NULL,39,2.00,'This web app is really good in design, code quality & features. Besides, the customer support provided by the Botble team was really fast & helpful. You guys are awesome!','published','2024-05-10 02:11:17','2024-05-10 02:11:17','[\"beauty\\/products\\/product-4.png\"]'),(277,10,NULL,NULL,10,5.00,'Perfect +++++++++ i love it really also i get to fast ticket answers... Thanks Lot BOTBLE Teams','published','2024-05-10 02:11:17','2024-05-10 02:11:17','[\"beauty\\/products\\/product-1.png\",\"beauty\\/products\\/product-3.png\",\"beauty\\/products\\/product-4.png\",\"beauty\\/products\\/product-6.png\"]'),(278,9,NULL,NULL,12,4.00,'Clean & perfect source code','published','2024-05-10 02:11:17','2024-05-10 02:11:17','[\"beauty\\/products\\/product-1.png\",\"beauty\\/products\\/product-7.png\"]'),(280,1,NULL,NULL,26,2.00,'Perfect +++++++++ i love it really also i get to fast ticket answers... Thanks Lot BOTBLE Teams','published','2024-05-10 02:11:17','2024-05-10 02:11:17','[\"beauty\\/products\\/product-2.png\",\"beauty\\/products\\/product-4.png\",\"beauty\\/products\\/product-7.png\"]'),(282,4,NULL,NULL,33,4.00,'Clean & perfect source code','published','2024-05-10 02:11:17','2024-05-10 02:11:17','[\"beauty\\/products\\/product-4.png\",\"beauty\\/products\\/product-7.png\"]'),(283,4,NULL,NULL,36,4.00,'This script is well coded and is super fast. The support is pretty quick. Very patient and helpful team. I strongly recommend it and they deserve more than 5 stars.','published','2024-05-10 02:11:17','2024-05-10 02:11:17','[\"beauty\\/products\\/product-7.png\"]'),(284,5,NULL,NULL,7,3.00,'Great system, great support, good job Botble. I\'m looking forward to more great functional plugins.','published','2024-05-10 02:11:17','2024-05-10 02:11:17','[\"beauty\\/products\\/product-2.png\",\"beauty\\/products\\/product-4.png\"]'),(287,8,NULL,NULL,32,3.00,'Best ecommerce CMS online store!','published','2024-05-10 02:11:17','2024-05-10 02:11:17','[\"beauty\\/products\\/product-2.png\",\"beauty\\/products\\/product-7.png\",\"beauty\\/products\\/product-8.png\"]'),(288,10,NULL,NULL,34,5.00,'Customer Support are grade (A*), however the code is a way too over engineered for it\'s purpose.','published','2024-05-10 02:11:17','2024-05-10 02:11:17','[\"beauty\\/products\\/product-2.png\",\"beauty\\/products\\/product-3.png\",\"beauty\\/products\\/product-8.png\"]'),(290,4,NULL,NULL,16,3.00,'This script is well coded and is super fast. The support is pretty quick. Very patient and helpful team. I strongly recommend it and they deserve more than 5 stars.','published','2024-05-10 02:11:17','2024-05-10 02:11:17','[\"beauty\\/products\\/product-3.png\",\"beauty\\/products\\/product-7.png\"]'),(293,1,NULL,NULL,22,5.00,'These guys are amazing! Responses immediately, amazing support and help... I immediately feel at ease after Purchasing..','published','2024-05-10 02:11:17','2024-05-10 02:11:17','[\"beauty\\/products\\/product-2.png\",\"beauty\\/products\\/product-4.png\",\"beauty\\/products\\/product-7.png\",\"beauty\\/products\\/product-8.png\"]'),(296,10,NULL,NULL,4,3.00,'Very enthusiastic support! Excellent code is written. It\'s a true pleasure working with.','published','2024-05-10 02:11:17','2024-05-10 02:11:17','[\"beauty\\/products\\/product-1.png\",\"beauty\\/products\\/product-4.png\",\"beauty\\/products\\/product-5.png\",\"beauty\\/products\\/product-7.png\"]'),(297,10,NULL,NULL,38,1.00,'Second or third time that I buy a Botble product, happy with the products and support. You guys do a good job :)','published','2024-05-10 02:11:17','2024-05-10 02:11:17','[\"beauty\\/products\\/product-3.png\",\"beauty\\/products\\/product-4.png\",\"beauty\\/products\\/product-7.png\"]'),(299,8,NULL,NULL,42,1.00,'We have received brilliant service support and will be expanding the features with the developer. Nice product!','published','2024-05-10 02:11:17','2024-05-10 02:11:17','[\"beauty\\/products\\/product-2.png\",\"beauty\\/products\\/product-7.png\"]'),(300,5,NULL,NULL,36,2.00,'Good app, good backup service and support. Good documentation.','published','2024-05-10 02:11:17','2024-05-10 02:11:17','[\"beauty\\/products\\/product-1.png\",\"beauty\\/products\\/product-8.png\"]'),(301,9,NULL,NULL,29,4.00,'Good app, good backup service and support. Good documentation.','published','2024-05-10 02:11:17','2024-05-10 02:11:17','[\"beauty\\/products\\/product-3.png\",\"beauty\\/products\\/product-8.png\"]'),(303,10,NULL,NULL,8,4.00,'Ok good product. I have some issues in customizations. But its not correct to blame the developer. The product is good. Good luck for your business.','published','2024-05-10 02:11:17','2024-05-10 02:11:17','[\"beauty\\/products\\/product-3.png\"]'),(304,2,NULL,NULL,18,3.00,'This script is well coded and is super fast. The support is pretty quick. Very patient and helpful team. I strongly recommend it and they deserve more than 5 stars.','published','2024-05-10 02:11:17','2024-05-10 02:11:17','[\"beauty\\/products\\/product-1.png\",\"beauty\\/products\\/product-3.png\",\"beauty\\/products\\/product-4.png\"]'),(305,6,NULL,NULL,1,5.00,'Great E-commerce system. And much more : Wonderful Customer Support.','published','2024-05-10 02:11:17','2024-05-10 02:11:17','[\"beauty\\/products\\/product-2.png\"]'),(314,8,NULL,NULL,3,2.00,'Second or third time that I buy a Botble product, happy with the products and support. You guys do a good job :)','published','2024-05-10 02:11:17','2024-05-10 02:11:17','[\"beauty\\/products\\/product-2.png\",\"beauty\\/products\\/product-3.png\"]'),(325,5,NULL,NULL,27,4.00,'The code is good, in general, if you like it, can you give it 5 stars?','published','2024-05-10 02:11:17','2024-05-10 02:11:17','[\"beauty\\/products\\/product-1.png\",\"beauty\\/products\\/product-3.png\",\"beauty\\/products\\/product-5.png\",\"beauty\\/products\\/product-7.png\"]'),(328,7,NULL,NULL,26,3.00,'Great system, great support, good job Botble. I\'m looking forward to more great functional plugins.','published','2024-05-10 02:11:17','2024-05-10 02:11:17','[\"beauty\\/products\\/product-2.png\",\"beauty\\/products\\/product-3.png\",\"beauty\\/products\\/product-8.png\"]'),(330,2,NULL,NULL,31,4.00,'Perfect +++++++++ i love it really also i get to fast ticket answers... Thanks Lot BOTBLE Teams','published','2024-05-10 02:11:17','2024-05-10 02:11:17','[\"beauty\\/products\\/product-1.png\",\"beauty\\/products\\/product-3.png\",\"beauty\\/products\\/product-5.png\",\"beauty\\/products\\/product-8.png\"]'),(334,4,NULL,NULL,34,3.00,'Great system, great support, good job Botble. I\'m looking forward to more great functional plugins.','published','2024-05-10 02:11:17','2024-05-10 02:11:17','[\"beauty\\/products\\/product-4.png\",\"beauty\\/products\\/product-5.png\",\"beauty\\/products\\/product-7.png\"]'),(340,8,NULL,NULL,17,5.00,'I Love this Script. I also found how to add other fees. Now I just wait the BIG update for the Marketplace with the Bulk Import. Just do not forget to make it to be Multi-language for us the Botble Fans.','published','2024-05-10 02:11:17','2024-05-10 02:11:17','[\"beauty\\/products\\/product-1.png\",\"beauty\\/products\\/product-4.png\",\"beauty\\/products\\/product-8.png\"]'),(341,6,NULL,NULL,22,5.00,'Second or third time that I buy a Botble product, happy with the products and support. You guys do a good job :)','published','2024-05-10 02:11:17','2024-05-10 02:11:17','[\"beauty\\/products\\/product-6.png\",\"beauty\\/products\\/product-8.png\"]'),(344,10,NULL,NULL,41,2.00,'This web app is really good in design, code quality & features. Besides, the customer support provided by the Botble team was really fast & helpful. You guys are awesome!','published','2024-05-10 02:11:17','2024-05-10 02:11:17','[\"beauty\\/products\\/product-3.png\"]'),(346,5,NULL,NULL,40,3.00,'Customer Support are grade (A*), however the code is a way too over engineered for it\'s purpose.','published','2024-05-10 02:11:17','2024-05-10 02:11:17','[\"beauty\\/products\\/product-3.png\",\"beauty\\/products\\/product-7.png\",\"beauty\\/products\\/product-8.png\"]'),(349,8,NULL,NULL,10,5.00,'Those guys now what they are doing, the release such a good product that it\'s a pleasure to work with ! Even when I was stuck on the project, I created a ticket and the next day it was replied by the team. GOOD JOB guys. I love working with them :)','published','2024-05-10 02:11:17','2024-05-10 02:11:17','[\"beauty\\/products\\/product-1.png\",\"beauty\\/products\\/product-3.png\",\"beauty\\/products\\/product-5.png\"]'),(351,3,NULL,NULL,1,4.00,'We have received brilliant service support and will be expanding the features with the developer. Nice product!','published','2024-05-10 02:11:17','2024-05-10 02:11:17','[\"beauty\\/products\\/product-1.png\",\"beauty\\/products\\/product-3.png\",\"beauty\\/products\\/product-4.png\"]'),(352,2,NULL,NULL,14,3.00,'The code is good, in general, if you like it, can you give it 5 stars?','published','2024-05-10 02:11:17','2024-05-10 02:11:17','[\"beauty\\/products\\/product-6.png\"]'),(353,9,NULL,NULL,24,2.00,'Best ecommerce CMS online store!','published','2024-05-10 02:11:17','2024-05-10 02:11:17','[\"beauty\\/products\\/product-1.png\"]'),(357,2,NULL,NULL,35,1.00,'Customer Support are grade (A*), however the code is a way too over engineered for it\'s purpose.','published','2024-05-10 02:11:17','2024-05-10 02:11:17','[\"beauty\\/products\\/product-2.png\",\"beauty\\/products\\/product-6.png\"]'),(358,3,NULL,NULL,13,1.00,'Perfect +++++++++ i love it really also i get to fast ticket answers... Thanks Lot BOTBLE Teams','published','2024-05-10 02:11:17','2024-05-10 02:11:17','[\"beauty\\/products\\/product-1.png\",\"beauty\\/products\\/product-8.png\"]'),(360,8,NULL,NULL,8,5.00,'Perfect +++++++++ i love it really also i get to fast ticket answers... Thanks Lot BOTBLE Teams','published','2024-05-10 02:11:17','2024-05-10 02:11:17','[\"beauty\\/products\\/product-2.png\"]'),(361,8,NULL,NULL,13,2.00,'Ok good product. I have some issues in customizations. But its not correct to blame the developer. The product is good. Good luck for your business.','published','2024-05-10 02:11:17','2024-05-10 02:11:17','[\"beauty\\/products\\/product-1.png\",\"beauty\\/products\\/product-2.png\",\"beauty\\/products\\/product-5.png\",\"beauty\\/products\\/product-7.png\"]'),(362,5,NULL,NULL,41,5.00,'We have received brilliant service support and will be expanding the features with the developer. Nice product!','published','2024-05-10 02:11:17','2024-05-10 02:11:17','[\"beauty\\/products\\/product-3.png\",\"beauty\\/products\\/product-6.png\",\"beauty\\/products\\/product-7.png\"]'),(364,10,NULL,NULL,20,1.00,'Customer Support are grade (A*), however the code is a way too over engineered for it\'s purpose.','published','2024-05-10 02:11:17','2024-05-10 02:11:17','[\"beauty\\/products\\/product-2.png\",\"beauty\\/products\\/product-3.png\",\"beauty\\/products\\/product-4.png\",\"beauty\\/products\\/product-5.png\"]'),(367,9,NULL,NULL,7,1.00,'This script is well coded and is super fast. The support is pretty quick. Very patient and helpful team. I strongly recommend it and they deserve more than 5 stars.','published','2024-05-10 02:11:17','2024-05-10 02:11:17','[\"beauty\\/products\\/product-5.png\",\"beauty\\/products\\/product-6.png\"]'),(368,5,NULL,NULL,17,3.00,'Good app, good backup service and support. Good documentation.','published','2024-05-10 02:11:17','2024-05-10 02:11:17','[\"beauty\\/products\\/product-1.png\",\"beauty\\/products\\/product-3.png\",\"beauty\\/products\\/product-4.png\",\"beauty\\/products\\/product-7.png\"]'),(369,4,NULL,NULL,7,4.00,'Good app, good backup service and support. Good documentation.','published','2024-05-10 02:11:17','2024-05-10 02:11:17','[\"beauty\\/products\\/product-1.png\",\"beauty\\/products\\/product-3.png\",\"beauty\\/products\\/product-4.png\",\"beauty\\/products\\/product-5.png\"]'),(371,5,NULL,NULL,34,5.00,'Perfect +++++++++ i love it really also i get to fast ticket answers... Thanks Lot BOTBLE Teams','published','2024-05-10 02:11:17','2024-05-10 02:11:17','[\"beauty\\/products\\/product-1.png\",\"beauty\\/products\\/product-3.png\",\"beauty\\/products\\/product-5.png\"]'),(372,3,NULL,NULL,21,3.00,'The script is the best of its class, fast, easy to implement and work with , and the most important thing is the great support team , Recommend with no doubt.','published','2024-05-10 02:11:17','2024-05-10 02:11:17','[\"beauty\\/products\\/product-2.png\",\"beauty\\/products\\/product-3.png\",\"beauty\\/products\\/product-4.png\",\"beauty\\/products\\/product-8.png\"]'),(373,10,NULL,NULL,39,2.00,'Great E-commerce system. And much more : Wonderful Customer Support.','published','2024-05-10 02:11:17','2024-05-10 02:11:17','[\"beauty\\/products\\/product-4.png\"]'),(380,2,NULL,NULL,12,2.00,'We have received brilliant service support and will be expanding the features with the developer. Nice product!','published','2024-05-10 02:11:17','2024-05-10 02:11:17','[\"beauty\\/products\\/product-2.png\",\"beauty\\/products\\/product-8.png\"]'),(382,1,NULL,NULL,8,3.00,'For me the best eCommerce script on Envato at this moment: modern, clean code, a lot of great features. The customer support is great too: I always get an answer within hours!','published','2024-05-10 02:11:17','2024-05-10 02:11:17','[\"beauty\\/products\\/product-5.png\",\"beauty\\/products\\/product-8.png\"]'),(387,6,NULL,NULL,26,1.00,'Customer Support are grade (A*), however the code is a way too over engineered for it\'s purpose.','published','2024-05-10 02:11:17','2024-05-10 02:11:17','[\"beauty\\/products\\/product-2.png\",\"beauty\\/products\\/product-5.png\"]'),(389,8,NULL,NULL,23,3.00,'Ok good product. I have some issues in customizations. But its not correct to blame the developer. The product is good. Good luck for your business.','published','2024-05-10 02:11:17','2024-05-10 02:11:17','[\"beauty\\/products\\/product-2.png\",\"beauty\\/products\\/product-3.png\",\"beauty\\/products\\/product-5.png\",\"beauty\\/products\\/product-8.png\"]'),(390,2,NULL,NULL,13,1.00,'These guys are amazing! Responses immediately, amazing support and help... I immediately feel at ease after Purchasing..','published','2024-05-10 02:11:17','2024-05-10 02:11:17','[\"beauty\\/products\\/product-7.png\"]'),(393,6,NULL,NULL,33,3.00,'Clean & perfect source code','published','2024-05-10 02:11:17','2024-05-10 02:11:17','[\"beauty\\/products\\/product-6.png\"]'),(394,2,NULL,NULL,7,3.00,'Great system, great support, good job Botble. I\'m looking forward to more great functional plugins.','published','2024-05-10 02:11:17','2024-05-10 02:11:17','[\"beauty\\/products\\/product-4.png\",\"beauty\\/products\\/product-7.png\"]'),(401,9,NULL,NULL,9,2.00,'It\'s not my first experience here on Codecanyon and I can honestly tell you all that Botble puts a LOT of effort into the support. They answer so fast, they helped me tons of times. REALLY by far THE BEST EXPERIENCE on Codecanyon. Those guys at Botble are so good that they deserve 5 stars. I recommend them, I trust them and I can\'t wait to see what they will sell in a near future. Thank you Botble :)','published','2024-05-10 02:11:17','2024-05-10 02:11:17','[\"beauty\\/products\\/product-6.png\",\"beauty\\/products\\/product-7.png\",\"beauty\\/products\\/product-8.png\"]'),(402,9,NULL,NULL,32,1.00,'This web app is really good in design, code quality & features. Besides, the customer support provided by the Botble team was really fast & helpful. You guys are awesome!','published','2024-05-10 02:11:17','2024-05-10 02:11:17','[\"beauty\\/products\\/product-2.png\",\"beauty\\/products\\/product-5.png\",\"beauty\\/products\\/product-7.png\"]'),(411,7,NULL,NULL,37,1.00,'Very enthusiastic support! Excellent code is written. It\'s a true pleasure working with.','published','2024-05-10 02:11:17','2024-05-10 02:11:17','[\"beauty\\/products\\/product-1.png\",\"beauty\\/products\\/product-3.png\",\"beauty\\/products\\/product-6.png\"]'),(412,1,NULL,NULL,32,5.00,'Very enthusiastic support! Excellent code is written. It\'s a true pleasure working with.','published','2024-05-10 02:11:17','2024-05-10 02:11:17','[\"beauty\\/products\\/product-2.png\",\"beauty\\/products\\/product-3.png\",\"beauty\\/products\\/product-5.png\"]'),(413,2,NULL,NULL,6,4.00,'Those guys now what they are doing, the release such a good product that it\'s a pleasure to work with ! Even when I was stuck on the project, I created a ticket and the next day it was replied by the team. GOOD JOB guys. I love working with them :)','published','2024-05-10 02:11:17','2024-05-10 02:11:17','[\"beauty\\/products\\/product-1.png\",\"beauty\\/products\\/product-2.png\"]'),(414,5,NULL,NULL,11,1.00,'Amazing code, amazing support. Overall, im really confident in Botble and im happy I made the right choice! Thank you so much guys for coding this masterpiece','published','2024-05-10 02:11:17','2024-05-10 02:11:17','[\"beauty\\/products\\/product-5.png\"]'),(416,2,NULL,NULL,22,2.00,'Perfect +++++++++ i love it really also i get to fast ticket answers... Thanks Lot BOTBLE Teams','published','2024-05-10 02:11:17','2024-05-10 02:11:17','[\"beauty\\/products\\/product-1.png\",\"beauty\\/products\\/product-2.png\",\"beauty\\/products\\/product-4.png\",\"beauty\\/products\\/product-5.png\"]'),(420,2,NULL,NULL,28,5.00,'It\'s not my first experience here on Codecanyon and I can honestly tell you all that Botble puts a LOT of effort into the support. They answer so fast, they helped me tons of times. REALLY by far THE BEST EXPERIENCE on Codecanyon. Those guys at Botble are so good that they deserve 5 stars. I recommend them, I trust them and I can\'t wait to see what they will sell in a near future. Thank you Botble :)','published','2024-05-10 02:11:17','2024-05-10 02:11:17','[\"beauty\\/products\\/product-4.png\"]'),(421,7,NULL,NULL,25,4.00,'This script is well coded and is super fast. The support is pretty quick. Very patient and helpful team. I strongly recommend it and they deserve more than 5 stars.','published','2024-05-10 02:11:17','2024-05-10 02:11:17','[\"beauty\\/products\\/product-6.png\",\"beauty\\/products\\/product-7.png\"]'),(427,5,NULL,NULL,37,5.00,'Great E-commerce system. And much more : Wonderful Customer Support.','published','2024-05-10 02:11:17','2024-05-10 02:11:17','[\"beauty\\/products\\/product-3.png\"]'),(428,4,NULL,NULL,31,5.00,'For me the best eCommerce script on Envato at this moment: modern, clean code, a lot of great features. The customer support is great too: I always get an answer within hours!','published','2024-05-10 02:11:17','2024-05-10 02:11:17','[\"beauty\\/products\\/product-3.png\",\"beauty\\/products\\/product-5.png\",\"beauty\\/products\\/product-6.png\"]'),(429,1,NULL,NULL,23,5.00,'Ok good product. I have some issues in customizations. But its not correct to blame the developer. The product is good. Good luck for your business.','published','2024-05-10 02:11:17','2024-05-10 02:11:17','[\"beauty\\/products\\/product-1.png\",\"beauty\\/products\\/product-6.png\"]'),(431,9,NULL,NULL,27,5.00,'The best store template! Excellent coding! Very good support! Thank you so much for all the help, I really appreciated.','published','2024-05-10 02:11:17','2024-05-10 02:11:17','[\"beauty\\/products\\/product-4.png\",\"beauty\\/products\\/product-5.png\"]'),(439,8,NULL,NULL,40,1.00,'Cool template. Excellent code quality. The support responds very quickly, which is very rare on themeforest and codecanyon.net, I buy a lot of templates, and everyone will have a response from technical support for two or three days. Thanks to tech support. I recommend to buy.','published','2024-05-10 02:11:17','2024-05-10 02:11:17','[\"beauty\\/products\\/product-5.png\",\"beauty\\/products\\/product-6.png\",\"beauty\\/products\\/product-8.png\"]'),(440,3,NULL,NULL,42,4.00,'These guys are amazing! Responses immediately, amazing support and help... I immediately feel at ease after Purchasing..','published','2024-05-10 02:11:17','2024-05-10 02:11:17','[\"beauty\\/products\\/product-4.png\"]'),(443,1,NULL,NULL,10,2.00,'Solution is too robust for our purpose so we didn\'t use it at the end. But I appreciate customer support during initial configuration.','published','2024-05-10 02:11:17','2024-05-10 02:11:17','[\"beauty\\/products\\/product-1.png\",\"beauty\\/products\\/product-2.png\",\"beauty\\/products\\/product-3.png\"]'),(445,10,NULL,NULL,21,3.00,'Customer Support are grade (A*), however the code is a way too over engineered for it\'s purpose.','published','2024-05-10 02:11:17','2024-05-10 02:11:17','[\"beauty\\/products\\/product-1.png\",\"beauty\\/products\\/product-2.png\"]'),(449,10,NULL,NULL,3,3.00,'I Love this Script. I also found how to add other fees. Now I just wait the BIG update for the Marketplace with the Bulk Import. Just do not forget to make it to be Multi-language for us the Botble Fans.','published','2024-05-10 02:11:17','2024-05-10 02:11:17','[\"beauty\\/products\\/product-1.png\",\"beauty\\/products\\/product-3.png\",\"beauty\\/products\\/product-8.png\"]'),(452,9,NULL,NULL,5,5.00,'Best ecommerce CMS online store!','published','2024-05-10 02:11:17','2024-05-10 02:11:17','[\"beauty\\/products\\/product-5.png\"]'),(453,6,NULL,NULL,43,2.00,'For me the best eCommerce script on Envato at this moment: modern, clean code, a lot of great features. The customer support is great too: I always get an answer within hours!','published','2024-05-10 02:11:17','2024-05-10 02:11:17','[\"beauty\\/products\\/product-6.png\"]'),(455,9,NULL,NULL,38,2.00,'The code is good, in general, if you like it, can you give it 5 stars?','published','2024-05-10 02:11:17','2024-05-10 02:11:17','[\"beauty\\/products\\/product-2.png\",\"beauty\\/products\\/product-3.png\",\"beauty\\/products\\/product-4.png\",\"beauty\\/products\\/product-5.png\"]'),(460,6,NULL,NULL,29,1.00,'Cool template. Excellent code quality. The support responds very quickly, which is very rare on themeforest and codecanyon.net, I buy a lot of templates, and everyone will have a response from technical support for two or three days. Thanks to tech support. I recommend to buy.','published','2024-05-10 02:11:17','2024-05-10 02:11:17','[\"beauty\\/products\\/product-7.png\"]'),(461,10,NULL,NULL,14,5.00,'Good app, good backup service and support. Good documentation.','published','2024-05-10 02:11:17','2024-05-10 02:11:17','[\"beauty\\/products\\/product-4.png\"]'),(463,2,NULL,NULL,9,3.00,'Cool template. Excellent code quality. The support responds very quickly, which is very rare on themeforest and codecanyon.net, I buy a lot of templates, and everyone will have a response from technical support for two or three days. Thanks to tech support. I recommend to buy.','published','2024-05-10 02:11:17','2024-05-10 02:11:17','[\"beauty\\/products\\/product-1.png\",\"beauty\\/products\\/product-2.png\",\"beauty\\/products\\/product-3.png\",\"beauty\\/products\\/product-5.png\"]'),(471,5,NULL,NULL,42,4.00,'We have received brilliant service support and will be expanding the features with the developer. Nice product!','published','2024-05-10 02:11:17','2024-05-10 02:11:17','[\"beauty\\/products\\/product-4.png\",\"beauty\\/products\\/product-6.png\",\"beauty\\/products\\/product-7.png\"]'),(472,9,NULL,NULL,11,4.00,'Cool template. Excellent code quality. The support responds very quickly, which is very rare on themeforest and codecanyon.net, I buy a lot of templates, and everyone will have a response from technical support for two or three days. Thanks to tech support. I recommend to buy.','published','2024-05-10 02:11:17','2024-05-10 02:11:17','[\"beauty\\/products\\/product-1.png\",\"beauty\\/products\\/product-2.png\",\"beauty\\/products\\/product-6.png\",\"beauty\\/products\\/product-8.png\"]'),(473,10,NULL,NULL,15,4.00,'Great system, great support, good job Botble. I\'m looking forward to more great functional plugins.','published','2024-05-10 02:11:17','2024-05-10 02:11:17','[\"beauty\\/products\\/product-2.png\",\"beauty\\/products\\/product-4.png\"]'),(477,5,NULL,NULL,12,2.00,'Good app, good backup service and support. Good documentation.','published','2024-05-10 02:11:17','2024-05-10 02:11:17','[\"beauty\\/products\\/product-7.png\"]'),(479,3,NULL,NULL,40,1.00,'The best ecommerce CMS! Excellent coding! best support service! Thank you so much..... I really like your hard work.','published','2024-05-10 02:11:17','2024-05-10 02:11:17','[\"beauty\\/products\\/product-1.png\",\"beauty\\/products\\/product-2.png\",\"beauty\\/products\\/product-3.png\"]'),(482,1,NULL,NULL,15,3.00,'I Love this Script. I also found how to add other fees. Now I just wait the BIG update for the Marketplace with the Bulk Import. Just do not forget to make it to be Multi-language for us the Botble Fans.','published','2024-05-10 02:11:17','2024-05-10 02:11:17','[\"beauty\\/products\\/product-1.png\",\"beauty\\/products\\/product-6.png\",\"beauty\\/products\\/product-7.png\"]'),(483,5,NULL,NULL,25,5.00,'This script is well coded and is super fast. The support is pretty quick. Very patient and helpful team. I strongly recommend it and they deserve more than 5 stars.','published','2024-05-10 02:11:17','2024-05-10 02:11:17','[\"beauty\\/products\\/product-5.png\",\"beauty\\/products\\/product-6.png\",\"beauty\\/products\\/product-7.png\"]'),(488,5,NULL,NULL,3,4.00,'Great E-commerce system. And much more : Wonderful Customer Support.','published','2024-05-10 02:11:17','2024-05-10 02:11:17','[\"beauty\\/products\\/product-5.png\",\"beauty\\/products\\/product-6.png\"]'),(491,1,NULL,NULL,28,1.00,'Those guys now what they are doing, the release such a good product that it\'s a pleasure to work with ! Even when I was stuck on the project, I created a ticket and the next day it was replied by the team. GOOD JOB guys. I love working with them :)','published','2024-05-10 02:11:17','2024-05-10 02:11:17','[\"beauty\\/products\\/product-8.png\"]'),(493,5,NULL,NULL,33,4.00,'I Love this Script. I also found how to add other fees. Now I just wait the BIG update for the Marketplace with the Bulk Import. Just do not forget to make it to be Multi-language for us the Botble Fans.','published','2024-05-10 02:11:17','2024-05-10 02:11:17','[\"beauty\\/products\\/product-8.png\"]'),(495,8,NULL,NULL,6,5.00,'Ok good product. I have some issues in customizations. But its not correct to blame the developer. The product is good. Good luck for your business.','published','2024-05-10 02:11:17','2024-05-10 02:11:17','[\"beauty\\/products\\/product-3.png\"]'),(497,1,NULL,NULL,1,4.00,'This script is well coded and is super fast. The support is pretty quick. Very patient and helpful team. I strongly recommend it and they deserve more than 5 stars.','published','2024-05-10 02:11:17','2024-05-10 02:11:17','[\"beauty\\/products\\/product-1.png\",\"beauty\\/products\\/product-5.png\"]'),(499,4,NULL,NULL,6,4.00,'Ok good product. I have some issues in customizations. But its not correct to blame the developer. The product is good. Good luck for your business.','published','2024-05-10 02:11:17','2024-05-10 02:11:17','[\"beauty\\/products\\/product-2.png\",\"beauty\\/products\\/product-3.png\"]'),(502,10,NULL,NULL,12,2.00,'Second or third time that I buy a Botble product, happy with the products and support. You guys do a good job :)','published','2024-05-10 02:11:17','2024-05-10 02:11:17','[\"beauty\\/products\\/product-4.png\",\"beauty\\/products\\/product-8.png\"]'),(506,6,NULL,NULL,13,1.00,'Amazing code, amazing support. Overall, im really confident in Botble and im happy I made the right choice! Thank you so much guys for coding this masterpiece','published','2024-05-10 02:11:17','2024-05-10 02:11:17','[\"beauty\\/products\\/product-2.png\",\"beauty\\/products\\/product-3.png\",\"beauty\\/products\\/product-6.png\"]'),(507,1,NULL,NULL,17,1.00,'Very enthusiastic support! Excellent code is written. It\'s a true pleasure working with.','published','2024-05-10 02:11:17','2024-05-10 02:11:17','[\"beauty\\/products\\/product-4.png\"]'),(510,9,NULL,NULL,31,2.00,'The best ecommerce CMS! Excellent coding! best support service! Thank you so much..... I really like your hard work.','published','2024-05-10 02:11:17','2024-05-10 02:11:17','[\"beauty\\/products\\/product-6.png\"]'),(512,2,NULL,NULL,2,3.00,'The script is the best of its class, fast, easy to implement and work with , and the most important thing is the great support team , Recommend with no doubt.','published','2024-05-10 02:11:17','2024-05-10 02:11:17','[\"beauty\\/products\\/product-3.png\",\"beauty\\/products\\/product-4.png\",\"beauty\\/products\\/product-5.png\"]'),(515,2,NULL,NULL,43,1.00,'Ok good product. I have some issues in customizations. But its not correct to blame the developer. The product is good. Good luck for your business.','published','2024-05-10 02:11:17','2024-05-10 02:11:17','[\"beauty\\/products\\/product-3.png\"]'),(522,3,NULL,NULL,41,4.00,'This script is well coded and is super fast. The support is pretty quick. Very patient and helpful team. I strongly recommend it and they deserve more than 5 stars.','published','2024-05-10 02:11:17','2024-05-10 02:11:17','[\"beauty\\/products\\/product-4.png\",\"beauty\\/products\\/product-7.png\"]'),(523,5,NULL,NULL,31,5.00,'The script is the best of its class, fast, easy to implement and work with , and the most important thing is the great support team , Recommend with no doubt.','published','2024-05-10 02:11:17','2024-05-10 02:11:17','[\"beauty\\/products\\/product-4.png\",\"beauty\\/products\\/product-8.png\"]'),(538,2,NULL,NULL,30,4.00,'The script is the best of its class, fast, easy to implement and work with , and the most important thing is the great support team , Recommend with no doubt.','published','2024-05-10 02:11:17','2024-05-10 02:11:17','[\"beauty\\/products\\/product-1.png\",\"beauty\\/products\\/product-3.png\",\"beauty\\/products\\/product-4.png\"]'),(539,7,NULL,NULL,24,5.00,'Great system, great support, good job Botble. I\'m looking forward to more great functional plugins.','published','2024-05-10 02:11:17','2024-05-10 02:11:17','[\"beauty\\/products\\/product-2.png\",\"beauty\\/products\\/product-7.png\",\"beauty\\/products\\/product-8.png\"]'),(540,7,NULL,NULL,42,3.00,'Second or third time that I buy a Botble product, happy with the products and support. You guys do a good job :)','published','2024-05-10 02:11:17','2024-05-10 02:11:17','[\"beauty\\/products\\/product-3.png\"]'),(541,5,NULL,NULL,9,4.00,'For me the best eCommerce script on Envato at this moment: modern, clean code, a lot of great features. The customer support is great too: I always get an answer within hours!','published','2024-05-10 02:11:17','2024-05-10 02:11:17','[\"beauty\\/products\\/product-6.png\"]'),(546,8,NULL,NULL,29,2.00,'Clean & perfect source code','published','2024-05-10 02:11:17','2024-05-10 02:11:17','[\"beauty\\/products\\/product-3.png\",\"beauty\\/products\\/product-4.png\",\"beauty\\/products\\/product-6.png\",\"beauty\\/products\\/product-7.png\"]'),(547,6,NULL,NULL,31,1.00,'Perfect +++++++++ i love it really also i get to fast ticket answers... Thanks Lot BOTBLE Teams','published','2024-05-10 02:11:17','2024-05-10 02:11:17','[\"beauty\\/products\\/product-1.png\",\"beauty\\/products\\/product-5.png\",\"beauty\\/products\\/product-7.png\"]'),(549,3,NULL,NULL,16,4.00,'Cool template. Excellent code quality. The support responds very quickly, which is very rare on themeforest and codecanyon.net, I buy a lot of templates, and everyone will have a response from technical support for two or three days. Thanks to tech support. I recommend to buy.','published','2024-05-10 02:11:17','2024-05-10 02:11:17','[\"beauty\\/products\\/product-3.png\",\"beauty\\/products\\/product-7.png\"]'),(550,5,NULL,NULL,1,4.00,'These guys are amazing! Responses immediately, amazing support and help... I immediately feel at ease after Purchasing..','published','2024-05-10 02:11:17','2024-05-10 02:11:17','[\"beauty\\/products\\/product-1.png\",\"beauty\\/products\\/product-4.png\",\"beauty\\/products\\/product-5.png\"]'),(551,2,NULL,NULL,32,4.00,'Amazing code, amazing support. Overall, im really confident in Botble and im happy I made the right choice! Thank you so much guys for coding this masterpiece','published','2024-05-10 02:11:17','2024-05-10 02:11:17','[\"beauty\\/products\\/product-2.png\",\"beauty\\/products\\/product-3.png\",\"beauty\\/products\\/product-6.png\"]'),(552,9,NULL,NULL,19,2.00,'Those guys now what they are doing, the release such a good product that it\'s a pleasure to work with ! Even when I was stuck on the project, I created a ticket and the next day it was replied by the team. GOOD JOB guys. I love working with them :)','published','2024-05-10 02:11:17','2024-05-10 02:11:17','[\"beauty\\/products\\/product-1.png\",\"beauty\\/products\\/product-2.png\",\"beauty\\/products\\/product-3.png\"]'),(555,2,NULL,NULL,5,3.00,'The best ecommerce CMS! Excellent coding! best support service! Thank you so much..... I really like your hard work.','published','2024-05-10 02:11:17','2024-05-10 02:11:17','[\"beauty\\/products\\/product-2.png\",\"beauty\\/products\\/product-7.png\"]'),(557,9,NULL,NULL,8,1.00,'These guys are amazing! Responses immediately, amazing support and help... I immediately feel at ease after Purchasing..','published','2024-05-10 02:11:17','2024-05-10 02:11:17','[\"beauty\\/products\\/product-4.png\",\"beauty\\/products\\/product-6.png\"]'),(561,9,NULL,NULL,23,1.00,'Good app, good backup service and support. Good documentation.','published','2024-05-10 02:11:17','2024-05-10 02:11:17','[\"beauty\\/products\\/product-2.png\",\"beauty\\/products\\/product-4.png\",\"beauty\\/products\\/product-7.png\"]'),(564,5,NULL,NULL,24,3.00,'Ok good product. I have some issues in customizations. But its not correct to blame the developer. The product is good. Good luck for your business.','published','2024-05-10 02:11:17','2024-05-10 02:11:17','[\"beauty\\/products\\/product-4.png\"]'),(567,2,NULL,NULL,1,5.00,'It\'s not my first experience here on Codecanyon and I can honestly tell you all that Botble puts a LOT of effort into the support. They answer so fast, they helped me tons of times. REALLY by far THE BEST EXPERIENCE on Codecanyon. Those guys at Botble are so good that they deserve 5 stars. I recommend them, I trust them and I can\'t wait to see what they will sell in a near future. Thank you Botble :)','published','2024-05-10 02:11:17','2024-05-10 02:11:17','[\"beauty\\/products\\/product-1.png\",\"beauty\\/products\\/product-3.png\",\"beauty\\/products\\/product-5.png\",\"beauty\\/products\\/product-6.png\"]'),(569,7,NULL,NULL,38,5.00,'Cool template. Excellent code quality. The support responds very quickly, which is very rare on themeforest and codecanyon.net, I buy a lot of templates, and everyone will have a response from technical support for two or three days. Thanks to tech support. I recommend to buy.','published','2024-05-10 02:11:17','2024-05-10 02:11:17','[\"beauty\\/products\\/product-3.png\",\"beauty\\/products\\/product-4.png\",\"beauty\\/products\\/product-7.png\"]'),(572,3,NULL,NULL,14,1.00,'We have received brilliant service support and will be expanding the features with the developer. Nice product!','published','2024-05-10 02:11:17','2024-05-10 02:11:17','[\"beauty\\/products\\/product-1.png\",\"beauty\\/products\\/product-3.png\",\"beauty\\/products\\/product-7.png\"]'),(575,3,NULL,NULL,29,4.00,'Amazing code, amazing support. Overall, im really confident in Botble and im happy I made the right choice! Thank you so much guys for coding this masterpiece','published','2024-05-10 02:11:17','2024-05-10 02:11:17','[\"beauty\\/products\\/product-3.png\",\"beauty\\/products\\/product-6.png\",\"beauty\\/products\\/product-8.png\"]'),(576,2,NULL,NULL,36,4.00,'This web app is really good in design, code quality & features. Besides, the customer support provided by the Botble team was really fast & helpful. You guys are awesome!','published','2024-05-10 02:11:17','2024-05-10 02:11:17','[\"beauty\\/products\\/product-1.png\",\"beauty\\/products\\/product-3.png\"]'),(577,9,NULL,NULL,26,1.00,'These guys are amazing! Responses immediately, amazing support and help... I immediately feel at ease after Purchasing..','published','2024-05-10 02:11:17','2024-05-10 02:11:17','[\"beauty\\/products\\/product-1.png\"]'),(578,1,NULL,NULL,14,4.00,'Great system, great support, good job Botble. I\'m looking forward to more great functional plugins.','published','2024-05-10 02:11:17','2024-05-10 02:11:17','[\"beauty\\/products\\/product-2.png\",\"beauty\\/products\\/product-3.png\",\"beauty\\/products\\/product-6.png\"]'),(580,3,NULL,NULL,24,4.00,'Good app, good backup service and support. Good documentation.','published','2024-05-10 02:11:17','2024-05-10 02:11:17','[\"beauty\\/products\\/product-1.png\",\"beauty\\/products\\/product-2.png\",\"beauty\\/products\\/product-6.png\",\"beauty\\/products\\/product-7.png\"]'),(583,10,NULL,NULL,22,4.00,'I Love this Script. I also found how to add other fees. Now I just wait the BIG update for the Marketplace with the Bulk Import. Just do not forget to make it to be Multi-language for us the Botble Fans.','published','2024-05-10 02:11:17','2024-05-10 02:11:17','[\"beauty\\/products\\/product-1.png\",\"beauty\\/products\\/product-6.png\",\"beauty\\/products\\/product-8.png\"]'),(585,10,NULL,NULL,35,1.00,'The best ecommerce CMS! Excellent coding! best support service! Thank you so much..... I really like your hard work.','published','2024-05-10 02:11:17','2024-05-10 02:11:17','[\"beauty\\/products\\/product-1.png\",\"beauty\\/products\\/product-5.png\",\"beauty\\/products\\/product-7.png\",\"beauty\\/products\\/product-8.png\"]'),(590,4,NULL,NULL,18,3.00,'Clean & perfect source code','published','2024-05-10 02:11:17','2024-05-10 02:11:17','[\"beauty\\/products\\/product-8.png\"]'),(592,7,NULL,NULL,12,5.00,'Best ecommerce CMS online store!','published','2024-05-10 02:11:17','2024-05-10 02:11:17','[\"beauty\\/products\\/product-1.png\",\"beauty\\/products\\/product-3.png\",\"beauty\\/products\\/product-4.png\"]'),(597,1,NULL,NULL,43,3.00,'I Love this Script. I also found how to add other fees. Now I just wait the BIG update for the Marketplace with the Bulk Import. Just do not forget to make it to be Multi-language for us the Botble Fans.','published','2024-05-10 02:11:17','2024-05-10 02:11:17','[\"beauty\\/products\\/product-4.png\"]'),(598,4,NULL,NULL,42,2.00,'Solution is too robust for our purpose so we didn\'t use it at the end. But I appreciate customer support during initial configuration.','published','2024-05-10 02:11:17','2024-05-10 02:11:17','[\"beauty\\/products\\/product-1.png\",\"beauty\\/products\\/product-7.png\",\"beauty\\/products\\/product-8.png\"]'),(605,3,NULL,NULL,36,4.00,'Cool template. Excellent code quality. The support responds very quickly, which is very rare on themeforest and codecanyon.net, I buy a lot of templates, and everyone will have a response from technical support for two or three days. Thanks to tech support. I recommend to buy.','published','2024-05-10 02:11:17','2024-05-10 02:11:17','[\"beauty\\/products\\/product-2.png\",\"beauty\\/products\\/product-3.png\",\"beauty\\/products\\/product-4.png\",\"beauty\\/products\\/product-6.png\"]'),(610,4,NULL,NULL,25,2.00,'Customer Support are grade (A*), however the code is a way too over engineered for it\'s purpose.','published','2024-05-10 02:11:17','2024-05-10 02:11:17','[\"beauty\\/products\\/product-4.png\",\"beauty\\/products\\/product-7.png\",\"beauty\\/products\\/product-8.png\"]'),(611,10,NULL,NULL,19,3.00,'Great system, great support, good job Botble. I\'m looking forward to more great functional plugins.','published','2024-05-10 02:11:17','2024-05-10 02:11:17','[\"beauty\\/products\\/product-3.png\",\"beauty\\/products\\/product-4.png\",\"beauty\\/products\\/product-6.png\",\"beauty\\/products\\/product-7.png\"]'),(625,8,NULL,NULL,19,4.00,'Clean & perfect source code','published','2024-05-10 02:11:17','2024-05-10 02:11:17','[\"beauty\\/products\\/product-2.png\",\"beauty\\/products\\/product-4.png\",\"beauty\\/products\\/product-5.png\"]'),(627,8,NULL,NULL,28,2.00,'Amazing code, amazing support. Overall, im really confident in Botble and im happy I made the right choice! Thank you so much guys for coding this masterpiece','published','2024-05-10 02:11:17','2024-05-10 02:11:17','[\"beauty\\/products\\/product-1.png\",\"beauty\\/products\\/product-4.png\",\"beauty\\/products\\/product-7.png\",\"beauty\\/products\\/product-8.png\"]'),(629,8,NULL,NULL,11,2.00,'Cool template. Excellent code quality. The support responds very quickly, which is very rare on themeforest and codecanyon.net, I buy a lot of templates, and everyone will have a response from technical support for two or three days. Thanks to tech support. I recommend to buy.','published','2024-05-10 02:11:17','2024-05-10 02:11:17','[\"beauty\\/products\\/product-1.png\",\"beauty\\/products\\/product-8.png\"]'),(631,2,NULL,NULL,26,3.00,'It\'s not my first experience here on Codecanyon and I can honestly tell you all that Botble puts a LOT of effort into the support. They answer so fast, they helped me tons of times. REALLY by far THE BEST EXPERIENCE on Codecanyon. Those guys at Botble are so good that they deserve 5 stars. I recommend them, I trust them and I can\'t wait to see what they will sell in a near future. Thank you Botble :)','published','2024-05-10 02:11:17','2024-05-10 02:11:17','[\"beauty\\/products\\/product-1.png\"]'),(633,7,NULL,NULL,16,3.00,'The best ecommerce CMS! Excellent coding! best support service! Thank you so much..... I really like your hard work.','published','2024-05-10 02:11:17','2024-05-10 02:11:17','[\"beauty\\/products\\/product-1.png\",\"beauty\\/products\\/product-3.png\",\"beauty\\/products\\/product-4.png\",\"beauty\\/products\\/product-8.png\"]'),(636,7,NULL,NULL,5,2.00,'Amazing code, amazing support. Overall, im really confident in Botble and im happy I made the right choice! Thank you so much guys for coding this masterpiece','published','2024-05-10 02:11:17','2024-05-10 02:11:17','[\"beauty\\/products\\/product-3.png\",\"beauty\\/products\\/product-4.png\",\"beauty\\/products\\/product-5.png\"]'),(645,5,NULL,NULL,28,4.00,'As a developer I reviewed this script. This is really awesome ecommerce script. I have convinced when I noticed that it\'s built on fully WordPress concept.','published','2024-05-10 02:11:17','2024-05-10 02:11:17','[\"beauty\\/products\\/product-2.png\",\"beauty\\/products\\/product-3.png\",\"beauty\\/products\\/product-4.png\",\"beauty\\/products\\/product-7.png\"]'),(648,4,NULL,NULL,10,2.00,'Ok good product. I have some issues in customizations. But its not correct to blame the developer. The product is good. Good luck for your business.','published','2024-05-10 02:11:17','2024-05-10 02:11:17','[\"beauty\\/products\\/product-1.png\",\"beauty\\/products\\/product-3.png\",\"beauty\\/products\\/product-5.png\",\"beauty\\/products\\/product-6.png\"]'),(652,9,NULL,NULL,28,1.00,'Great E-commerce system. And much more : Wonderful Customer Support.','published','2024-05-10 02:11:17','2024-05-10 02:11:17','[\"beauty\\/products\\/product-6.png\",\"beauty\\/products\\/product-7.png\"]'),(653,2,NULL,NULL,25,1.00,'For me the best eCommerce script on Envato at this moment: modern, clean code, a lot of great features. The customer support is great too: I always get an answer within hours!','published','2024-05-10 02:11:17','2024-05-10 02:11:17','[\"beauty\\/products\\/product-4.png\"]'),(656,9,NULL,NULL,3,2.00,'I Love this Script. I also found how to add other fees. Now I just wait the BIG update for the Marketplace with the Bulk Import. Just do not forget to make it to be Multi-language for us the Botble Fans.','published','2024-05-10 02:11:17','2024-05-10 02:11:17','[\"beauty\\/products\\/product-4.png\",\"beauty\\/products\\/product-5.png\",\"beauty\\/products\\/product-8.png\"]'),(660,1,NULL,NULL,29,3.00,'I Love this Script. I also found how to add other fees. Now I just wait the BIG update for the Marketplace with the Bulk Import. Just do not forget to make it to be Multi-language for us the Botble Fans.','published','2024-05-10 02:11:17','2024-05-10 02:11:17','[\"beauty\\/products\\/product-7.png\"]'),(667,5,NULL,NULL,30,2.00,'Very enthusiastic support! Excellent code is written. It\'s a true pleasure working with.','published','2024-05-10 02:11:17','2024-05-10 02:11:17','[\"beauty\\/products\\/product-5.png\",\"beauty\\/products\\/product-6.png\",\"beauty\\/products\\/product-7.png\"]'),(668,5,NULL,NULL,35,4.00,'We have received brilliant service support and will be expanding the features with the developer. Nice product!','published','2024-05-10 02:11:17','2024-05-10 02:11:17','[\"beauty\\/products\\/product-2.png\",\"beauty\\/products\\/product-4.png\",\"beauty\\/products\\/product-6.png\"]'),(671,1,NULL,NULL,4,2.00,'Good app, good backup service and support. Good documentation.','published','2024-05-10 02:11:17','2024-05-10 02:11:17','[\"beauty\\/products\\/product-1.png\",\"beauty\\/products\\/product-2.png\",\"beauty\\/products\\/product-7.png\"]'),(672,8,NULL,NULL,24,2.00,'Customer Support are grade (A*), however the code is a way too over engineered for it\'s purpose.','published','2024-05-10 02:11:17','2024-05-10 02:11:17','[\"beauty\\/products\\/product-3.png\",\"beauty\\/products\\/product-5.png\",\"beauty\\/products\\/product-6.png\",\"beauty\\/products\\/product-7.png\"]'),(676,4,NULL,NULL,26,2.00,'Very enthusiastic support! Excellent code is written. It\'s a true pleasure working with.','published','2024-05-10 02:11:17','2024-05-10 02:11:17','[\"beauty\\/products\\/product-1.png\",\"beauty\\/products\\/product-7.png\"]'),(677,10,NULL,NULL,32,4.00,'We have received brilliant service support and will be expanding the features with the developer. Nice product!','published','2024-05-10 02:11:17','2024-05-10 02:11:17','[\"beauty\\/products\\/product-3.png\"]'),(679,3,NULL,NULL,15,1.00,'Amazing code, amazing support. Overall, im really confident in Botble and im happy I made the right choice! Thank you so much guys for coding this masterpiece','published','2024-05-10 02:11:17','2024-05-10 02:11:17','[\"beauty\\/products\\/product-1.png\",\"beauty\\/products\\/product-2.png\",\"beauty\\/products\\/product-5.png\"]'),(683,6,NULL,NULL,41,2.00,'Good app, good backup service and support. Good documentation.','published','2024-05-10 02:11:17','2024-05-10 02:11:17','[\"beauty\\/products\\/product-1.png\",\"beauty\\/products\\/product-3.png\",\"beauty\\/products\\/product-5.png\",\"beauty\\/products\\/product-6.png\"]'),(693,6,NULL,NULL,28,2.00,'This script is well coded and is super fast. The support is pretty quick. Very patient and helpful team. I strongly recommend it and they deserve more than 5 stars.','published','2024-05-10 02:11:17','2024-05-10 02:11:17','[\"beauty\\/products\\/product-2.png\",\"beauty\\/products\\/product-3.png\",\"beauty\\/products\\/product-8.png\"]'),(696,1,NULL,NULL,19,1.00,'Cool template. Excellent code quality. The support responds very quickly, which is very rare on themeforest and codecanyon.net, I buy a lot of templates, and everyone will have a response from technical support for two or three days. Thanks to tech support. I recommend to buy.','published','2024-05-10 02:11:17','2024-05-10 02:11:17','[\"beauty\\/products\\/product-8.png\"]'),(697,3,NULL,NULL,19,2.00,'Perfect +++++++++ i love it really also i get to fast ticket answers... Thanks Lot BOTBLE Teams','published','2024-05-10 02:11:17','2024-05-10 02:11:17','[\"beauty\\/products\\/product-1.png\"]'),(703,6,NULL,NULL,15,2.00,'The best store template! Excellent coding! Very good support! Thank you so much for all the help, I really appreciated.','published','2024-05-10 02:11:17','2024-05-10 02:11:17','[\"beauty\\/products\\/product-3.png\",\"beauty\\/products\\/product-4.png\"]'),(707,4,NULL,NULL,35,4.00,'Second or third time that I buy a Botble product, happy with the products and support. You guys do a good job :)','published','2024-05-10 02:11:17','2024-05-10 02:11:17','[\"beauty\\/products\\/product-3.png\"]'),(711,4,NULL,NULL,14,4.00,'For me the best eCommerce script on Envato at this moment: modern, clean code, a lot of great features. The customer support is great too: I always get an answer within hours!','published','2024-05-10 02:11:17','2024-05-10 02:11:17','[\"beauty\\/products\\/product-6.png\",\"beauty\\/products\\/product-7.png\",\"beauty\\/products\\/product-8.png\"]'),(714,2,NULL,NULL,39,4.00,'Perfect +++++++++ i love it really also i get to fast ticket answers... Thanks Lot BOTBLE Teams','published','2024-05-10 02:11:17','2024-05-10 02:11:17','[\"beauty\\/products\\/product-1.png\",\"beauty\\/products\\/product-4.png\",\"beauty\\/products\\/product-6.png\",\"beauty\\/products\\/product-7.png\"]'),(715,9,NULL,NULL,16,5.00,'Great system, great support, good job Botble. I\'m looking forward to more great functional plugins.','published','2024-05-10 02:11:17','2024-05-10 02:11:17','[\"beauty\\/products\\/product-3.png\",\"beauty\\/products\\/product-6.png\",\"beauty\\/products\\/product-8.png\"]'),(716,8,NULL,NULL,7,1.00,'Those guys now what they are doing, the release such a good product that it\'s a pleasure to work with ! Even when I was stuck on the project, I created a ticket and the next day it was replied by the team. GOOD JOB guys. I love working with them :)','published','2024-05-10 02:11:17','2024-05-10 02:11:17','[\"beauty\\/products\\/product-4.png\"]'),(723,4,NULL,NULL,1,3.00,'I Love this Script. I also found how to add other fees. Now I just wait the BIG update for the Marketplace with the Bulk Import. Just do not forget to make it to be Multi-language for us the Botble Fans.','published','2024-05-10 02:11:17','2024-05-10 02:11:17','[\"beauty\\/products\\/product-2.png\",\"beauty\\/products\\/product-5.png\",\"beauty\\/products\\/product-6.png\",\"beauty\\/products\\/product-8.png\"]'),(724,7,NULL,NULL,40,2.00,'Ok good product. I have some issues in customizations. But its not correct to blame the developer. The product is good. Good luck for your business.','published','2024-05-10 02:11:17','2024-05-10 02:11:17','[\"beauty\\/products\\/product-1.png\",\"beauty\\/products\\/product-2.png\",\"beauty\\/products\\/product-6.png\",\"beauty\\/products\\/product-8.png\"]'),(752,2,NULL,NULL,8,4.00,'Great system, great support, good job Botble. I\'m looking forward to more great functional plugins.','published','2024-05-10 02:11:17','2024-05-10 02:11:17','[\"beauty\\/products\\/product-4.png\",\"beauty\\/products\\/product-7.png\",\"beauty\\/products\\/product-8.png\"]'),(778,5,NULL,NULL,16,1.00,'Customer Support are grade (A*), however the code is a way too over engineered for it\'s purpose.','published','2024-05-10 02:11:17','2024-05-10 02:11:17','[\"beauty\\/products\\/product-3.png\"]'),(782,7,NULL,NULL,34,5.00,'Cool template. Excellent code quality. The support responds very quickly, which is very rare on themeforest and codecanyon.net, I buy a lot of templates, and everyone will have a response from technical support for two or three days. Thanks to tech support. I recommend to buy.','published','2024-05-10 02:11:17','2024-05-10 02:11:17','[\"beauty\\/products\\/product-1.png\",\"beauty\\/products\\/product-3.png\",\"beauty\\/products\\/product-5.png\",\"beauty\\/products\\/product-7.png\"]'),(783,2,NULL,NULL,27,2.00,'Solution is too robust for our purpose so we didn\'t use it at the end. But I appreciate customer support during initial configuration.','published','2024-05-10 02:11:17','2024-05-10 02:11:17','[\"beauty\\/products\\/product-1.png\",\"beauty\\/products\\/product-4.png\",\"beauty\\/products\\/product-5.png\",\"beauty\\/products\\/product-8.png\"]'),(787,8,NULL,NULL,26,2.00,'Customer Support are grade (A*), however the code is a way too over engineered for it\'s purpose.','published','2024-05-10 02:11:17','2024-05-10 02:11:17','[\"beauty\\/products\\/product-1.png\",\"beauty\\/products\\/product-4.png\"]'),(795,5,NULL,NULL,5,2.00,'We have received brilliant service support and will be expanding the features with the developer. Nice product!','published','2024-05-10 02:11:17','2024-05-10 02:11:17','[\"beauty\\/products\\/product-4.png\",\"beauty\\/products\\/product-6.png\"]'),(807,1,NULL,NULL,9,5.00,'The script is the best of its class, fast, easy to implement and work with , and the most important thing is the great support team , Recommend with no doubt.','published','2024-05-10 02:11:17','2024-05-10 02:11:17','[\"beauty\\/products\\/product-1.png\"]'),(808,3,NULL,NULL,35,3.00,'These guys are amazing! Responses immediately, amazing support and help... I immediately feel at ease after Purchasing..','published','2024-05-10 02:11:17','2024-05-10 02:11:17','[\"beauty\\/products\\/product-4.png\",\"beauty\\/products\\/product-5.png\"]'),(812,2,NULL,NULL,41,1.00,'This script is well coded and is super fast. The support is pretty quick. Very patient and helpful team. I strongly recommend it and they deserve more than 5 stars.','published','2024-05-10 02:11:17','2024-05-10 02:11:17','[\"beauty\\/products\\/product-3.png\"]'),(825,6,NULL,NULL,37,5.00,'Those guys now what they are doing, the release such a good product that it\'s a pleasure to work with ! Even when I was stuck on the project, I created a ticket and the next day it was replied by the team. GOOD JOB guys. I love working with them :)','published','2024-05-10 02:11:17','2024-05-10 02:11:17','[\"beauty\\/products\\/product-1.png\",\"beauty\\/products\\/product-3.png\"]'),(830,3,NULL,NULL,27,3.00,'This web app is really good in design, code quality & features. Besides, the customer support provided by the Botble team was really fast & helpful. You guys are awesome!','published','2024-05-10 02:11:17','2024-05-10 02:11:17','[\"beauty\\/products\\/product-3.png\",\"beauty\\/products\\/product-7.png\",\"beauty\\/products\\/product-8.png\"]'),(831,8,NULL,NULL,1,1.00,'Those guys now what they are doing, the release such a good product that it\'s a pleasure to work with ! Even when I was stuck on the project, I created a ticket and the next day it was replied by the team. GOOD JOB guys. I love working with them :)','published','2024-05-10 02:11:17','2024-05-10 02:11:17','[\"beauty\\/products\\/product-1.png\",\"beauty\\/products\\/product-4.png\",\"beauty\\/products\\/product-7.png\",\"beauty\\/products\\/product-8.png\"]'),(836,4,NULL,NULL,24,3.00,'Ok good product. I have some issues in customizations. But its not correct to blame the developer. The product is good. Good luck for your business.','published','2024-05-10 02:11:17','2024-05-10 02:11:17','[\"beauty\\/products\\/product-7.png\"]'),(839,6,NULL,NULL,3,2.00,'Those guys now what they are doing, the release such a good product that it\'s a pleasure to work with ! Even when I was stuck on the project, I created a ticket and the next day it was replied by the team. GOOD JOB guys. I love working with them :)','published','2024-05-10 02:11:17','2024-05-10 02:11:17','[\"beauty\\/products\\/product-3.png\"]'),(858,10,NULL,NULL,24,1.00,'We have received brilliant service support and will be expanding the features with the developer. Nice product!','published','2024-05-10 02:11:17','2024-05-10 02:11:17','[\"beauty\\/products\\/product-2.png\",\"beauty\\/products\\/product-6.png\",\"beauty\\/products\\/product-7.png\",\"beauty\\/products\\/product-8.png\"]'),(893,5,NULL,NULL,39,3.00,'As a developer I reviewed this script. This is really awesome ecommerce script. I have convinced when I noticed that it\'s built on fully WordPress concept.','published','2024-05-10 02:11:17','2024-05-10 02:11:17','[\"beauty\\/products\\/product-2.png\"]'),(906,8,NULL,NULL,43,4.00,'Amazing code, amazing support. Overall, im really confident in Botble and im happy I made the right choice! Thank you so much guys for coding this masterpiece','published','2024-05-10 02:11:17','2024-05-10 02:11:17','[\"beauty\\/products\\/product-2.png\"]'),(911,10,NULL,NULL,11,5.00,'Ok good product. I have some issues in customizations. But its not correct to blame the developer. The product is good. Good luck for your business.','published','2024-05-10 02:11:17','2024-05-10 02:11:17','[\"beauty\\/products\\/product-1.png\",\"beauty\\/products\\/product-4.png\",\"beauty\\/products\\/product-6.png\",\"beauty\\/products\\/product-8.png\"]'),(915,5,NULL,NULL,6,3.00,'Those guys now what they are doing, the release such a good product that it\'s a pleasure to work with ! Even when I was stuck on the project, I created a ticket and the next day it was replied by the team. GOOD JOB guys. I love working with them :)','published','2024-05-10 02:11:17','2024-05-10 02:11:17','[\"beauty\\/products\\/product-7.png\",\"beauty\\/products\\/product-8.png\"]'),(934,3,NULL,NULL,39,2.00,'For me the best eCommerce script on Envato at this moment: modern, clean code, a lot of great features. The customer support is great too: I always get an answer within hours!','published','2024-05-10 02:11:17','2024-05-10 02:11:17','[\"beauty\\/products\\/product-2.png\",\"beauty\\/products\\/product-3.png\"]'),(947,8,NULL,NULL,16,3.00,'For me the best eCommerce script on Envato at this moment: modern, clean code, a lot of great features. The customer support is great too: I always get an answer within hours!','published','2024-05-10 02:11:17','2024-05-10 02:11:17','[\"beauty\\/products\\/product-2.png\",\"beauty\\/products\\/product-7.png\"]'),(951,2,NULL,NULL,15,1.00,'Great system, great support, good job Botble. I\'m looking forward to more great functional plugins.','published','2024-05-10 02:11:17','2024-05-10 02:11:17','[\"beauty\\/products\\/product-8.png\"]'),(959,8,NULL,NULL,33,4.00,'It\'s not my first experience here on Codecanyon and I can honestly tell you all that Botble puts a LOT of effort into the support. They answer so fast, they helped me tons of times. REALLY by far THE BEST EXPERIENCE on Codecanyon. Those guys at Botble are so good that they deserve 5 stars. I recommend them, I trust them and I can\'t wait to see what they will sell in a near future. Thank you Botble :)','published','2024-05-10 02:11:17','2024-05-10 02:11:17','[\"beauty\\/products\\/product-1.png\",\"beauty\\/products\\/product-2.png\",\"beauty\\/products\\/product-3.png\",\"beauty\\/products\\/product-6.png\"]'),(961,4,NULL,NULL,4,3.00,'I Love this Script. I also found how to add other fees. Now I just wait the BIG update for the Marketplace with the Bulk Import. Just do not forget to make it to be Multi-language for us the Botble Fans.','published','2024-05-10 02:11:17','2024-05-10 02:11:17','[\"beauty\\/products\\/product-1.png\",\"beauty\\/products\\/product-4.png\",\"beauty\\/products\\/product-5.png\"]'),(969,7,NULL,NULL,43,4.00,'These guys are amazing! Responses immediately, amazing support and help... I immediately feel at ease after Purchasing..','published','2024-05-10 02:11:17','2024-05-10 02:11:17','[\"beauty\\/products\\/product-6.png\",\"beauty\\/products\\/product-8.png\"]'),(993,5,NULL,NULL,19,5.00,'The code is good, in general, if you like it, can you give it 5 stars?','published','2024-05-10 02:11:17','2024-05-10 02:11:17','[\"beauty\\/products\\/product-2.png\"]');

--
-- Table structure for table `ec_shipment_histories`
--

CREATE TABLE `ec_shipment_histories` (
  `id` bigint unsigned NOT NULL AUTO_INCREMENT,
  `action` varchar(120) COLLATE utf8mb4_unicode_ci NOT NULL,
  `description` varchar(400) COLLATE utf8mb4_unicode_ci DEFAULT NULL,
  `user_id` bigint unsigned DEFAULT NULL,
  `shipment_id` bigint unsigned NOT NULL,
  `order_id` bigint unsigned NOT NULL,
  `created_at` timestamp NULL DEFAULT NULL,
  `updated_at` timestamp NULL DEFAULT NULL,
  `user_type` varchar(191) COLLATE utf8mb4_unicode_ci NOT NULL DEFAULT 'Botble\\ACL\\Models\\User',
  PRIMARY KEY (`id`)
) ENGINE=InnoDB DEFAULT CHARSET=utf8mb4 COLLATE=utf8mb4_unicode_ci;

--
-- Dumping data for table `ec_shipment_histories`
--


--
-- Table structure for table `ec_shipments`
--

CREATE TABLE `ec_shipments` (
  `id` bigint unsigned NOT NULL AUTO_INCREMENT,
  `order_id` bigint unsigned NOT NULL,
  `user_id` bigint unsigned DEFAULT NULL,
  `weight` double(8,2) DEFAULT '0.00',
  `shipment_id` varchar(120) COLLATE utf8mb4_unicode_ci DEFAULT NULL,
  `rate_id` varchar(120) COLLATE utf8mb4_unicode_ci DEFAULT NULL,
  `note` varchar(120) COLLATE utf8mb4_unicode_ci DEFAULT NULL,
  `status` varchar(120) COLLATE utf8mb4_unicode_ci NOT NULL DEFAULT 'pending',
  `cod_amount` decimal(15,2) DEFAULT '0.00',
  `cod_status` varchar(60) COLLATE utf8mb4_unicode_ci NOT NULL DEFAULT 'pending',
  `cross_checking_status` varchar(60) COLLATE utf8mb4_unicode_ci NOT NULL DEFAULT 'pending',
  `price` decimal(15,2) DEFAULT '0.00',
  `store_id` bigint unsigned DEFAULT NULL,
  `created_at` timestamp NULL DEFAULT NULL,
  `updated_at` timestamp NULL DEFAULT NULL,
  `tracking_id` varchar(191) COLLATE utf8mb4_unicode_ci DEFAULT NULL,
  `shipping_company_name` varchar(191) COLLATE utf8mb4_unicode_ci DEFAULT NULL,
  `tracking_link` varchar(191) COLLATE utf8mb4_unicode_ci DEFAULT NULL,
  `estimate_date_shipped` datetime DEFAULT NULL,
  `date_shipped` datetime DEFAULT NULL,
  `label_url` text COLLATE utf8mb4_unicode_ci,
  `metadata` mediumtext COLLATE utf8mb4_unicode_ci,
  PRIMARY KEY (`id`)
) ENGINE=InnoDB DEFAULT CHARSET=utf8mb4 COLLATE=utf8mb4_unicode_ci;

--
-- Dumping data for table `ec_shipments`
--


--
-- Table structure for table `ec_shipping`
--

CREATE TABLE `ec_shipping` (
  `id` bigint unsigned NOT NULL AUTO_INCREMENT,
  `title` varchar(191) COLLATE utf8mb4_unicode_ci DEFAULT NULL,
  `country` varchar(120) COLLATE utf8mb4_unicode_ci DEFAULT NULL,
  `created_at` timestamp NULL DEFAULT NULL,
  `updated_at` timestamp NULL DEFAULT NULL,
  PRIMARY KEY (`id`)
) ENGINE=InnoDB AUTO_INCREMENT=2 DEFAULT CHARSET=utf8mb4 COLLATE=utf8mb4_unicode_ci;

--
-- Dumping data for table `ec_shipping`
--

INSERT INTO `ec_shipping` VALUES (1,'All',NULL,'2024-05-10 02:11:08','2024-05-10 02:11:08');

--
-- Table structure for table `ec_shipping_rule_items`
--

CREATE TABLE `ec_shipping_rule_items` (
  `id` bigint unsigned NOT NULL AUTO_INCREMENT,
  `shipping_rule_id` bigint unsigned NOT NULL,
  `country` varchar(120) COLLATE utf8mb4_unicode_ci DEFAULT NULL,
  `state` varchar(120) COLLATE utf8mb4_unicode_ci DEFAULT NULL,
  `city` varchar(120) COLLATE utf8mb4_unicode_ci DEFAULT NULL,
  `zip_code` varchar(20) COLLATE utf8mb4_unicode_ci DEFAULT NULL,
  `adjustment_price` decimal(15,2) DEFAULT '0.00',
  `is_enabled` tinyint(1) NOT NULL DEFAULT '1',
  `created_at` timestamp NULL DEFAULT NULL,
  `updated_at` timestamp NULL DEFAULT NULL,
  PRIMARY KEY (`id`)
) ENGINE=InnoDB DEFAULT CHARSET=utf8mb4 COLLATE=utf8mb4_unicode_ci;

--
-- Dumping data for table `ec_shipping_rule_items`
--


--
-- Table structure for table `ec_shipping_rules`
--

CREATE TABLE `ec_shipping_rules` (
  `id` bigint unsigned NOT NULL AUTO_INCREMENT,
  `name` varchar(120) COLLATE utf8mb4_unicode_ci NOT NULL,
  `shipping_id` bigint unsigned NOT NULL,
  `type` varchar(24) COLLATE utf8mb4_unicode_ci DEFAULT 'based_on_price',
  `from` decimal(15,2) DEFAULT '0.00',
  `to` decimal(15,2) DEFAULT '0.00',
  `price` decimal(15,2) DEFAULT '0.00',
  `created_at` timestamp NULL DEFAULT NULL,
  `updated_at` timestamp NULL DEFAULT NULL,
  PRIMARY KEY (`id`)
) ENGINE=InnoDB AUTO_INCREMENT=2 DEFAULT CHARSET=utf8mb4 COLLATE=utf8mb4_unicode_ci;

--
-- Dumping data for table `ec_shipping_rules`
--

INSERT INTO `ec_shipping_rules` VALUES (1,'Free delivery',1,'based_on_price',0.00,NULL,0.00,'2024-05-10 02:11:08','2024-05-10 02:11:08');

--
-- Table structure for table `ec_store_locators`
--

CREATE TABLE `ec_store_locators` (
  `id` bigint unsigned NOT NULL AUTO_INCREMENT,
  `name` varchar(60) COLLATE utf8mb4_unicode_ci NOT NULL,
  `email` varchar(60) COLLATE utf8mb4_unicode_ci DEFAULT NULL,
  `phone` varchar(20) COLLATE utf8mb4_unicode_ci NOT NULL,
  `address` varchar(191) COLLATE utf8mb4_unicode_ci NOT NULL,
  `country` varchar(120) COLLATE utf8mb4_unicode_ci DEFAULT NULL,
  `state` varchar(120) COLLATE utf8mb4_unicode_ci DEFAULT NULL,
  `city` varchar(120) COLLATE utf8mb4_unicode_ci DEFAULT NULL,
  `is_primary` tinyint(1) DEFAULT '0',
  `is_shipping_location` tinyint(1) DEFAULT '1',
  `created_at` timestamp NULL DEFAULT NULL,
  `updated_at` timestamp NULL DEFAULT NULL,
  `zip_code` varchar(20) COLLATE utf8mb4_unicode_ci DEFAULT NULL,
  PRIMARY KEY (`id`)
) ENGINE=InnoDB AUTO_INCREMENT=2 DEFAULT CHARSET=utf8mb4 COLLATE=utf8mb4_unicode_ci;

--
-- Dumping data for table `ec_store_locators`
--

INSERT INTO `ec_store_locators` VALUES (1,'Shofy','sales@botble.com','1800979769','502 New Street','AU','Brighton VIC','Brighton VIC',1,1,'2024-05-10 02:11:10','2024-05-10 02:11:10',NULL);

--
-- Table structure for table `ec_tax_products`
--

CREATE TABLE `ec_tax_products` (
  `tax_id` bigint unsigned NOT NULL,
  `product_id` bigint unsigned NOT NULL,
  PRIMARY KEY (`product_id`,`tax_id`),
  KEY `ec_tax_products_tax_id_index` (`tax_id`),
  KEY `ec_tax_products_product_id_index` (`product_id`)
) ENGINE=InnoDB DEFAULT CHARSET=utf8mb4 COLLATE=utf8mb4_unicode_ci;

--
-- Dumping data for table `ec_tax_products`
--

INSERT INTO `ec_tax_products` VALUES (1,1),(1,4),(1,8),(1,9),(1,11),(1,12),(1,13),(1,19),(1,21),(1,27),(1,29),(1,30),(1,32),(1,35),(1,37),(1,43),(2,2),(2,3),(2,6),(2,7),(2,14),(2,18),(2,20),(2,23),(2,25),(2,26),(2,34),(2,36),(2,39),(2,40),(2,42),(3,5),(3,10),(3,15),(3,16),(3,17),(3,22),(3,24),(3,28),(3,31),(3,33),(3,38),(3,41);

--
-- Table structure for table `ec_tax_rules`
--

CREATE TABLE `ec_tax_rules` (
  `id` bigint unsigned NOT NULL AUTO_INCREMENT,
  `tax_id` bigint unsigned NOT NULL,
  `country` varchar(120) COLLATE utf8mb4_unicode_ci DEFAULT NULL,
  `state` varchar(120) COLLATE utf8mb4_unicode_ci DEFAULT NULL,
  `city` varchar(120) COLLATE utf8mb4_unicode_ci DEFAULT NULL,
  `zip_code` varchar(20) COLLATE utf8mb4_unicode_ci DEFAULT NULL,
  `priority` int DEFAULT NULL,
  `is_enabled` tinyint(1) NOT NULL DEFAULT '1',
  `created_at` timestamp NULL DEFAULT NULL,
  `updated_at` timestamp NULL DEFAULT NULL,
  PRIMARY KEY (`id`)
) ENGINE=InnoDB DEFAULT CHARSET=utf8mb4 COLLATE=utf8mb4_unicode_ci;

--
-- Dumping data for table `ec_tax_rules`
--


--
-- Table structure for table `ec_taxes`
--

CREATE TABLE `ec_taxes` (
  `id` bigint unsigned NOT NULL AUTO_INCREMENT,
  `title` varchar(191) COLLATE utf8mb4_unicode_ci DEFAULT NULL,
  `percentage` double(8,6) DEFAULT NULL,
  `priority` int DEFAULT NULL,
  `status` varchar(60) COLLATE utf8mb4_unicode_ci NOT NULL DEFAULT 'published',
  `created_at` timestamp NULL DEFAULT NULL,
  `updated_at` timestamp NULL DEFAULT NULL,
  PRIMARY KEY (`id`)
) ENGINE=InnoDB AUTO_INCREMENT=4 DEFAULT CHARSET=utf8mb4 COLLATE=utf8mb4_unicode_ci;

--
-- Dumping data for table `ec_taxes`
--

INSERT INTO `ec_taxes` VALUES (1,'VAT',10.000000,1,'published','2024-05-10 02:11:08','2024-05-10 02:11:08'),(2,'None',0.000000,2,'published','2024-05-10 02:11:08','2024-05-10 02:11:08'),(3,'Import Tax',15.000000,3,'published','2024-05-10 02:11:08','2024-05-10 02:11:08');

--
-- Table structure for table `ec_wish_lists`
--

CREATE TABLE `ec_wish_lists` (
  `customer_id` bigint unsigned NOT NULL,
  `product_id` bigint unsigned NOT NULL,
  `created_at` timestamp NULL DEFAULT NULL,
  `updated_at` timestamp NULL DEFAULT NULL,
  PRIMARY KEY (`customer_id`,`product_id`),
  KEY `wishlist_relation_index` (`product_id`,`customer_id`)
) ENGINE=InnoDB DEFAULT CHARSET=utf8mb4 COLLATE=utf8mb4_unicode_ci;

--
-- Dumping data for table `ec_wish_lists`
--


--
-- Table structure for table `failed_jobs`
--

CREATE TABLE `failed_jobs` (
  `id` bigint unsigned NOT NULL AUTO_INCREMENT,
  `uuid` varchar(191) COLLATE utf8mb4_unicode_ci NOT NULL,
  `connection` text COLLATE utf8mb4_unicode_ci NOT NULL,
  `queue` text COLLATE utf8mb4_unicode_ci NOT NULL,
  `payload` longtext COLLATE utf8mb4_unicode_ci NOT NULL,
  `exception` longtext COLLATE utf8mb4_unicode_ci NOT NULL,
  `failed_at` timestamp NOT NULL DEFAULT CURRENT_TIMESTAMP,
  PRIMARY KEY (`id`),
  UNIQUE KEY `failed_jobs_uuid_unique` (`uuid`)
) ENGINE=InnoDB DEFAULT CHARSET=utf8mb4 COLLATE=utf8mb4_unicode_ci;

--
-- Dumping data for table `failed_jobs`
--


--
-- Table structure for table `faq_categories`
--

CREATE TABLE `faq_categories` (
  `id` bigint unsigned NOT NULL AUTO_INCREMENT,
  `name` varchar(120) COLLATE utf8mb4_unicode_ci NOT NULL,
  `order` tinyint NOT NULL DEFAULT '0',
  `status` varchar(60) COLLATE utf8mb4_unicode_ci NOT NULL DEFAULT 'published',
  `created_at` timestamp NULL DEFAULT NULL,
  `updated_at` timestamp NULL DEFAULT NULL,
  `description` varchar(400) COLLATE utf8mb4_unicode_ci DEFAULT NULL,
  PRIMARY KEY (`id`)
) ENGINE=InnoDB AUTO_INCREMENT=4 DEFAULT CHARSET=utf8mb4 COLLATE=utf8mb4_unicode_ci;

--
-- Dumping data for table `faq_categories`
--

INSERT INTO `faq_categories` VALUES (1,'Shipping',0,'published','2024-05-10 02:11:05','2024-05-10 02:11:05',NULL),(2,'Payment',1,'published','2024-05-10 02:11:05','2024-05-10 02:11:05',NULL),(3,'Order &amp; Returns',2,'published','2024-05-10 02:11:05','2024-05-10 02:11:05',NULL);

--
-- Table structure for table `faq_categories_translations`
--

CREATE TABLE `faq_categories_translations` (
  `lang_code` varchar(20) COLLATE utf8mb4_unicode_ci NOT NULL,
  `faq_categories_id` bigint unsigned NOT NULL,
  `name` varchar(120) COLLATE utf8mb4_unicode_ci DEFAULT NULL,
  PRIMARY KEY (`lang_code`,`faq_categories_id`)
) ENGINE=InnoDB DEFAULT CHARSET=utf8mb4 COLLATE=utf8mb4_unicode_ci;

--
-- Dumping data for table `faq_categories_translations`
--


--
-- Table structure for table `faqs`
--

CREATE TABLE `faqs` (
  `id` bigint unsigned NOT NULL AUTO_INCREMENT,
  `question` text COLLATE utf8mb4_unicode_ci NOT NULL,
  `answer` text COLLATE utf8mb4_unicode_ci NOT NULL,
  `category_id` bigint unsigned NOT NULL,
  `status` varchar(60) COLLATE utf8mb4_unicode_ci NOT NULL DEFAULT 'published',
  `created_at` timestamp NULL DEFAULT NULL,
  `updated_at` timestamp NULL DEFAULT NULL,
  PRIMARY KEY (`id`)
) ENGINE=InnoDB AUTO_INCREMENT=11 DEFAULT CHARSET=utf8mb4 COLLATE=utf8mb4_unicode_ci;

--
-- Dumping data for table `faqs`
--

INSERT INTO `faqs` VALUES (1,'What Shipping Methods Are Available?','Ex Portland Pitchfork irure mustache. Eutra fap before they sold out literally. Aliquip ugh bicycle rights actually mlkshk, seitan squid craft beer tempor.',1,'published','2024-05-10 02:11:05','2024-05-10 02:11:05'),(2,'Do You Ship Internationally?','Hoodie tote bag mixtape tofu. Typewriter jean shorts wolf quinoa, messenger bag organic freegan cray.',1,'published','2024-05-10 02:11:05','2024-05-10 02:11:05'),(3,'How Long Will It Take To Get My Package?','Swag slow-carb quinoa VHS typewriter pork belly brunch, paleo single-origin coffee Wes Anderson. Flexitarian Pitchfork forage, literally paleo fap pour-over. Wes Anderson Pinterest YOLO fanny pack meggings, deep v XOXO chambray sustainable slow-carb raw denim church-key fap chillwave Etsy. +1 typewriter kitsch, American Apparel tofu Banksy Vice.',1,'published','2024-05-10 02:11:05','2024-05-10 02:11:05'),(4,'What Payment Methods Are Accepted?','Fashion axe DIY jean shorts, swag kale chips meh polaroid kogi butcher Wes Anderson chambray next level semiotics gentrify yr. Voluptate photo booth fugiat Vice. Austin sed Williamsburg, ea labore raw denim voluptate cred proident mixtape excepteur mustache. Twee chia photo booth readymade food truck, hoodie roof party swag keytar PBR DIY.',2,'published','2024-05-10 02:11:05','2024-05-10 02:11:05'),(5,'Is Buying On-Line Safe?','Art party authentic freegan semiotics jean shorts chia cred. Neutra Austin roof party Brooklyn, synth Thundercats swag 8-bit photo booth. Plaid letterpress leggings craft beer meh ethical Pinterest.',2,'published','2024-05-10 02:11:05','2024-05-10 02:11:05'),(6,'How do I place an Order?','Keytar cray slow-carb, Godard banh mi salvia pour-over. Slow-carb Odd Future seitan normcore. Master cleanse American Apparel gentrify flexitarian beard slow-carb next level. Raw denim polaroid paleo farm-to-table, put a bird on it lo-fi tattooed Wes Anderson Pinterest letterpress. Fingerstache McSweeney’s pour-over, letterpress Schlitz photo booth master cleanse bespoke hashtag chillwave gentrify.',3,'published','2024-05-10 02:11:05','2024-05-10 02:11:05'),(7,'How Can I Cancel Or Change My Order?','Plaid letterpress leggings craft beer meh ethical Pinterest. Art party authentic freegan semiotics jean shorts chia cred. Neutra Austin roof party Brooklyn, synth Thundercats swag 8-bit photo booth.',3,'published','2024-05-10 02:11:05','2024-05-10 02:11:05'),(8,'Do I need an account to place an order?','Thundercats swag 8-bit photo booth. Plaid letterpress leggings craft beer meh ethical Pinterest. Twee chia photo booth readymade food truck, hoodie roof party swag keytar PBR DIY. Cray ugh 3 wolf moon fap, fashion axe irony butcher cornhole typewriter chambray VHS banjo street art.',3,'published','2024-05-10 02:11:05','2024-05-10 02:11:05'),(9,'How Do I Track My Order?','Keytar cray slow-carb, Godard banh mi salvia pour-over. Slow-carb @Odd Future seitan normcore. Master cleanse American Apparel gentrify flexitarian beard slow-carb next level.',3,'published','2024-05-10 02:11:05','2024-05-10 02:11:05'),(10,'How Can I Return a Product?','Kale chips Truffaut Williamsburg, hashtag fixie Pinterest raw denim c hambray drinking vinegar Carles street art Bushwick gastropub. Wolf Tumblr paleo church-key. Plaid food truck Echo Park YOLO bitters hella, direct trade Thundercats leggings quinoa before they sold out. You probably haven’t heard of them wayfarers authentic umami drinking vinegar Pinterest Cosby sweater, fingerstache fap High Life.',3,'published','2024-05-10 02:11:05','2024-05-10 02:11:05');

--
-- Table structure for table `faqs_translations`
--

CREATE TABLE `faqs_translations` (
  `lang_code` varchar(20) COLLATE utf8mb4_unicode_ci NOT NULL,
  `faqs_id` bigint unsigned NOT NULL,
  `question` text COLLATE utf8mb4_unicode_ci,
  `answer` text COLLATE utf8mb4_unicode_ci,
  PRIMARY KEY (`lang_code`,`faqs_id`)
) ENGINE=InnoDB DEFAULT CHARSET=utf8mb4 COLLATE=utf8mb4_unicode_ci;

--
-- Dumping data for table `faqs_translations`
--


--
-- Table structure for table `galleries`
--

CREATE TABLE `galleries` (
  `id` bigint unsigned NOT NULL AUTO_INCREMENT,
  `name` varchar(120) COLLATE utf8mb4_unicode_ci NOT NULL,
  `description` longtext COLLATE utf8mb4_unicode_ci NOT NULL,
  `is_featured` tinyint unsigned NOT NULL DEFAULT '0',
  `order` tinyint unsigned NOT NULL DEFAULT '0',
  `image` varchar(191) COLLATE utf8mb4_unicode_ci DEFAULT NULL,
  `user_id` bigint unsigned DEFAULT NULL,
  `status` varchar(60) COLLATE utf8mb4_unicode_ci NOT NULL DEFAULT 'published',
  `created_at` timestamp NULL DEFAULT NULL,
  `updated_at` timestamp NULL DEFAULT NULL,
  PRIMARY KEY (`id`),
  KEY `galleries_user_id_index` (`user_id`)
) ENGINE=InnoDB AUTO_INCREMENT=7 DEFAULT CHARSET=utf8mb4 COLLATE=utf8mb4_unicode_ci;

--
-- Dumping data for table `galleries`
--

INSERT INTO `galleries` VALUES (1,'Radiant Reflections','Mock Turtle, and to wonder what Latitude was, or Longitude either, but thought they were all ornamented with hearts. Next came the royal children, and make THEIR eyes bright and eager with many a.',1,0,'beauty/galleries/1.jpg',1,'published','2024-05-10 02:11:16','2024-05-10 02:11:16'),(2,'Glamour Grove','SOME change in my life!\' She had already heard her sentence three of the house opened, and a fall, and a crash of broken glass. \'What a funny watch!\' she remarked. \'There isn\'t any,\' said the.',1,0,'beauty/galleries/2.jpg',1,'published','2024-05-10 02:11:16','2024-05-10 02:11:16'),(3,'Serene Styles Showcase','Majesty!\' the Duchess was VERY ugly; and secondly, because she was now about two feet high, and was surprised to see the earth takes twenty-four hours to turn into a large plate came skimming out.',1,0,'beauty/galleries/3.jpg',1,'published','2024-05-10 02:11:16','2024-05-10 02:11:16'),(4,'Allure Alcove','New Zealand or Australia?\' (and she tried her best to climb up one of the Lobster Quadrille?\' the Gryphon in an impatient tone: \'explanations take such a wretched height to rest her chin in salt.',1,0,'beauty/galleries/4.jpg',1,'published','2024-05-10 02:11:16','2024-05-10 02:11:16'),(5,'Glamour Galleria','I know all sorts of things--I can\'t remember things as I get it home?\' when it had come back with the lobsters, out to her full size by this time?\' she said to Alice, she went on, very much what.',1,0,'beauty/galleries/5.jpg',1,'published','2024-05-10 02:11:16','2024-05-10 02:11:16'),(6,'Beauty Boulevard','I am to see some meaning in it,\' but none of YOUR business, Two!\' said Seven. \'Yes, it IS his business!\' said Five, in a frightened tone. \'The Queen of Hearts, and I could shut up like a frog; and.',1,0,'beauty/galleries/6.jpg',1,'published','2024-05-10 02:11:16','2024-05-10 02:11:16');

--
-- Table structure for table `galleries_translations`
--

CREATE TABLE `galleries_translations` (
  `lang_code` varchar(20) COLLATE utf8mb4_unicode_ci NOT NULL,
  `galleries_id` bigint unsigned NOT NULL,
  `name` varchar(191) COLLATE utf8mb4_unicode_ci DEFAULT NULL,
  `description` longtext COLLATE utf8mb4_unicode_ci,
  PRIMARY KEY (`lang_code`,`galleries_id`)
) ENGINE=InnoDB DEFAULT CHARSET=utf8mb4 COLLATE=utf8mb4_unicode_ci;

--
-- Dumping data for table `galleries_translations`
--


--
-- Table structure for table `gallery_meta`
--

CREATE TABLE `gallery_meta` (
  `id` bigint unsigned NOT NULL AUTO_INCREMENT,
  `images` text COLLATE utf8mb4_unicode_ci,
  `reference_id` bigint unsigned NOT NULL,
  `reference_type` varchar(120) COLLATE utf8mb4_unicode_ci NOT NULL,
  `created_at` timestamp NULL DEFAULT NULL,
  `updated_at` timestamp NULL DEFAULT NULL,
  PRIMARY KEY (`id`),
  KEY `gallery_meta_reference_id_index` (`reference_id`)
) ENGINE=InnoDB AUTO_INCREMENT=7 DEFAULT CHARSET=utf8mb4 COLLATE=utf8mb4_unicode_ci;

--
-- Dumping data for table `gallery_meta`
--

INSERT INTO `gallery_meta` VALUES (1,'[{\"img\":\"beauty\\/galleries\\/4.jpg\",\"description\":\"And he got up and down in a great crowd assembled about them--all sorts of things, and she, oh! she knows such a long breath, and said nothing. \'This here young lady,\' said the Hatter, with an air.\"},{\"img\":\"beauty\\/galleries\\/1.jpg\",\"description\":\"March Hare said to itself in a great many teeth, so she felt that this could not tell whether they were IN the well,\' Alice said very politely, \'if I had to double themselves up and repeat \\\"\'TIS THE.\"},{\"img\":\"beauty\\/galleries\\/2.jpg\",\"description\":\"Alice; but she could see, as well to introduce some other subject of conversation. While she was looking at the Caterpillar\'s making such VERY short remarks, and she felt that it felt quite relieved.\"},{\"img\":\"beauty\\/galleries\\/3.jpg\",\"description\":\"Alice in a melancholy air, and, after glaring at her rather inquisitively, and seemed not to make SOME change in my own tears! That WILL be a Caucus-race.\' \'What IS a Caucus-race?\' said Alice; \'you.\"},{\"img\":\"beauty\\/galleries\\/5.jpg\",\"description\":\"Bill had left off when they met in the middle. Alice kept her eyes to see how he did not get dry again: they had to double themselves up and ran till she shook the house, quite forgetting her.\"}]',1,'Botble\\Gallery\\Models\\Gallery','2024-05-10 02:11:16','2024-05-10 02:11:16'),(2,'[{\"img\":\"beauty\\/galleries\\/4.jpg\",\"description\":\"And he got up and down in a great crowd assembled about them--all sorts of things, and she, oh! she knows such a long breath, and said nothing. \'This here young lady,\' said the Hatter, with an air.\"},{\"img\":\"beauty\\/galleries\\/1.jpg\",\"description\":\"March Hare said to itself in a great many teeth, so she felt that this could not tell whether they were IN the well,\' Alice said very politely, \'if I had to double themselves up and repeat \\\"\'TIS THE.\"},{\"img\":\"beauty\\/galleries\\/2.jpg\",\"description\":\"Alice; but she could see, as well to introduce some other subject of conversation. While she was looking at the Caterpillar\'s making such VERY short remarks, and she felt that it felt quite relieved.\"},{\"img\":\"beauty\\/galleries\\/3.jpg\",\"description\":\"Alice in a melancholy air, and, after glaring at her rather inquisitively, and seemed not to make SOME change in my own tears! That WILL be a Caucus-race.\' \'What IS a Caucus-race?\' said Alice; \'you.\"},{\"img\":\"beauty\\/galleries\\/5.jpg\",\"description\":\"Bill had left off when they met in the middle. Alice kept her eyes to see how he did not get dry again: they had to double themselves up and ran till she shook the house, quite forgetting her.\"}]',2,'Botble\\Gallery\\Models\\Gallery','2024-05-10 02:11:16','2024-05-10 02:11:16'),(3,'[{\"img\":\"beauty\\/galleries\\/4.jpg\",\"description\":\"And he got up and down in a great crowd assembled about them--all sorts of things, and she, oh! she knows such a long breath, and said nothing. \'This here young lady,\' said the Hatter, with an air.\"},{\"img\":\"beauty\\/galleries\\/1.jpg\",\"description\":\"March Hare said to itself in a great many teeth, so she felt that this could not tell whether they were IN the well,\' Alice said very politely, \'if I had to double themselves up and repeat \\\"\'TIS THE.\"},{\"img\":\"beauty\\/galleries\\/2.jpg\",\"description\":\"Alice; but she could see, as well to introduce some other subject of conversation. While she was looking at the Caterpillar\'s making such VERY short remarks, and she felt that it felt quite relieved.\"},{\"img\":\"beauty\\/galleries\\/3.jpg\",\"description\":\"Alice in a melancholy air, and, after glaring at her rather inquisitively, and seemed not to make SOME change in my own tears! That WILL be a Caucus-race.\' \'What IS a Caucus-race?\' said Alice; \'you.\"},{\"img\":\"beauty\\/galleries\\/5.jpg\",\"description\":\"Bill had left off when they met in the middle. Alice kept her eyes to see how he did not get dry again: they had to double themselves up and ran till she shook the house, quite forgetting her.\"}]',3,'Botble\\Gallery\\Models\\Gallery','2024-05-10 02:11:16','2024-05-10 02:11:16'),(4,'[{\"img\":\"beauty\\/galleries\\/4.jpg\",\"description\":\"And he got up and down in a great crowd assembled about them--all sorts of things, and she, oh! she knows such a long breath, and said nothing. \'This here young lady,\' said the Hatter, with an air.\"},{\"img\":\"beauty\\/galleries\\/1.jpg\",\"description\":\"March Hare said to itself in a great many teeth, so she felt that this could not tell whether they were IN the well,\' Alice said very politely, \'if I had to double themselves up and repeat \\\"\'TIS THE.\"},{\"img\":\"beauty\\/galleries\\/2.jpg\",\"description\":\"Alice; but she could see, as well to introduce some other subject of conversation. While she was looking at the Caterpillar\'s making such VERY short remarks, and she felt that it felt quite relieved.\"},{\"img\":\"beauty\\/galleries\\/3.jpg\",\"description\":\"Alice in a melancholy air, and, after glaring at her rather inquisitively, and seemed not to make SOME change in my own tears! That WILL be a Caucus-race.\' \'What IS a Caucus-race?\' said Alice; \'you.\"},{\"img\":\"beauty\\/galleries\\/5.jpg\",\"description\":\"Bill had left off when they met in the middle. Alice kept her eyes to see how he did not get dry again: they had to double themselves up and ran till she shook the house, quite forgetting her.\"}]',4,'Botble\\Gallery\\Models\\Gallery','2024-05-10 02:11:16','2024-05-10 02:11:16'),(5,'[{\"img\":\"beauty\\/galleries\\/4.jpg\",\"description\":\"And he got up and down in a great crowd assembled about them--all sorts of things, and she, oh! she knows such a long breath, and said nothing. \'This here young lady,\' said the Hatter, with an air.\"},{\"img\":\"beauty\\/galleries\\/1.jpg\",\"description\":\"March Hare said to itself in a great many teeth, so she felt that this could not tell whether they were IN the well,\' Alice said very politely, \'if I had to double themselves up and repeat \\\"\'TIS THE.\"},{\"img\":\"beauty\\/galleries\\/2.jpg\",\"description\":\"Alice; but she could see, as well to introduce some other subject of conversation. While she was looking at the Caterpillar\'s making such VERY short remarks, and she felt that it felt quite relieved.\"},{\"img\":\"beauty\\/galleries\\/3.jpg\",\"description\":\"Alice in a melancholy air, and, after glaring at her rather inquisitively, and seemed not to make SOME change in my own tears! That WILL be a Caucus-race.\' \'What IS a Caucus-race?\' said Alice; \'you.\"},{\"img\":\"beauty\\/galleries\\/5.jpg\",\"description\":\"Bill had left off when they met in the middle. Alice kept her eyes to see how he did not get dry again: they had to double themselves up and ran till she shook the house, quite forgetting her.\"}]',5,'Botble\\Gallery\\Models\\Gallery','2024-05-10 02:11:16','2024-05-10 02:11:16'),(6,'[{\"img\":\"beauty\\/galleries\\/4.jpg\",\"description\":\"And he got up and down in a great crowd assembled about them--all sorts of things, and she, oh! she knows such a long breath, and said nothing. \'This here young lady,\' said the Hatter, with an air.\"},{\"img\":\"beauty\\/galleries\\/1.jpg\",\"description\":\"March Hare said to itself in a great many teeth, so she felt that this could not tell whether they were IN the well,\' Alice said very politely, \'if I had to double themselves up and repeat \\\"\'TIS THE.\"},{\"img\":\"beauty\\/galleries\\/2.jpg\",\"description\":\"Alice; but she could see, as well to introduce some other subject of conversation. While she was looking at the Caterpillar\'s making such VERY short remarks, and she felt that it felt quite relieved.\"},{\"img\":\"beauty\\/galleries\\/3.jpg\",\"description\":\"Alice in a melancholy air, and, after glaring at her rather inquisitively, and seemed not to make SOME change in my own tears! That WILL be a Caucus-race.\' \'What IS a Caucus-race?\' said Alice; \'you.\"},{\"img\":\"beauty\\/galleries\\/5.jpg\",\"description\":\"Bill had left off when they met in the middle. Alice kept her eyes to see how he did not get dry again: they had to double themselves up and ran till she shook the house, quite forgetting her.\"}]',6,'Botble\\Gallery\\Models\\Gallery','2024-05-10 02:11:16','2024-05-10 02:11:16');

--
-- Table structure for table `gallery_meta_translations`
--

CREATE TABLE `gallery_meta_translations` (
  `lang_code` varchar(20) COLLATE utf8mb4_unicode_ci NOT NULL,
  `gallery_meta_id` bigint unsigned NOT NULL,
  `images` text COLLATE utf8mb4_unicode_ci,
  PRIMARY KEY (`lang_code`,`gallery_meta_id`)
) ENGINE=InnoDB DEFAULT CHARSET=utf8mb4 COLLATE=utf8mb4_unicode_ci;

--
-- Dumping data for table `gallery_meta_translations`
--


--
-- Table structure for table `jobs`
--

CREATE TABLE `jobs` (
  `id` bigint unsigned NOT NULL AUTO_INCREMENT,
  `queue` varchar(191) COLLATE utf8mb4_unicode_ci NOT NULL,
  `payload` longtext COLLATE utf8mb4_unicode_ci NOT NULL,
  `attempts` tinyint unsigned NOT NULL,
  `reserved_at` int unsigned DEFAULT NULL,
  `available_at` int unsigned NOT NULL,
  `created_at` int unsigned NOT NULL,
  PRIMARY KEY (`id`),
  KEY `jobs_queue_index` (`queue`)
) ENGINE=InnoDB DEFAULT CHARSET=utf8mb4 COLLATE=utf8mb4_unicode_ci;

--
-- Dumping data for table `jobs`
--


--
-- Table structure for table `language_meta`
--

CREATE TABLE `language_meta` (
  `lang_meta_id` bigint unsigned NOT NULL AUTO_INCREMENT,
  `lang_meta_code` varchar(20) COLLATE utf8mb4_unicode_ci DEFAULT NULL,
  `lang_meta_origin` varchar(32) COLLATE utf8mb4_unicode_ci NOT NULL,
  `reference_id` bigint unsigned NOT NULL,
  `reference_type` varchar(120) COLLATE utf8mb4_unicode_ci NOT NULL,
  PRIMARY KEY (`lang_meta_id`),
  KEY `language_meta_reference_id_index` (`reference_id`),
  KEY `meta_code_index` (`lang_meta_code`),
  KEY `meta_origin_index` (`lang_meta_origin`),
  KEY `meta_reference_type_index` (`reference_type`)
) ENGINE=InnoDB AUTO_INCREMENT=6 DEFAULT CHARSET=utf8mb4 COLLATE=utf8mb4_unicode_ci;

--
-- Dumping data for table `language_meta`
--

INSERT INTO `language_meta` VALUES (1,'en_US','472f40c95fba3f4ac806a14db1b6b57c',1,'Botble\\SimpleSlider\\Models\\SimpleSlider'),(2,'en_US','478af51c54b9582660251e307827ca98',1,'Botble\\Menu\\Models\\MenuLocation'),(3,'en_US','634142d2d4f8df9209f6dc66cdf7b876',1,'Botble\\Menu\\Models\\Menu'),(4,'en_US','b7389774ee4ac3e95384eccebd1a59ee',2,'Botble\\Menu\\Models\\Menu'),(5,'en_US','4dce9e6068691e5cb17af38d4ec81b25',3,'Botble\\Menu\\Models\\Menu');

--
-- Table structure for table `languages`
--

CREATE TABLE `languages` (
  `lang_id` bigint unsigned NOT NULL AUTO_INCREMENT,
  `lang_name` varchar(120) COLLATE utf8mb4_unicode_ci NOT NULL,
  `lang_locale` varchar(20) COLLATE utf8mb4_unicode_ci NOT NULL,
  `lang_code` varchar(20) COLLATE utf8mb4_unicode_ci NOT NULL,
  `lang_flag` varchar(20) COLLATE utf8mb4_unicode_ci DEFAULT NULL,
  `lang_is_default` tinyint unsigned NOT NULL DEFAULT '0',
  `lang_order` int NOT NULL DEFAULT '0',
  `lang_is_rtl` tinyint unsigned NOT NULL DEFAULT '0',
  PRIMARY KEY (`lang_id`),
  KEY `lang_locale_index` (`lang_locale`),
  KEY `lang_code_index` (`lang_code`),
  KEY `lang_is_default_index` (`lang_is_default`)
) ENGINE=InnoDB AUTO_INCREMENT=2 DEFAULT CHARSET=utf8mb4 COLLATE=utf8mb4_unicode_ci;

--
-- Dumping data for table `languages`
--

INSERT INTO `languages` VALUES (1,'English','en','en_US','us',1,0,0);

--
-- Table structure for table `media_files`
--

CREATE TABLE `media_files` (
  `id` bigint unsigned NOT NULL AUTO_INCREMENT,
  `user_id` bigint unsigned NOT NULL,
  `name` varchar(191) COLLATE utf8mb4_unicode_ci NOT NULL,
  `alt` varchar(191) COLLATE utf8mb4_unicode_ci DEFAULT NULL,
  `folder_id` bigint unsigned NOT NULL DEFAULT '0',
  `mime_type` varchar(120) COLLATE utf8mb4_unicode_ci NOT NULL,
  `size` int NOT NULL,
  `url` varchar(191) COLLATE utf8mb4_unicode_ci NOT NULL,
  `options` text COLLATE utf8mb4_unicode_ci,
  `created_at` timestamp NULL DEFAULT NULL,
  `updated_at` timestamp NULL DEFAULT NULL,
  `deleted_at` timestamp NULL DEFAULT NULL,
  PRIMARY KEY (`id`),
  KEY `media_files_user_id_index` (`user_id`),
  KEY `media_files_index` (`folder_id`,`user_id`,`created_at`)
) ENGINE=InnoDB AUTO_INCREMENT=122 DEFAULT CHARSET=utf8mb4 COLLATE=utf8mb4_unicode_ci;

--
-- Dumping data for table `media_files`
--

INSERT INTO `media_files` VALUES (1,0,'404','404',2,'image/png',15820,'main/general/404.png','[]','2024-05-10 02:11:02','2024-05-10 02:11:02',NULL),(2,0,'about-1','about-1',2,'image/jpeg',9222,'main/general/about-1.jpg','[]','2024-05-10 02:11:02','2024-05-10 02:11:02',NULL),(3,0,'about-2','about-2',2,'image/jpeg',5105,'main/general/about-2.jpg','[]','2024-05-10 02:11:03','2024-05-10 02:11:03',NULL),(4,0,'breadcrumb','breadcrumb',2,'image/jpeg',5276,'main/general/breadcrumb.jpg','[]','2024-05-10 02:11:03','2024-05-10 02:11:03',NULL),(5,0,'cta-shape-1','cta-shape-1',2,'image/png',22860,'main/general/cta-shape-1.png','[]','2024-05-10 02:11:03','2024-05-10 02:11:03',NULL),(6,0,'cta-shape-2','cta-shape-2',2,'image/png',16796,'main/general/cta-shape-2.png','[]','2024-05-10 02:11:03','2024-05-10 02:11:03',NULL),(7,0,'cta-thumb-1','cta-thumb-1',2,'image/jpeg',6053,'main/general/cta-thumb-1.jpg','[]','2024-05-10 02:11:03','2024-05-10 02:11:03',NULL),(8,0,'favicon','favicon',2,'image/png',1831,'main/general/favicon.png','[]','2024-05-10 02:11:03','2024-05-10 02:11:03',NULL),(9,0,'footer-pay','footer-pay',2,'image/png',490,'main/general/footer-pay.png','[]','2024-05-10 02:11:03','2024-05-10 02:11:03',NULL),(10,0,'logo-white','logo-white',2,'image/png',22020,'main/general/logo-white.png','[]','2024-05-10 02:11:03','2024-05-10 02:11:03',NULL),(11,0,'logo','logo',2,'image/png',22398,'main/general/logo.png','[]','2024-05-10 02:11:03','2024-05-10 02:11:03',NULL),(12,0,'newsletter-popup','newsletter-popup',2,'image/png',17253,'main/general/newsletter-popup.png','[]','2024-05-10 02:11:03','2024-05-10 02:11:03',NULL),(13,0,'placeholder','placeholder',2,'image/png',2100,'main/general/placeholder.png','[]','2024-05-10 02:11:03','2024-05-10 02:11:03',NULL),(14,0,'preloader-icon','preloader-icon',2,'image/png',4182,'main/general/preloader-icon.png','[]','2024-05-10 02:11:03','2024-05-10 02:11:03',NULL),(15,0,'signature','signature',2,'image/png',2117,'main/general/signature.png','[]','2024-05-10 02:11:03','2024-05-10 02:11:03',NULL),(16,0,'slider-offer','slider-offer',2,'image/png',970,'main/general/slider-offer.png','[]','2024-05-10 02:11:03','2024-05-10 02:11:03',NULL),(27,0,'1','1',4,'image/png',948,'main/brands/1.png','[]','2024-05-10 02:11:04','2024-05-10 02:11:04',NULL),(28,0,'2','2',4,'image/png',948,'main/brands/2.png','[]','2024-05-10 02:11:04','2024-05-10 02:11:04',NULL),(29,0,'3','3',4,'image/png',948,'main/brands/3.png','[]','2024-05-10 02:11:04','2024-05-10 02:11:04',NULL),(30,0,'4','4',4,'image/png',948,'main/brands/4.png','[]','2024-05-10 02:11:04','2024-05-10 02:11:04',NULL),(31,0,'5','5',4,'image/png',948,'main/brands/5.png','[]','2024-05-10 02:11:04','2024-05-10 02:11:04',NULL),(32,0,'1','1',5,'image/jpeg',4294,'main/customers/1.jpg','[]','2024-05-10 02:11:05','2024-05-10 02:11:05',NULL),(33,0,'10','10',5,'image/jpeg',4294,'main/customers/10.jpg','[]','2024-05-10 02:11:05','2024-05-10 02:11:05',NULL),(34,0,'2','2',5,'image/jpeg',4294,'main/customers/2.jpg','[]','2024-05-10 02:11:05','2024-05-10 02:11:05',NULL),(35,0,'3','3',5,'image/jpeg',4294,'main/customers/3.jpg','[]','2024-05-10 02:11:05','2024-05-10 02:11:05',NULL),(36,0,'4','4',5,'image/jpeg',4294,'main/customers/4.jpg','[]','2024-05-10 02:11:05','2024-05-10 02:11:05',NULL),(37,0,'5','5',5,'image/jpeg',4294,'main/customers/5.jpg','[]','2024-05-10 02:11:05','2024-05-10 02:11:05',NULL),(38,0,'6','6',5,'image/jpeg',4294,'main/customers/6.jpg','[]','2024-05-10 02:11:05','2024-05-10 02:11:05',NULL),(39,0,'7','7',5,'image/jpeg',4294,'main/customers/7.jpg','[]','2024-05-10 02:11:05','2024-05-10 02:11:05',NULL),(40,0,'8','8',5,'image/jpeg',4294,'main/customers/8.jpg','[]','2024-05-10 02:11:05','2024-05-10 02:11:05',NULL),(41,0,'9','9',5,'image/jpeg',4294,'main/customers/9.jpg','[]','2024-05-10 02:11:05','2024-05-10 02:11:05',NULL),(42,0,'blog-big-1','blog-big-1',6,'image/jpeg',13885,'main/blog/blog-big-1.jpg','[]','2024-05-10 02:11:08','2024-05-10 02:11:08',NULL),(43,0,'blog-details-sm-1','blog-details-sm-1',6,'image/jpeg',8166,'main/blog/blog-details-sm-1.jpg','[]','2024-05-10 02:11:08','2024-05-10 02:11:08',NULL),(44,0,'post-1','post-1',6,'image/jpeg',6189,'main/blog/post-1.jpg','[]','2024-05-10 02:11:08','2024-05-10 02:11:08',NULL),(45,0,'post-10','post-10',6,'image/jpeg',5907,'main/blog/post-10.jpg','[]','2024-05-10 02:11:08','2024-05-10 02:11:08',NULL),(46,0,'post-11','post-11',6,'image/jpeg',5907,'main/blog/post-11.jpg','[]','2024-05-10 02:11:08','2024-05-10 02:11:08',NULL),(47,0,'post-12','post-12',6,'image/jpeg',5907,'main/blog/post-12.jpg','[]','2024-05-10 02:11:09','2024-05-10 02:11:09',NULL),(48,0,'post-2','post-2',6,'image/jpeg',6189,'main/blog/post-2.jpg','[]','2024-05-10 02:11:09','2024-05-10 02:11:09',NULL),(49,0,'post-3','post-3',6,'image/jpeg',6189,'main/blog/post-3.jpg','[]','2024-05-10 02:11:09','2024-05-10 02:11:09',NULL),(50,0,'post-4','post-4',6,'image/jpeg',6045,'main/blog/post-4.jpg','[]','2024-05-10 02:11:09','2024-05-10 02:11:09',NULL),(51,0,'post-5','post-5',6,'image/jpeg',6045,'main/blog/post-5.jpg','[]','2024-05-10 02:11:09','2024-05-10 02:11:09',NULL),(52,0,'post-6','post-6',6,'image/jpeg',6045,'main/blog/post-6.jpg','[]','2024-05-10 02:11:09','2024-05-10 02:11:09',NULL),(53,0,'post-7','post-7',6,'image/jpeg',5907,'main/blog/post-7.jpg','[]','2024-05-10 02:11:09','2024-05-10 02:11:09',NULL),(54,0,'post-8','post-8',6,'image/jpeg',5907,'main/blog/post-8.jpg','[]','2024-05-10 02:11:09','2024-05-10 02:11:09',NULL),(55,0,'post-9','post-9',6,'image/jpeg',5907,'main/blog/post-9.jpg','[]','2024-05-10 02:11:09','2024-05-10 02:11:09',NULL),(56,0,'1','1',3,'image/jpeg',4068,'main/users/1.jpg','[]','2024-05-10 02:11:09','2024-05-10 02:11:09',NULL),(57,0,'10','10',3,'image/jpeg',7599,'main/users/10.jpg','[]','2024-05-10 02:11:09','2024-05-10 02:11:09',NULL),(58,0,'2','2',3,'image/jpeg',7599,'main/users/2.jpg','[]','2024-05-10 02:11:09','2024-05-10 02:11:09',NULL),(59,0,'3','3',3,'image/jpeg',6387,'main/users/3.jpg','[]','2024-05-10 02:11:09','2024-05-10 02:11:09',NULL),(60,0,'4','4',3,'image/jpeg',7599,'main/users/4.jpg','[]','2024-05-10 02:11:09','2024-05-10 02:11:09',NULL),(61,0,'5','5',3,'image/jpeg',6387,'main/users/5.jpg','[]','2024-05-10 02:11:09','2024-05-10 02:11:09',NULL),(62,0,'6','6',3,'image/jpeg',7599,'main/users/6.jpg','[]','2024-05-10 02:11:09','2024-05-10 02:11:09',NULL),(63,0,'7','7',3,'image/jpeg',6387,'main/users/7.jpg','[]','2024-05-10 02:11:09','2024-05-10 02:11:09',NULL),(64,0,'8','8',3,'image/jpeg',7599,'main/users/8.jpg','[]','2024-05-10 02:11:09','2024-05-10 02:11:09',NULL),(65,0,'9','9',3,'image/jpeg',6387,'main/users/9.jpg','[]','2024-05-10 02:11:09','2024-05-10 02:11:09',NULL),(66,0,'1','1',7,'image/png',9133,'main/stores/1.png','[]','2024-05-10 02:11:10','2024-05-10 02:11:10',NULL),(67,0,'10','10',7,'image/png',4263,'main/stores/10.png','[]','2024-05-10 02:11:10','2024-05-10 02:11:10',NULL),(68,0,'11','11',7,'image/png',4420,'main/stores/11.png','[]','2024-05-10 02:11:10','2024-05-10 02:11:10',NULL),(69,0,'12','12',7,'image/png',4908,'main/stores/12.png','[]','2024-05-10 02:11:10','2024-05-10 02:11:10',NULL),(70,0,'13','13',7,'image/png',3441,'main/stores/13.png','[]','2024-05-10 02:11:10','2024-05-10 02:11:10',NULL),(71,0,'14','14',7,'image/png',4209,'main/stores/14.png','[]','2024-05-10 02:11:10','2024-05-10 02:11:10',NULL),(72,0,'15','15',7,'image/png',5113,'main/stores/15.png','[]','2024-05-10 02:11:10','2024-05-10 02:11:10',NULL),(73,0,'16','16',7,'image/png',4563,'main/stores/16.png','[]','2024-05-10 02:11:10','2024-05-10 02:11:10',NULL),(74,0,'17','17',7,'image/png',4896,'main/stores/17.png','[]','2024-05-10 02:11:10','2024-05-10 02:11:10',NULL),(75,0,'2','2',7,'image/png',9008,'main/stores/2.png','[]','2024-05-10 02:11:10','2024-05-10 02:11:10',NULL),(76,0,'3','3',7,'image/png',8006,'main/stores/3.png','[]','2024-05-10 02:11:10','2024-05-10 02:11:10',NULL),(77,0,'4','4',7,'image/png',8728,'main/stores/4.png','[]','2024-05-10 02:11:10','2024-05-10 02:11:10',NULL),(78,0,'5','5',7,'image/png',10689,'main/stores/5.png','[]','2024-05-10 02:11:10','2024-05-10 02:11:10',NULL),(79,0,'6','6',7,'image/png',10989,'main/stores/6.png','[]','2024-05-10 02:11:10','2024-05-10 02:11:10',NULL),(80,0,'7','7',7,'image/png',3730,'main/stores/7.png','[]','2024-05-10 02:11:10','2024-05-10 02:11:10',NULL),(81,0,'8','8',7,'image/png',4030,'main/stores/8.png','[]','2024-05-10 02:11:10','2024-05-10 02:11:10',NULL),(82,0,'9','9',7,'image/png',3810,'main/stores/9.png','[]','2024-05-10 02:11:10','2024-05-10 02:11:10',NULL),(83,0,'cover-1','cover-1',7,'image/png',4208,'main/stores/cover-1.png','[]','2024-05-10 02:11:10','2024-05-10 02:11:10',NULL),(84,0,'cover-2','cover-2',7,'image/png',8798,'main/stores/cover-2.png','[]','2024-05-10 02:11:11','2024-05-10 02:11:11',NULL),(85,0,'cover-3','cover-3',7,'image/png',3888,'main/stores/cover-3.png','[]','2024-05-10 02:11:11','2024-05-10 02:11:11',NULL),(86,0,'cover-4','cover-4',7,'image/png',11893,'main/stores/cover-4.png','[]','2024-05-10 02:11:11','2024-05-10 02:11:11',NULL),(87,0,'cover-5','cover-5',7,'image/png',8798,'main/stores/cover-5.png','[]','2024-05-10 02:11:11','2024-05-10 02:11:11',NULL),(88,0,'slider-1','slider-1',9,'image/jpeg',27493,'beauty/sliders/slider-1.jpg','[]','2024-05-10 02:11:13','2024-05-10 02:11:13',NULL),(89,0,'slider-2','slider-2',9,'image/jpeg',27493,'beauty/sliders/slider-2.jpg','[]','2024-05-10 02:11:13','2024-05-10 02:11:13',NULL),(90,0,'slider-3','slider-3',9,'image/jpeg',27493,'beauty/sliders/slider-3.jpg','[]','2024-05-10 02:11:13','2024-05-10 02:11:13',NULL),(91,0,'1','1',10,'image/jpeg',4294,'beauty/product-categories/1.jpg','[]','2024-05-10 02:11:14','2024-05-10 02:11:14',NULL),(92,0,'2','2',10,'image/jpeg',4294,'beauty/product-categories/2.jpg','[]','2024-05-10 02:11:14','2024-05-10 02:11:14',NULL),(93,0,'3','3',10,'image/jpeg',4294,'beauty/product-categories/3.jpg','[]','2024-05-10 02:11:14','2024-05-10 02:11:14',NULL),(94,0,'4','4',10,'image/jpeg',4294,'beauty/product-categories/4.jpg','[]','2024-05-10 02:11:14','2024-05-10 02:11:14',NULL),(95,0,'5','5',10,'image/jpeg',4294,'beauty/product-categories/5.jpg','[]','2024-05-10 02:11:14','2024-05-10 02:11:14',NULL),(96,0,'6','6',10,'image/jpeg',4294,'beauty/product-categories/6.jpg','[]','2024-05-10 02:11:14','2024-05-10 02:11:14',NULL),(97,0,'product-1','product-1',11,'image/png',9803,'beauty/products/product-1.png','[]','2024-05-10 02:11:14','2024-05-10 02:11:14',NULL),(98,0,'product-2','product-2',11,'image/png',9803,'beauty/products/product-2.png','[]','2024-05-10 02:11:14','2024-05-10 02:11:14',NULL),(99,0,'product-3','product-3',11,'image/png',9803,'beauty/products/product-3.png','[]','2024-05-10 02:11:14','2024-05-10 02:11:14',NULL),(100,0,'product-4','product-4',11,'image/png',9803,'beauty/products/product-4.png','[]','2024-05-10 02:11:14','2024-05-10 02:11:14',NULL),(101,0,'product-5','product-5',11,'image/png',9803,'beauty/products/product-5.png','[]','2024-05-10 02:11:14','2024-05-10 02:11:14',NULL),(102,0,'product-6','product-6',11,'image/png',9803,'beauty/products/product-6.png','[]','2024-05-10 02:11:14','2024-05-10 02:11:14',NULL),(103,0,'product-7','product-7',11,'image/png',9803,'beauty/products/product-7.png','[]','2024-05-10 02:11:14','2024-05-10 02:11:14',NULL),(104,0,'product-8','product-8',11,'image/png',9803,'beauty/products/product-8.png','[]','2024-05-10 02:11:14','2024-05-10 02:11:14',NULL),(105,0,'1','1',12,'image/jpeg',4294,'beauty/galleries/1.jpg','[]','2024-05-10 02:11:16','2024-05-10 02:11:16',NULL),(106,0,'2','2',12,'image/jpeg',4294,'beauty/galleries/2.jpg','[]','2024-05-10 02:11:16','2024-05-10 02:11:16',NULL),(107,0,'3','3',12,'image/jpeg',4294,'beauty/galleries/3.jpg','[]','2024-05-10 02:11:16','2024-05-10 02:11:16',NULL),(108,0,'4','4',12,'image/jpeg',4294,'beauty/galleries/4.jpg','[]','2024-05-10 02:11:16','2024-05-10 02:11:16',NULL),(109,0,'5','5',12,'image/jpeg',4294,'beauty/galleries/5.jpg','[]','2024-05-10 02:11:16','2024-05-10 02:11:16',NULL),(110,0,'6','6',12,'image/jpeg',4294,'beauty/galleries/6.jpg','[]','2024-05-10 02:11:16','2024-05-10 02:11:16',NULL),(111,0,'instagram-1','instagram-1',12,'image/jpeg',4294,'beauty/galleries/instagram-1.jpg','[]','2024-05-10 02:11:16','2024-05-10 02:11:16',NULL),(112,0,'instagram-2','instagram-2',12,'image/jpeg',4294,'beauty/galleries/instagram-2.jpg','[]','2024-05-10 02:11:16','2024-05-10 02:11:16',NULL),(113,0,'instagram-3','instagram-3',12,'image/jpeg',4294,'beauty/galleries/instagram-3.jpg','[]','2024-05-10 02:11:16','2024-05-10 02:11:16',NULL),(114,0,'instagram-4','instagram-4',12,'image/jpeg',4294,'beauty/galleries/instagram-4.jpg','[]','2024-05-10 02:11:16','2024-05-10 02:11:16',NULL),(115,0,'instagram-5','instagram-5',12,'image/jpeg',4294,'beauty/galleries/instagram-5.jpg','[]','2024-05-10 02:11:16','2024-05-10 02:11:16',NULL),(116,0,'instagram-6','instagram-6',12,'image/jpeg',4294,'beauty/galleries/instagram-6.jpg','[]','2024-05-10 02:11:16','2024-05-10 02:11:16',NULL),(117,0,'icon-1','icon-1',13,'image/png',4469,'main/contact/icon-1.png','[]','2024-05-10 02:11:16','2024-05-10 02:11:16',NULL),(118,0,'icon-2','icon-2',13,'image/png',5977,'main/contact/icon-2.png','[]','2024-05-10 02:11:16','2024-05-10 02:11:16',NULL),(119,0,'icon-3','icon-3',13,'image/png',6082,'main/contact/icon-3.png','[]','2024-05-10 02:11:16','2024-05-10 02:11:16',NULL),(120,0,'line','line',14,'image/png',6152,'main/shapes/line.png','[]','2024-05-10 02:11:17','2024-05-10 02:11:17',NULL),(121,0,'quote','quote',14,'image/png',595,'main/shapes/quote.png','[]','2024-05-10 02:11:17','2024-05-10 02:11:17',NULL);

--
-- Table structure for table `media_folders`
--

CREATE TABLE `media_folders` (
  `id` bigint unsigned NOT NULL AUTO_INCREMENT,
  `user_id` bigint unsigned NOT NULL,
  `name` varchar(191) COLLATE utf8mb4_unicode_ci DEFAULT NULL,
  `color` varchar(191) COLLATE utf8mb4_unicode_ci DEFAULT NULL,
  `slug` varchar(191) COLLATE utf8mb4_unicode_ci DEFAULT NULL,
  `parent_id` bigint unsigned NOT NULL DEFAULT '0',
  `created_at` timestamp NULL DEFAULT NULL,
  `updated_at` timestamp NULL DEFAULT NULL,
  `deleted_at` timestamp NULL DEFAULT NULL,
  PRIMARY KEY (`id`),
  KEY `media_folders_user_id_index` (`user_id`),
  KEY `media_folders_index` (`parent_id`,`user_id`,`created_at`)
) ENGINE=InnoDB AUTO_INCREMENT=15 DEFAULT CHARSET=utf8mb4 COLLATE=utf8mb4_unicode_ci;

--
-- Dumping data for table `media_folders`
--

INSERT INTO `media_folders` VALUES (1,0,'main',NULL,'main',0,'2024-05-10 02:11:02','2024-05-10 02:11:02',NULL),(2,0,'general',NULL,'general',1,'2024-05-10 02:11:02','2024-05-10 02:11:02',NULL),(3,0,'users',NULL,'users',1,'2024-05-10 02:11:03','2024-05-10 02:11:03',NULL),(4,0,'brands',NULL,'brands',1,'2024-05-10 02:11:04','2024-05-10 02:11:04',NULL),(5,0,'customers',NULL,'customers',1,'2024-05-10 02:11:05','2024-05-10 02:11:05',NULL),(6,0,'blog',NULL,'blog',1,'2024-05-10 02:11:08','2024-05-10 02:11:08',NULL),(7,0,'stores',NULL,'stores',1,'2024-05-10 02:11:10','2024-05-10 02:11:10',NULL),(8,0,'beauty',NULL,'beauty',0,'2024-05-10 02:11:13','2024-05-10 02:11:13',NULL),(9,0,'sliders',NULL,'sliders',8,'2024-05-10 02:11:13','2024-05-10 02:11:13',NULL),(10,0,'product-categories',NULL,'product-categories',8,'2024-05-10 02:11:14','2024-05-10 02:11:14',NULL),(11,0,'products',NULL,'products',8,'2024-05-10 02:11:14','2024-05-10 02:11:14',NULL),(12,0,'galleries',NULL,'galleries',8,'2024-05-10 02:11:16','2024-05-10 02:11:16',NULL),(13,0,'contact',NULL,'contact',1,'2024-05-10 02:11:16','2024-05-10 02:11:16',NULL),(14,0,'shapes',NULL,'shapes',1,'2024-05-10 02:11:17','2024-05-10 02:11:17',NULL);

--
-- Table structure for table `media_settings`
--

CREATE TABLE `media_settings` (
  `id` bigint unsigned NOT NULL AUTO_INCREMENT,
  `key` varchar(120) COLLATE utf8mb4_unicode_ci NOT NULL,
  `value` text COLLATE utf8mb4_unicode_ci,
  `media_id` bigint unsigned DEFAULT NULL,
  `user_id` bigint unsigned DEFAULT NULL,
  `created_at` timestamp NULL DEFAULT NULL,
  `updated_at` timestamp NULL DEFAULT NULL,
  PRIMARY KEY (`id`)
) ENGINE=InnoDB DEFAULT CHARSET=utf8mb4 COLLATE=utf8mb4_unicode_ci;

--
-- Dumping data for table `media_settings`
--


--
-- Table structure for table `menu_locations`
--

CREATE TABLE `menu_locations` (
  `id` bigint unsigned NOT NULL AUTO_INCREMENT,
  `menu_id` bigint unsigned NOT NULL,
  `location` varchar(120) COLLATE utf8mb4_unicode_ci NOT NULL,
  `created_at` timestamp NULL DEFAULT NULL,
  `updated_at` timestamp NULL DEFAULT NULL,
  PRIMARY KEY (`id`),
  KEY `menu_locations_menu_id_created_at_index` (`menu_id`,`created_at`)
) ENGINE=InnoDB AUTO_INCREMENT=2 DEFAULT CHARSET=utf8mb4 COLLATE=utf8mb4_unicode_ci;

--
-- Dumping data for table `menu_locations`
--

INSERT INTO `menu_locations` VALUES (1,1,'main-menu','2024-05-10 02:11:17','2024-05-10 02:11:17');

--
-- Table structure for table `menu_nodes`
--

CREATE TABLE `menu_nodes` (
  `id` bigint unsigned NOT NULL AUTO_INCREMENT,
  `menu_id` bigint unsigned NOT NULL,
  `parent_id` bigint unsigned NOT NULL DEFAULT '0',
  `reference_id` bigint unsigned DEFAULT NULL,
  `reference_type` varchar(191) COLLATE utf8mb4_unicode_ci DEFAULT NULL,
  `url` varchar(120) COLLATE utf8mb4_unicode_ci DEFAULT NULL,
  `icon_font` varchar(50) COLLATE utf8mb4_unicode_ci DEFAULT NULL,
  `position` tinyint unsigned NOT NULL DEFAULT '0',
  `title` varchar(120) COLLATE utf8mb4_unicode_ci DEFAULT NULL,
  `css_class` varchar(120) COLLATE utf8mb4_unicode_ci DEFAULT NULL,
  `target` varchar(20) COLLATE utf8mb4_unicode_ci NOT NULL DEFAULT '_self',
  `has_child` tinyint unsigned NOT NULL DEFAULT '0',
  `created_at` timestamp NULL DEFAULT NULL,
  `updated_at` timestamp NULL DEFAULT NULL,
  PRIMARY KEY (`id`),
  KEY `menu_nodes_menu_id_index` (`menu_id`),
  KEY `menu_nodes_parent_id_index` (`parent_id`),
  KEY `reference_id` (`reference_id`),
  KEY `reference_type` (`reference_type`)
) ENGINE=InnoDB AUTO_INCREMENT=40 DEFAULT CHARSET=utf8mb4 COLLATE=utf8mb4_unicode_ci;

--
-- Dumping data for table `menu_nodes`
--

INSERT INTO `menu_nodes` VALUES (1,1,0,1,'Botble\\Page\\Models\\Page','/home',NULL,0,'Home',NULL,'_self',1,'2024-05-10 02:11:17','2024-05-10 02:11:17'),(2,1,1,NULL,NULL,'https://shofy.botble.com',NULL,0,'Electronics',NULL,'_self',0,'2024-05-10 02:11:17','2024-05-10 02:11:17'),(3,1,1,NULL,NULL,'https://shofy-fashion.botble.com',NULL,0,'Fashion',NULL,'_self',0,'2024-05-10 02:11:17','2024-05-10 02:11:17'),(4,1,1,NULL,NULL,'https://shofy-beauty.botble.com',NULL,0,'Beauty',NULL,'_self',0,'2024-05-10 02:11:17','2024-05-10 02:11:17'),(5,1,1,NULL,NULL,'https://shofy-jewelry.botble.com',NULL,0,'Jewelry',NULL,'_self',0,'2024-05-10 02:11:17','2024-05-10 02:11:17'),(6,1,1,NULL,NULL,'https://shofy-grocery.botble.com',NULL,0,'Grocery',NULL,'_self',0,'2024-05-10 02:11:17','2024-05-10 02:11:17'),(7,1,0,NULL,NULL,NULL,NULL,0,'Shop',NULL,'_self',1,'2024-05-10 02:11:17','2024-05-10 02:11:17'),(8,1,7,2,'Botble\\Page\\Models\\Page','/product-categories',NULL,0,'Shop Categories',NULL,'_self',0,'2024-05-10 02:11:17','2024-05-10 02:11:17'),(9,1,7,NULL,NULL,'/products?layout=list',NULL,0,'Shop List',NULL,'_self',0,'2024-05-10 02:11:17','2024-05-10 02:11:17'),(10,1,7,NULL,NULL,'/products?layout=grid',NULL,0,'Shop Grid',NULL,'_self',0,'2024-05-10 02:11:17','2024-05-10 02:11:17'),(11,1,7,NULL,NULL,'/products/chunky-knit-infinity-scarf',NULL,0,'Product Detail',NULL,'_self',0,'2024-05-10 02:11:17','2024-05-10 02:11:17'),(12,1,7,3,'Botble\\Page\\Models\\Page','/coupons',NULL,0,'Grab Coupons',NULL,'_self',0,'2024-05-10 02:11:17','2024-05-10 02:11:17'),(13,1,7,NULL,NULL,'/cart',NULL,0,'Cart',NULL,'_self',0,'2024-05-10 02:11:17','2024-05-10 02:11:17'),(14,1,7,NULL,NULL,'/compare',NULL,0,'Compare',NULL,'_self',0,'2024-05-10 02:11:17','2024-05-10 02:11:17'),(15,1,7,NULL,NULL,'/wishlist',NULL,0,'Wishlist',NULL,'_self',0,'2024-05-10 02:11:17','2024-05-10 02:11:17'),(16,1,7,NULL,NULL,'/orders/tracking',NULL,0,'Track Your Order',NULL,'_self',0,'2024-05-10 02:11:17','2024-05-10 02:11:17'),(17,1,0,NULL,NULL,'/stores',NULL,0,'Vendors',NULL,'_self',0,'2024-05-10 02:11:17','2024-05-10 02:11:17'),(18,1,0,NULL,NULL,NULL,NULL,0,'Pages',NULL,'_self',1,'2024-05-10 02:11:17','2024-05-10 02:11:17'),(19,1,18,7,'Botble\\Page\\Models\\Page','/faqs',NULL,0,'FAQs',NULL,'_self',0,'2024-05-10 02:11:17','2024-05-10 02:11:17'),(20,1,18,NULL,NULL,'/login',NULL,0,'Login',NULL,'_self',0,'2024-05-10 02:11:17','2024-05-10 02:11:17'),(21,1,18,NULL,NULL,'/register',NULL,0,'Register',NULL,'_self',0,'2024-05-10 02:11:17','2024-05-10 02:11:17'),(22,1,18,NULL,NULL,'/password/reset',NULL,0,'Forgot Password',NULL,'_self',0,'2024-05-10 02:11:17','2024-05-10 02:11:17'),(23,1,18,NULL,NULL,'/404',NULL,0,'404 Error',NULL,'_self',0,'2024-05-10 02:11:17','2024-05-10 02:11:17'),(24,1,0,5,'Botble\\Page\\Models\\Page','/blog',NULL,0,'Blog',NULL,'_self',1,'2024-05-10 02:11:17','2024-05-10 02:11:17'),(25,1,24,NULL,NULL,'/blog?layout=grid',NULL,0,'Blog Grid',NULL,'_self',0,'2024-05-10 02:11:17','2024-05-10 02:11:17'),(26,1,24,NULL,NULL,'/blog?layout=list',NULL,0,'Blog List',NULL,'_self',0,'2024-05-10 02:11:17','2024-05-10 02:11:17'),(27,1,24,NULL,NULL,'/blog/exploring-the-english-countryside',NULL,0,'Blog Detail',NULL,'_self',0,'2024-05-10 02:11:17','2024-05-10 02:11:17'),(28,1,0,6,'Botble\\Page\\Models\\Page','/contact',NULL,0,'Contact',NULL,'_self',0,'2024-05-10 02:11:17','2024-05-10 02:11:17'),(29,2,0,NULL,NULL,'/orders/tracking',NULL,1,'Track Orders',NULL,'_self',0,'2024-05-10 02:11:17','2024-05-10 02:11:17'),(30,2,0,11,'Botble\\Page\\Models\\Page','/shipping',NULL,1,'Shipping',NULL,'_self',0,'2024-05-10 02:11:17','2024-05-10 02:11:17'),(31,2,0,NULL,NULL,'/wishlist',NULL,1,'Wishlist',NULL,'_self',0,'2024-05-10 02:11:17','2024-05-10 02:11:17'),(32,2,0,NULL,NULL,'/customer/overview',NULL,1,'My Account',NULL,'_self',0,'2024-05-10 02:11:17','2024-05-10 02:11:17'),(33,2,0,NULL,NULL,'/customer/orders',NULL,1,'Order History',NULL,'_self',0,'2024-05-10 02:11:17','2024-05-10 02:11:17'),(34,2,0,NULL,NULL,'/customer/order-returns',NULL,1,'Returns',NULL,'_self',0,'2024-05-10 02:11:17','2024-05-10 02:11:17'),(35,3,0,9,'Botble\\Page\\Models\\Page','/our-story',NULL,2,'Our Story',NULL,'_self',0,'2024-05-10 02:11:17','2024-05-10 02:11:17'),(36,3,0,10,'Botble\\Page\\Models\\Page','/careers',NULL,2,'Careers',NULL,'_self',0,'2024-05-10 02:11:17','2024-05-10 02:11:17'),(37,3,0,8,'Botble\\Page\\Models\\Page','/cookie-policy',NULL,2,'Privacy Policy',NULL,'_self',0,'2024-05-10 02:11:17','2024-05-10 02:11:17'),(38,3,0,NULL,NULL,'/blog',NULL,2,'Latest News',NULL,'_self',0,'2024-05-10 02:11:17','2024-05-10 02:11:17'),(39,3,0,6,'Botble\\Page\\Models\\Page','/contact',NULL,2,'Contact Us',NULL,'_self',0,'2024-05-10 02:11:17','2024-05-10 02:11:17');

--
-- Table structure for table `menus`
--

CREATE TABLE `menus` (
  `id` bigint unsigned NOT NULL AUTO_INCREMENT,
  `name` varchar(120) COLLATE utf8mb4_unicode_ci NOT NULL,
  `slug` varchar(120) COLLATE utf8mb4_unicode_ci DEFAULT NULL,
  `status` varchar(60) COLLATE utf8mb4_unicode_ci NOT NULL DEFAULT 'published',
  `created_at` timestamp NULL DEFAULT NULL,
  `updated_at` timestamp NULL DEFAULT NULL,
  PRIMARY KEY (`id`),
  UNIQUE KEY `menus_slug_unique` (`slug`)
) ENGINE=InnoDB AUTO_INCREMENT=4 DEFAULT CHARSET=utf8mb4 COLLATE=utf8mb4_unicode_ci;

--
-- Dumping data for table `menus`
--

INSERT INTO `menus` VALUES (1,'Main menu','main-menu','published','2024-05-10 02:11:17','2024-05-10 02:11:17'),(2,'My Account','my-account','published','2024-05-10 02:11:17','2024-05-10 02:11:17'),(3,'Information','information','published','2024-05-10 02:11:17','2024-05-10 02:11:17');

--
-- Table structure for table `meta_boxes`
--

CREATE TABLE `meta_boxes` (
  `id` bigint unsigned NOT NULL AUTO_INCREMENT,
  `meta_key` varchar(191) COLLATE utf8mb4_unicode_ci NOT NULL,
  `meta_value` text COLLATE utf8mb4_unicode_ci,
  `reference_id` bigint unsigned NOT NULL,
  `reference_type` varchar(120) COLLATE utf8mb4_unicode_ci NOT NULL,
  `created_at` timestamp NULL DEFAULT NULL,
  `updated_at` timestamp NULL DEFAULT NULL,
  PRIMARY KEY (`id`),
  KEY `meta_boxes_reference_id_index` (`reference_id`)
) ENGINE=InnoDB AUTO_INCREMENT=50 DEFAULT CHARSET=utf8mb4 COLLATE=utf8mb4_unicode_ci;

--
-- Dumping data for table `meta_boxes`
--

INSERT INTO `meta_boxes` VALUES (1,'button_label','[\"Shop Collection\"]',1,'Botble\\SimpleSlider\\Models\\SimpleSliderItem','2024-05-10 02:11:13','2024-05-10 02:11:13'),(2,'button_label','[\"Shop Collection\"]',2,'Botble\\SimpleSlider\\Models\\SimpleSliderItem','2024-05-10 02:11:13','2024-05-10 02:11:13'),(3,'button_label','[\"Shop Collection\"]',3,'Botble\\SimpleSlider\\Models\\SimpleSliderItem','2024-05-10 02:11:13','2024-05-10 02:11:13'),(4,'faq_ids','[[1,2,4,5,10]]',1,'Botble\\Ecommerce\\Models\\Product','2024-05-10 02:11:14','2024-05-10 02:11:14'),(5,'faq_ids','[[1,2,4,6,10]]',2,'Botble\\Ecommerce\\Models\\Product','2024-05-10 02:11:14','2024-05-10 02:11:14'),(6,'faq_ids','[[4,5,7,8,10]]',3,'Botble\\Ecommerce\\Models\\Product','2024-05-10 02:11:14','2024-05-10 02:11:14'),(7,'faq_ids','[[3,4,5,9,10]]',4,'Botble\\Ecommerce\\Models\\Product','2024-05-10 02:11:14','2024-05-10 02:11:14'),(8,'faq_ids','[[3,5,8,9,10]]',5,'Botble\\Ecommerce\\Models\\Product','2024-05-10 02:11:14','2024-05-10 02:11:14'),(9,'faq_ids','[[2,5,6,9,10]]',6,'Botble\\Ecommerce\\Models\\Product','2024-05-10 02:11:14','2024-05-10 02:11:14'),(10,'faq_ids','[[1,4,5,6,7]]',7,'Botble\\Ecommerce\\Models\\Product','2024-05-10 02:11:14','2024-05-10 02:11:14'),(11,'faq_ids','[[1,3,4,5,7]]',8,'Botble\\Ecommerce\\Models\\Product','2024-05-10 02:11:14','2024-05-10 02:11:14'),(12,'faq_ids','[[1,3,4,8,10]]',9,'Botble\\Ecommerce\\Models\\Product','2024-05-10 02:11:14','2024-05-10 02:11:14'),(13,'faq_ids','[[3,4,6,7,9]]',10,'Botble\\Ecommerce\\Models\\Product','2024-05-10 02:11:14','2024-05-10 02:11:14'),(14,'faq_ids','[[2,3,5,6,10]]',11,'Botble\\Ecommerce\\Models\\Product','2024-05-10 02:11:14','2024-05-10 02:11:14'),(15,'faq_ids','[[1,4,5,6,8]]',12,'Botble\\Ecommerce\\Models\\Product','2024-05-10 02:11:14','2024-05-10 02:11:14'),(16,'faq_ids','[[1,2,3,5,7]]',13,'Botble\\Ecommerce\\Models\\Product','2024-05-10 02:11:14','2024-05-10 02:11:14'),(17,'faq_ids','[[2,5,6,8,9]]',14,'Botble\\Ecommerce\\Models\\Product','2024-05-10 02:11:15','2024-05-10 02:11:15'),(18,'faq_ids','[[2,3,4,7,9]]',15,'Botble\\Ecommerce\\Models\\Product','2024-05-10 02:11:15','2024-05-10 02:11:15'),(19,'faq_ids','[[3,5,7,8,10]]',16,'Botble\\Ecommerce\\Models\\Product','2024-05-10 02:11:15','2024-05-10 02:11:15'),(20,'faq_ids','[[1,2,3,5,10]]',17,'Botble\\Ecommerce\\Models\\Product','2024-05-10 02:11:15','2024-05-10 02:11:15'),(21,'faq_ids','[[1,3,4,6,10]]',18,'Botble\\Ecommerce\\Models\\Product','2024-05-10 02:11:15','2024-05-10 02:11:15'),(22,'faq_ids','[[3,4,5,7,8]]',19,'Botble\\Ecommerce\\Models\\Product','2024-05-10 02:11:15','2024-05-10 02:11:15'),(23,'faq_ids','[[3,5,6,8,10]]',20,'Botble\\Ecommerce\\Models\\Product','2024-05-10 02:11:15','2024-05-10 02:11:15'),(24,'faq_ids','[[2,3,5,7,8]]',21,'Botble\\Ecommerce\\Models\\Product','2024-05-10 02:11:15','2024-05-10 02:11:15'),(25,'faq_ids','[[3,6,7,8,10]]',22,'Botble\\Ecommerce\\Models\\Product','2024-05-10 02:11:15','2024-05-10 02:11:15'),(26,'faq_ids','[[3,5,6,8,9]]',23,'Botble\\Ecommerce\\Models\\Product','2024-05-10 02:11:15','2024-05-10 02:11:15'),(27,'faq_ids','[[2,4,5,6,9]]',24,'Botble\\Ecommerce\\Models\\Product','2024-05-10 02:11:15','2024-05-10 02:11:15'),(28,'faq_ids','[[1,3,4,5,8]]',25,'Botble\\Ecommerce\\Models\\Product','2024-05-10 02:11:15','2024-05-10 02:11:15'),(29,'faq_ids','[[1,4,5,7,10]]',26,'Botble\\Ecommerce\\Models\\Product','2024-05-10 02:11:15','2024-05-10 02:11:15'),(30,'faq_ids','[[1,4,6,9,10]]',27,'Botble\\Ecommerce\\Models\\Product','2024-05-10 02:11:15','2024-05-10 02:11:15'),(31,'faq_ids','[[3,6,8,9,10]]',28,'Botble\\Ecommerce\\Models\\Product','2024-05-10 02:11:15','2024-05-10 02:11:15'),(32,'faq_ids','[[2,4,6,7,8]]',29,'Botble\\Ecommerce\\Models\\Product','2024-05-10 02:11:15','2024-05-10 02:11:15'),(33,'faq_ids','[[1,3,5,6,10]]',30,'Botble\\Ecommerce\\Models\\Product','2024-05-10 02:11:15','2024-05-10 02:11:15'),(34,'faq_ids','[[2,7,8,9,10]]',31,'Botble\\Ecommerce\\Models\\Product','2024-05-10 02:11:15','2024-05-10 02:11:15'),(35,'faq_ids','[[1,2,7,9,10]]',32,'Botble\\Ecommerce\\Models\\Product','2024-05-10 02:11:15','2024-05-10 02:11:15'),(36,'faq_ids','[[1,3,7,8,10]]',33,'Botble\\Ecommerce\\Models\\Product','2024-05-10 02:11:15','2024-05-10 02:11:15'),(37,'faq_ids','[[3,4,5,7,9]]',34,'Botble\\Ecommerce\\Models\\Product','2024-05-10 02:11:15','2024-05-10 02:11:15'),(38,'faq_ids','[[2,3,4,8,10]]',35,'Botble\\Ecommerce\\Models\\Product','2024-05-10 02:11:15','2024-05-10 02:11:15'),(39,'faq_ids','[[1,2,3,7,8]]',36,'Botble\\Ecommerce\\Models\\Product','2024-05-10 02:11:15','2024-05-10 02:11:15'),(40,'faq_ids','[[1,3,6,9,10]]',37,'Botble\\Ecommerce\\Models\\Product','2024-05-10 02:11:15','2024-05-10 02:11:15'),(41,'faq_ids','[[3,4,5,6,7]]',38,'Botble\\Ecommerce\\Models\\Product','2024-05-10 02:11:15','2024-05-10 02:11:15'),(42,'faq_ids','[[5,6,7,8,10]]',39,'Botble\\Ecommerce\\Models\\Product','2024-05-10 02:11:15','2024-05-10 02:11:15'),(43,'faq_ids','[[1,2,6,7,8]]',40,'Botble\\Ecommerce\\Models\\Product','2024-05-10 02:11:15','2024-05-10 02:11:15'),(44,'faq_ids','[[5,6,7,8,10]]',41,'Botble\\Ecommerce\\Models\\Product','2024-05-10 02:11:15','2024-05-10 02:11:15'),(45,'faq_ids','[[1,4,5,8,10]]',42,'Botble\\Ecommerce\\Models\\Product','2024-05-10 02:11:15','2024-05-10 02:11:15'),(46,'faq_ids','[[5,7,8,9,10]]',43,'Botble\\Ecommerce\\Models\\Product','2024-05-10 02:11:15','2024-05-10 02:11:15'),(47,'breadcrumb_style','[\"none\"]',1,'Botble\\Page\\Models\\Page','2024-05-10 02:11:16','2024-05-10 02:11:16'),(48,'breadcrumb_style','[\"align-start\"]',2,'Botble\\Page\\Models\\Page','2024-05-10 02:11:16','2024-05-10 02:11:16'),(49,'breadcrumb_style','[\"align-center\"]',7,'Botble\\Page\\Models\\Page','2024-05-10 02:11:16','2024-05-10 02:11:16');

--
-- Table structure for table `migrations`
--

CREATE TABLE `migrations` (
  `id` int unsigned NOT NULL AUTO_INCREMENT,
  `migration` varchar(191) COLLATE utf8mb4_unicode_ci NOT NULL,
  `batch` int NOT NULL,
  PRIMARY KEY (`id`)
) ENGINE=InnoDB AUTO_INCREMENT=193 DEFAULT CHARSET=utf8mb4 COLLATE=utf8mb4_unicode_ci;

--
-- Dumping data for table `migrations`
--

INSERT INTO `migrations` VALUES (1,'2013_04_09_032329_create_base_tables',1),(2,'2013_04_09_062329_create_revisions_table',1),(3,'2014_10_12_000000_create_users_table',1),(4,'2014_10_12_100000_create_password_reset_tokens_table',1),(5,'2015_06_18_033822_create_blog_table',1),(6,'2015_06_29_025744_create_audit_history',1),(7,'2016_05_28_112028_create_system_request_logs_table',1),(8,'2016_06_10_230148_create_acl_tables',1),(9,'2016_06_14_230857_create_menus_table',1),(10,'2016_06_17_091537_create_contacts_table',1),(11,'2016_06_28_221418_create_pages_table',1),(12,'2016_10_03_032336_create_languages_table',1),(13,'2016_10_05_074239_create_setting_table',1),(14,'2016_10_07_193005_create_translations_table',1),(15,'2016_10_13_150201_create_galleries_table',1),(16,'2016_11_28_032840_create_dashboard_widget_tables',1),(17,'2016_12_16_084601_create_widgets_table',1),(18,'2017_05_09_070343_create_media_tables',1),(19,'2017_05_18_080441_create_payment_tables',1),(20,'2017_07_11_140018_create_simple_slider_table',1),(21,'2017_10_24_154832_create_newsletter_table',1),(22,'2017_11_03_070450_create_slug_table',1),(23,'2018_07_09_214610_create_testimonial_table',1),(24,'2018_07_09_221238_create_faq_table',1),(25,'2019_01_05_053554_create_jobs_table',1),(26,'2019_08_19_000000_create_failed_jobs_table',1),(27,'2019_11_18_061011_create_country_table',1),(28,'2019_12_14_000001_create_personal_access_tokens_table',1),(29,'2020_03_05_041139_create_ecommerce_tables',1),(30,'2020_11_18_150916_ads_create_ads_table',1),(31,'2021_01_01_044147_ecommerce_create_flash_sale_table',1),(32,'2021_01_17_082713_add_column_is_featured_to_product_collections_table',1),(33,'2021_01_18_024333_add_zip_code_into_table_customer_addresses',1),(34,'2021_02_16_092633_remove_default_value_for_author_type',1),(35,'2021_02_18_073505_update_table_ec_reviews',1),(36,'2021_03_10_024419_add_column_confirmed_at_to_table_ec_customers',1),(37,'2021_03_10_025153_change_column_tax_amount',1),(38,'2021_03_20_033103_add_column_availability_to_table_ec_products',1),(39,'2021_03_27_144913_add_customer_type_into_table_payments',1),(40,'2021_04_28_074008_ecommerce_create_product_label_table',1),(41,'2021_05_24_034720_make_column_currency_nullable',1),(42,'2021_05_31_173037_ecommerce_create_ec_products_translations',1),(43,'2021_07_06_030002_create_marketplace_table',1),(44,'2021_08_09_161302_add_metadata_column_to_payments_table',1),(45,'2021_08_17_105016_remove_column_currency_id_in_some_tables',1),(46,'2021_08_30_142128_add_images_column_to_ec_reviews_table',1),(47,'2021_09_04_150137_add_vendor_verified_at_to_ec_customers_table',1),(48,'2021_10_04_030050_add_column_created_by_to_table_ec_products',1),(49,'2021_10_04_033903_add_column_approved_by_into_table_ec_products',1),(50,'2021_10_05_122616_add_status_column_to_ec_customers_table',1),(51,'2021_10_06_124943_add_transaction_id_column_to_mp_customer_withdrawals_table',1),(52,'2021_10_10_054216_add_columns_to_mp_customer_revenues_table',1),(53,'2021_10_19_020859_update_metadata_field',1),(54,'2021_10_25_021023_fix-priority-load-for-language-advanced',1),(55,'2021_11_03_025806_nullable_phone_number_in_ec_customer_addresses',1),(56,'2021_11_23_071403_correct_languages_for_product_variations',1),(57,'2021_11_28_031808_add_product_tags_translations',1),(58,'2021_12_01_031123_add_featured_image_to_ec_products',1),(59,'2021_12_02_035301_add_ads_translations_table',1),(60,'2021_12_03_030600_create_blog_translations',1),(61,'2021_12_03_075608_create_page_translations',1),(62,'2021_12_03_082134_create_faq_translations',1),(63,'2021_12_03_082953_create_gallery_translations',1),(64,'2021_12_03_083642_create_testimonials_translations',1),(65,'2021_12_03_084118_create_location_translations',1),(66,'2021_12_03_094518_migrate_old_location_data',1),(67,'2021_12_06_031304_update_table_mp_customer_revenues',1),(68,'2021_12_10_034440_switch_plugin_location_to_use_language_advanced',1),(69,'2022_01_01_033107_update_table_ec_shipments',1),(70,'2022_01_16_085908_improve_plugin_location',1),(71,'2022_02_16_042457_improve_product_attribute_sets',1),(72,'2022_03_22_075758_correct_product_name',1),(73,'2022_04_19_113334_add_index_to_ec_products',1),(74,'2022_04_19_113923_add_index_to_table_posts',1),(75,'2022_04_20_100851_add_index_to_media_table',1),(76,'2022_04_20_101046_add_index_to_menu_table',1),(77,'2022_04_28_144405_remove_unused_table',1),(78,'2022_04_30_034048_create_gallery_meta_translations_table',1),(79,'2022_05_05_115015_create_ec_customer_recently_viewed_products_table',1),(80,'2022_05_18_143720_add_index_to_table_ec_product_categories',1),(81,'2022_06_16_095633_add_index_to_some_tables',1),(82,'2022_06_28_151901_activate_paypal_stripe_plugin',1),(83,'2022_06_30_035148_create_order_referrals_table',1),(84,'2022_07_07_153354_update_charge_id_in_table_payments',1),(85,'2022_07_10_034813_move_lang_folder_to_root',1),(86,'2022_07_24_153815_add_completed_at_to_ec_orders_table',1),(87,'2022_08_04_051940_add_missing_column_expires_at',1),(88,'2022_08_04_052122_delete_location_backup_tables',1),(89,'2022_08_14_032836_create_ec_order_returns_table',1),(90,'2022_08_14_033554_create_ec_order_return_items_table',1),(91,'2022_08_15_040324_add_billing_address',1),(92,'2022_08_30_091114_support_digital_products_table',1),(93,'2022_09_01_000001_create_admin_notifications_tables',1),(94,'2022_09_13_095744_create_options_table',1),(95,'2022_09_13_104347_create_option_value_table',1),(96,'2022_10_05_163518_alter_table_ec_order_product',1),(97,'2022_10_12_041517_create_invoices_table',1),(98,'2022_10_12_142226_update_orders_table',1),(99,'2022_10_13_024916_update_table_order_returns',1),(100,'2022_10_14_024629_drop_column_is_featured',1),(101,'2022_10_19_152916_add_columns_to_mp_stores_table',1),(102,'2022_10_20_062849_create_mp_category_sale_commissions_table',1),(103,'2022_10_21_030830_update_columns_in_ec_shipments_table',1),(104,'2022_10_28_021046_update_columns_in_ec_shipments_table',1),(105,'2022_11_02_071413_add_more_info_for_store',1),(106,'2022_11_02_080444_add_tax_info',1),(107,'2022_11_16_034522_update_type_column_in_ec_shipping_rules_table',1),(108,'2022_11_18_063357_add_missing_timestamp_in_table_settings',1),(109,'2022_11_19_041643_add_ec_tax_product_table',1),(110,'2022_12_02_093615_update_slug_index_columns',1),(111,'2022_12_12_063830_update_tax_defadult_in_ec_tax_products_table',1),(112,'2022_12_17_041532_fix_address_in_order_invoice',1),(113,'2022_12_26_070329_create_ec_product_views_table',1),(114,'2023_01_04_033051_fix_product_categories',1),(115,'2023_01_09_050400_add_ec_global_options_translations_table',1),(116,'2023_01_10_093754_add_missing_option_value_id',1),(117,'2023_01_17_082713_add_column_barcode_and_cost_per_item_to_product_table',1),(118,'2023_01_26_021854_add_ec_customer_used_coupons_table',1),(119,'2023_01_30_024431_add_alt_to_media_table',1),(120,'2023_02_01_062030_add_store_translations',1),(121,'2023_02_08_015900_update_options_column_in_ec_order_product_table',1),(122,'2023_02_13_032133_update_fee_column_mp_customer_revenues_table',1),(123,'2023_02_16_042611_drop_table_password_resets',1),(124,'2023_02_17_023648_fix_store_prefix',1),(125,'2023_02_27_095752_remove_duplicate_reviews',1),(126,'2023_03_20_115757_add_user_type_column_to_ec_shipment_histories_table',1),(127,'2023_04_17_062645_add_open_in_new_tab',1),(128,'2023_04_21_082427_create_ec_product_categorizables_table',1),(129,'2023_04_23_005903_add_column_permissions_to_admin_notifications',1),(130,'2023_04_23_061847_increase_state_translations_abbreviation_column',1),(131,'2023_05_03_011331_add_missing_column_price_into_invoice_items_table',1),(132,'2023_05_10_075124_drop_column_id_in_role_users_table',1),(133,'2023_05_17_025812_fix_invoice_issue',1),(134,'2023_05_26_073140_move_option_make_phone_field_optional_at_checkout_page_to_mandatory_fields',1),(135,'2023_05_27_144611_fix_exchange_rate_setting',1),(136,'2023_06_22_084331_add_generate_license_code_to_ec_products_table',1),(137,'2023_06_30_042512_create_ec_order_tax_information_table',1),(138,'2023_07_06_011444_create_slug_translations_table',1),(139,'2023_07_14_022724_remove_column_id_from_ec_product_collection_products',1),(140,'2023_07_26_041451_add_more_columns_to_location_table',1),(141,'2023_07_27_041451_add_more_columns_to_location_translation_table',1),(142,'2023_08_09_012940_remove_column_status_in_ec_product_attributes',1),(143,'2023_08_11_060908_create_announcements_table',1),(144,'2023_08_15_064505_create_ec_tax_rules_table',1),(145,'2023_08_15_073307_drop_unique_in_states_cities_translations',1),(146,'2023_08_21_021819_make_column_address_in_ec_customer_addresses_nullable',1),(147,'2023_08_21_090810_make_page_content_nullable',1),(148,'2023_08_22_094114_drop_unique_for_barcode',1),(149,'2023_08_29_074620_make_column_author_id_nullable',1),(150,'2023_08_29_075308_make_column_user_id_nullable',1),(151,'2023_08_30_031811_add_apply_via_url_column_to_ec_discounts_table',1),(152,'2023_09_07_094312_add_index_to_product_sku_and_translations',1),(153,'2023_09_14_021936_update_index_for_slugs_table',1),(154,'2023_09_14_022423_add_index_for_language_table',1),(155,'2023_09_19_024955_create_discount_product_categories_table',1),(156,'2023_10_17_070728_add_icon_and_icon_image_to_product_categories_table',1),(157,'2023_10_21_065016_make_state_id_in_table_cities_nullable',1),(158,'2023_11_07_023805_add_tablet_mobile_image',1),(159,'2023_11_10_080225_migrate_contact_blacklist_email_domains_to_core',1),(160,'2023_11_14_033417_change_request_column_in_table_audit_histories',1),(161,'2023_11_17_063408_add_description_column_to_faq_categories_table',1),(162,'2023_11_22_154643_add_unique_in_table_ec_products_variations',1),(163,'2023_11_27_032313_add_price_columns_to_ec_product_cross_sale_relations_table',1),(164,'2023_12_06_023945_add_display_on_checkout_column_to_ec_discounts_table',1),(165,'2023_12_06_100448_change_random_hash_for_media',1),(166,'2023_12_07_095130_add_color_column_to_media_folders_table',1),(167,'2023_12_12_105220_drop_translations_table',1),(168,'2023_12_17_162208_make_sure_column_color_in_media_folders_nullable',1),(169,'2023_12_25_040604_ec_create_review_replies_table',1),(170,'2023_12_26_090340_add_private_notes_column_to_ec_customers_table',1),(171,'2024_01_16_070706_fix_translation_tables',1),(172,'2024_01_23_075227_add_proof_file_to_ec_orders_table',1),(173,'2024_03_14_041050_migrate_lazy_load_theme_options',1),(174,'2024_03_20_080001_migrate_change_attribute_email_to_nullable_form_contacts_table',1),(175,'2024_03_21_100334_update_section_title_shape',1),(176,'2024_03_25_000001_update_captcha_settings_for_contact',1),(177,'2024_03_25_000001_update_captcha_settings_for_newsletter',1),(178,'2024_03_26_041531_add_cancel_reason_to_ec_orders_table',1),(179,'2024_03_27_062402_create_ec_customer_deletion_requests_table',1),(180,'2024_03_29_042242_migrate_old_captcha_settings',1),(181,'2024_03_29_093946_create_ec_order_return_histories_table',1),(182,'2024_04_01_043317_add_google_adsense_slot_id_to_ads_table',1),(183,'2024_04_01_063523_add_customer_columns_to_ec_reviews_table',1),(184,'2024_04_03_062451_add_cover_image_to_table_mp_stores',1),(185,'2024_04_04_110758_update_value_column_in_user_meta_table',1),(186,'2024_04_15_092654_migrate_ecommerce_google_tag_manager_code_setting',1),(187,'2024_04_16_035713_add_min_max_order_quantity_columns_to_products_table',1),(188,'2024_04_19_063914_create_custom_fields_table',1),(189,'2024_04_27_100730_improve_analytics_setting',1),(190,'2024_05_07_073153_improve_table_wishlist',1),(191,'2024_05_07_082630_create_mp_messages_table',1),(192,'2024_05_07_093703_add_missing_zip_code_into_table_store_locators',1);

--
-- Table structure for table `mp_category_sale_commissions`
--

CREATE TABLE `mp_category_sale_commissions` (
  `id` bigint unsigned NOT NULL AUTO_INCREMENT,
  `product_category_id` bigint unsigned NOT NULL,
  `commission_percentage` decimal(8,2) NOT NULL DEFAULT '0.00',
  PRIMARY KEY (`id`),
  UNIQUE KEY `mp_category_sale_commissions_product_category_id_unique` (`product_category_id`)
) ENGINE=InnoDB DEFAULT CHARSET=utf8mb4 COLLATE=utf8mb4_unicode_ci;

--
-- Dumping data for table `mp_category_sale_commissions`
--


--
-- Table structure for table `mp_customer_revenues`
--

CREATE TABLE `mp_customer_revenues` (
  `id` bigint unsigned NOT NULL AUTO_INCREMENT,
  `customer_id` bigint unsigned DEFAULT NULL,
  `order_id` bigint unsigned DEFAULT NULL,
  `sub_amount` decimal(15,2) DEFAULT '0.00',
  `fee` decimal(15,2) DEFAULT '0.00',
  `amount` decimal(15,2) DEFAULT '0.00',
  `current_balance` decimal(15,2) DEFAULT '0.00',
  `currency` varchar(120) COLLATE utf8mb4_unicode_ci DEFAULT NULL,
  `description` text COLLATE utf8mb4_unicode_ci,
  `created_at` timestamp NULL DEFAULT NULL,
  `updated_at` timestamp NULL DEFAULT NULL,
  `user_id` bigint unsigned NOT NULL DEFAULT '0',
  `type` varchar(60) COLLATE utf8mb4_unicode_ci DEFAULT NULL,
  PRIMARY KEY (`id`)
) ENGINE=InnoDB DEFAULT CHARSET=utf8mb4 COLLATE=utf8mb4_unicode_ci;

--
-- Dumping data for table `mp_customer_revenues`
--


--
-- Table structure for table `mp_customer_withdrawals`
--

CREATE TABLE `mp_customer_withdrawals` (
  `id` bigint unsigned NOT NULL AUTO_INCREMENT,
  `customer_id` bigint unsigned DEFAULT NULL,
  `fee` decimal(15,2) unsigned DEFAULT '0.00',
  `amount` decimal(15,2) unsigned DEFAULT '0.00',
  `current_balance` decimal(15,2) unsigned DEFAULT '0.00',
  `currency` varchar(120) COLLATE utf8mb4_unicode_ci DEFAULT NULL,
  `description` text COLLATE utf8mb4_unicode_ci,
  `bank_info` text COLLATE utf8mb4_unicode_ci,
  `payment_channel` varchar(60) COLLATE utf8mb4_unicode_ci DEFAULT NULL,
  `user_id` bigint unsigned NOT NULL DEFAULT '0',
  `status` varchar(60) COLLATE utf8mb4_unicode_ci NOT NULL DEFAULT 'pending',
  `images` text COLLATE utf8mb4_unicode_ci,
  `created_at` timestamp NULL DEFAULT NULL,
  `updated_at` timestamp NULL DEFAULT NULL,
  `transaction_id` varchar(60) COLLATE utf8mb4_unicode_ci DEFAULT NULL,
  PRIMARY KEY (`id`)
) ENGINE=InnoDB DEFAULT CHARSET=utf8mb4 COLLATE=utf8mb4_unicode_ci;

--
-- Dumping data for table `mp_customer_withdrawals`
--


--
-- Table structure for table `mp_messages`
--

CREATE TABLE `mp_messages` (
  `id` bigint unsigned NOT NULL AUTO_INCREMENT,
  `store_id` bigint unsigned NOT NULL,
  `customer_id` bigint unsigned DEFAULT NULL,
  `name` varchar(60) COLLATE utf8mb4_unicode_ci NOT NULL,
  `email` varchar(60) COLLATE utf8mb4_unicode_ci NOT NULL,
  `content` longtext COLLATE utf8mb4_unicode_ci NOT NULL,
  `created_at` timestamp NULL DEFAULT NULL,
  `updated_at` timestamp NULL DEFAULT NULL,
  PRIMARY KEY (`id`)
) ENGINE=InnoDB DEFAULT CHARSET=utf8mb4 COLLATE=utf8mb4_unicode_ci;

--
-- Dumping data for table `mp_messages`
--


--
-- Table structure for table `mp_stores`
--

CREATE TABLE `mp_stores` (
  `id` bigint unsigned NOT NULL AUTO_INCREMENT,
  `name` varchar(191) COLLATE utf8mb4_unicode_ci NOT NULL,
  `email` varchar(60) COLLATE utf8mb4_unicode_ci DEFAULT NULL,
  `phone` varchar(20) COLLATE utf8mb4_unicode_ci DEFAULT NULL,
  `address` varchar(191) COLLATE utf8mb4_unicode_ci DEFAULT NULL,
  `country` varchar(120) COLLATE utf8mb4_unicode_ci DEFAULT NULL,
  `state` varchar(120) COLLATE utf8mb4_unicode_ci DEFAULT NULL,
  `city` varchar(120) COLLATE utf8mb4_unicode_ci DEFAULT NULL,
  `customer_id` bigint unsigned DEFAULT NULL,
  `logo` varchar(191) COLLATE utf8mb4_unicode_ci DEFAULT NULL,
  `cover_image` varchar(191) COLLATE utf8mb4_unicode_ci DEFAULT NULL,
  `description` varchar(400) COLLATE utf8mb4_unicode_ci DEFAULT NULL,
  `content` longtext COLLATE utf8mb4_unicode_ci,
  `status` varchar(60) COLLATE utf8mb4_unicode_ci NOT NULL DEFAULT 'published',
  `vendor_verified_at` datetime DEFAULT NULL,
  `created_at` timestamp NULL DEFAULT NULL,
  `updated_at` timestamp NULL DEFAULT NULL,
  `zip_code` varchar(20) COLLATE utf8mb4_unicode_ci DEFAULT NULL,
  `company` varchar(191) COLLATE utf8mb4_unicode_ci DEFAULT NULL,
  PRIMARY KEY (`id`)
) ENGINE=InnoDB AUTO_INCREMENT=9 DEFAULT CHARSET=utf8mb4 COLLATE=utf8mb4_unicode_ci;

--
-- Dumping data for table `mp_stores`
--

INSERT INTO `mp_stores` VALUES (1,'GoPro','maryse47@example.org','+14697512255','768 Adams Corners Apt. 234','KI','Missouri','South Rocioville',8,'main/stores/1.png','main/stores/cover-2.png','Ea et est dolores deleniti architecto inventore. Ut et rerum accusantium. Aliquid dolores unde a et. Quod est excepturi vel repudiandae et. Omnis sapiente inventore velit quia commodi repellendus. Sed et sit nihil qui eos magni et. Ut consequatur numquam consequuntur et accusantium magnam.','<p>I have seen many people underestimating the power of their wallets. To them, they are just a functional item they use to carry. As a result, they often end up with the wallets which are not really suitable for them.</p>\n\n                <p>You should pay more attention when you choose your wallets. There are a lot of them on the market with the different designs and styles. When you choose carefully, you would be able to buy a wallet that is catered to your needs. Not to mention that it will help to enhance your style significantly.</p>\n\n                <p style=\"text-align:center;\"><img alt=\"f4\" src=\"/storage/main/blog/post-1.jpg\"></p>\n\n                <p><br>\n                 </p>\n\n                <p><strong><em>For all of the reason above, here are 7 expert tips to help you pick up the right men’s wallet for you:</em></strong></p>\n\n                <h4><strong>Number 1: Choose A Neat Wallet</strong></h4>\n\n                <p>The wallet is an essential accessory that you should go simple. Simplicity is the best in this case. A simple and neat wallet with the plain color and even <strong>minimalist style</strong> is versatile. It can be used for both formal and casual events. In addition, that wallet will go well with most of the clothes in your wardrobe.</p>\n\n                <p>Keep in mind that a wallet will tell other people about your personality and your fashion sense as much as other clothes you put on. Hence, don’t go cheesy on your wallet or else people will think that you have a funny and particular style.</p>\n\n                <p style=\"text-align:center;\"><img alt=\"f5\" src=\"/storage/main/blog/post-2.jpg\"></p>\n\n                <p><br>\n                 </p>\n                <hr>\n                <h4><strong>Number 2: Choose The Right Size For Your Wallet</strong></h4>\n\n                <p>You should avoid having an over-sized wallet. Don’t think that you need to buy a big wallet because you have a lot to carry with you. In addition, a fat wallet is very ugly. It will make it harder for you to slide the wallet into your trousers’ pocket. In addition, it will create a bulge and ruin your look.</p>\n\n                <p>Before you go on to buy a new wallet, clean out your wallet and place all the items from your wallet on a table. Throw away things that you would never need any more such as the old bills or the expired gift cards. Remember to check your wallet on a frequent basis to get rid of all of the old stuff that you don’t need anymore.</p>\n\n                <p style=\"text-align:center;\"><img alt=\"f1\" src=\"/storage/main/blog/post-3.jpg\"></p>\n\n                <p><br>\n                 </p>\n\n                <hr>\n                <h4><strong>Number 3: Don’t Limit Your Options Of Materials</strong></h4>\n\n                <p>The types and designs of wallets are not the only things that you should consider when you go out searching for your best wallet. You have more than 1 option of material rather than leather to choose from as well.</p>\n\n                <p>You can experiment with other available options such as cotton, polyester and canvas. They all have their own pros and cons. As a result, they will be suitable for different needs and requirements. You should think about them all in order to choose the material which you would like the most.</p>\n\n                <p style=\"text-align:center;\"><img alt=\"f6\" src=\"/storage/main/blog/post-4.jpg\"></p>\n\n                <p><br>\n                 </p>\n\n                <hr>\n                <h4><strong>Number 4: Consider A Wallet As A Long Term Investment</strong></h4>\n\n                <p>Your wallet is indeed an investment that you should consider spending a decent amount of time and effort on it. Another factor that you need to consider is how much you want to spend on your wallet. The price ranges of wallets on the market vary a great deal. You can find a wallet which is as cheap as about 5 to 7 dollars. On the other hand, you should expect to pay around 250 to 300 dollars for a high-quality wallet.</p>\n\n                <p>In case you need a wallet to use for a long time, it is a good idea that you should invest a decent amount of money on a wallet. A high quality wallet from a reputational brand with the premium quality such as cowhide leather will last for a long time. In addition, it is an accessory to show off your fashion sense and your social status.</p>\n\n                <p style=\"text-align:center;\"><img alt=\"f2\" src=\"/storage/main/blog/post-5.jpg\"></p>\n\n                <p> </p>\n                ','published',NULL,'2024-05-10 02:11:13','2024-05-10 02:11:13',NULL,NULL),(2,'Global Office','aisha50@example.net','+16269532382','61425 Schuster Locks Suite 002','NF','South Dakota','Rennerside',6,'main/stores/2.png','main/stores/cover-5.png','Iusto ad aut perspiciatis quae voluptate. Provident quos qui et libero pariatur est. Voluptas libero repudiandae dolorem aut molestias illum. Nihil et consectetur sint necessitatibus sint sunt et. Nulla reiciendis odit voluptates beatae facilis dignissimos tenetur. Vel quam ad nemo alias dicta placeat. Excepturi accusamus pariatur voluptas voluptas cupiditate.','<p>I have seen many people underestimating the power of their wallets. To them, they are just a functional item they use to carry. As a result, they often end up with the wallets which are not really suitable for them.</p>\n\n                <p>You should pay more attention when you choose your wallets. There are a lot of them on the market with the different designs and styles. When you choose carefully, you would be able to buy a wallet that is catered to your needs. Not to mention that it will help to enhance your style significantly.</p>\n\n                <p style=\"text-align:center;\"><img alt=\"f4\" src=\"/storage/main/blog/post-1.jpg\"></p>\n\n                <p><br>\n                 </p>\n\n                <p><strong><em>For all of the reason above, here are 7 expert tips to help you pick up the right men’s wallet for you:</em></strong></p>\n\n                <h4><strong>Number 1: Choose A Neat Wallet</strong></h4>\n\n                <p>The wallet is an essential accessory that you should go simple. Simplicity is the best in this case. A simple and neat wallet with the plain color and even <strong>minimalist style</strong> is versatile. It can be used for both formal and casual events. In addition, that wallet will go well with most of the clothes in your wardrobe.</p>\n\n                <p>Keep in mind that a wallet will tell other people about your personality and your fashion sense as much as other clothes you put on. Hence, don’t go cheesy on your wallet or else people will think that you have a funny and particular style.</p>\n\n                <p style=\"text-align:center;\"><img alt=\"f5\" src=\"/storage/main/blog/post-2.jpg\"></p>\n\n                <p><br>\n                 </p>\n                <hr>\n                <h4><strong>Number 2: Choose The Right Size For Your Wallet</strong></h4>\n\n                <p>You should avoid having an over-sized wallet. Don’t think that you need to buy a big wallet because you have a lot to carry with you. In addition, a fat wallet is very ugly. It will make it harder for you to slide the wallet into your trousers’ pocket. In addition, it will create a bulge and ruin your look.</p>\n\n                <p>Before you go on to buy a new wallet, clean out your wallet and place all the items from your wallet on a table. Throw away things that you would never need any more such as the old bills or the expired gift cards. Remember to check your wallet on a frequent basis to get rid of all of the old stuff that you don’t need anymore.</p>\n\n                <p style=\"text-align:center;\"><img alt=\"f1\" src=\"/storage/main/blog/post-3.jpg\"></p>\n\n                <p><br>\n                 </p>\n\n                <hr>\n                <h4><strong>Number 3: Don’t Limit Your Options Of Materials</strong></h4>\n\n                <p>The types and designs of wallets are not the only things that you should consider when you go out searching for your best wallet. You have more than 1 option of material rather than leather to choose from as well.</p>\n\n                <p>You can experiment with other available options such as cotton, polyester and canvas. They all have their own pros and cons. As a result, they will be suitable for different needs and requirements. You should think about them all in order to choose the material which you would like the most.</p>\n\n                <p style=\"text-align:center;\"><img alt=\"f6\" src=\"/storage/main/blog/post-4.jpg\"></p>\n\n                <p><br>\n                 </p>\n\n                <hr>\n                <h4><strong>Number 4: Consider A Wallet As A Long Term Investment</strong></h4>\n\n                <p>Your wallet is indeed an investment that you should consider spending a decent amount of time and effort on it. Another factor that you need to consider is how much you want to spend on your wallet. The price ranges of wallets on the market vary a great deal. You can find a wallet which is as cheap as about 5 to 7 dollars. On the other hand, you should expect to pay around 250 to 300 dollars for a high-quality wallet.</p>\n\n                <p>In case you need a wallet to use for a long time, it is a good idea that you should invest a decent amount of money on a wallet. A high quality wallet from a reputational brand with the premium quality such as cowhide leather will last for a long time. In addition, it is an accessory to show off your fashion sense and your social status.</p>\n\n                <p style=\"text-align:center;\"><img alt=\"f2\" src=\"/storage/main/blog/post-5.jpg\"></p>\n\n                <p> </p>\n                ','published',NULL,'2024-05-10 02:11:13','2024-05-10 02:11:13',NULL,NULL),(3,'Young Shop','xhamill@example.net','+14198195604','84044 Barton Alley Apt. 363','MS','New York','Kassulkeburgh',2,'main/stores/3.png','main/stores/cover-3.png','Numquam libero adipisci dolorem voluptate veritatis aspernatur et esse. Dicta harum consequatur in ea rerum animi. Aut ratione vitae consequatur molestiae quaerat. Non ullam doloremque laudantium qui voluptas consectetur. Est magnam recusandae nostrum ut.','<p>I have seen many people underestimating the power of their wallets. To them, they are just a functional item they use to carry. As a result, they often end up with the wallets which are not really suitable for them.</p>\n\n                <p>You should pay more attention when you choose your wallets. There are a lot of them on the market with the different designs and styles. When you choose carefully, you would be able to buy a wallet that is catered to your needs. Not to mention that it will help to enhance your style significantly.</p>\n\n                <p style=\"text-align:center;\"><img alt=\"f4\" src=\"/storage/main/blog/post-1.jpg\"></p>\n\n                <p><br>\n                 </p>\n\n                <p><strong><em>For all of the reason above, here are 7 expert tips to help you pick up the right men’s wallet for you:</em></strong></p>\n\n                <h4><strong>Number 1: Choose A Neat Wallet</strong></h4>\n\n                <p>The wallet is an essential accessory that you should go simple. Simplicity is the best in this case. A simple and neat wallet with the plain color and even <strong>minimalist style</strong> is versatile. It can be used for both formal and casual events. In addition, that wallet will go well with most of the clothes in your wardrobe.</p>\n\n                <p>Keep in mind that a wallet will tell other people about your personality and your fashion sense as much as other clothes you put on. Hence, don’t go cheesy on your wallet or else people will think that you have a funny and particular style.</p>\n\n                <p style=\"text-align:center;\"><img alt=\"f5\" src=\"/storage/main/blog/post-2.jpg\"></p>\n\n                <p><br>\n                 </p>\n                <hr>\n                <h4><strong>Number 2: Choose The Right Size For Your Wallet</strong></h4>\n\n                <p>You should avoid having an over-sized wallet. Don’t think that you need to buy a big wallet because you have a lot to carry with you. In addition, a fat wallet is very ugly. It will make it harder for you to slide the wallet into your trousers’ pocket. In addition, it will create a bulge and ruin your look.</p>\n\n                <p>Before you go on to buy a new wallet, clean out your wallet and place all the items from your wallet on a table. Throw away things that you would never need any more such as the old bills or the expired gift cards. Remember to check your wallet on a frequent basis to get rid of all of the old stuff that you don’t need anymore.</p>\n\n                <p style=\"text-align:center;\"><img alt=\"f1\" src=\"/storage/main/blog/post-3.jpg\"></p>\n\n                <p><br>\n                 </p>\n\n                <hr>\n                <h4><strong>Number 3: Don’t Limit Your Options Of Materials</strong></h4>\n\n                <p>The types and designs of wallets are not the only things that you should consider when you go out searching for your best wallet. You have more than 1 option of material rather than leather to choose from as well.</p>\n\n                <p>You can experiment with other available options such as cotton, polyester and canvas. They all have their own pros and cons. As a result, they will be suitable for different needs and requirements. You should think about them all in order to choose the material which you would like the most.</p>\n\n                <p style=\"text-align:center;\"><img alt=\"f6\" src=\"/storage/main/blog/post-4.jpg\"></p>\n\n                <p><br>\n                 </p>\n\n                <hr>\n                <h4><strong>Number 4: Consider A Wallet As A Long Term Investment</strong></h4>\n\n                <p>Your wallet is indeed an investment that you should consider spending a decent amount of time and effort on it. Another factor that you need to consider is how much you want to spend on your wallet. The price ranges of wallets on the market vary a great deal. You can find a wallet which is as cheap as about 5 to 7 dollars. On the other hand, you should expect to pay around 250 to 300 dollars for a high-quality wallet.</p>\n\n                <p>In case you need a wallet to use for a long time, it is a good idea that you should invest a decent amount of money on a wallet. A high quality wallet from a reputational brand with the premium quality such as cowhide leather will last for a long time. In addition, it is an accessory to show off your fashion sense and your social status.</p>\n\n                <p style=\"text-align:center;\"><img alt=\"f2\" src=\"/storage/main/blog/post-5.jpg\"></p>\n\n                <p> </p>\n                ','published',NULL,'2024-05-10 02:11:13','2024-05-10 02:11:13',NULL,NULL),(4,'Global Store','concepcion.rippin@example.org','+17149618787','734 Tremblay Grove','TD','Oregon','Terranceburgh',4,'main/stores/4.png','main/stores/cover-4.png','Et quo deleniti nobis explicabo. Facilis pariatur est est enim dolor dicta. Itaque illo explicabo aut voluptas pariatur velit. Harum nisi ad qui voluptas.','<p>I have seen many people underestimating the power of their wallets. To them, they are just a functional item they use to carry. As a result, they often end up with the wallets which are not really suitable for them.</p>\n\n                <p>You should pay more attention when you choose your wallets. There are a lot of them on the market with the different designs and styles. When you choose carefully, you would be able to buy a wallet that is catered to your needs. Not to mention that it will help to enhance your style significantly.</p>\n\n                <p style=\"text-align:center;\"><img alt=\"f4\" src=\"/storage/main/blog/post-1.jpg\"></p>\n\n                <p><br>\n                 </p>\n\n                <p><strong><em>For all of the reason above, here are 7 expert tips to help you pick up the right men’s wallet for you:</em></strong></p>\n\n                <h4><strong>Number 1: Choose A Neat Wallet</strong></h4>\n\n                <p>The wallet is an essential accessory that you should go simple. Simplicity is the best in this case. A simple and neat wallet with the plain color and even <strong>minimalist style</strong> is versatile. It can be used for both formal and casual events. In addition, that wallet will go well with most of the clothes in your wardrobe.</p>\n\n                <p>Keep in mind that a wallet will tell other people about your personality and your fashion sense as much as other clothes you put on. Hence, don’t go cheesy on your wallet or else people will think that you have a funny and particular style.</p>\n\n                <p style=\"text-align:center;\"><img alt=\"f5\" src=\"/storage/main/blog/post-2.jpg\"></p>\n\n                <p><br>\n                 </p>\n                <hr>\n                <h4><strong>Number 2: Choose The Right Size For Your Wallet</strong></h4>\n\n                <p>You should avoid having an over-sized wallet. Don’t think that you need to buy a big wallet because you have a lot to carry with you. In addition, a fat wallet is very ugly. It will make it harder for you to slide the wallet into your trousers’ pocket. In addition, it will create a bulge and ruin your look.</p>\n\n                <p>Before you go on to buy a new wallet, clean out your wallet and place all the items from your wallet on a table. Throw away things that you would never need any more such as the old bills or the expired gift cards. Remember to check your wallet on a frequent basis to get rid of all of the old stuff that you don’t need anymore.</p>\n\n                <p style=\"text-align:center;\"><img alt=\"f1\" src=\"/storage/main/blog/post-3.jpg\"></p>\n\n                <p><br>\n                 </p>\n\n                <hr>\n                <h4><strong>Number 3: Don’t Limit Your Options Of Materials</strong></h4>\n\n                <p>The types and designs of wallets are not the only things that you should consider when you go out searching for your best wallet. You have more than 1 option of material rather than leather to choose from as well.</p>\n\n                <p>You can experiment with other available options such as cotton, polyester and canvas. They all have their own pros and cons. As a result, they will be suitable for different needs and requirements. You should think about them all in order to choose the material which you would like the most.</p>\n\n                <p style=\"text-align:center;\"><img alt=\"f6\" src=\"/storage/main/blog/post-4.jpg\"></p>\n\n                <p><br>\n                 </p>\n\n                <hr>\n                <h4><strong>Number 4: Consider A Wallet As A Long Term Investment</strong></h4>\n\n                <p>Your wallet is indeed an investment that you should consider spending a decent amount of time and effort on it. Another factor that you need to consider is how much you want to spend on your wallet. The price ranges of wallets on the market vary a great deal. You can find a wallet which is as cheap as about 5 to 7 dollars. On the other hand, you should expect to pay around 250 to 300 dollars for a high-quality wallet.</p>\n\n                <p>In case you need a wallet to use for a long time, it is a good idea that you should invest a decent amount of money on a wallet. A high quality wallet from a reputational brand with the premium quality such as cowhide leather will last for a long time. In addition, it is an accessory to show off your fashion sense and your social status.</p>\n\n                <p style=\"text-align:center;\"><img alt=\"f2\" src=\"/storage/main/blog/post-5.jpg\"></p>\n\n                <p> </p>\n                ','published',NULL,'2024-05-10 02:11:13','2024-05-10 02:11:13',NULL,NULL),(5,'Robert’s Store','connor27@example.net','+14586839103','226 Antonia Highway','PL','Pennsylvania','North Nicolasburgh',5,'main/stores/5.png','main/stores/cover-5.png','Aut officiis quia quibusdam suscipit ea repellendus totam. Commodi eos illum nostrum. Adipisci numquam ex numquam blanditiis praesentium reprehenderit fugiat. Possimus dolorem voluptatem assumenda veniam et ratione. Sunt animi distinctio dicta explicabo modi vero. Voluptatum nemo qui aliquam deleniti. Veniam minima eius quaerat.','<p>I have seen many people underestimating the power of their wallets. To them, they are just a functional item they use to carry. As a result, they often end up with the wallets which are not really suitable for them.</p>\n\n                <p>You should pay more attention when you choose your wallets. There are a lot of them on the market with the different designs and styles. When you choose carefully, you would be able to buy a wallet that is catered to your needs. Not to mention that it will help to enhance your style significantly.</p>\n\n                <p style=\"text-align:center;\"><img alt=\"f4\" src=\"/storage/main/blog/post-1.jpg\"></p>\n\n                <p><br>\n                 </p>\n\n                <p><strong><em>For all of the reason above, here are 7 expert tips to help you pick up the right men’s wallet for you:</em></strong></p>\n\n                <h4><strong>Number 1: Choose A Neat Wallet</strong></h4>\n\n                <p>The wallet is an essential accessory that you should go simple. Simplicity is the best in this case. A simple and neat wallet with the plain color and even <strong>minimalist style</strong> is versatile. It can be used for both formal and casual events. In addition, that wallet will go well with most of the clothes in your wardrobe.</p>\n\n                <p>Keep in mind that a wallet will tell other people about your personality and your fashion sense as much as other clothes you put on. Hence, don’t go cheesy on your wallet or else people will think that you have a funny and particular style.</p>\n\n                <p style=\"text-align:center;\"><img alt=\"f5\" src=\"/storage/main/blog/post-2.jpg\"></p>\n\n                <p><br>\n                 </p>\n                <hr>\n                <h4><strong>Number 2: Choose The Right Size For Your Wallet</strong></h4>\n\n                <p>You should avoid having an over-sized wallet. Don’t think that you need to buy a big wallet because you have a lot to carry with you. In addition, a fat wallet is very ugly. It will make it harder for you to slide the wallet into your trousers’ pocket. In addition, it will create a bulge and ruin your look.</p>\n\n                <p>Before you go on to buy a new wallet, clean out your wallet and place all the items from your wallet on a table. Throw away things that you would never need any more such as the old bills or the expired gift cards. Remember to check your wallet on a frequent basis to get rid of all of the old stuff that you don’t need anymore.</p>\n\n                <p style=\"text-align:center;\"><img alt=\"f1\" src=\"/storage/main/blog/post-3.jpg\"></p>\n\n                <p><br>\n                 </p>\n\n                <hr>\n                <h4><strong>Number 3: Don’t Limit Your Options Of Materials</strong></h4>\n\n                <p>The types and designs of wallets are not the only things that you should consider when you go out searching for your best wallet. You have more than 1 option of material rather than leather to choose from as well.</p>\n\n                <p>You can experiment with other available options such as cotton, polyester and canvas. They all have their own pros and cons. As a result, they will be suitable for different needs and requirements. You should think about them all in order to choose the material which you would like the most.</p>\n\n                <p style=\"text-align:center;\"><img alt=\"f6\" src=\"/storage/main/blog/post-4.jpg\"></p>\n\n                <p><br>\n                 </p>\n\n                <hr>\n                <h4><strong>Number 4: Consider A Wallet As A Long Term Investment</strong></h4>\n\n                <p>Your wallet is indeed an investment that you should consider spending a decent amount of time and effort on it. Another factor that you need to consider is how much you want to spend on your wallet. The price ranges of wallets on the market vary a great deal. You can find a wallet which is as cheap as about 5 to 7 dollars. On the other hand, you should expect to pay around 250 to 300 dollars for a high-quality wallet.</p>\n\n                <p>In case you need a wallet to use for a long time, it is a good idea that you should invest a decent amount of money on a wallet. A high quality wallet from a reputational brand with the premium quality such as cowhide leather will last for a long time. In addition, it is an accessory to show off your fashion sense and your social status.</p>\n\n                <p style=\"text-align:center;\"><img alt=\"f2\" src=\"/storage/main/blog/post-5.jpg\"></p>\n\n                <p> </p>\n                ','published',NULL,'2024-05-10 02:11:13','2024-05-10 02:11:13',NULL,NULL),(6,'Stouffer','feil.sophia@example.net','+17254334232','71993 Spinka Springs Suite 787','ID','Florida','East Lucindashire',2,'main/stores/6.png','main/stores/cover-2.png','Sit modi quisquam vel voluptas vero debitis corporis. Eos pariatur adipisci eos sunt iusto rem rerum. Repellendus voluptas est voluptatum vel aspernatur. Ut atque illo quo molestias quasi ab sit. Blanditiis ratione exercitationem totam odit quo atque. Necessitatibus optio atque et. Voluptatem voluptatum possimus expedita eos voluptates.','<p>I have seen many people underestimating the power of their wallets. To them, they are just a functional item they use to carry. As a result, they often end up with the wallets which are not really suitable for them.</p>\n\n                <p>You should pay more attention when you choose your wallets. There are a lot of them on the market with the different designs and styles. When you choose carefully, you would be able to buy a wallet that is catered to your needs. Not to mention that it will help to enhance your style significantly.</p>\n\n                <p style=\"text-align:center;\"><img alt=\"f4\" src=\"/storage/main/blog/post-1.jpg\"></p>\n\n                <p><br>\n                 </p>\n\n                <p><strong><em>For all of the reason above, here are 7 expert tips to help you pick up the right men’s wallet for you:</em></strong></p>\n\n                <h4><strong>Number 1: Choose A Neat Wallet</strong></h4>\n\n                <p>The wallet is an essential accessory that you should go simple. Simplicity is the best in this case. A simple and neat wallet with the plain color and even <strong>minimalist style</strong> is versatile. It can be used for both formal and casual events. In addition, that wallet will go well with most of the clothes in your wardrobe.</p>\n\n                <p>Keep in mind that a wallet will tell other people about your personality and your fashion sense as much as other clothes you put on. Hence, don’t go cheesy on your wallet or else people will think that you have a funny and particular style.</p>\n\n                <p style=\"text-align:center;\"><img alt=\"f5\" src=\"/storage/main/blog/post-2.jpg\"></p>\n\n                <p><br>\n                 </p>\n                <hr>\n                <h4><strong>Number 2: Choose The Right Size For Your Wallet</strong></h4>\n\n                <p>You should avoid having an over-sized wallet. Don’t think that you need to buy a big wallet because you have a lot to carry with you. In addition, a fat wallet is very ugly. It will make it harder for you to slide the wallet into your trousers’ pocket. In addition, it will create a bulge and ruin your look.</p>\n\n                <p>Before you go on to buy a new wallet, clean out your wallet and place all the items from your wallet on a table. Throw away things that you would never need any more such as the old bills or the expired gift cards. Remember to check your wallet on a frequent basis to get rid of all of the old stuff that you don’t need anymore.</p>\n\n                <p style=\"text-align:center;\"><img alt=\"f1\" src=\"/storage/main/blog/post-3.jpg\"></p>\n\n                <p><br>\n                 </p>\n\n                <hr>\n                <h4><strong>Number 3: Don’t Limit Your Options Of Materials</strong></h4>\n\n                <p>The types and designs of wallets are not the only things that you should consider when you go out searching for your best wallet. You have more than 1 option of material rather than leather to choose from as well.</p>\n\n                <p>You can experiment with other available options such as cotton, polyester and canvas. They all have their own pros and cons. As a result, they will be suitable for different needs and requirements. You should think about them all in order to choose the material which you would like the most.</p>\n\n                <p style=\"text-align:center;\"><img alt=\"f6\" src=\"/storage/main/blog/post-4.jpg\"></p>\n\n                <p><br>\n                 </p>\n\n                <hr>\n                <h4><strong>Number 4: Consider A Wallet As A Long Term Investment</strong></h4>\n\n                <p>Your wallet is indeed an investment that you should consider spending a decent amount of time and effort on it. Another factor that you need to consider is how much you want to spend on your wallet. The price ranges of wallets on the market vary a great deal. You can find a wallet which is as cheap as about 5 to 7 dollars. On the other hand, you should expect to pay around 250 to 300 dollars for a high-quality wallet.</p>\n\n                <p>In case you need a wallet to use for a long time, it is a good idea that you should invest a decent amount of money on a wallet. A high quality wallet from a reputational brand with the premium quality such as cowhide leather will last for a long time. In addition, it is an accessory to show off your fashion sense and your social status.</p>\n\n                <p style=\"text-align:center;\"><img alt=\"f2\" src=\"/storage/main/blog/post-5.jpg\"></p>\n\n                <p> </p>\n                ','published',NULL,'2024-05-10 02:11:13','2024-05-10 02:11:13',NULL,NULL),(7,'StarKist','tfeest@example.org','+15869085354','30450 Clark Common','MZ','Maine','North Cedrickborough',3,'main/stores/7.png','main/stores/cover-1.png','Dolorum laudantium vel quo quo quasi nulla. Mollitia magni quibusdam quasi dolores est error laudantium. Et et illum reiciendis corporis consectetur. Delectus odit quam et. Tempora modi unde id mollitia et quis. Voluptatem expedita officiis recusandae totam. Eveniet sapiente nam consequatur hic. Repellendus ipsam sed ut incidunt numquam fugit.','<p>I have seen many people underestimating the power of their wallets. To them, they are just a functional item they use to carry. As a result, they often end up with the wallets which are not really suitable for them.</p>\n\n                <p>You should pay more attention when you choose your wallets. There are a lot of them on the market with the different designs and styles. When you choose carefully, you would be able to buy a wallet that is catered to your needs. Not to mention that it will help to enhance your style significantly.</p>\n\n                <p style=\"text-align:center;\"><img alt=\"f4\" src=\"/storage/main/blog/post-1.jpg\"></p>\n\n                <p><br>\n                 </p>\n\n                <p><strong><em>For all of the reason above, here are 7 expert tips to help you pick up the right men’s wallet for you:</em></strong></p>\n\n                <h4><strong>Number 1: Choose A Neat Wallet</strong></h4>\n\n                <p>The wallet is an essential accessory that you should go simple. Simplicity is the best in this case. A simple and neat wallet with the plain color and even <strong>minimalist style</strong> is versatile. It can be used for both formal and casual events. In addition, that wallet will go well with most of the clothes in your wardrobe.</p>\n\n                <p>Keep in mind that a wallet will tell other people about your personality and your fashion sense as much as other clothes you put on. Hence, don’t go cheesy on your wallet or else people will think that you have a funny and particular style.</p>\n\n                <p style=\"text-align:center;\"><img alt=\"f5\" src=\"/storage/main/blog/post-2.jpg\"></p>\n\n                <p><br>\n                 </p>\n                <hr>\n                <h4><strong>Number 2: Choose The Right Size For Your Wallet</strong></h4>\n\n                <p>You should avoid having an over-sized wallet. Don’t think that you need to buy a big wallet because you have a lot to carry with you. In addition, a fat wallet is very ugly. It will make it harder for you to slide the wallet into your trousers’ pocket. In addition, it will create a bulge and ruin your look.</p>\n\n                <p>Before you go on to buy a new wallet, clean out your wallet and place all the items from your wallet on a table. Throw away things that you would never need any more such as the old bills or the expired gift cards. Remember to check your wallet on a frequent basis to get rid of all of the old stuff that you don’t need anymore.</p>\n\n                <p style=\"text-align:center;\"><img alt=\"f1\" src=\"/storage/main/blog/post-3.jpg\"></p>\n\n                <p><br>\n                 </p>\n\n                <hr>\n                <h4><strong>Number 3: Don’t Limit Your Options Of Materials</strong></h4>\n\n                <p>The types and designs of wallets are not the only things that you should consider when you go out searching for your best wallet. You have more than 1 option of material rather than leather to choose from as well.</p>\n\n                <p>You can experiment with other available options such as cotton, polyester and canvas. They all have their own pros and cons. As a result, they will be suitable for different needs and requirements. You should think about them all in order to choose the material which you would like the most.</p>\n\n                <p style=\"text-align:center;\"><img alt=\"f6\" src=\"/storage/main/blog/post-4.jpg\"></p>\n\n                <p><br>\n                 </p>\n\n                <hr>\n                <h4><strong>Number 4: Consider A Wallet As A Long Term Investment</strong></h4>\n\n                <p>Your wallet is indeed an investment that you should consider spending a decent amount of time and effort on it. Another factor that you need to consider is how much you want to spend on your wallet. The price ranges of wallets on the market vary a great deal. You can find a wallet which is as cheap as about 5 to 7 dollars. On the other hand, you should expect to pay around 250 to 300 dollars for a high-quality wallet.</p>\n\n                <p>In case you need a wallet to use for a long time, it is a good idea that you should invest a decent amount of money on a wallet. A high quality wallet from a reputational brand with the premium quality such as cowhide leather will last for a long time. In addition, it is an accessory to show off your fashion sense and your social status.</p>\n\n                <p style=\"text-align:center;\"><img alt=\"f2\" src=\"/storage/main/blog/post-5.jpg\"></p>\n\n                <p> </p>\n                ','published',NULL,'2024-05-10 02:11:13','2024-05-10 02:11:13',NULL,NULL),(8,'Old El Paso','julianne80@example.org','+12036265669','72275 Don Wall','CG','Ohio','Port Verdaland',3,'main/stores/8.png','main/stores/cover-5.png','Qui earum non nihil. Illum autem quibusdam ut et doloremque. Ut sunt suscipit sunt voluptas et similique porro. Maiores est quia soluta quia perferendis est voluptatem dolor. Aut facilis corporis non quia. Dolores eius eligendi sunt expedita qui. Soluta dolorum voluptatem perferendis.','<p>I have seen many people underestimating the power of their wallets. To them, they are just a functional item they use to carry. As a result, they often end up with the wallets which are not really suitable for them.</p>\n\n                <p>You should pay more attention when you choose your wallets. There are a lot of them on the market with the different designs and styles. When you choose carefully, you would be able to buy a wallet that is catered to your needs. Not to mention that it will help to enhance your style significantly.</p>\n\n                <p style=\"text-align:center;\"><img alt=\"f4\" src=\"/storage/main/blog/post-1.jpg\"></p>\n\n                <p><br>\n                 </p>\n\n                <p><strong><em>For all of the reason above, here are 7 expert tips to help you pick up the right men’s wallet for you:</em></strong></p>\n\n                <h4><strong>Number 1: Choose A Neat Wallet</strong></h4>\n\n                <p>The wallet is an essential accessory that you should go simple. Simplicity is the best in this case. A simple and neat wallet with the plain color and even <strong>minimalist style</strong> is versatile. It can be used for both formal and casual events. In addition, that wallet will go well with most of the clothes in your wardrobe.</p>\n\n                <p>Keep in mind that a wallet will tell other people about your personality and your fashion sense as much as other clothes you put on. Hence, don’t go cheesy on your wallet or else people will think that you have a funny and particular style.</p>\n\n                <p style=\"text-align:center;\"><img alt=\"f5\" src=\"/storage/main/blog/post-2.jpg\"></p>\n\n                <p><br>\n                 </p>\n                <hr>\n                <h4><strong>Number 2: Choose The Right Size For Your Wallet</strong></h4>\n\n                <p>You should avoid having an over-sized wallet. Don’t think that you need to buy a big wallet because you have a lot to carry with you. In addition, a fat wallet is very ugly. It will make it harder for you to slide the wallet into your trousers’ pocket. In addition, it will create a bulge and ruin your look.</p>\n\n                <p>Before you go on to buy a new wallet, clean out your wallet and place all the items from your wallet on a table. Throw away things that you would never need any more such as the old bills or the expired gift cards. Remember to check your wallet on a frequent basis to get rid of all of the old stuff that you don’t need anymore.</p>\n\n                <p style=\"text-align:center;\"><img alt=\"f1\" src=\"/storage/main/blog/post-3.jpg\"></p>\n\n                <p><br>\n                 </p>\n\n                <hr>\n                <h4><strong>Number 3: Don’t Limit Your Options Of Materials</strong></h4>\n\n                <p>The types and designs of wallets are not the only things that you should consider when you go out searching for your best wallet. You have more than 1 option of material rather than leather to choose from as well.</p>\n\n                <p>You can experiment with other available options such as cotton, polyester and canvas. They all have their own pros and cons. As a result, they will be suitable for different needs and requirements. You should think about them all in order to choose the material which you would like the most.</p>\n\n                <p style=\"text-align:center;\"><img alt=\"f6\" src=\"/storage/main/blog/post-4.jpg\"></p>\n\n                <p><br>\n                 </p>\n\n                <hr>\n                <h4><strong>Number 4: Consider A Wallet As A Long Term Investment</strong></h4>\n\n                <p>Your wallet is indeed an investment that you should consider spending a decent amount of time and effort on it. Another factor that you need to consider is how much you want to spend on your wallet. The price ranges of wallets on the market vary a great deal. You can find a wallet which is as cheap as about 5 to 7 dollars. On the other hand, you should expect to pay around 250 to 300 dollars for a high-quality wallet.</p>\n\n                <p>In case you need a wallet to use for a long time, it is a good idea that you should invest a decent amount of money on a wallet. A high quality wallet from a reputational brand with the premium quality such as cowhide leather will last for a long time. In addition, it is an accessory to show off your fashion sense and your social status.</p>\n\n                <p style=\"text-align:center;\"><img alt=\"f2\" src=\"/storage/main/blog/post-5.jpg\"></p>\n\n                <p> </p>\n                ','published',NULL,'2024-05-10 02:11:13','2024-05-10 02:11:13',NULL,NULL);

--
-- Table structure for table `mp_stores_translations`
--

CREATE TABLE `mp_stores_translations` (
  `lang_code` varchar(191) COLLATE utf8mb4_unicode_ci NOT NULL,
  `mp_stores_id` bigint unsigned NOT NULL,
  `name` varchar(191) COLLATE utf8mb4_unicode_ci DEFAULT NULL,
  `description` varchar(400) COLLATE utf8mb4_unicode_ci DEFAULT NULL,
  `content` longtext COLLATE utf8mb4_unicode_ci,
  `address` varchar(191) COLLATE utf8mb4_unicode_ci DEFAULT NULL,
  `company` varchar(191) COLLATE utf8mb4_unicode_ci DEFAULT NULL,
  `cover_image` varchar(191) COLLATE utf8mb4_unicode_ci DEFAULT NULL,
  PRIMARY KEY (`lang_code`,`mp_stores_id`)
) ENGINE=InnoDB DEFAULT CHARSET=utf8mb4 COLLATE=utf8mb4_unicode_ci;

--
-- Dumping data for table `mp_stores_translations`
--


--
-- Table structure for table `mp_vendor_info`
--

CREATE TABLE `mp_vendor_info` (
  `id` bigint unsigned NOT NULL AUTO_INCREMENT,
  `customer_id` bigint unsigned NOT NULL DEFAULT '0',
  `balance` decimal(15,2) NOT NULL DEFAULT '0.00',
  `total_fee` decimal(15,2) NOT NULL DEFAULT '0.00',
  `total_revenue` decimal(15,2) NOT NULL DEFAULT '0.00',
  `signature` varchar(191) COLLATE utf8mb4_unicode_ci DEFAULT NULL,
  `bank_info` text COLLATE utf8mb4_unicode_ci,
  `created_at` timestamp NULL DEFAULT NULL,
  `updated_at` timestamp NULL DEFAULT NULL,
  `payout_payment_method` varchar(120) COLLATE utf8mb4_unicode_ci DEFAULT 'bank_transfer',
  `tax_info` text COLLATE utf8mb4_unicode_ci,
  PRIMARY KEY (`id`)
) ENGINE=InnoDB AUTO_INCREMENT=8 DEFAULT CHARSET=utf8mb4 COLLATE=utf8mb4_unicode_ci;

--
-- Dumping data for table `mp_vendor_info`
--

INSERT INTO `mp_vendor_info` VALUES (1,2,0.00,0.00,0.00,'$2y$12$KxzOi0.viZtb7z.fZvUpYe/V9WrnTRE6UTKAxFndLvV/kjuGYM1hq','{\"name\":\"Torrance Pacocha\",\"number\":\"+14699681187\",\"full_name\":\"Mr. Philip Spencer MD\",\"description\":\"Brielle Little\"}','2024-05-10 02:11:11','2024-05-10 02:11:11','bank_transfer',NULL),(2,3,0.00,0.00,0.00,'$2y$12$AjpT4eZbUUcNDFAfwmpX7u5bvjyp9GqhaZG.T4ng0J9IkYnS7pFYK','{\"name\":\"Deion Strosin\",\"number\":\"+17266912929\",\"full_name\":\"Elaina Sanford\",\"description\":\"Boyd Champlin\"}','2024-05-10 02:11:11','2024-05-10 02:11:11','bank_transfer',NULL),(3,4,0.00,0.00,0.00,'$2y$12$KmKgejOP6YghVpz0OpO/LOUqCY4rFsQaRoqMCN0NB3UB.u6GZLMvy','{\"name\":\"Dr. Antonette Bogisich\",\"number\":\"+15732519488\",\"full_name\":\"Raleigh Veum II\",\"description\":\"Mrs. Kailyn Dickens\"}','2024-05-10 02:11:12','2024-05-10 02:11:12','bank_transfer',NULL),(4,5,0.00,0.00,0.00,'$2y$12$F7XcS57LLEgWy4oLeV56eueL1aC5VPPEHgsdEHnfBybjGxijR/CVC','{\"name\":\"Sage Wiza\",\"number\":\"+12569585086\",\"full_name\":\"Mr. Aric Senger MD\",\"description\":\"Beatrice Paucek\"}','2024-05-10 02:11:12','2024-05-10 02:11:12','bank_transfer',NULL),(5,6,0.00,0.00,0.00,'$2y$12$er.62vK01m.ypgJqGorRq.AlCUrCfg766TQG.hLSGSGR0qdMnU36S','{\"name\":\"Dr. Guiseppe McGlynn\",\"number\":\"+19145483380\",\"full_name\":\"Mina Barton\",\"description\":\"Carmine Treutel\"}','2024-05-10 02:11:12','2024-05-10 02:11:12','bank_transfer',NULL),(6,7,0.00,0.00,0.00,'$2y$12$eAyazbyazEjZ8LrhP/jUfOiLw8ry9.xhJHlRzGDldnZcWSGrL7ioS','{\"name\":\"Marilou Batz\",\"number\":\"+14806828850\",\"full_name\":\"Julien Sanford\",\"description\":\"Chris Davis\"}','2024-05-10 02:11:12','2024-05-10 02:11:12','bank_transfer',NULL),(7,8,0.00,0.00,0.00,'$2y$12$stM1kCq2XAw0ZzFDopLho.QTtbTdGIqw46Z3SBFi25m/ZRUqkKCCq','{\"name\":\"Mr. Lavern Heller\",\"number\":\"+16785695038\",\"full_name\":\"Jenifer Hyatt\",\"description\":\"Mrs. Tracy Nienow\"}','2024-05-10 02:11:13','2024-05-10 02:11:13','bank_transfer',NULL);

--
-- Table structure for table `newsletters`
--

CREATE TABLE `newsletters` (
  `id` bigint unsigned NOT NULL AUTO_INCREMENT,
  `email` varchar(120) COLLATE utf8mb4_unicode_ci NOT NULL,
  `name` varchar(120) COLLATE utf8mb4_unicode_ci DEFAULT NULL,
  `status` varchar(60) COLLATE utf8mb4_unicode_ci NOT NULL DEFAULT 'subscribed',
  `created_at` timestamp NULL DEFAULT NULL,
  `updated_at` timestamp NULL DEFAULT NULL,
  PRIMARY KEY (`id`)
) ENGINE=InnoDB DEFAULT CHARSET=utf8mb4 COLLATE=utf8mb4_unicode_ci;

--
-- Dumping data for table `newsletters`
--


--
-- Table structure for table `pages`
--

CREATE TABLE `pages` (
  `id` bigint unsigned NOT NULL AUTO_INCREMENT,
  `name` varchar(120) COLLATE utf8mb4_unicode_ci NOT NULL,
  `content` longtext COLLATE utf8mb4_unicode_ci,
  `user_id` bigint unsigned DEFAULT NULL,
  `image` varchar(191) COLLATE utf8mb4_unicode_ci DEFAULT NULL,
  `template` varchar(60) COLLATE utf8mb4_unicode_ci DEFAULT NULL,
  `description` varchar(400) COLLATE utf8mb4_unicode_ci DEFAULT NULL,
  `status` varchar(60) COLLATE utf8mb4_unicode_ci NOT NULL DEFAULT 'published',
  `created_at` timestamp NULL DEFAULT NULL,
  `updated_at` timestamp NULL DEFAULT NULL,
  PRIMARY KEY (`id`),
  KEY `pages_user_id_index` (`user_id`)
) ENGINE=InnoDB AUTO_INCREMENT=12 DEFAULT CHARSET=utf8mb4 COLLATE=utf8mb4_unicode_ci;

--
-- Dumping data for table `pages`
--

INSERT INTO `pages` VALUES (1,'Home','[simple-slider customize_font_family_of_description=\"1\" font_family_of_description=\"Charm\" style=\"3\" key=\"home-slider\"][/simple-slider][ecommerce-categories style=\"grid\" category_ids=\"1,2,7,17\" background_color=\"#F3F5F7\" title=\"Discover our products\" subtitle=\"Product Collection\" button_label=\"Shop All Products\" button_url=\"/products\" enable_lazy_loading=\"yes\"][/ecommerce-categories][ecommerce-products style=\"simple\" by=\"specify\" product_ids=\"2,39,41\" enable_lazy_loading=\"yes\"][/ecommerce-products][ecommerce-products style=\"grid\" title=\"Best sellers in beauty\" subtitle=\"Shop by Category\" by=\"category\" category_ids=\"2,3,4\" limit=\"8\" background_color=\"rgb(234, 228, 222)\" button_label=\"Shop All Products\" button_url=\"/products\" enable_lazy_loading=\"yes\"][/ecommerce-products][ecommerce-product-groups title=\"Enjoy the best quality\" subtitle=\"Best Seller This Week’s\" limit=\"8\" tabs=\"all,featured,on-sale,trending,top-rated\" enable_lazy_loading=\"yes\"][/ecommerce-product-groups][testimonials style=\"2\" title=\"What our Clients say\" subtitle=\"Customers Review\" testimonial_ids=\"1,2,3,4\" enable_lazy_loading=\"yes\"][/testimonials][site-features style=\"2\" quantity=\"4\" title_1=\"Free Delivery\" description_1=\"Orders from all item\" icon_1=\"ti ti-truck-delivery\" title_2=\"Return & Refund\" description_2=\"Money-back guarantee\" icon_2=\"ti ti-currency-dollar\" title_3=\"Member Discount\" description_3=\"Every order over $140.00\" icon_3=\"ti ti-discount-2\" title_4=\"Support 24/7\" description_4=\"Contact us 24 hours a day\" icon_4=\"ti ti-headset\" enable_lazy_loading=\"yes\"][/site-features][gallery style=\"2\" limit=\"6\" enable_lazy_loading=\"yes\"][/gallery]',1,NULL,'full-width',NULL,'published','2024-05-10 02:11:16','2024-05-10 02:11:16'),(2,'Product Categories','[ads style=\"2\" key_1=\"UROL9F9ZZVAA\" key_2=\"B30VDBKO7SBF\" enable_lazy_loading=\"yes\"][/ads]<p>&nbsp;</p>[ecommerce-categories category_ids=\"11,14,17,18,21,22,23,25,38\" style=\"grid\" enable_lazy_loading=\"yes\"][/ecommerce-categories]<p>&nbsp;</p><p>&nbsp;</p>',1,NULL,'full-width',NULL,'published','2024-05-10 02:11:16','2024-05-10 02:11:16'),(3,'Coupons','[ecommerce-coupons coupon_ids=\"1,2,3,4,5,6\" enable_lazy_loading=\"yes\"][/ecommerce-coupons]',1,NULL,'full-width',NULL,'published','2024-05-10 02:11:16','2024-05-10 02:11:16'),(4,'Coupons','[ecommerce-coupons coupon_ids=\"1,2,3,4,5,6\" enable_lazy_loading=\"yes\"][/ecommerce-coupons]',1,NULL,'full-width',NULL,'published','2024-05-10 02:11:16','2024-05-10 02:11:16'),(5,'Blog',NULL,1,NULL,'full-width',NULL,'published','2024-05-10 02:11:16','2024-05-10 02:11:16'),(6,'Contact','[contact-form show_contact_form=&quot;1&quot; title=&quot;Sent A Message&quot; quantity=&quot;2&quot; icon_1=&quot;main/contact/icon-1.png&quot; content_1=&quot;contact@shofy.com &lt;br&gt; &lt;strong&gt;+670 413 90 762&lt;/strong&gt;&quot; icon_2=&quot;main/contact/icon-2.png&quot; content_2=&quot;502 New St, Brighton VIC 3186, Australia&quot; show_social_info=&quot;1&quot; social_info_label=&quot;Find on social media&quot; social_info_icon=&quot;main/contact/icon-3.png&quot;][/contact-form][google-map]502 New Street, Brighton VIC, Australia[/google-map]',1,NULL,'full-width',NULL,'published','2024-05-10 02:11:16','2024-05-10 02:11:16'),(7,'FAQs','[faqs style=\"group\" title=\"Frequently Ask Questions\" description=\"Below are frequently asked questions, you may find the answer for yourself.\" category_ids=\"1,2,3\" expand_first_time=\"1\"][/faqs]',1,NULL,NULL,NULL,'published','2024-05-10 02:11:16','2024-05-10 02:11:16'),(8,'Cookie Policy','<h3>EU Cookie Consent</h3><p>To use this website we are using Cookies and collecting some Data. To be compliant with the EU GDPR we give you to choose if you allow us to use certain Cookies and to collect some Data.</p><h4>Essential Data</h4><p>The Essential Data is needed to run the Site you are visiting technically. You can not deactivate them.</p><p>- Session Cookie: PHP uses a Cookie to identify user sessions. Without this Cookie the Website is not working.</p><p>- XSRF-Token Cookie: Laravel automatically generates a CSRF \"token\" for each active user session managed by the application. This token is used to verify that the authenticated user is the one actually making the requests to the application.</p>',1,NULL,NULL,NULL,'published','2024-05-10 02:11:17','2024-05-10 02:11:17'),(9,'Our Story','<h4>A passion for handcrafted coffee, brewed with love and community.</h4>\n\n<p>\n    We are a small, family-owned coffee roaster dedicated to bringing the finest, ethically sourced beans to your cup. Our story began in a cozy kitchen, fueled by a shared passion for the rich aroma and invigorating taste of freshly brewed coffee. We dreamt of creating a space where people could connect over a warm cup, share stories, and experience the joy of handcrafted coffee.\n</p>\n\n<h4>From Humble Beginnings to Roasting Success:</h4>\n\n<p>\n    Our journey started with a small coffee roaster nestled in our garage. We spent countless hours experimenting with different roasting profiles, meticulously cupping each batch to achieve the perfect balance of flavor and aroma. Driven by a desire to make a difference, we built relationships with sustainable coffee farms around the world, ensuring fair trade practices and the highest quality beans.\n</p>\n\n<h4>Milestones and More to Come:</h4>\n\n<p>\n    Our dedication to quality and community resonated with coffee lovers, and our small business quickly grew. We opened our first cafe, a warm and inviting space where people could gather, savor our freshly roasted coffee, and connect with friends and neighbors. We\'ve continued to expand, now offering a variety of handcrafted coffee beverages, alongside delicious pastries and light bites.\n</p>\n\n<h4>Values at Our Core:</h4>\n\n<p>\n    At the heart of everything we do lies our commitment to ethical sourcing, sustainable practices, and building meaningful connections. We believe in supporting the communities that cultivate our coffee beans, ensuring fair wages and responsible farming methods. Every cup you enjoy contributes to a positive impact, one sip at a time.\n</p>\n\n<h4>Join us on our journey!</h4>\n\n<p>\n    We invite you to explore our world of coffee, from the rich diversity of our bean origins to the unique flavors crafted through meticulous roasting. Visit our cafe, discover your perfect cup, and become part of our ever-growing coffee community. Let\'s connect over a cup, share stories, and celebrate the simple joy of a well-brewed coffee.\n</p>\n',1,NULL,NULL,NULL,'published','2024-05-10 02:11:17','2024-05-10 02:11:17'),(10,'Careers','<h3>Careers: Be Part of Our Brewing Legacy</h3>\n\n<p>\n    At Shofy, we\'re not just brewing coffee, we\'re brewing a legacy. Since our humble beginnings in 2024, we\'ve grown from a small, family-owned roaster to a thriving coffee haven. But our passion for quality, community, and sustainability remains at the core of everything we do.\n</p>\n\n<h4>Why Join Our Team?</h4>\n\n<ul>\n    <li>\n        <p><strong>Become a Coffee Connoisseur</strong>: Immerse yourself in the world of coffee, learning from experienced roasters and baristas about bean origins, roasting techniques, and crafting the perfect cup.</p>\n    </li>\n    <li>\n        <p><strong>Fuel Your Passion</strong>: Contribute to our mission by sourcing ethically, promoting sustainable practices, and fostering positive relationships with coffee-growing communities around the globe.</p>\n    </li>\n    <li>\n        <p><strong>Grow with Us</strong>: We offer comprehensive training programs and opportunities for professional development, helping you refine your skills and advance your career in the coffee industry.</p>\n    </li>\n    <li>\n        <p><strong>Be Part of the Family</strong>: We cultivate a collaborative and supportive work environment where your unique talents and perspectives are valued.</p>\n    </li>\n</ul>\n\n<h4>Current Openings:</h4>\n\n<ul>\n    <li>\n        <p><strong>Coffee Roaster</strong>: Play a vital role in our roasting process, meticulously crafting unique flavor profiles and ensuring the highest quality beans reach our customers.</p>\n    </li>\n    <li>\n        <p><strong>Barista</strong>: Become a coffee ambassador, welcoming guests with a smile, crafting their perfect cup, and sharing your knowledge and passion for coffee.</p>\n    </li>\n    <li>\n        <p><strong>Cafe Manager</strong>: Lead your team in creating a warm and inviting atmosphere, overseeing daily operations, and ensuring exceptional customer service.</p>\n    </li>\n</ul>\n\n<h4>We are always looking for passionate individuals who share our values:</h4>\n\n<ul>\n    <li>\n        <p>A genuine love for coffee and a desire to learn everything there is to know about it.</p>\n    </li>\n    <li>\n        <p>A commitment to ethical sourcing, sustainability, and social responsibility.</p>\n    </li>\n    <li>\n        <p>Excellent communication and interpersonal skills to build rapport with colleagues and customers.</p>\n    </li>\n    <li>\n        <p>A positive attitude, a willingness to learn, and a collaborative spirit.</p>\n    </li>\n</ul>\n\n<p>Ready to join our brewing legacy?</p>\n\n<p>\n    Submit your resume and cover letter, telling us why you\'re a perfect fit for our team. We look forward to meeting passionate individuals who are ready to brew the future with us, one cup at a time.\n</p>\n',1,NULL,NULL,NULL,'published','2024-05-10 02:11:17','2024-05-10 02:11:17'),(11,'Shipping','<section>\n    <h2>Shipping Methods</h2>\n    <p>We offer several shipping methods to choose from:</p>\n    <ul>\n        <li>Standard Shipping - 3 to 5 business days</li>\n        <li>Express Shipping - 1 to 2 business days</li>\n        <li>International Shipping - 7 to 14 business days</li>\n    </ul>\n    <p>Please note that shipping times may vary depending on your location and other factors.</p>\n</section>\n\n<section>\n    <h2>Shipping Costs</h2>\n    <p>Shipping costs are calculated based on the weight of your order and the shipping method selected during checkout.</p>\n    <p>You can view the estimated shipping costs in your shopping cart before completing your purchase.</p>\n</section>\n\n<section>\n    <h2>Tracking Your Order</h2>\n    <p>Once your order has been shipped, you will receive a confirmation email with a tracking number.</p>\n    <p>You can use this tracking number to monitor the status of your delivery on our website or through the shipping carrier\'s website.</p>\n</section>\n\n<section>\n    <h2>Shipping Restrictions</h2>\n    <p>Some items may be subject to shipping restrictions due to size, weight, or destination.</p>\n    <p>If your order contains any restricted items, we will notify you during the checkout process.</p>\n</section>\n',1,NULL,NULL,NULL,'published','2024-05-10 02:11:17','2024-05-10 02:11:17');

--
-- Table structure for table `pages_translations`
--

CREATE TABLE `pages_translations` (
  `lang_code` varchar(20) COLLATE utf8mb4_unicode_ci NOT NULL,
  `pages_id` bigint unsigned NOT NULL,
  `name` varchar(191) COLLATE utf8mb4_unicode_ci DEFAULT NULL,
  `description` varchar(400) COLLATE utf8mb4_unicode_ci DEFAULT NULL,
  `content` longtext COLLATE utf8mb4_unicode_ci,
  PRIMARY KEY (`lang_code`,`pages_id`)
) ENGINE=InnoDB DEFAULT CHARSET=utf8mb4 COLLATE=utf8mb4_unicode_ci;

--
-- Dumping data for table `pages_translations`
--


--
-- Table structure for table `password_reset_tokens`
--

CREATE TABLE `password_reset_tokens` (
  `email` varchar(191) COLLATE utf8mb4_unicode_ci NOT NULL,
  `token` varchar(191) COLLATE utf8mb4_unicode_ci NOT NULL,
  `created_at` timestamp NULL DEFAULT NULL,
  PRIMARY KEY (`email`)
) ENGINE=InnoDB DEFAULT CHARSET=utf8mb4 COLLATE=utf8mb4_unicode_ci;

--
-- Dumping data for table `password_reset_tokens`
--


--
-- Table structure for table `payments`
--

CREATE TABLE `payments` (
  `id` bigint unsigned NOT NULL AUTO_INCREMENT,
  `currency` varchar(120) COLLATE utf8mb4_unicode_ci DEFAULT NULL,
  `user_id` bigint unsigned NOT NULL DEFAULT '0',
  `charge_id` varchar(191) COLLATE utf8mb4_unicode_ci DEFAULT NULL,
  `payment_channel` varchar(60) COLLATE utf8mb4_unicode_ci DEFAULT NULL,
  `description` varchar(400) COLLATE utf8mb4_unicode_ci DEFAULT NULL,
  `amount` decimal(15,2) unsigned NOT NULL,
  `order_id` bigint unsigned DEFAULT NULL,
  `status` varchar(60) COLLATE utf8mb4_unicode_ci DEFAULT 'pending',
  `payment_type` varchar(191) COLLATE utf8mb4_unicode_ci DEFAULT 'confirm',
  `customer_id` bigint unsigned DEFAULT NULL,
  `refunded_amount` decimal(15,2) unsigned DEFAULT NULL,
  `refund_note` varchar(191) COLLATE utf8mb4_unicode_ci DEFAULT NULL,
  `created_at` timestamp NULL DEFAULT NULL,
  `updated_at` timestamp NULL DEFAULT NULL,
  `customer_type` varchar(191) COLLATE utf8mb4_unicode_ci DEFAULT NULL,
  `metadata` mediumtext COLLATE utf8mb4_unicode_ci,
  PRIMARY KEY (`id`)
) ENGINE=InnoDB DEFAULT CHARSET=utf8mb4 COLLATE=utf8mb4_unicode_ci;

--
-- Dumping data for table `payments`
--


--
-- Table structure for table `personal_access_tokens`
--

CREATE TABLE `personal_access_tokens` (
  `id` bigint unsigned NOT NULL AUTO_INCREMENT,
  `tokenable_type` varchar(191) COLLATE utf8mb4_unicode_ci NOT NULL,
  `tokenable_id` bigint unsigned NOT NULL,
  `name` varchar(191) COLLATE utf8mb4_unicode_ci NOT NULL,
  `token` varchar(64) COLLATE utf8mb4_unicode_ci NOT NULL,
  `abilities` text COLLATE utf8mb4_unicode_ci,
  `last_used_at` timestamp NULL DEFAULT NULL,
  `expires_at` timestamp NULL DEFAULT NULL,
  `created_at` timestamp NULL DEFAULT NULL,
  `updated_at` timestamp NULL DEFAULT NULL,
  PRIMARY KEY (`id`),
  UNIQUE KEY `personal_access_tokens_token_unique` (`token`),
  KEY `personal_access_tokens_tokenable_type_tokenable_id_index` (`tokenable_type`,`tokenable_id`)
) ENGINE=InnoDB DEFAULT CHARSET=utf8mb4 COLLATE=utf8mb4_unicode_ci;

--
-- Dumping data for table `personal_access_tokens`
--


--
-- Table structure for table `post_categories`
--

CREATE TABLE `post_categories` (
  `category_id` bigint unsigned NOT NULL,
  `post_id` bigint unsigned NOT NULL,
  KEY `post_categories_category_id_index` (`category_id`),
  KEY `post_categories_post_id_index` (`post_id`)
) ENGINE=InnoDB DEFAULT CHARSET=utf8mb4 COLLATE=utf8mb4_unicode_ci;

--
-- Dumping data for table `post_categories`
--

INSERT INTO `post_categories` VALUES (6,1),(5,2),(6,3),(2,3),(2,4),(2,5),(4,5),(6,6),(4,6),(3,7),(4,8),(5,8),(3,9),(2,9),(6,10),(1,10),(1,11),(4,11),(6,12),(4,13),(2,13),(6,14),(4,15),(3,16),(6,16),(2,17),(1,18),(5,18);

--
-- Table structure for table `post_tags`
--

CREATE TABLE `post_tags` (
  `tag_id` bigint unsigned NOT NULL,
  `post_id` bigint unsigned NOT NULL,
  KEY `post_tags_tag_id_index` (`tag_id`),
  KEY `post_tags_post_id_index` (`post_id`)
) ENGINE=InnoDB DEFAULT CHARSET=utf8mb4 COLLATE=utf8mb4_unicode_ci;

--
-- Dumping data for table `post_tags`
--

INSERT INTO `post_tags` VALUES (2,1),(3,1),(1,1),(6,2),(5,2),(4,2),(8,3),(4,3),(6,3),(4,4),(2,4),(8,5),(3,5),(1,5),(5,6),(1,6),(3,6),(2,7),(6,7),(8,7),(7,8),(1,8),(8,8),(5,9),(4,9),(8,9),(3,10),(8,10),(1,10),(8,11),(1,11),(2,11),(4,12),(6,12),(1,13),(4,13),(2,13),(3,14),(8,14),(4,15),(6,15),(5,15),(1,16),(3,16),(7,16),(8,17),(5,17),(2,18);

--
-- Table structure for table `posts`
--

CREATE TABLE `posts` (
  `id` bigint unsigned NOT NULL AUTO_INCREMENT,
  `name` varchar(191) COLLATE utf8mb4_unicode_ci NOT NULL,
  `description` varchar(400) COLLATE utf8mb4_unicode_ci DEFAULT NULL,
  `content` longtext COLLATE utf8mb4_unicode_ci,
  `status` varchar(60) COLLATE utf8mb4_unicode_ci NOT NULL DEFAULT 'published',
  `author_id` bigint unsigned DEFAULT NULL,
  `author_type` varchar(191) COLLATE utf8mb4_unicode_ci NOT NULL DEFAULT 'Botble\\ACL\\Models\\User',
  `is_featured` tinyint unsigned NOT NULL DEFAULT '0',
  `image` varchar(191) COLLATE utf8mb4_unicode_ci DEFAULT NULL,
  `views` int unsigned NOT NULL DEFAULT '0',
  `format_type` varchar(30) COLLATE utf8mb4_unicode_ci DEFAULT NULL,
  `created_at` timestamp NULL DEFAULT NULL,
  `updated_at` timestamp NULL DEFAULT NULL,
  PRIMARY KEY (`id`),
  KEY `posts_status_index` (`status`),
  KEY `posts_author_id_index` (`author_id`),
  KEY `posts_author_type_index` (`author_type`),
  KEY `posts_created_at_index` (`created_at`)
) ENGINE=InnoDB AUTO_INCREMENT=19 DEFAULT CHARSET=utf8mb4 COLLATE=utf8mb4_unicode_ci;

--
-- Dumping data for table `posts`
--

INSERT INTO `posts` VALUES (1,'4 Expert Tips On How To Choose The Right Men’s Wallet','Alice said; \'there\'s a large rabbit-hole under the sea--\' (\'I haven\'t,\' said Alice)--\'and perhaps you haven\'t found it so quickly that the best cat in the world! Oh, my dear Dinah! I wonder what I.','<p class=\"tp-dropcap\">sales process is critically important to the success of your reps and your business. If you\'ve never seen a really skilled salesperson work, it seems almost effortless. They ask great questions, craftt perfect proposal, answer questions, address concerns and seamlessly seal the Underneath the surface of all of that, the salesperson has probably dedicated hours honing their craft and ensuring the process moves smoothly.</p>\n\n<p>One of the challenges that often surfaces when  working with a remote sales team is a lack of transparency over what is happening, and where in the process things are taking place. We’re going to peel back the curtain and show you how to create the best sales.</p>\n\n<h4 class=\"tp-postbox-details-heading\">Breaking Up With Fast Fashion Has Been Easier</h4>\n<p>Lommodo ligula eget dolor. Aenean massa. Cum sociis que penatibus magnis dis parturient montes lorem, nascetur ridiculus mus. Donec quam felis, ultricies nec, pellentesque euro, pretium, sem. Nulla onsequat massa quis enim. donec pede justo fringilla vel aliquet.</p>\n\n<div class=\"tp-postbox-details-desc-thumb text-center\">\n   <img src=\"/storage/main/blog/blog-details-sm-1.jpg\" alt=\"\">\n   <span class=\"tp-postbox-details-desc-thumb-caption\">Gucci’s Women’s Cruise Collection 2023 Lookbook Has Arrived</span>\n</div>\n<p>“We’re so glad we’ll be working with you to get your new marketing strategy up and running. I\'ve attached the details of your package. Next you’ll get an email from Jen to schedule your kick-off meeting and be assigned your account rep. During your kick-off meeting, we will introduce your project team, let you know what access we need to start.” </p>\n\n<div class=\"tp-postbox-details-quote\">\n   <blockquote>\n      <div class=\"tp-postbox-details-quote-shape\">\n         <img class=\"tp-postbox-details-quote-shape-1\" src=\"/storage/main/shapes/line.png\" alt=\"\">\n         <img class=\"tp-postbox-details-quote-shape-2\" src=\"/storage/main/shapes/quote.png\" alt=\"\">\n      </div>\n      <p>There is a way out of every box, a solution to every puzzle its just a matter of finding it.</p>\n      <span style=\"color: #fff\">Shahnewaz Sakil</span>\n   </blockquote>\n</div>\n\n<h4 class=\"tp-postbox-details-heading\">Exploring the English Countryside</h4>\n<p>Lorem ligula eget dolor. Aenean massa. Cum sociis que penatibus et magnis dis parturient montes lorem,nascetur ridiculus mus. Donec quam felis, ultricies nec, pellentesque euro, pretium quis, sem. Nulla onsequat massa quis enim.</p>\n\n<div class=\"tp-postbox-details-list\">\n   <ul>\n      <li>Lorem ipsum dolor sit amet.</li>\n      <li>At vero eos et accusamus et iusto odio.</li>\n      <li>Excepteur sint occaecat cupidatat non proident.</li>\n   </ul>\n</div>\n<p>Rhoncus ut, imperdiet a, venenatis vitae, justo. Nullam dictum felis eu pede mollis pretium. Integer cidunt. Cras dapibus. Vivamus elementum semper nisi. Aenean vulputate eleifend tellus. Aenean leo ligula, porttitor eu, consequat vitae lorem.</p>\n','published',1,'Botble\\ACL\\Models\\User',1,'main/blog/post-9.jpg',1444,NULL,'2024-05-10 02:11:09','2024-05-10 02:11:09'),(2,'Sexy Clutches: How to Buy &amp; Wear a Designer Clutch Bag','Hatter. \'It isn\'t a letter, after all: it\'s a French mouse, come over with William the Conqueror.\' (For, with all speed back to the confused clamour of the table. \'Have some wine,\' the March Hare.','<p class=\"tp-dropcap\">sales process is critically important to the success of your reps and your business. If you\'ve never seen a really skilled salesperson work, it seems almost effortless. They ask great questions, craftt perfect proposal, answer questions, address concerns and seamlessly seal the Underneath the surface of all of that, the salesperson has probably dedicated hours honing their craft and ensuring the process moves smoothly.</p>\n\n<p>One of the challenges that often surfaces when  working with a remote sales team is a lack of transparency over what is happening, and where in the process things are taking place. We’re going to peel back the curtain and show you how to create the best sales.</p>\n\n<h4 class=\"tp-postbox-details-heading\">Breaking Up With Fast Fashion Has Been Easier</h4>\n<p>Lommodo ligula eget dolor. Aenean massa. Cum sociis que penatibus magnis dis parturient montes lorem, nascetur ridiculus mus. Donec quam felis, ultricies nec, pellentesque euro, pretium, sem. Nulla onsequat massa quis enim. donec pede justo fringilla vel aliquet.</p>\n\n<div class=\"tp-postbox-details-desc-thumb text-center\">\n   <img src=\"/storage/main/blog/blog-details-sm-1.jpg\" alt=\"\">\n   <span class=\"tp-postbox-details-desc-thumb-caption\">Gucci’s Women’s Cruise Collection 2023 Lookbook Has Arrived</span>\n</div>\n<p>“We’re so glad we’ll be working with you to get your new marketing strategy up and running. I\'ve attached the details of your package. Next you’ll get an email from Jen to schedule your kick-off meeting and be assigned your account rep. During your kick-off meeting, we will introduce your project team, let you know what access we need to start.” </p>\n\n<div class=\"tp-postbox-details-quote\">\n   <blockquote>\n      <div class=\"tp-postbox-details-quote-shape\">\n         <img class=\"tp-postbox-details-quote-shape-1\" src=\"/storage/main/shapes/line.png\" alt=\"\">\n         <img class=\"tp-postbox-details-quote-shape-2\" src=\"/storage/main/shapes/quote.png\" alt=\"\">\n      </div>\n      <p>There is a way out of every box, a solution to every puzzle its just a matter of finding it.</p>\n      <span style=\"color: #fff\">Shahnewaz Sakil</span>\n   </blockquote>\n</div>\n\n<h4 class=\"tp-postbox-details-heading\">Exploring the English Countryside</h4>\n<p>Lorem ligula eget dolor. Aenean massa. Cum sociis que penatibus et magnis dis parturient montes lorem,nascetur ridiculus mus. Donec quam felis, ultricies nec, pellentesque euro, pretium quis, sem. Nulla onsequat massa quis enim.</p>\n\n<div class=\"tp-postbox-details-list\">\n   <ul>\n      <li>Lorem ipsum dolor sit amet.</li>\n      <li>At vero eos et accusamus et iusto odio.</li>\n      <li>Excepteur sint occaecat cupidatat non proident.</li>\n   </ul>\n</div>\n<p>Rhoncus ut, imperdiet a, venenatis vitae, justo. Nullam dictum felis eu pede mollis pretium. Integer cidunt. Cras dapibus. Vivamus elementum semper nisi. Aenean vulputate eleifend tellus. Aenean leo ligula, porttitor eu, consequat vitae lorem.</p>\n','published',1,'Botble\\ACL\\Models\\User',1,'main/blog/post-4.jpg',2412,NULL,'2024-05-10 02:11:09','2024-05-10 02:11:09'),(3,'The Top 2020 Handbag Trends to Know','Mouse, who seemed ready to sink into the jury-box, or they would go, and broke to pieces against one of the March Hare took the thimble, looking as solemn as she stood looking at the top of his.','<p class=\"tp-dropcap\">sales process is critically important to the success of your reps and your business. If you\'ve never seen a really skilled salesperson work, it seems almost effortless. They ask great questions, craftt perfect proposal, answer questions, address concerns and seamlessly seal the Underneath the surface of all of that, the salesperson has probably dedicated hours honing their craft and ensuring the process moves smoothly.</p>\n\n<p>One of the challenges that often surfaces when  working with a remote sales team is a lack of transparency over what is happening, and where in the process things are taking place. We’re going to peel back the curtain and show you how to create the best sales.</p>\n\n<h4 class=\"tp-postbox-details-heading\">Breaking Up With Fast Fashion Has Been Easier</h4>\n<p>Lommodo ligula eget dolor. Aenean massa. Cum sociis que penatibus magnis dis parturient montes lorem, nascetur ridiculus mus. Donec quam felis, ultricies nec, pellentesque euro, pretium, sem. Nulla onsequat massa quis enim. donec pede justo fringilla vel aliquet.</p>\n\n<div class=\"tp-postbox-details-desc-thumb text-center\">\n   <img src=\"/storage/main/blog/blog-details-sm-1.jpg\" alt=\"\">\n   <span class=\"tp-postbox-details-desc-thumb-caption\">Gucci’s Women’s Cruise Collection 2023 Lookbook Has Arrived</span>\n</div>\n<p>“We’re so glad we’ll be working with you to get your new marketing strategy up and running. I\'ve attached the details of your package. Next you’ll get an email from Jen to schedule your kick-off meeting and be assigned your account rep. During your kick-off meeting, we will introduce your project team, let you know what access we need to start.” </p>\n\n<div class=\"tp-postbox-details-quote\">\n   <blockquote>\n      <div class=\"tp-postbox-details-quote-shape\">\n         <img class=\"tp-postbox-details-quote-shape-1\" src=\"/storage/main/shapes/line.png\" alt=\"\">\n         <img class=\"tp-postbox-details-quote-shape-2\" src=\"/storage/main/shapes/quote.png\" alt=\"\">\n      </div>\n      <p>There is a way out of every box, a solution to every puzzle its just a matter of finding it.</p>\n      <span style=\"color: #fff\">Shahnewaz Sakil</span>\n   </blockquote>\n</div>\n\n<h4 class=\"tp-postbox-details-heading\">Exploring the English Countryside</h4>\n<p>Lorem ligula eget dolor. Aenean massa. Cum sociis que penatibus et magnis dis parturient montes lorem,nascetur ridiculus mus. Donec quam felis, ultricies nec, pellentesque euro, pretium quis, sem. Nulla onsequat massa quis enim.</p>\n\n<div class=\"tp-postbox-details-list\">\n   <ul>\n      <li>Lorem ipsum dolor sit amet.</li>\n      <li>At vero eos et accusamus et iusto odio.</li>\n      <li>Excepteur sint occaecat cupidatat non proident.</li>\n   </ul>\n</div>\n<p>Rhoncus ut, imperdiet a, venenatis vitae, justo. Nullam dictum felis eu pede mollis pretium. Integer cidunt. Cras dapibus. Vivamus elementum semper nisi. Aenean vulputate eleifend tellus. Aenean leo ligula, porttitor eu, consequat vitae lorem.</p>\n','published',1,'Botble\\ACL\\Models\\User',1,'main/blog/post-8.jpg',206,NULL,'2024-05-10 02:11:09','2024-05-10 02:11:09'),(4,'How to Match the Color of Your Handbag With an Outfit','Alice could see it trying in a tone of delight, which changed into alarm in another moment that it was empty: she did not feel encouraged to ask any more if you\'d rather not.\' \'We indeed!\' cried the.','<p class=\"tp-dropcap\">sales process is critically important to the success of your reps and your business. If you\'ve never seen a really skilled salesperson work, it seems almost effortless. They ask great questions, craftt perfect proposal, answer questions, address concerns and seamlessly seal the Underneath the surface of all of that, the salesperson has probably dedicated hours honing their craft and ensuring the process moves smoothly.</p>\n\n<p>One of the challenges that often surfaces when  working with a remote sales team is a lack of transparency over what is happening, and where in the process things are taking place. We’re going to peel back the curtain and show you how to create the best sales.</p>\n\n<h4 class=\"tp-postbox-details-heading\">Breaking Up With Fast Fashion Has Been Easier</h4>\n<p>Lommodo ligula eget dolor. Aenean massa. Cum sociis que penatibus magnis dis parturient montes lorem, nascetur ridiculus mus. Donec quam felis, ultricies nec, pellentesque euro, pretium, sem. Nulla onsequat massa quis enim. donec pede justo fringilla vel aliquet.</p>\n\n<div class=\"tp-postbox-details-desc-thumb text-center\">\n   <img src=\"/storage/main/blog/blog-details-sm-1.jpg\" alt=\"\">\n   <span class=\"tp-postbox-details-desc-thumb-caption\">Gucci’s Women’s Cruise Collection 2023 Lookbook Has Arrived</span>\n</div>\n<p>“We’re so glad we’ll be working with you to get your new marketing strategy up and running. I\'ve attached the details of your package. Next you’ll get an email from Jen to schedule your kick-off meeting and be assigned your account rep. During your kick-off meeting, we will introduce your project team, let you know what access we need to start.” </p>\n\n<div class=\"tp-postbox-details-quote\">\n   <blockquote>\n      <div class=\"tp-postbox-details-quote-shape\">\n         <img class=\"tp-postbox-details-quote-shape-1\" src=\"/storage/main/shapes/line.png\" alt=\"\">\n         <img class=\"tp-postbox-details-quote-shape-2\" src=\"/storage/main/shapes/quote.png\" alt=\"\">\n      </div>\n      <p>There is a way out of every box, a solution to every puzzle its just a matter of finding it.</p>\n      <span style=\"color: #fff\">Shahnewaz Sakil</span>\n   </blockquote>\n</div>\n\n<h4 class=\"tp-postbox-details-heading\">Exploring the English Countryside</h4>\n<p>Lorem ligula eget dolor. Aenean massa. Cum sociis que penatibus et magnis dis parturient montes lorem,nascetur ridiculus mus. Donec quam felis, ultricies nec, pellentesque euro, pretium quis, sem. Nulla onsequat massa quis enim.</p>\n\n<div class=\"tp-postbox-details-list\">\n   <ul>\n      <li>Lorem ipsum dolor sit amet.</li>\n      <li>At vero eos et accusamus et iusto odio.</li>\n      <li>Excepteur sint occaecat cupidatat non proident.</li>\n   </ul>\n</div>\n<p>Rhoncus ut, imperdiet a, venenatis vitae, justo. Nullam dictum felis eu pede mollis pretium. Integer cidunt. Cras dapibus. Vivamus elementum semper nisi. Aenean vulputate eleifend tellus. Aenean leo ligula, porttitor eu, consequat vitae lorem.</p>\n','published',1,'Botble\\ACL\\Models\\User',1,'main/blog/post-10.jpg',752,NULL,'2024-05-10 02:11:10','2024-05-10 02:11:10'),(5,'How to Care for Leather Bags','I mentioned before, And have grown most uncommonly fat; Yet you finished the goose, with the game,\' the Queen was close behind it when she found to be a person of authority among them, called out.','<p class=\"tp-dropcap\">sales process is critically important to the success of your reps and your business. If you\'ve never seen a really skilled salesperson work, it seems almost effortless. They ask great questions, craftt perfect proposal, answer questions, address concerns and seamlessly seal the Underneath the surface of all of that, the salesperson has probably dedicated hours honing their craft and ensuring the process moves smoothly.</p>\n\n<p>One of the challenges that often surfaces when  working with a remote sales team is a lack of transparency over what is happening, and where in the process things are taking place. We’re going to peel back the curtain and show you how to create the best sales.</p>\n\n<h4 class=\"tp-postbox-details-heading\">Breaking Up With Fast Fashion Has Been Easier</h4>\n<p>Lommodo ligula eget dolor. Aenean massa. Cum sociis que penatibus magnis dis parturient montes lorem, nascetur ridiculus mus. Donec quam felis, ultricies nec, pellentesque euro, pretium, sem. Nulla onsequat massa quis enim. donec pede justo fringilla vel aliquet.</p>\n\n<div class=\"tp-postbox-details-desc-thumb text-center\">\n   <img src=\"/storage/main/blog/blog-details-sm-1.jpg\" alt=\"\">\n   <span class=\"tp-postbox-details-desc-thumb-caption\">Gucci’s Women’s Cruise Collection 2023 Lookbook Has Arrived</span>\n</div>\n<p>“We’re so glad we’ll be working with you to get your new marketing strategy up and running. I\'ve attached the details of your package. Next you’ll get an email from Jen to schedule your kick-off meeting and be assigned your account rep. During your kick-off meeting, we will introduce your project team, let you know what access we need to start.” </p>\n\n<div class=\"tp-postbox-details-quote\">\n   <blockquote>\n      <div class=\"tp-postbox-details-quote-shape\">\n         <img class=\"tp-postbox-details-quote-shape-1\" src=\"/storage/main/shapes/line.png\" alt=\"\">\n         <img class=\"tp-postbox-details-quote-shape-2\" src=\"/storage/main/shapes/quote.png\" alt=\"\">\n      </div>\n      <p>There is a way out of every box, a solution to every puzzle its just a matter of finding it.</p>\n      <span style=\"color: #fff\">Shahnewaz Sakil</span>\n   </blockquote>\n</div>\n\n<h4 class=\"tp-postbox-details-heading\">Exploring the English Countryside</h4>\n<p>Lorem ligula eget dolor. Aenean massa. Cum sociis que penatibus et magnis dis parturient montes lorem,nascetur ridiculus mus. Donec quam felis, ultricies nec, pellentesque euro, pretium quis, sem. Nulla onsequat massa quis enim.</p>\n\n<div class=\"tp-postbox-details-list\">\n   <ul>\n      <li>Lorem ipsum dolor sit amet.</li>\n      <li>At vero eos et accusamus et iusto odio.</li>\n      <li>Excepteur sint occaecat cupidatat non proident.</li>\n   </ul>\n</div>\n<p>Rhoncus ut, imperdiet a, venenatis vitae, justo. Nullam dictum felis eu pede mollis pretium. Integer cidunt. Cras dapibus. Vivamus elementum semper nisi. Aenean vulputate eleifend tellus. Aenean leo ligula, porttitor eu, consequat vitae lorem.</p>\n','published',1,'Botble\\ACL\\Models\\User',1,'main/blog/post-9.jpg',1989,NULL,'2024-05-10 02:11:10','2024-05-10 02:11:10'),(6,'We\'re Crushing Hard on Summer\'s 10 Biggest Bag Trends','Queen to play croquet with the grin, which remained some time busily writing in his turn; and both creatures hid their faces in their mouths. So they had to stoop to save her neck from being broken.','<p class=\"tp-dropcap\">sales process is critically important to the success of your reps and your business. If you\'ve never seen a really skilled salesperson work, it seems almost effortless. They ask great questions, craftt perfect proposal, answer questions, address concerns and seamlessly seal the Underneath the surface of all of that, the salesperson has probably dedicated hours honing their craft and ensuring the process moves smoothly.</p>\n\n<p>One of the challenges that often surfaces when  working with a remote sales team is a lack of transparency over what is happening, and where in the process things are taking place. We’re going to peel back the curtain and show you how to create the best sales.</p>\n\n<h4 class=\"tp-postbox-details-heading\">Breaking Up With Fast Fashion Has Been Easier</h4>\n<p>Lommodo ligula eget dolor. Aenean massa. Cum sociis que penatibus magnis dis parturient montes lorem, nascetur ridiculus mus. Donec quam felis, ultricies nec, pellentesque euro, pretium, sem. Nulla onsequat massa quis enim. donec pede justo fringilla vel aliquet.</p>\n\n<div class=\"tp-postbox-details-desc-thumb text-center\">\n   <img src=\"/storage/main/blog/blog-details-sm-1.jpg\" alt=\"\">\n   <span class=\"tp-postbox-details-desc-thumb-caption\">Gucci’s Women’s Cruise Collection 2023 Lookbook Has Arrived</span>\n</div>\n<p>“We’re so glad we’ll be working with you to get your new marketing strategy up and running. I\'ve attached the details of your package. Next you’ll get an email from Jen to schedule your kick-off meeting and be assigned your account rep. During your kick-off meeting, we will introduce your project team, let you know what access we need to start.” </p>\n\n<div class=\"tp-postbox-details-quote\">\n   <blockquote>\n      <div class=\"tp-postbox-details-quote-shape\">\n         <img class=\"tp-postbox-details-quote-shape-1\" src=\"/storage/main/shapes/line.png\" alt=\"\">\n         <img class=\"tp-postbox-details-quote-shape-2\" src=\"/storage/main/shapes/quote.png\" alt=\"\">\n      </div>\n      <p>There is a way out of every box, a solution to every puzzle its just a matter of finding it.</p>\n      <span style=\"color: #fff\">Shahnewaz Sakil</span>\n   </blockquote>\n</div>\n\n<h4 class=\"tp-postbox-details-heading\">Exploring the English Countryside</h4>\n<p>Lorem ligula eget dolor. Aenean massa. Cum sociis que penatibus et magnis dis parturient montes lorem,nascetur ridiculus mus. Donec quam felis, ultricies nec, pellentesque euro, pretium quis, sem. Nulla onsequat massa quis enim.</p>\n\n<div class=\"tp-postbox-details-list\">\n   <ul>\n      <li>Lorem ipsum dolor sit amet.</li>\n      <li>At vero eos et accusamus et iusto odio.</li>\n      <li>Excepteur sint occaecat cupidatat non proident.</li>\n   </ul>\n</div>\n<p>Rhoncus ut, imperdiet a, venenatis vitae, justo. Nullam dictum felis eu pede mollis pretium. Integer cidunt. Cras dapibus. Vivamus elementum semper nisi. Aenean vulputate eleifend tellus. Aenean leo ligula, porttitor eu, consequat vitae lorem.</p>\n','published',1,'Botble\\ACL\\Models\\User',1,'main/blog/post-6.jpg',1640,NULL,'2024-05-10 02:11:10','2024-05-10 02:11:10'),(7,'Essential Qualities of Highly Successful Music','Do you think you\'re changed, do you?\' \'I\'m afraid I don\'t put my arm round your waist,\' the Duchess asked, with another hedgehog, which seemed to listen, the whole head appeared, and then the puppy.','<p class=\"tp-dropcap\">sales process is critically important to the success of your reps and your business. If you\'ve never seen a really skilled salesperson work, it seems almost effortless. They ask great questions, craftt perfect proposal, answer questions, address concerns and seamlessly seal the Underneath the surface of all of that, the salesperson has probably dedicated hours honing their craft and ensuring the process moves smoothly.</p>\n\n<p>One of the challenges that often surfaces when  working with a remote sales team is a lack of transparency over what is happening, and where in the process things are taking place. We’re going to peel back the curtain and show you how to create the best sales.</p>\n\n<h4 class=\"tp-postbox-details-heading\">Breaking Up With Fast Fashion Has Been Easier</h4>\n<p>Lommodo ligula eget dolor. Aenean massa. Cum sociis que penatibus magnis dis parturient montes lorem, nascetur ridiculus mus. Donec quam felis, ultricies nec, pellentesque euro, pretium, sem. Nulla onsequat massa quis enim. donec pede justo fringilla vel aliquet.</p>\n\n<div class=\"tp-postbox-details-desc-thumb text-center\">\n   <img src=\"/storage/main/blog/blog-details-sm-1.jpg\" alt=\"\">\n   <span class=\"tp-postbox-details-desc-thumb-caption\">Gucci’s Women’s Cruise Collection 2023 Lookbook Has Arrived</span>\n</div>\n<p>“We’re so glad we’ll be working with you to get your new marketing strategy up and running. I\'ve attached the details of your package. Next you’ll get an email from Jen to schedule your kick-off meeting and be assigned your account rep. During your kick-off meeting, we will introduce your project team, let you know what access we need to start.” </p>\n\n<div class=\"tp-postbox-details-quote\">\n   <blockquote>\n      <div class=\"tp-postbox-details-quote-shape\">\n         <img class=\"tp-postbox-details-quote-shape-1\" src=\"/storage/main/shapes/line.png\" alt=\"\">\n         <img class=\"tp-postbox-details-quote-shape-2\" src=\"/storage/main/shapes/quote.png\" alt=\"\">\n      </div>\n      <p>There is a way out of every box, a solution to every puzzle its just a matter of finding it.</p>\n      <span style=\"color: #fff\">Shahnewaz Sakil</span>\n   </blockquote>\n</div>\n\n<h4 class=\"tp-postbox-details-heading\">Exploring the English Countryside</h4>\n<p>Lorem ligula eget dolor. Aenean massa. Cum sociis que penatibus et magnis dis parturient montes lorem,nascetur ridiculus mus. Donec quam felis, ultricies nec, pellentesque euro, pretium quis, sem. Nulla onsequat massa quis enim.</p>\n\n<div class=\"tp-postbox-details-list\">\n   <ul>\n      <li>Lorem ipsum dolor sit amet.</li>\n      <li>At vero eos et accusamus et iusto odio.</li>\n      <li>Excepteur sint occaecat cupidatat non proident.</li>\n   </ul>\n</div>\n<p>Rhoncus ut, imperdiet a, venenatis vitae, justo. Nullam dictum felis eu pede mollis pretium. Integer cidunt. Cras dapibus. Vivamus elementum semper nisi. Aenean vulputate eleifend tellus. Aenean leo ligula, porttitor eu, consequat vitae lorem.</p>\n','published',1,'Botble\\ACL\\Models\\User',0,'main/blog/post-7.jpg',959,NULL,'2024-05-10 02:11:10','2024-05-10 02:11:10'),(8,'9 Things I Love About Shaving My Head','She said the Duchess, the Duchess! Oh! won\'t she be savage if I\'ve kept her waiting!\' Alice felt so desperate that she let the Dormouse said--\' the Hatter continued, \'in this way:-- \"Up above the.','<p class=\"tp-dropcap\">sales process is critically important to the success of your reps and your business. If you\'ve never seen a really skilled salesperson work, it seems almost effortless. They ask great questions, craftt perfect proposal, answer questions, address concerns and seamlessly seal the Underneath the surface of all of that, the salesperson has probably dedicated hours honing their craft and ensuring the process moves smoothly.</p>\n\n<p>One of the challenges that often surfaces when  working with a remote sales team is a lack of transparency over what is happening, and where in the process things are taking place. We’re going to peel back the curtain and show you how to create the best sales.</p>\n\n<h4 class=\"tp-postbox-details-heading\">Breaking Up With Fast Fashion Has Been Easier</h4>\n<p>Lommodo ligula eget dolor. Aenean massa. Cum sociis que penatibus magnis dis parturient montes lorem, nascetur ridiculus mus. Donec quam felis, ultricies nec, pellentesque euro, pretium, sem. Nulla onsequat massa quis enim. donec pede justo fringilla vel aliquet.</p>\n\n<div class=\"tp-postbox-details-desc-thumb text-center\">\n   <img src=\"/storage/main/blog/blog-details-sm-1.jpg\" alt=\"\">\n   <span class=\"tp-postbox-details-desc-thumb-caption\">Gucci’s Women’s Cruise Collection 2023 Lookbook Has Arrived</span>\n</div>\n<p>“We’re so glad we’ll be working with you to get your new marketing strategy up and running. I\'ve attached the details of your package. Next you’ll get an email from Jen to schedule your kick-off meeting and be assigned your account rep. During your kick-off meeting, we will introduce your project team, let you know what access we need to start.” </p>\n\n<div class=\"tp-postbox-details-quote\">\n   <blockquote>\n      <div class=\"tp-postbox-details-quote-shape\">\n         <img class=\"tp-postbox-details-quote-shape-1\" src=\"/storage/main/shapes/line.png\" alt=\"\">\n         <img class=\"tp-postbox-details-quote-shape-2\" src=\"/storage/main/shapes/quote.png\" alt=\"\">\n      </div>\n      <p>There is a way out of every box, a solution to every puzzle its just a matter of finding it.</p>\n      <span style=\"color: #fff\">Shahnewaz Sakil</span>\n   </blockquote>\n</div>\n\n<h4 class=\"tp-postbox-details-heading\">Exploring the English Countryside</h4>\n<p>Lorem ligula eget dolor. Aenean massa. Cum sociis que penatibus et magnis dis parturient montes lorem,nascetur ridiculus mus. Donec quam felis, ultricies nec, pellentesque euro, pretium quis, sem. Nulla onsequat massa quis enim.</p>\n\n<div class=\"tp-postbox-details-list\">\n   <ul>\n      <li>Lorem ipsum dolor sit amet.</li>\n      <li>At vero eos et accusamus et iusto odio.</li>\n      <li>Excepteur sint occaecat cupidatat non proident.</li>\n   </ul>\n</div>\n<p>Rhoncus ut, imperdiet a, venenatis vitae, justo. Nullam dictum felis eu pede mollis pretium. Integer cidunt. Cras dapibus. Vivamus elementum semper nisi. Aenean vulputate eleifend tellus. Aenean leo ligula, porttitor eu, consequat vitae lorem.</p>\n','published',1,'Botble\\ACL\\Models\\User',1,'main/blog/post-5.jpg',2111,NULL,'2024-05-10 02:11:10','2024-05-10 02:11:10'),(9,'Why Teamwork Really Makes The Dream Work','Queen was close behind it was getting so thin--and the twinkling of the baby, it was getting quite crowded with the dream of Wonderland of long ago: and how she would feel very queer to ME.\' \'You!\'.','<p class=\"tp-dropcap\">sales process is critically important to the success of your reps and your business. If you\'ve never seen a really skilled salesperson work, it seems almost effortless. They ask great questions, craftt perfect proposal, answer questions, address concerns and seamlessly seal the Underneath the surface of all of that, the salesperson has probably dedicated hours honing their craft and ensuring the process moves smoothly.</p>\n\n<p>One of the challenges that often surfaces when  working with a remote sales team is a lack of transparency over what is happening, and where in the process things are taking place. We’re going to peel back the curtain and show you how to create the best sales.</p>\n\n<h4 class=\"tp-postbox-details-heading\">Breaking Up With Fast Fashion Has Been Easier</h4>\n<p>Lommodo ligula eget dolor. Aenean massa. Cum sociis que penatibus magnis dis parturient montes lorem, nascetur ridiculus mus. Donec quam felis, ultricies nec, pellentesque euro, pretium, sem. Nulla onsequat massa quis enim. donec pede justo fringilla vel aliquet.</p>\n\n<div class=\"tp-postbox-details-desc-thumb text-center\">\n   <img src=\"/storage/main/blog/blog-details-sm-1.jpg\" alt=\"\">\n   <span class=\"tp-postbox-details-desc-thumb-caption\">Gucci’s Women’s Cruise Collection 2023 Lookbook Has Arrived</span>\n</div>\n<p>“We’re so glad we’ll be working with you to get your new marketing strategy up and running. I\'ve attached the details of your package. Next you’ll get an email from Jen to schedule your kick-off meeting and be assigned your account rep. During your kick-off meeting, we will introduce your project team, let you know what access we need to start.” </p>\n\n<div class=\"tp-postbox-details-quote\">\n   <blockquote>\n      <div class=\"tp-postbox-details-quote-shape\">\n         <img class=\"tp-postbox-details-quote-shape-1\" src=\"/storage/main/shapes/line.png\" alt=\"\">\n         <img class=\"tp-postbox-details-quote-shape-2\" src=\"/storage/main/shapes/quote.png\" alt=\"\">\n      </div>\n      <p>There is a way out of every box, a solution to every puzzle its just a matter of finding it.</p>\n      <span style=\"color: #fff\">Shahnewaz Sakil</span>\n   </blockquote>\n</div>\n\n<h4 class=\"tp-postbox-details-heading\">Exploring the English Countryside</h4>\n<p>Lorem ligula eget dolor. Aenean massa. Cum sociis que penatibus et magnis dis parturient montes lorem,nascetur ridiculus mus. Donec quam felis, ultricies nec, pellentesque euro, pretium quis, sem. Nulla onsequat massa quis enim.</p>\n\n<div class=\"tp-postbox-details-list\">\n   <ul>\n      <li>Lorem ipsum dolor sit amet.</li>\n      <li>At vero eos et accusamus et iusto odio.</li>\n      <li>Excepteur sint occaecat cupidatat non proident.</li>\n   </ul>\n</div>\n<p>Rhoncus ut, imperdiet a, venenatis vitae, justo. Nullam dictum felis eu pede mollis pretium. Integer cidunt. Cras dapibus. Vivamus elementum semper nisi. Aenean vulputate eleifend tellus. Aenean leo ligula, porttitor eu, consequat vitae lorem.</p>\n','published',1,'Botble\\ACL\\Models\\User',0,'main/blog/post-7.jpg',735,NULL,'2024-05-10 02:11:10','2024-05-10 02:11:10'),(10,'The World Caters to Average People','Caterpillar. \'Well, I\'ve tried to speak, and no more of it in a low voice. \'Not at first, perhaps,\' said the Cat. \'I don\'t know where Dinn may be,\' said the March Hare,) \'--it was at the sides of.','<p class=\"tp-dropcap\">sales process is critically important to the success of your reps and your business. If you\'ve never seen a really skilled salesperson work, it seems almost effortless. They ask great questions, craftt perfect proposal, answer questions, address concerns and seamlessly seal the Underneath the surface of all of that, the salesperson has probably dedicated hours honing their craft and ensuring the process moves smoothly.</p>\n\n<p>One of the challenges that often surfaces when  working with a remote sales team is a lack of transparency over what is happening, and where in the process things are taking place. We’re going to peel back the curtain and show you how to create the best sales.</p>\n\n<h4 class=\"tp-postbox-details-heading\">Breaking Up With Fast Fashion Has Been Easier</h4>\n<p>Lommodo ligula eget dolor. Aenean massa. Cum sociis que penatibus magnis dis parturient montes lorem, nascetur ridiculus mus. Donec quam felis, ultricies nec, pellentesque euro, pretium, sem. Nulla onsequat massa quis enim. donec pede justo fringilla vel aliquet.</p>\n\n<div class=\"tp-postbox-details-desc-thumb text-center\">\n   <img src=\"/storage/main/blog/blog-details-sm-1.jpg\" alt=\"\">\n   <span class=\"tp-postbox-details-desc-thumb-caption\">Gucci’s Women’s Cruise Collection 2023 Lookbook Has Arrived</span>\n</div>\n<p>“We’re so glad we’ll be working with you to get your new marketing strategy up and running. I\'ve attached the details of your package. Next you’ll get an email from Jen to schedule your kick-off meeting and be assigned your account rep. During your kick-off meeting, we will introduce your project team, let you know what access we need to start.” </p>\n\n<div class=\"tp-postbox-details-quote\">\n   <blockquote>\n      <div class=\"tp-postbox-details-quote-shape\">\n         <img class=\"tp-postbox-details-quote-shape-1\" src=\"/storage/main/shapes/line.png\" alt=\"\">\n         <img class=\"tp-postbox-details-quote-shape-2\" src=\"/storage/main/shapes/quote.png\" alt=\"\">\n      </div>\n      <p>There is a way out of every box, a solution to every puzzle its just a matter of finding it.</p>\n      <span style=\"color: #fff\">Shahnewaz Sakil</span>\n   </blockquote>\n</div>\n\n<h4 class=\"tp-postbox-details-heading\">Exploring the English Countryside</h4>\n<p>Lorem ligula eget dolor. Aenean massa. Cum sociis que penatibus et magnis dis parturient montes lorem,nascetur ridiculus mus. Donec quam felis, ultricies nec, pellentesque euro, pretium quis, sem. Nulla onsequat massa quis enim.</p>\n\n<div class=\"tp-postbox-details-list\">\n   <ul>\n      <li>Lorem ipsum dolor sit amet.</li>\n      <li>At vero eos et accusamus et iusto odio.</li>\n      <li>Excepteur sint occaecat cupidatat non proident.</li>\n   </ul>\n</div>\n<p>Rhoncus ut, imperdiet a, venenatis vitae, justo. Nullam dictum felis eu pede mollis pretium. Integer cidunt. Cras dapibus. Vivamus elementum semper nisi. Aenean vulputate eleifend tellus. Aenean leo ligula, porttitor eu, consequat vitae lorem.</p>\n','published',1,'Botble\\ACL\\Models\\User',0,'main/blog/post-3.jpg',1296,NULL,'2024-05-10 02:11:10','2024-05-10 02:11:10'),(11,'The litigants on the screen are not actors','Queen, in a natural way. \'I thought you did,\' said the Hatter: \'but you could draw treacle out of THIS!\' (Sounds of more energetic remedies--\' \'Speak English!\' said the Caterpillar. \'Well, I should.','<p class=\"tp-dropcap\">sales process is critically important to the success of your reps and your business. If you\'ve never seen a really skilled salesperson work, it seems almost effortless. They ask great questions, craftt perfect proposal, answer questions, address concerns and seamlessly seal the Underneath the surface of all of that, the salesperson has probably dedicated hours honing their craft and ensuring the process moves smoothly.</p>\n\n<p>One of the challenges that often surfaces when  working with a remote sales team is a lack of transparency over what is happening, and where in the process things are taking place. We’re going to peel back the curtain and show you how to create the best sales.</p>\n\n<h4 class=\"tp-postbox-details-heading\">Breaking Up With Fast Fashion Has Been Easier</h4>\n<p>Lommodo ligula eget dolor. Aenean massa. Cum sociis que penatibus magnis dis parturient montes lorem, nascetur ridiculus mus. Donec quam felis, ultricies nec, pellentesque euro, pretium, sem. Nulla onsequat massa quis enim. donec pede justo fringilla vel aliquet.</p>\n\n<div class=\"tp-postbox-details-desc-thumb text-center\">\n   <img src=\"/storage/main/blog/blog-details-sm-1.jpg\" alt=\"\">\n   <span class=\"tp-postbox-details-desc-thumb-caption\">Gucci’s Women’s Cruise Collection 2023 Lookbook Has Arrived</span>\n</div>\n<p>“We’re so glad we’ll be working with you to get your new marketing strategy up and running. I\'ve attached the details of your package. Next you’ll get an email from Jen to schedule your kick-off meeting and be assigned your account rep. During your kick-off meeting, we will introduce your project team, let you know what access we need to start.” </p>\n\n<div class=\"tp-postbox-details-quote\">\n   <blockquote>\n      <div class=\"tp-postbox-details-quote-shape\">\n         <img class=\"tp-postbox-details-quote-shape-1\" src=\"/storage/main/shapes/line.png\" alt=\"\">\n         <img class=\"tp-postbox-details-quote-shape-2\" src=\"/storage/main/shapes/quote.png\" alt=\"\">\n      </div>\n      <p>There is a way out of every box, a solution to every puzzle its just a matter of finding it.</p>\n      <span style=\"color: #fff\">Shahnewaz Sakil</span>\n   </blockquote>\n</div>\n\n<h4 class=\"tp-postbox-details-heading\">Exploring the English Countryside</h4>\n<p>Lorem ligula eget dolor. Aenean massa. Cum sociis que penatibus et magnis dis parturient montes lorem,nascetur ridiculus mus. Donec quam felis, ultricies nec, pellentesque euro, pretium quis, sem. Nulla onsequat massa quis enim.</p>\n\n<div class=\"tp-postbox-details-list\">\n   <ul>\n      <li>Lorem ipsum dolor sit amet.</li>\n      <li>At vero eos et accusamus et iusto odio.</li>\n      <li>Excepteur sint occaecat cupidatat non proident.</li>\n   </ul>\n</div>\n<p>Rhoncus ut, imperdiet a, venenatis vitae, justo. Nullam dictum felis eu pede mollis pretium. Integer cidunt. Cras dapibus. Vivamus elementum semper nisi. Aenean vulputate eleifend tellus. Aenean leo ligula, porttitor eu, consequat vitae lorem.</p>\n','published',1,'Botble\\ACL\\Models\\User',1,'main/blog/post-1.jpg',202,NULL,'2024-05-10 02:11:10','2024-05-10 02:11:10'),(12,'Hiring the Right Sales Team at the Right Time','The jury all looked puzzled.) \'He must have a trial: For really this morning I\'ve nothing to do: once or twice, and shook itself. Then it got down off the subjects on his knee, and the pattern on.','<p class=\"tp-dropcap\">sales process is critically important to the success of your reps and your business. If you\'ve never seen a really skilled salesperson work, it seems almost effortless. They ask great questions, craftt perfect proposal, answer questions, address concerns and seamlessly seal the Underneath the surface of all of that, the salesperson has probably dedicated hours honing their craft and ensuring the process moves smoothly.</p>\n\n<p>One of the challenges that often surfaces when  working with a remote sales team is a lack of transparency over what is happening, and where in the process things are taking place. We’re going to peel back the curtain and show you how to create the best sales.</p>\n\n<h4 class=\"tp-postbox-details-heading\">Breaking Up With Fast Fashion Has Been Easier</h4>\n<p>Lommodo ligula eget dolor. Aenean massa. Cum sociis que penatibus magnis dis parturient montes lorem, nascetur ridiculus mus. Donec quam felis, ultricies nec, pellentesque euro, pretium, sem. Nulla onsequat massa quis enim. donec pede justo fringilla vel aliquet.</p>\n\n<div class=\"tp-postbox-details-desc-thumb text-center\">\n   <img src=\"/storage/main/blog/blog-details-sm-1.jpg\" alt=\"\">\n   <span class=\"tp-postbox-details-desc-thumb-caption\">Gucci’s Women’s Cruise Collection 2023 Lookbook Has Arrived</span>\n</div>\n<p>“We’re so glad we’ll be working with you to get your new marketing strategy up and running. I\'ve attached the details of your package. Next you’ll get an email from Jen to schedule your kick-off meeting and be assigned your account rep. During your kick-off meeting, we will introduce your project team, let you know what access we need to start.” </p>\n\n<div class=\"tp-postbox-details-quote\">\n   <blockquote>\n      <div class=\"tp-postbox-details-quote-shape\">\n         <img class=\"tp-postbox-details-quote-shape-1\" src=\"/storage/main/shapes/line.png\" alt=\"\">\n         <img class=\"tp-postbox-details-quote-shape-2\" src=\"/storage/main/shapes/quote.png\" alt=\"\">\n      </div>\n      <p>There is a way out of every box, a solution to every puzzle its just a matter of finding it.</p>\n      <span style=\"color: #fff\">Shahnewaz Sakil</span>\n   </blockquote>\n</div>\n\n<h4 class=\"tp-postbox-details-heading\">Exploring the English Countryside</h4>\n<p>Lorem ligula eget dolor. Aenean massa. Cum sociis que penatibus et magnis dis parturient montes lorem,nascetur ridiculus mus. Donec quam felis, ultricies nec, pellentesque euro, pretium quis, sem. Nulla onsequat massa quis enim.</p>\n\n<div class=\"tp-postbox-details-list\">\n   <ul>\n      <li>Lorem ipsum dolor sit amet.</li>\n      <li>At vero eos et accusamus et iusto odio.</li>\n      <li>Excepteur sint occaecat cupidatat non proident.</li>\n   </ul>\n</div>\n<p>Rhoncus ut, imperdiet a, venenatis vitae, justo. Nullam dictum felis eu pede mollis pretium. Integer cidunt. Cras dapibus. Vivamus elementum semper nisi. Aenean vulputate eleifend tellus. Aenean leo ligula, porttitor eu, consequat vitae lorem.</p>\n','published',1,'Botble\\ACL\\Models\\User',1,'main/blog/post-7.jpg',1721,NULL,'2024-05-10 02:11:10','2024-05-10 02:11:10'),(13,'Fully Embrace the Return of 90s fashion','Alice led the way, and the Queen said to herself, being rather proud of it: for she had hoped) a fan and gloves, and, as the question was evidently meant for her. \'I can hardly breathe.\' \'I can\'t go.','<p class=\"tp-dropcap\">sales process is critically important to the success of your reps and your business. If you\'ve never seen a really skilled salesperson work, it seems almost effortless. They ask great questions, craftt perfect proposal, answer questions, address concerns and seamlessly seal the Underneath the surface of all of that, the salesperson has probably dedicated hours honing their craft and ensuring the process moves smoothly.</p>\n\n<p>One of the challenges that often surfaces when  working with a remote sales team is a lack of transparency over what is happening, and where in the process things are taking place. We’re going to peel back the curtain and show you how to create the best sales.</p>\n\n<h4 class=\"tp-postbox-details-heading\">Breaking Up With Fast Fashion Has Been Easier</h4>\n<p>Lommodo ligula eget dolor. Aenean massa. Cum sociis que penatibus magnis dis parturient montes lorem, nascetur ridiculus mus. Donec quam felis, ultricies nec, pellentesque euro, pretium, sem. Nulla onsequat massa quis enim. donec pede justo fringilla vel aliquet.</p>\n\n<div class=\"tp-postbox-details-desc-thumb text-center\">\n   <img src=\"/storage/main/blog/blog-details-sm-1.jpg\" alt=\"\">\n   <span class=\"tp-postbox-details-desc-thumb-caption\">Gucci’s Women’s Cruise Collection 2023 Lookbook Has Arrived</span>\n</div>\n<p>“We’re so glad we’ll be working with you to get your new marketing strategy up and running. I\'ve attached the details of your package. Next you’ll get an email from Jen to schedule your kick-off meeting and be assigned your account rep. During your kick-off meeting, we will introduce your project team, let you know what access we need to start.” </p>\n\n<div class=\"tp-postbox-details-quote\">\n   <blockquote>\n      <div class=\"tp-postbox-details-quote-shape\">\n         <img class=\"tp-postbox-details-quote-shape-1\" src=\"/storage/main/shapes/line.png\" alt=\"\">\n         <img class=\"tp-postbox-details-quote-shape-2\" src=\"/storage/main/shapes/quote.png\" alt=\"\">\n      </div>\n      <p>There is a way out of every box, a solution to every puzzle its just a matter of finding it.</p>\n      <span style=\"color: #fff\">Shahnewaz Sakil</span>\n   </blockquote>\n</div>\n\n<h4 class=\"tp-postbox-details-heading\">Exploring the English Countryside</h4>\n<p>Lorem ligula eget dolor. Aenean massa. Cum sociis que penatibus et magnis dis parturient montes lorem,nascetur ridiculus mus. Donec quam felis, ultricies nec, pellentesque euro, pretium quis, sem. Nulla onsequat massa quis enim.</p>\n\n<div class=\"tp-postbox-details-list\">\n   <ul>\n      <li>Lorem ipsum dolor sit amet.</li>\n      <li>At vero eos et accusamus et iusto odio.</li>\n      <li>Excepteur sint occaecat cupidatat non proident.</li>\n   </ul>\n</div>\n<p>Rhoncus ut, imperdiet a, venenatis vitae, justo. Nullam dictum felis eu pede mollis pretium. Integer cidunt. Cras dapibus. Vivamus elementum semper nisi. Aenean vulputate eleifend tellus. Aenean leo ligula, porttitor eu, consequat vitae lorem.</p>\n','published',1,'Botble\\ACL\\Models\\User',1,'main/blog/post-12.jpg',1593,NULL,'2024-05-10 02:11:10','2024-05-10 02:11:10'),(14,'Exploring the English Countryside','Dormouse,\' thought Alice; \'only, as it\'s asleep, I suppose Dinah\'ll be sending me on messages next!\' And she opened it, and yet it was very provoking to find that she let the Dormouse went on.','<p class=\"tp-dropcap\">sales process is critically important to the success of your reps and your business. If you\'ve never seen a really skilled salesperson work, it seems almost effortless. They ask great questions, craftt perfect proposal, answer questions, address concerns and seamlessly seal the Underneath the surface of all of that, the salesperson has probably dedicated hours honing their craft and ensuring the process moves smoothly.</p>\n\n<p>One of the challenges that often surfaces when  working with a remote sales team is a lack of transparency over what is happening, and where in the process things are taking place. We’re going to peel back the curtain and show you how to create the best sales.</p>\n\n<h4 class=\"tp-postbox-details-heading\">Breaking Up With Fast Fashion Has Been Easier</h4>\n<p>Lommodo ligula eget dolor. Aenean massa. Cum sociis que penatibus magnis dis parturient montes lorem, nascetur ridiculus mus. Donec quam felis, ultricies nec, pellentesque euro, pretium, sem. Nulla onsequat massa quis enim. donec pede justo fringilla vel aliquet.</p>\n\n<div class=\"tp-postbox-details-desc-thumb text-center\">\n   <img src=\"/storage/main/blog/blog-details-sm-1.jpg\" alt=\"\">\n   <span class=\"tp-postbox-details-desc-thumb-caption\">Gucci’s Women’s Cruise Collection 2023 Lookbook Has Arrived</span>\n</div>\n<p>“We’re so glad we’ll be working with you to get your new marketing strategy up and running. I\'ve attached the details of your package. Next you’ll get an email from Jen to schedule your kick-off meeting and be assigned your account rep. During your kick-off meeting, we will introduce your project team, let you know what access we need to start.” </p>\n\n<div class=\"tp-postbox-details-quote\">\n   <blockquote>\n      <div class=\"tp-postbox-details-quote-shape\">\n         <img class=\"tp-postbox-details-quote-shape-1\" src=\"/storage/main/shapes/line.png\" alt=\"\">\n         <img class=\"tp-postbox-details-quote-shape-2\" src=\"/storage/main/shapes/quote.png\" alt=\"\">\n      </div>\n      <p>There is a way out of every box, a solution to every puzzle its just a matter of finding it.</p>\n      <span style=\"color: #fff\">Shahnewaz Sakil</span>\n   </blockquote>\n</div>\n\n<h4 class=\"tp-postbox-details-heading\">Exploring the English Countryside</h4>\n<p>Lorem ligula eget dolor. Aenean massa. Cum sociis que penatibus et magnis dis parturient montes lorem,nascetur ridiculus mus. Donec quam felis, ultricies nec, pellentesque euro, pretium quis, sem. Nulla onsequat massa quis enim.</p>\n\n<div class=\"tp-postbox-details-list\">\n   <ul>\n      <li>Lorem ipsum dolor sit amet.</li>\n      <li>At vero eos et accusamus et iusto odio.</li>\n      <li>Excepteur sint occaecat cupidatat non proident.</li>\n   </ul>\n</div>\n<p>Rhoncus ut, imperdiet a, venenatis vitae, justo. Nullam dictum felis eu pede mollis pretium. Integer cidunt. Cras dapibus. Vivamus elementum semper nisi. Aenean vulputate eleifend tellus. Aenean leo ligula, porttitor eu, consequat vitae lorem.</p>\n','published',1,'Botble\\ACL\\Models\\User',1,'main/blog/post-7.jpg',2330,NULL,'2024-05-10 02:11:10','2024-05-10 02:11:10'),(15,'Here’s the First Valentino’s New Makeup Collection','Alice dear!\' said her sister; \'Why, what are YOUR shoes done with?\' said the Duchess. \'I make you a present of everything I\'ve said as yet.\' \'A cheap sort of use in waiting by the hedge!\' then.','<p class=\"tp-dropcap\">sales process is critically important to the success of your reps and your business. If you\'ve never seen a really skilled salesperson work, it seems almost effortless. They ask great questions, craftt perfect proposal, answer questions, address concerns and seamlessly seal the Underneath the surface of all of that, the salesperson has probably dedicated hours honing their craft and ensuring the process moves smoothly.</p>\n\n<p>One of the challenges that often surfaces when  working with a remote sales team is a lack of transparency over what is happening, and where in the process things are taking place. We’re going to peel back the curtain and show you how to create the best sales.</p>\n\n<h4 class=\"tp-postbox-details-heading\">Breaking Up With Fast Fashion Has Been Easier</h4>\n<p>Lommodo ligula eget dolor. Aenean massa. Cum sociis que penatibus magnis dis parturient montes lorem, nascetur ridiculus mus. Donec quam felis, ultricies nec, pellentesque euro, pretium, sem. Nulla onsequat massa quis enim. donec pede justo fringilla vel aliquet.</p>\n\n<div class=\"tp-postbox-details-desc-thumb text-center\">\n   <img src=\"/storage/main/blog/blog-details-sm-1.jpg\" alt=\"\">\n   <span class=\"tp-postbox-details-desc-thumb-caption\">Gucci’s Women’s Cruise Collection 2023 Lookbook Has Arrived</span>\n</div>\n<p>“We’re so glad we’ll be working with you to get your new marketing strategy up and running. I\'ve attached the details of your package. Next you’ll get an email from Jen to schedule your kick-off meeting and be assigned your account rep. During your kick-off meeting, we will introduce your project team, let you know what access we need to start.” </p>\n\n<div class=\"tp-postbox-details-quote\">\n   <blockquote>\n      <div class=\"tp-postbox-details-quote-shape\">\n         <img class=\"tp-postbox-details-quote-shape-1\" src=\"/storage/main/shapes/line.png\" alt=\"\">\n         <img class=\"tp-postbox-details-quote-shape-2\" src=\"/storage/main/shapes/quote.png\" alt=\"\">\n      </div>\n      <p>There is a way out of every box, a solution to every puzzle its just a matter of finding it.</p>\n      <span style=\"color: #fff\">Shahnewaz Sakil</span>\n   </blockquote>\n</div>\n\n<h4 class=\"tp-postbox-details-heading\">Exploring the English Countryside</h4>\n<p>Lorem ligula eget dolor. Aenean massa. Cum sociis que penatibus et magnis dis parturient montes lorem,nascetur ridiculus mus. Donec quam felis, ultricies nec, pellentesque euro, pretium quis, sem. Nulla onsequat massa quis enim.</p>\n\n<div class=\"tp-postbox-details-list\">\n   <ul>\n      <li>Lorem ipsum dolor sit amet.</li>\n      <li>At vero eos et accusamus et iusto odio.</li>\n      <li>Excepteur sint occaecat cupidatat non proident.</li>\n   </ul>\n</div>\n<p>Rhoncus ut, imperdiet a, venenatis vitae, justo. Nullam dictum felis eu pede mollis pretium. Integer cidunt. Cras dapibus. Vivamus elementum semper nisi. Aenean vulputate eleifend tellus. Aenean leo ligula, porttitor eu, consequat vitae lorem.</p>\n','published',1,'Botble\\ACL\\Models\\User',1,'main/blog/post-12.jpg',2137,NULL,'2024-05-10 02:11:10','2024-05-10 02:11:10'),(16,'Follow Your own Design process, whatever gets','Mock Turtle. \'And how many miles I\'ve fallen by this time.) \'You\'re nothing but a pack of cards, after all. \"--SAID I COULD NOT SWIM--\" you can\'t be civil, you\'d better leave off,\' said the.','<p class=\"tp-dropcap\">sales process is critically important to the success of your reps and your business. If you\'ve never seen a really skilled salesperson work, it seems almost effortless. They ask great questions, craftt perfect proposal, answer questions, address concerns and seamlessly seal the Underneath the surface of all of that, the salesperson has probably dedicated hours honing their craft and ensuring the process moves smoothly.</p>\n\n<p>One of the challenges that often surfaces when  working with a remote sales team is a lack of transparency over what is happening, and where in the process things are taking place. We’re going to peel back the curtain and show you how to create the best sales.</p>\n\n<h4 class=\"tp-postbox-details-heading\">Breaking Up With Fast Fashion Has Been Easier</h4>\n<p>Lommodo ligula eget dolor. Aenean massa. Cum sociis que penatibus magnis dis parturient montes lorem, nascetur ridiculus mus. Donec quam felis, ultricies nec, pellentesque euro, pretium, sem. Nulla onsequat massa quis enim. donec pede justo fringilla vel aliquet.</p>\n\n<div class=\"tp-postbox-details-desc-thumb text-center\">\n   <img src=\"/storage/main/blog/blog-details-sm-1.jpg\" alt=\"\">\n   <span class=\"tp-postbox-details-desc-thumb-caption\">Gucci’s Women’s Cruise Collection 2023 Lookbook Has Arrived</span>\n</div>\n<p>“We’re so glad we’ll be working with you to get your new marketing strategy up and running. I\'ve attached the details of your package. Next you’ll get an email from Jen to schedule your kick-off meeting and be assigned your account rep. During your kick-off meeting, we will introduce your project team, let you know what access we need to start.” </p>\n\n<div class=\"tp-postbox-details-quote\">\n   <blockquote>\n      <div class=\"tp-postbox-details-quote-shape\">\n         <img class=\"tp-postbox-details-quote-shape-1\" src=\"/storage/main/shapes/line.png\" alt=\"\">\n         <img class=\"tp-postbox-details-quote-shape-2\" src=\"/storage/main/shapes/quote.png\" alt=\"\">\n      </div>\n      <p>There is a way out of every box, a solution to every puzzle its just a matter of finding it.</p>\n      <span style=\"color: #fff\">Shahnewaz Sakil</span>\n   </blockquote>\n</div>\n\n<h4 class=\"tp-postbox-details-heading\">Exploring the English Countryside</h4>\n<p>Lorem ligula eget dolor. Aenean massa. Cum sociis que penatibus et magnis dis parturient montes lorem,nascetur ridiculus mus. Donec quam felis, ultricies nec, pellentesque euro, pretium quis, sem. Nulla onsequat massa quis enim.</p>\n\n<div class=\"tp-postbox-details-list\">\n   <ul>\n      <li>Lorem ipsum dolor sit amet.</li>\n      <li>At vero eos et accusamus et iusto odio.</li>\n      <li>Excepteur sint occaecat cupidatat non proident.</li>\n   </ul>\n</div>\n<p>Rhoncus ut, imperdiet a, venenatis vitae, justo. Nullam dictum felis eu pede mollis pretium. Integer cidunt. Cras dapibus. Vivamus elementum semper nisi. Aenean vulputate eleifend tellus. Aenean leo ligula, porttitor eu, consequat vitae lorem.</p>\n','published',1,'Botble\\ACL\\Models\\User',1,'main/blog/post-12.jpg',609,NULL,'2024-05-10 02:11:10','2024-05-10 02:11:10'),(17,'Freelancer Days 2024, What’s new?','YOU with us!\"\' \'They were learning to draw, you know--\' \'But, it goes on \"THEY ALL RETURNED FROM HIM TO YOU,\"\' said Alice. \'Well, then,\' the Gryphon went on, spreading out the Fish-Footman was gone.','<p class=\"tp-dropcap\">sales process is critically important to the success of your reps and your business. If you\'ve never seen a really skilled salesperson work, it seems almost effortless. They ask great questions, craftt perfect proposal, answer questions, address concerns and seamlessly seal the Underneath the surface of all of that, the salesperson has probably dedicated hours honing their craft and ensuring the process moves smoothly.</p>\n\n<p>One of the challenges that often surfaces when  working with a remote sales team is a lack of transparency over what is happening, and where in the process things are taking place. We’re going to peel back the curtain and show you how to create the best sales.</p>\n\n<h4 class=\"tp-postbox-details-heading\">Breaking Up With Fast Fashion Has Been Easier</h4>\n<p>Lommodo ligula eget dolor. Aenean massa. Cum sociis que penatibus magnis dis parturient montes lorem, nascetur ridiculus mus. Donec quam felis, ultricies nec, pellentesque euro, pretium, sem. Nulla onsequat massa quis enim. donec pede justo fringilla vel aliquet.</p>\n\n<div class=\"tp-postbox-details-desc-thumb text-center\">\n   <img src=\"/storage/main/blog/blog-details-sm-1.jpg\" alt=\"\">\n   <span class=\"tp-postbox-details-desc-thumb-caption\">Gucci’s Women’s Cruise Collection 2023 Lookbook Has Arrived</span>\n</div>\n<p>“We’re so glad we’ll be working with you to get your new marketing strategy up and running. I\'ve attached the details of your package. Next you’ll get an email from Jen to schedule your kick-off meeting and be assigned your account rep. During your kick-off meeting, we will introduce your project team, let you know what access we need to start.” </p>\n\n<div class=\"tp-postbox-details-quote\">\n   <blockquote>\n      <div class=\"tp-postbox-details-quote-shape\">\n         <img class=\"tp-postbox-details-quote-shape-1\" src=\"/storage/main/shapes/line.png\" alt=\"\">\n         <img class=\"tp-postbox-details-quote-shape-2\" src=\"/storage/main/shapes/quote.png\" alt=\"\">\n      </div>\n      <p>There is a way out of every box, a solution to every puzzle its just a matter of finding it.</p>\n      <span style=\"color: #fff\">Shahnewaz Sakil</span>\n   </blockquote>\n</div>\n\n<h4 class=\"tp-postbox-details-heading\">Exploring the English Countryside</h4>\n<p>Lorem ligula eget dolor. Aenean massa. Cum sociis que penatibus et magnis dis parturient montes lorem,nascetur ridiculus mus. Donec quam felis, ultricies nec, pellentesque euro, pretium quis, sem. Nulla onsequat massa quis enim.</p>\n\n<div class=\"tp-postbox-details-list\">\n   <ul>\n      <li>Lorem ipsum dolor sit amet.</li>\n      <li>At vero eos et accusamus et iusto odio.</li>\n      <li>Excepteur sint occaecat cupidatat non proident.</li>\n   </ul>\n</div>\n<p>Rhoncus ut, imperdiet a, venenatis vitae, justo. Nullam dictum felis eu pede mollis pretium. Integer cidunt. Cras dapibus. Vivamus elementum semper nisi. Aenean vulputate eleifend tellus. Aenean leo ligula, porttitor eu, consequat vitae lorem.</p>\n','published',1,'Botble\\ACL\\Models\\User',0,'main/blog/post-10.jpg',932,NULL,'2024-05-10 02:11:10','2024-05-10 02:11:10'),(18,'Quality Foods Requirments For Every Human Body’s','I\'ve tried hedges,\' the Pigeon went on, \'I must be a grin, and she grew no larger: still it was certainly not becoming. \'And that\'s the queerest thing about it.\' \'She\'s in prison,\' the Queen.','<p class=\"tp-dropcap\">sales process is critically important to the success of your reps and your business. If you\'ve never seen a really skilled salesperson work, it seems almost effortless. They ask great questions, craftt perfect proposal, answer questions, address concerns and seamlessly seal the Underneath the surface of all of that, the salesperson has probably dedicated hours honing their craft and ensuring the process moves smoothly.</p>\n\n<p>One of the challenges that often surfaces when  working with a remote sales team is a lack of transparency over what is happening, and where in the process things are taking place. We’re going to peel back the curtain and show you how to create the best sales.</p>\n\n<h4 class=\"tp-postbox-details-heading\">Breaking Up With Fast Fashion Has Been Easier</h4>\n<p>Lommodo ligula eget dolor. Aenean massa. Cum sociis que penatibus magnis dis parturient montes lorem, nascetur ridiculus mus. Donec quam felis, ultricies nec, pellentesque euro, pretium, sem. Nulla onsequat massa quis enim. donec pede justo fringilla vel aliquet.</p>\n\n<div class=\"tp-postbox-details-desc-thumb text-center\">\n   <img src=\"/storage/main/blog/blog-details-sm-1.jpg\" alt=\"\">\n   <span class=\"tp-postbox-details-desc-thumb-caption\">Gucci’s Women’s Cruise Collection 2023 Lookbook Has Arrived</span>\n</div>\n<p>“We’re so glad we’ll be working with you to get your new marketing strategy up and running. I\'ve attached the details of your package. Next you’ll get an email from Jen to schedule your kick-off meeting and be assigned your account rep. During your kick-off meeting, we will introduce your project team, let you know what access we need to start.” </p>\n\n<div class=\"tp-postbox-details-quote\">\n   <blockquote>\n      <div class=\"tp-postbox-details-quote-shape\">\n         <img class=\"tp-postbox-details-quote-shape-1\" src=\"/storage/main/shapes/line.png\" alt=\"\">\n         <img class=\"tp-postbox-details-quote-shape-2\" src=\"/storage/main/shapes/quote.png\" alt=\"\">\n      </div>\n      <p>There is a way out of every box, a solution to every puzzle its just a matter of finding it.</p>\n      <span style=\"color: #fff\">Shahnewaz Sakil</span>\n   </blockquote>\n</div>\n\n<h4 class=\"tp-postbox-details-heading\">Exploring the English Countryside</h4>\n<p>Lorem ligula eget dolor. Aenean massa. Cum sociis que penatibus et magnis dis parturient montes lorem,nascetur ridiculus mus. Donec quam felis, ultricies nec, pellentesque euro, pretium quis, sem. Nulla onsequat massa quis enim.</p>\n\n<div class=\"tp-postbox-details-list\">\n   <ul>\n      <li>Lorem ipsum dolor sit amet.</li>\n      <li>At vero eos et accusamus et iusto odio.</li>\n      <li>Excepteur sint occaecat cupidatat non proident.</li>\n   </ul>\n</div>\n<p>Rhoncus ut, imperdiet a, venenatis vitae, justo. Nullam dictum felis eu pede mollis pretium. Integer cidunt. Cras dapibus. Vivamus elementum semper nisi. Aenean vulputate eleifend tellus. Aenean leo ligula, porttitor eu, consequat vitae lorem.</p>\n','published',1,'Botble\\ACL\\Models\\User',0,'main/blog/post-10.jpg',269,NULL,'2024-05-10 02:11:10','2024-05-10 02:11:10');

--
-- Table structure for table `posts_translations`
--

CREATE TABLE `posts_translations` (
  `lang_code` varchar(20) COLLATE utf8mb4_unicode_ci NOT NULL,
  `posts_id` bigint unsigned NOT NULL,
  `name` varchar(191) COLLATE utf8mb4_unicode_ci DEFAULT NULL,
  `description` varchar(400) COLLATE utf8mb4_unicode_ci DEFAULT NULL,
  `content` longtext COLLATE utf8mb4_unicode_ci,
  PRIMARY KEY (`lang_code`,`posts_id`)
) ENGINE=InnoDB DEFAULT CHARSET=utf8mb4 COLLATE=utf8mb4_unicode_ci;

--
-- Dumping data for table `posts_translations`
--


--
-- Table structure for table `request_logs`
--

CREATE TABLE `request_logs` (
  `id` bigint unsigned NOT NULL AUTO_INCREMENT,
  `status_code` int DEFAULT NULL,
  `url` varchar(191) COLLATE utf8mb4_unicode_ci DEFAULT NULL,
  `count` int unsigned NOT NULL DEFAULT '0',
  `user_id` varchar(191) COLLATE utf8mb4_unicode_ci DEFAULT NULL,
  `referrer` text COLLATE utf8mb4_unicode_ci,
  `created_at` timestamp NULL DEFAULT NULL,
  `updated_at` timestamp NULL DEFAULT NULL,
  PRIMARY KEY (`id`)
) ENGINE=InnoDB DEFAULT CHARSET=utf8mb4 COLLATE=utf8mb4_unicode_ci;

--
-- Dumping data for table `request_logs`
--


--
-- Table structure for table `revisions`
--

CREATE TABLE `revisions` (
  `id` bigint unsigned NOT NULL AUTO_INCREMENT,
  `revisionable_type` varchar(191) COLLATE utf8mb4_unicode_ci NOT NULL,
  `revisionable_id` bigint unsigned NOT NULL,
  `user_id` bigint unsigned DEFAULT NULL,
  `key` varchar(120) COLLATE utf8mb4_unicode_ci NOT NULL,
  `old_value` text COLLATE utf8mb4_unicode_ci,
  `new_value` text COLLATE utf8mb4_unicode_ci,
  `created_at` timestamp NULL DEFAULT NULL,
  `updated_at` timestamp NULL DEFAULT NULL,
  PRIMARY KEY (`id`),
  KEY `revisions_revisionable_id_revisionable_type_index` (`revisionable_id`,`revisionable_type`)
) ENGINE=InnoDB DEFAULT CHARSET=utf8mb4 COLLATE=utf8mb4_unicode_ci;

--
-- Dumping data for table `revisions`
--


--
-- Table structure for table `role_users`
--

CREATE TABLE `role_users` (
  `user_id` bigint unsigned NOT NULL,
  `role_id` bigint unsigned NOT NULL,
  `created_at` timestamp NULL DEFAULT NULL,
  `updated_at` timestamp NULL DEFAULT NULL,
  PRIMARY KEY (`user_id`,`role_id`),
  KEY `role_users_user_id_index` (`user_id`),
  KEY `role_users_role_id_index` (`role_id`)
) ENGINE=InnoDB DEFAULT CHARSET=utf8mb4 COLLATE=utf8mb4_unicode_ci;

--
-- Dumping data for table `role_users`
--


--
-- Table structure for table `roles`
--

CREATE TABLE `roles` (
  `id` bigint unsigned NOT NULL AUTO_INCREMENT,
  `slug` varchar(120) COLLATE utf8mb4_unicode_ci NOT NULL,
  `name` varchar(120) COLLATE utf8mb4_unicode_ci NOT NULL,
  `permissions` text COLLATE utf8mb4_unicode_ci,
  `description` varchar(400) COLLATE utf8mb4_unicode_ci DEFAULT NULL,
  `is_default` tinyint unsigned NOT NULL DEFAULT '0',
  `created_by` bigint unsigned NOT NULL,
  `updated_by` bigint unsigned NOT NULL,
  `created_at` timestamp NULL DEFAULT NULL,
  `updated_at` timestamp NULL DEFAULT NULL,
  PRIMARY KEY (`id`),
  UNIQUE KEY `roles_slug_unique` (`slug`),
  KEY `roles_created_by_index` (`created_by`),
  KEY `roles_updated_by_index` (`updated_by`)
) ENGINE=InnoDB AUTO_INCREMENT=2 DEFAULT CHARSET=utf8mb4 COLLATE=utf8mb4_unicode_ci;

--
-- Dumping data for table `roles`
--

INSERT INTO `roles` VALUES (1,'admin','Admin','{\"users.index\":true,\"users.create\":true,\"users.edit\":true,\"users.destroy\":true,\"roles.index\":true,\"roles.create\":true,\"roles.edit\":true,\"roles.destroy\":true,\"core.system\":true,\"core.cms\":true,\"core.manage.license\":true,\"systems.cronjob\":true,\"core.tools\":true,\"tools.data-synchronize\":true,\"media.index\":true,\"files.index\":true,\"files.create\":true,\"files.edit\":true,\"files.trash\":true,\"files.destroy\":true,\"folders.index\":true,\"folders.create\":true,\"folders.edit\":true,\"folders.trash\":true,\"folders.destroy\":true,\"settings.index\":true,\"settings.common\":true,\"settings.options\":true,\"settings.email\":true,\"settings.media\":true,\"settings.admin-appearance\":true,\"settings.cache\":true,\"settings.datatables\":true,\"settings.email.rules\":true,\"settings.others\":true,\"menus.index\":true,\"menus.create\":true,\"menus.edit\":true,\"menus.destroy\":true,\"optimize.settings\":true,\"pages.index\":true,\"pages.create\":true,\"pages.edit\":true,\"pages.destroy\":true,\"plugins.index\":true,\"plugins.edit\":true,\"plugins.remove\":true,\"plugins.marketplace\":true,\"core.appearance\":true,\"theme.index\":true,\"theme.activate\":true,\"theme.remove\":true,\"theme.options\":true,\"theme.custom-css\":true,\"theme.custom-js\":true,\"theme.custom-html\":true,\"theme.robots-txt\":true,\"settings.website-tracking\":true,\"widgets.index\":true,\"ads.index\":true,\"ads.create\":true,\"ads.edit\":true,\"ads.destroy\":true,\"ads.settings\":true,\"analytics.general\":true,\"analytics.page\":true,\"analytics.browser\":true,\"analytics.referrer\":true,\"analytics.settings\":true,\"announcements.index\":true,\"announcements.create\":true,\"announcements.edit\":true,\"announcements.destroy\":true,\"announcements.settings\":true,\"audit-log.index\":true,\"audit-log.destroy\":true,\"backups.index\":true,\"backups.create\":true,\"backups.restore\":true,\"backups.destroy\":true,\"plugins.blog\":true,\"posts.index\":true,\"posts.create\":true,\"posts.edit\":true,\"posts.destroy\":true,\"categories.index\":true,\"categories.create\":true,\"categories.edit\":true,\"categories.destroy\":true,\"tags.index\":true,\"tags.create\":true,\"tags.edit\":true,\"tags.destroy\":true,\"blog.settings\":true,\"posts.export\":true,\"posts.import\":true,\"captcha.settings\":true,\"contacts.index\":true,\"contacts.edit\":true,\"contacts.destroy\":true,\"contact.settings\":true,\"plugins.ecommerce\":true,\"ecommerce.report.index\":true,\"products.index\":true,\"products.create\":true,\"products.edit\":true,\"products.destroy\":true,\"products.duplicate\":true,\"ecommerce.product-prices.index\":true,\"ecommerce.product-prices.edit\":true,\"ecommerce.product-inventory.index\":true,\"ecommerce.product-inventory.edit\":true,\"product-categories.index\":true,\"product-categories.create\":true,\"product-categories.edit\":true,\"product-categories.destroy\":true,\"product-tag.index\":true,\"product-tag.create\":true,\"product-tag.edit\":true,\"product-tag.destroy\":true,\"brands.index\":true,\"brands.create\":true,\"brands.edit\":true,\"brands.destroy\":true,\"product-collections.index\":true,\"product-collections.create\":true,\"product-collections.edit\":true,\"product-collections.destroy\":true,\"product-attribute-sets.index\":true,\"product-attribute-sets.create\":true,\"product-attribute-sets.edit\":true,\"product-attribute-sets.destroy\":true,\"product-attributes.index\":true,\"product-attributes.create\":true,\"product-attributes.edit\":true,\"product-attributes.destroy\":true,\"tax.index\":true,\"tax.create\":true,\"tax.edit\":true,\"tax.destroy\":true,\"reviews.index\":true,\"reviews.create\":true,\"reviews.destroy\":true,\"reviews.publish\":true,\"reviews.reply\":true,\"ecommerce.shipments.index\":true,\"ecommerce.shipments.create\":true,\"ecommerce.shipments.edit\":true,\"ecommerce.shipments.destroy\":true,\"orders.index\":true,\"orders.create\":true,\"orders.edit\":true,\"orders.destroy\":true,\"discounts.index\":true,\"discounts.create\":true,\"discounts.edit\":true,\"discounts.destroy\":true,\"customers.index\":true,\"customers.create\":true,\"customers.edit\":true,\"customers.destroy\":true,\"flash-sale.index\":true,\"flash-sale.create\":true,\"flash-sale.edit\":true,\"flash-sale.destroy\":true,\"product-label.index\":true,\"product-label.create\":true,\"product-label.edit\":true,\"product-label.destroy\":true,\"ecommerce.import.products.index\":true,\"ecommerce.export.products.index\":true,\"order_returns.index\":true,\"order_returns.edit\":true,\"order_returns.destroy\":true,\"global-option.index\":true,\"global-option.create\":true,\"global-option.edit\":true,\"global-option.destroy\":true,\"ecommerce.invoice.index\":true,\"ecommerce.invoice.edit\":true,\"ecommerce.invoice.destroy\":true,\"ecommerce.settings\":true,\"ecommerce.settings.general\":true,\"ecommerce.invoice-template.index\":true,\"ecommerce.settings.currencies\":true,\"ecommerce.settings.products\":true,\"ecommerce.settings.product-search\":true,\"ecommerce.settings.digital-products\":true,\"ecommerce.settings.store-locators\":true,\"ecommerce.settings.invoices\":true,\"ecommerce.settings.product-reviews\":true,\"ecommerce.settings.customers\":true,\"ecommerce.settings.shopping\":true,\"ecommerce.settings.taxes\":true,\"ecommerce.settings.shipping\":true,\"ecommerce.shipping-rule-items.index\":true,\"ecommerce.shipping-rule-items.create\":true,\"ecommerce.shipping-rule-items.edit\":true,\"ecommerce.shipping-rule-items.destroy\":true,\"ecommerce.shipping-rule-items.bulk-import\":true,\"ecommerce.settings.tracking\":true,\"ecommerce.settings.standard-and-format\":true,\"ecommerce.settings.checkout\":true,\"ecommerce.settings.return\":true,\"ecommerce.settings.flash-sale\":true,\"plugin.faq\":true,\"faq.index\":true,\"faq.create\":true,\"faq.edit\":true,\"faq.destroy\":true,\"faq_category.index\":true,\"faq_category.create\":true,\"faq_category.edit\":true,\"faq_category.destroy\":true,\"faqs.settings\":true,\"galleries.index\":true,\"galleries.create\":true,\"galleries.edit\":true,\"galleries.destroy\":true,\"languages.index\":true,\"languages.create\":true,\"languages.edit\":true,\"languages.destroy\":true,\"plugin.location\":true,\"country.index\":true,\"country.create\":true,\"country.edit\":true,\"country.destroy\":true,\"state.index\":true,\"state.create\":true,\"state.edit\":true,\"state.destroy\":true,\"city.index\":true,\"city.create\":true,\"city.edit\":true,\"city.destroy\":true,\"marketplace.index\":true,\"marketplace.store.index\":true,\"marketplace.store.create\":true,\"marketplace.store.edit\":true,\"marketplace.store.destroy\":true,\"marketplace.store.view\":true,\"marketplace.store.revenue.create\":true,\"marketplace.withdrawal.index\":true,\"marketplace.withdrawal.edit\":true,\"marketplace.withdrawal.destroy\":true,\"marketplace.vendors.index\":true,\"marketplace.unverified-vendors.index\":true,\"marketplace.unverified-vendors.edit\":true,\"marketplace.reports\":true,\"marketplace.settings\":true,\"newsletter.index\":true,\"newsletter.destroy\":true,\"newsletter.settings\":true,\"payment.index\":true,\"payments.settings\":true,\"payment.destroy\":true,\"request-log.index\":true,\"request-log.destroy\":true,\"sale-popup.settings\":true,\"simple-slider.index\":true,\"simple-slider.create\":true,\"simple-slider.edit\":true,\"simple-slider.destroy\":true,\"simple-slider-item.index\":true,\"simple-slider-item.create\":true,\"simple-slider-item.edit\":true,\"simple-slider-item.destroy\":true,\"simple-slider.settings\":true,\"social-login.settings\":true,\"testimonial.index\":true,\"testimonial.create\":true,\"testimonial.edit\":true,\"testimonial.destroy\":true,\"plugins.translation\":true,\"translations.locales\":true,\"translations.theme-translations\":true,\"translations.index\":true}','Admin users role',1,1,1,'2024-05-10 02:11:04','2024-05-10 02:11:04');

--
-- Table structure for table `settings`
--

CREATE TABLE `settings` (
  `id` bigint unsigned NOT NULL AUTO_INCREMENT,
  `key` varchar(191) COLLATE utf8mb4_unicode_ci NOT NULL,
  `value` text COLLATE utf8mb4_unicode_ci,
  `created_at` timestamp NULL DEFAULT NULL,
  `updated_at` timestamp NULL DEFAULT NULL,
  PRIMARY KEY (`id`),
  UNIQUE KEY `settings_key_unique` (`key`)
) ENGINE=InnoDB AUTO_INCREMENT=83 DEFAULT CHARSET=utf8mb4 COLLATE=utf8mb4_unicode_ci;

--
-- Dumping data for table `settings`
--

INSERT INTO `settings` VALUES (1,'media_random_hash','e61797009f5235fe0ea91e64cf11806a',NULL,'2024-05-10 02:11:17'),(2,'api_enabled','0',NULL,'2024-05-10 02:11:17'),(3,'activated_plugins','[\"language\",\"language-advanced\",\"ads\",\"analytics\",\"announcement\",\"audit-log\",\"backup\",\"blog\",\"captcha\",\"contact\",\"cookie-consent\",\"ecommerce\",\"faq\",\"gallery\",\"location\",\"marketplace\",\"newsletter\",\"payment\",\"paypal\",\"paypal-payout\",\"paystack\",\"razorpay\",\"request-log\",\"sale-popup\",\"shippo\",\"simple-slider\",\"social-login\",\"sslcommerz\",\"stripe\",\"testimonial\",\"translation\"]',NULL,'2024-05-10 02:11:17'),(6,'theme','shofy-beauty',NULL,'2024-05-10 02:11:17'),(7,'show_admin_bar','1',NULL,'2024-05-10 02:11:17'),(8,'payment_cod_status','1',NULL,'2024-05-10 02:11:17'),(9,'payment_bank_transfer_status','1',NULL,'2024-05-10 02:11:17'),(10,'admin_favicon','main/general/favicon.png',NULL,'2024-05-10 02:11:17'),(11,'admin_logo','main/general/logo-white.png',NULL,'2024-05-10 02:11:17'),(12,'permalink-botble-blog-models-post','blog',NULL,'2024-05-10 02:11:17'),(13,'permalink-botble-blog-models-category','blog',NULL,'2024-05-10 02:11:17'),(14,'payment_cod_description','Please pay money directly to the postman, if you choose cash on delivery method (COD).',NULL,'2024-05-10 02:11:17'),(15,'payment_bank_transfer_description','Please send money to our bank account: ACB - 69270 213 19.',NULL,'2024-05-10 02:11:17'),(16,'payment_stripe_payment_type','stripe_checkout',NULL,'2024-05-10 02:11:17'),(17,'plugins_ecommerce_customer_new_order_status','0',NULL,'2024-05-10 02:11:17'),(18,'plugins_ecommerce_admin_new_order_status','0',NULL,'2024-05-10 02:11:17'),(19,'ecommerce_is_enabled_support_digital_products','1',NULL,'2024-05-10 02:11:17'),(20,'ecommerce_load_countries_states_cities_from_location_plugin','0',NULL,'2024-05-10 02:11:17'),(21,'announcement_lazy_loading','1',NULL,'2024-05-10 02:11:17'),(22,'ecommerce_product_sku_format','SF-2443-%s%s%s%s',NULL,'2024-05-10 02:11:17'),(23,'language_hide_default','1',NULL,'2024-05-10 02:11:17'),(24,'language_switcher_display','dropdown',NULL,'2024-05-10 02:11:17'),(25,'language_display','all',NULL,'2024-05-10 02:11:17'),(26,'language_hide_languages','[]',NULL,'2024-05-10 02:11:17'),(27,'ecommerce_store_name','Shofy',NULL,'2024-05-10 02:11:17'),(28,'ecommerce_store_phone','1800979769',NULL,'2024-05-10 02:11:17'),(29,'ecommerce_store_address','502 New Street',NULL,'2024-05-10 02:11:17'),(30,'ecommerce_store_state','Brighton VIC',NULL,'2024-05-10 02:11:17'),(31,'ecommerce_store_city','Brighton VIC',NULL,'2024-05-10 02:11:17'),(32,'ecommerce_store_country','AU',NULL,'2024-05-10 02:11:17'),(33,'announcement_max_width','1390',NULL,'2024-05-10 02:11:17'),(34,'announcement_text_color','#010f1c',NULL,'2024-05-10 02:11:17'),(35,'announcement_background_color','transparent',NULL,'2024-05-10 02:11:17'),(36,'announcement_placement','theme',NULL,'2024-05-10 02:11:17'),(37,'announcement_text_alignment','start',NULL,'2024-05-10 02:11:17'),(38,'announcement_dismissible','0',NULL,'2024-05-10 02:11:17'),(39,'simple_slider_using_assets','0',NULL,'2024-05-10 02:11:17'),(40,'theme-shofy-beauty-site_name','Shofy',NULL,NULL),(41,'theme-shofy-beauty-site_title','Shofy - Multipurpose eCommerce Laravel Script',NULL,NULL),(42,'theme-shofy-beauty-seo_description','Shofy is a powerful tool eCommerce Laravel script for creating a professional and visually appealing online store.',NULL,NULL),(43,'theme-shofy-beauty-copyright','© %Y All Rights Reserved.',NULL,NULL),(44,'theme-shofy-beauty-tp_primary_font','Jost',NULL,NULL),(45,'theme-shofy-beauty-primary_color','#BD844C',NULL,NULL),(46,'theme-shofy-beauty-favicon','main/general/favicon.png',NULL,NULL),(47,'theme-shofy-beauty-logo','main/general/logo.png',NULL,NULL),(48,'theme-shofy-beauty-logo_light','main/general/logo-white.png',NULL,NULL),(49,'theme-shofy-beauty-header_style','3',NULL,NULL),(50,'theme-shofy-beauty-preloader_icon','main/general/preloader-icon.png',NULL,NULL),(51,'theme-shofy-beauty-address','502 New Street, Brighton VIC, Australia',NULL,NULL),(52,'theme-shofy-beauty-hotline','8 800 332 65-66',NULL,NULL),(53,'theme-shofy-beauty-email','contact@fartmart.co',NULL,NULL),(54,'theme-shofy-beauty-working_time','Mon - Fri: 07AM - 06PM',NULL,NULL),(55,'theme-shofy-beauty-homepage_id','1',NULL,NULL),(56,'theme-shofy-beauty-blog_page_id','5',NULL,NULL),(57,'theme-shofy-beauty-cookie_consent_message','Your experience on this site will be improved by allowing cookies ',NULL,NULL),(58,'theme-shofy-beauty-cookie_consent_learn_more_url','cookie-policy',NULL,NULL),(59,'theme-shofy-beauty-cookie_consent_learn_more_text','Cookie Policy',NULL,NULL),(60,'theme-shofy-beauty-number_of_products_per_page','24',NULL,NULL),(61,'theme-shofy-beauty-number_of_cross_sale_product','6',NULL,NULL),(62,'theme-shofy-beauty-ecommerce_products_page_layout','left_sidebar',NULL,NULL),(63,'theme-shofy-beauty-ecommerce_product_item_style','3',NULL,NULL),(64,'theme-shofy-beauty-logo_in_the_checkout_page','main/general/logo.png',NULL,NULL),(65,'theme-shofy-beauty-logo_in_invoices','main/general/logo.png',NULL,NULL),(66,'theme-shofy-beauty-logo_vendor_dashboard','main/general/logo.png',NULL,NULL),(67,'theme-shofy-beauty-404_page_image','main/general/404.png',NULL,NULL),(68,'theme-shofy-beauty-newsletter_popup_enable','1',NULL,NULL),(69,'theme-shofy-beauty-newsletter_popup_image','main/general/newsletter-popup.png',NULL,NULL),(70,'theme-shofy-beauty-newsletter_popup_title','Subscribe Now',NULL,NULL),(71,'theme-shofy-beauty-newsletter_popup_subtitle','Newsletter',NULL,NULL),(72,'theme-shofy-beauty-newsletter_popup_description','Subscribe to our newsletter and get 10% off your first purchase',NULL,NULL),(73,'theme-shofy-beauty-lazy_load_images','1',NULL,NULL),(74,'theme-shofy-beauty-lazy_load_placeholder_image','main/general/placeholder.png',NULL,NULL),(75,'theme-shofy-beauty-breadcrumb_background_image','main/general/breadcrumb.jpg',NULL,NULL),(76,'theme-shofy-beauty-section_title_shape_decorated','none',NULL,NULL),(77,'theme-shofy-beauty-social_links','[[{\"key\":\"name\",\"value\":\"Facebook\"},{\"key\":\"icon\",\"value\":\"ti ti-brand-facebook\"},{\"key\":\"url\",\"value\":\"https:\\/\\/www.facebook.com\"}],[{\"key\":\"name\",\"value\":\"X\"},{\"key\":\"icon\",\"value\":\"ti ti-brand-x\"},{\"key\":\"url\",\"value\":\"https:\\/\\/x.com\"}],[{\"key\":\"name\",\"value\":\"Youtube\"},{\"key\":\"icon\",\"value\":\"ti ti-brand-youtube\"},{\"key\":\"url\",\"value\":\"https:\\/\\/www.youtube.com\"}],[{\"key\":\"name\",\"value\":\"Instagram\"},{\"key\":\"icon\",\"value\":\"ti ti-brand-linkedin\"},{\"key\":\"url\",\"value\":\"https:\\/\\/www.linkedin.com\"}]]',NULL,NULL),(78,'theme-shofy-beauty-social_sharing','[[{\"key\":\"social\",\"value\":\"facebook\"},{\"key\":\"icon\",\"value\":\"ti ti-brand-facebook\"}],[{\"key\":\"social\",\"value\":\"x\"},{\"key\":\"icon\",\"value\":\"ti ti-brand-x\"}],[{\"key\":\"social\",\"value\":\"pinterest\"},{\"key\":\"icon\",\"value\":\"ti ti-brand-pinterest\"}],[{\"key\":\"social\",\"value\":\"linkedin\"},{\"key\":\"icon\",\"value\":\"ti ti-brand-linkedin\"}],[{\"key\":\"social\",\"value\":\"whatsapp\"},{\"key\":\"icon\",\"value\":\"ti ti-brand-whatsapp\"}],[{\"key\":\"social\",\"value\":\"email\"},{\"key\":\"icon\",\"value\":\"ti ti-mail\"}]]',NULL,NULL),(79,'theme-shofy-beauty-header_top_background_color','#fff',NULL,NULL),(80,'theme-shofy-beauty-header_top_text_color','#010f1c',NULL,NULL),(81,'theme-shofy-beauty-header_main_background_color','transparent',NULL,NULL),(82,'theme-shofy-beauty-header_main_text_color','#010f1c',NULL,NULL);

--
-- Table structure for table `simple_slider_items`
--

CREATE TABLE `simple_slider_items` (
  `id` bigint unsigned NOT NULL AUTO_INCREMENT,
  `simple_slider_id` bigint unsigned NOT NULL,
  `title` varchar(191) COLLATE utf8mb4_unicode_ci DEFAULT NULL,
  `image` varchar(191) COLLATE utf8mb4_unicode_ci NOT NULL,
  `link` varchar(191) COLLATE utf8mb4_unicode_ci DEFAULT NULL,
  `description` text COLLATE utf8mb4_unicode_ci,
  `order` int unsigned NOT NULL DEFAULT '0',
  `created_at` timestamp NULL DEFAULT NULL,
  `updated_at` timestamp NULL DEFAULT NULL,
  PRIMARY KEY (`id`)
) ENGINE=InnoDB AUTO_INCREMENT=4 DEFAULT CHARSET=utf8mb4 COLLATE=utf8mb4_unicode_ci;

--
-- Dumping data for table `simple_slider_items`
--

INSERT INTO `simple_slider_items` VALUES (1,1,'The Clothing Collection','beauty/sliders/slider-1.jpg','/products','New Arrivals 2023',0,'2024-05-10 02:11:13','2024-05-10 02:11:13'),(2,1,'The Summer Collection','beauty/sliders/slider-2.jpg','/products','Best Selling 2023',1,'2024-05-10 02:11:13','2024-05-10 02:11:13'),(3,1,'Amazing New designs','beauty/sliders/slider-3.jpg','/products','Winter Has Arrived',2,'2024-05-10 02:11:13','2024-05-10 02:11:13');

--
-- Table structure for table `simple_sliders`
--

CREATE TABLE `simple_sliders` (
  `id` bigint unsigned NOT NULL AUTO_INCREMENT,
  `name` varchar(120) COLLATE utf8mb4_unicode_ci NOT NULL,
  `key` varchar(120) COLLATE utf8mb4_unicode_ci NOT NULL,
  `description` varchar(400) COLLATE utf8mb4_unicode_ci DEFAULT NULL,
  `status` varchar(60) COLLATE utf8mb4_unicode_ci NOT NULL DEFAULT 'published',
  `created_at` timestamp NULL DEFAULT NULL,
  `updated_at` timestamp NULL DEFAULT NULL,
  PRIMARY KEY (`id`)
) ENGINE=InnoDB AUTO_INCREMENT=2 DEFAULT CHARSET=utf8mb4 COLLATE=utf8mb4_unicode_ci;

--
-- Dumping data for table `simple_sliders`
--

INSERT INTO `simple_sliders` VALUES (1,'Home slider','home-slider','The main slider on homepage','published','2024-05-10 02:11:13','2024-05-10 02:11:13');

--
-- Table structure for table `slugs`
--

CREATE TABLE `slugs` (
  `id` bigint unsigned NOT NULL AUTO_INCREMENT,
  `key` varchar(191) COLLATE utf8mb4_unicode_ci NOT NULL,
  `reference_id` bigint unsigned NOT NULL,
  `reference_type` varchar(191) COLLATE utf8mb4_unicode_ci NOT NULL,
  `prefix` varchar(120) COLLATE utf8mb4_unicode_ci DEFAULT '',
  `created_at` timestamp NULL DEFAULT NULL,
  `updated_at` timestamp NULL DEFAULT NULL,
  PRIMARY KEY (`id`),
  KEY `slugs_reference_id_index` (`reference_id`),
  KEY `slugs_key_index` (`key`),
  KEY `slugs_prefix_index` (`prefix`),
  KEY `slugs_reference_index` (`reference_id`,`reference_type`)
) ENGINE=InnoDB AUTO_INCREMENT=199 DEFAULT CHARSET=utf8mb4 COLLATE=utf8mb4_unicode_ci;

--
-- Dumping data for table `slugs`
--

INSERT INTO `slugs` VALUES (1,'foodpound',1,'Botble\\Ecommerce\\Models\\Brand','brands','2024-05-10 02:11:05','2024-05-10 02:11:05'),(2,'itea-jsc',2,'Botble\\Ecommerce\\Models\\Brand','brands','2024-05-10 02:11:05','2024-05-10 02:11:05'),(3,'soda-brand',3,'Botble\\Ecommerce\\Models\\Brand','brands','2024-05-10 02:11:05','2024-05-10 02:11:05'),(4,'shofy',4,'Botble\\Ecommerce\\Models\\Brand','brands','2024-05-10 02:11:05','2024-05-10 02:11:05'),(5,'soda-brand',5,'Botble\\Ecommerce\\Models\\Brand','brands','2024-05-10 02:11:05','2024-05-10 02:11:05'),(6,'electronic',1,'Botble\\Ecommerce\\Models\\ProductTag','product-tags','2024-05-10 02:11:08','2024-05-10 02:11:08'),(7,'mobile',2,'Botble\\Ecommerce\\Models\\ProductTag','product-tags','2024-05-10 02:11:08','2024-05-10 02:11:08'),(8,'iphone',3,'Botble\\Ecommerce\\Models\\ProductTag','product-tags','2024-05-10 02:11:08','2024-05-10 02:11:08'),(9,'printer',4,'Botble\\Ecommerce\\Models\\ProductTag','product-tags','2024-05-10 02:11:08','2024-05-10 02:11:08'),(10,'office',5,'Botble\\Ecommerce\\Models\\ProductTag','product-tags','2024-05-10 02:11:08','2024-05-10 02:11:08'),(11,'it',6,'Botble\\Ecommerce\\Models\\ProductTag','product-tags','2024-05-10 02:11:08','2024-05-10 02:11:08'),(12,'crisp-bread-cake',1,'Botble\\Blog\\Models\\Category','blog','2024-05-10 02:11:09','2024-05-10 02:11:09'),(13,'fashion',2,'Botble\\Blog\\Models\\Category','blog','2024-05-10 02:11:09','2024-05-10 02:11:09'),(14,'electronic',3,'Botble\\Blog\\Models\\Category','blog','2024-05-10 02:11:09','2024-05-10 02:11:09'),(15,'commercial',4,'Botble\\Blog\\Models\\Category','blog','2024-05-10 02:11:09','2024-05-10 02:11:09'),(16,'organic-fruits',5,'Botble\\Blog\\Models\\Category','blog','2024-05-10 02:11:09','2024-05-10 02:11:09'),(17,'ecological',6,'Botble\\Blog\\Models\\Category','blog','2024-05-10 02:11:09','2024-05-10 02:11:09'),(18,'general',1,'Botble\\Blog\\Models\\Tag','tag','2024-05-10 02:11:09','2024-05-10 02:11:09'),(19,'design',2,'Botble\\Blog\\Models\\Tag','tag','2024-05-10 02:11:09','2024-05-10 02:11:09'),(20,'fashion',3,'Botble\\Blog\\Models\\Tag','tag','2024-05-10 02:11:09','2024-05-10 02:11:09'),(21,'branding',4,'Botble\\Blog\\Models\\Tag','tag','2024-05-10 02:11:09','2024-05-10 02:11:09'),(22,'modern',5,'Botble\\Blog\\Models\\Tag','tag','2024-05-10 02:11:09','2024-05-10 02:11:09'),(23,'nature',6,'Botble\\Blog\\Models\\Tag','tag','2024-05-10 02:11:09','2024-05-10 02:11:09'),(24,'vintage',7,'Botble\\Blog\\Models\\Tag','tag','2024-05-10 02:11:09','2024-05-10 02:11:09'),(25,'sunglasses',8,'Botble\\Blog\\Models\\Tag','tag','2024-05-10 02:11:09','2024-05-10 02:11:09'),(26,'4-expert-tips-on-how-to-choose-the-right-mens-wallet',1,'Botble\\Blog\\Models\\Post','blog','2024-05-10 02:11:09','2024-05-10 02:11:09'),(27,'sexy-clutches-how-to-buy-wear-a-designer-clutch-bag',2,'Botble\\Blog\\Models\\Post','blog','2024-05-10 02:11:09','2024-05-10 02:11:09'),(28,'the-top-2020-handbag-trends-to-know',3,'Botble\\Blog\\Models\\Post','blog','2024-05-10 02:11:10','2024-05-10 02:11:10'),(29,'how-to-match-the-color-of-your-handbag-with-an-outfit',4,'Botble\\Blog\\Models\\Post','blog','2024-05-10 02:11:10','2024-05-10 02:11:10'),(30,'how-to-care-for-leather-bags',5,'Botble\\Blog\\Models\\Post','blog','2024-05-10 02:11:10','2024-05-10 02:11:10'),(31,'were-crushing-hard-on-summers-10-biggest-bag-trends',6,'Botble\\Blog\\Models\\Post','blog','2024-05-10 02:11:10','2024-05-10 02:11:10'),(32,'essential-qualities-of-highly-successful-music',7,'Botble\\Blog\\Models\\Post','blog','2024-05-10 02:11:10','2024-05-10 02:11:10'),(33,'9-things-i-love-about-shaving-my-head',8,'Botble\\Blog\\Models\\Post','blog','2024-05-10 02:11:10','2024-05-10 02:11:10'),(34,'why-teamwork-really-makes-the-dream-work',9,'Botble\\Blog\\Models\\Post','blog','2024-05-10 02:11:10','2024-05-10 02:11:10'),(35,'the-world-caters-to-average-people',10,'Botble\\Blog\\Models\\Post','blog','2024-05-10 02:11:10','2024-05-10 02:11:10'),(36,'the-litigants-on-the-screen-are-not-actors',11,'Botble\\Blog\\Models\\Post','blog','2024-05-10 02:11:10','2024-05-10 02:11:10'),(37,'hiring-the-right-sales-team-at-the-right-time',12,'Botble\\Blog\\Models\\Post','blog','2024-05-10 02:11:10','2024-05-10 02:11:10'),(38,'fully-embrace-the-return-of-90s-fashion',13,'Botble\\Blog\\Models\\Post','blog','2024-05-10 02:11:10','2024-05-10 02:11:10'),(39,'exploring-the-english-countryside',14,'Botble\\Blog\\Models\\Post','blog','2024-05-10 02:11:10','2024-05-10 02:11:10'),(40,'heres-the-first-valentinos-new-makeup-collection',15,'Botble\\Blog\\Models\\Post','blog','2024-05-10 02:11:10','2024-05-10 02:11:10'),(41,'follow-your-own-design-process-whatever-gets',16,'Botble\\Blog\\Models\\Post','blog','2024-05-10 02:11:10','2024-05-10 02:11:10'),(42,'freelancer-days-2024-whats-new',17,'Botble\\Blog\\Models\\Post','blog','2024-05-10 02:11:10','2024-05-10 02:11:10'),(43,'quality-foods-requirments-for-every-human-bodys',18,'Botble\\Blog\\Models\\Post','blog','2024-05-10 02:11:10','2024-05-10 02:11:10'),(44,'gopro',1,'Botble\\Marketplace\\Models\\Store','stores','2024-05-10 02:11:13','2024-05-10 02:11:13'),(45,'global-office',2,'Botble\\Marketplace\\Models\\Store','stores','2024-05-10 02:11:13','2024-05-10 02:11:13'),(46,'young-shop',3,'Botble\\Marketplace\\Models\\Store','stores','2024-05-10 02:11:13','2024-05-10 02:11:13'),(47,'global-store',4,'Botble\\Marketplace\\Models\\Store','stores','2024-05-10 02:11:13','2024-05-10 02:11:13'),(48,'roberts-store',5,'Botble\\Marketplace\\Models\\Store','stores','2024-05-10 02:11:13','2024-05-10 02:11:13'),(49,'stouffer',6,'Botble\\Marketplace\\Models\\Store','stores','2024-05-10 02:11:13','2024-05-10 02:11:13'),(50,'starkist',7,'Botble\\Marketplace\\Models\\Store','stores','2024-05-10 02:11:13','2024-05-10 02:11:13'),(51,'old-el-paso',8,'Botble\\Marketplace\\Models\\Store','stores','2024-05-10 02:11:13','2024-05-10 02:11:13'),(52,'discover-skincare',1,'Botble\\Ecommerce\\Models\\ProductCategory','product-categories','2024-05-10 02:11:14','2024-05-10 02:11:14'),(53,'clothing',2,'Botble\\Ecommerce\\Models\\ProductCategory','product-categories','2024-05-10 02:11:14','2024-05-10 02:11:14'),(54,'mens-clothing',3,'Botble\\Ecommerce\\Models\\ProductCategory','product-categories','2024-05-10 02:11:14','2024-05-10 02:11:14'),(55,'t-shirts',4,'Botble\\Ecommerce\\Models\\ProductCategory','product-categories','2024-05-10 02:11:14','2024-05-10 02:11:14'),(56,'jeans',5,'Botble\\Ecommerce\\Models\\ProductCategory','product-categories','2024-05-10 02:11:14','2024-05-10 02:11:14'),(57,'suits',6,'Botble\\Ecommerce\\Models\\ProductCategory','product-categories','2024-05-10 02:11:14','2024-05-10 02:11:14'),(58,'womens-clothing',7,'Botble\\Ecommerce\\Models\\ProductCategory','product-categories','2024-05-10 02:11:14','2024-05-10 02:11:14'),(59,'dresses',8,'Botble\\Ecommerce\\Models\\ProductCategory','product-categories','2024-05-10 02:11:14','2024-05-10 02:11:14'),(60,'blouses',9,'Botble\\Ecommerce\\Models\\ProductCategory','product-categories','2024-05-10 02:11:14','2024-05-10 02:11:14'),(61,'pants',10,'Botble\\Ecommerce\\Models\\ProductCategory','product-categories','2024-05-10 02:11:14','2024-05-10 02:11:14'),(62,'accessories',11,'Botble\\Ecommerce\\Models\\ProductCategory','product-categories','2024-05-10 02:11:14','2024-05-10 02:11:14'),(63,'hats',12,'Botble\\Ecommerce\\Models\\ProductCategory','product-categories','2024-05-10 02:11:14','2024-05-10 02:11:14'),(64,'scarves',13,'Botble\\Ecommerce\\Models\\ProductCategory','product-categories','2024-05-10 02:11:14','2024-05-10 02:11:14'),(65,'jewelry',14,'Botble\\Ecommerce\\Models\\ProductCategory','product-categories','2024-05-10 02:11:14','2024-05-10 02:11:14'),(66,'shoes',15,'Botble\\Ecommerce\\Models\\ProductCategory','product-categories','2024-05-10 02:11:14','2024-05-10 02:11:14'),(67,'sportswear',16,'Botble\\Ecommerce\\Models\\ProductCategory','product-categories','2024-05-10 02:11:14','2024-05-10 02:11:14'),(68,'running-shoes',17,'Botble\\Ecommerce\\Models\\ProductCategory','product-categories','2024-05-10 02:11:14','2024-05-10 02:11:14'),(69,'activewear',18,'Botble\\Ecommerce\\Models\\ProductCategory','product-categories','2024-05-10 02:11:14','2024-05-10 02:11:14'),(70,'vintage-denim-jacket',1,'Botble\\Ecommerce\\Models\\Product','products','2024-05-10 02:11:14','2024-05-10 02:11:14'),(71,'floral-maxi-dress',2,'Botble\\Ecommerce\\Models\\Product','products','2024-05-10 02:11:14','2024-05-10 02:11:14'),(72,'leather-ankle-boots',3,'Botble\\Ecommerce\\Models\\Product','products','2024-05-10 02:11:14','2024-05-10 02:11:14'),(73,'knit-turtleneck-sweater-digital',4,'Botble\\Ecommerce\\Models\\Product','products','2024-05-10 02:11:14','2024-05-10 02:11:18'),(74,'classic-aviator-sunglasses',5,'Botble\\Ecommerce\\Models\\Product','products','2024-05-10 02:11:14','2024-05-10 02:11:14'),(75,'tailored-wool-blazer',6,'Botble\\Ecommerce\\Models\\Product','products','2024-05-10 02:11:14','2024-05-10 02:11:14'),(76,'bohemian-fringe-handbag',7,'Botble\\Ecommerce\\Models\\Product','products','2024-05-10 02:11:14','2024-05-10 02:11:14'),(77,'silk-scarf-with-geometric-print-digital',8,'Botble\\Ecommerce\\Models\\Product','products','2024-05-10 02:11:14','2024-05-10 02:11:18'),(78,'high-waisted-wide-leg-trousers',9,'Botble\\Ecommerce\\Models\\Product','products','2024-05-10 02:11:14','2024-05-10 02:11:14'),(79,'embroidered-boho-blouse',10,'Botble\\Ecommerce\\Models\\Product','products','2024-05-10 02:11:14','2024-05-10 02:11:14'),(80,'statement-chunky-necklace',11,'Botble\\Ecommerce\\Models\\Product','products','2024-05-10 02:11:14','2024-05-10 02:11:14'),(81,'chic-fedora-hat-digital',12,'Botble\\Ecommerce\\Models\\Product','products','2024-05-10 02:11:14','2024-05-10 02:11:18'),(82,'strappy-block-heel-sandals',13,'Botble\\Ecommerce\\Models\\Product','products','2024-05-10 02:11:14','2024-05-10 02:11:14'),(83,'velvet-evening-gown',14,'Botble\\Ecommerce\\Models\\Product','products','2024-05-10 02:11:15','2024-05-10 02:11:15'),(84,'quilted-crossbody-bag',15,'Botble\\Ecommerce\\Models\\Product','products','2024-05-10 02:11:15','2024-05-10 02:11:15'),(85,'distressed-skinny-jeans-digital',16,'Botble\\Ecommerce\\Models\\Product','products','2024-05-10 02:11:15','2024-05-10 02:11:18'),(86,'lace-up-combat-boots',17,'Botble\\Ecommerce\\Models\\Product','products','2024-05-10 02:11:15','2024-05-10 02:11:15'),(87,'cotton-striped-t-shirt-dress',18,'Botble\\Ecommerce\\Models\\Product','products','2024-05-10 02:11:15','2024-05-10 02:11:15'),(88,'printed-palazzo-pants',19,'Botble\\Ecommerce\\Models\\Product','products','2024-05-10 02:11:15','2024-05-10 02:11:15'),(89,'structured-satchel-bag-digital',20,'Botble\\Ecommerce\\Models\\Product','products','2024-05-10 02:11:15','2024-05-10 02:11:18'),(90,'off-shoulder-ruffle-top',21,'Botble\\Ecommerce\\Models\\Product','products','2024-05-10 02:11:15','2024-05-10 02:11:15'),(91,'suede-pointed-toe-pumps',22,'Botble\\Ecommerce\\Models\\Product','products','2024-05-10 02:11:15','2024-05-10 02:11:15'),(92,'cropped-cable-knit-sweater',23,'Botble\\Ecommerce\\Models\\Product','products','2024-05-10 02:11:15','2024-05-10 02:11:15'),(93,'athleisure-jogger-pants-digital',24,'Botble\\Ecommerce\\Models\\Product','products','2024-05-10 02:11:15','2024-05-10 02:11:18'),(94,'leopard-print-midi-skirt',25,'Botble\\Ecommerce\\Models\\Product','products','2024-05-10 02:11:15','2024-05-10 02:11:15'),(95,'retro-cat-eye-sunglasses',26,'Botble\\Ecommerce\\Models\\Product','products','2024-05-10 02:11:15','2024-05-10 02:11:15'),(96,'faux-fur-trimmed-coat',27,'Botble\\Ecommerce\\Models\\Product','products','2024-05-10 02:11:15','2024-05-10 02:11:15'),(97,'boho-fringed-kimono-digital',28,'Botble\\Ecommerce\\Models\\Product','products','2024-05-10 02:11:15','2024-05-10 02:11:18'),(98,'ruffled-wrap-dress',29,'Botble\\Ecommerce\\Models\\Product','products','2024-05-10 02:11:15','2024-05-10 02:11:15'),(99,'beaded-evening-clutch',30,'Botble\\Ecommerce\\Models\\Product','products','2024-05-10 02:11:15','2024-05-10 02:11:15'),(100,'wide-brim-floppy-hat',31,'Botble\\Ecommerce\\Models\\Product','products','2024-05-10 02:11:15','2024-05-10 02:11:15'),(101,'denim-overall-jumpsuit-digital',32,'Botble\\Ecommerce\\Models\\Product','products','2024-05-10 02:11:15','2024-05-10 02:11:18'),(102,'embellished-ballet-flats',33,'Botble\\Ecommerce\\Models\\Product','products','2024-05-10 02:11:15','2024-05-10 02:11:15'),(103,'pleated-midi-skirt',34,'Botble\\Ecommerce\\Models\\Product','products','2024-05-10 02:11:15','2024-05-10 02:11:15'),(104,'velour-tracksuit-set',35,'Botble\\Ecommerce\\Models\\Product','products','2024-05-10 02:11:15','2024-05-10 02:11:15'),(105,'geometric-patterned-cardigan-digital',36,'Botble\\Ecommerce\\Models\\Product','products','2024-05-10 02:11:15','2024-05-10 02:11:18'),(106,'buckle-detail-ankle-booties',37,'Botble\\Ecommerce\\Models\\Product','products','2024-05-10 02:11:15','2024-05-10 02:11:15'),(107,'embroidered-bomber-jacket',38,'Botble\\Ecommerce\\Models\\Product','products','2024-05-10 02:11:15','2024-05-10 02:11:15'),(108,'cowl-neck-knit-poncho',39,'Botble\\Ecommerce\\Models\\Product','products','2024-05-10 02:11:15','2024-05-10 02:11:15'),(109,'chunky-knit-infinity-scarf-digital',40,'Botble\\Ecommerce\\Models\\Product','products','2024-05-10 02:11:15','2024-05-10 02:11:18'),(110,'retro-high-top-sneakers',41,'Botble\\Ecommerce\\Models\\Product','products','2024-05-10 02:11:15','2024-05-10 02:11:15'),(111,'faux-leather-leggings',42,'Botble\\Ecommerce\\Models\\Product','products','2024-05-10 02:11:15','2024-05-10 02:11:15'),(112,'metallic-pleated-maxi-skirt',43,'Botble\\Ecommerce\\Models\\Product','products','2024-05-10 02:11:15','2024-05-10 02:11:15'),(113,'radiant-reflections',1,'Botble\\Gallery\\Models\\Gallery','galleries','2024-05-10 02:11:16','2024-05-10 02:11:16'),(114,'glamour-grove',2,'Botble\\Gallery\\Models\\Gallery','galleries','2024-05-10 02:11:16','2024-05-10 02:11:16'),(115,'serene-styles-showcase',3,'Botble\\Gallery\\Models\\Gallery','galleries','2024-05-10 02:11:16','2024-05-10 02:11:16'),(116,'allure-alcove',4,'Botble\\Gallery\\Models\\Gallery','galleries','2024-05-10 02:11:16','2024-05-10 02:11:16'),(117,'glamour-galleria',5,'Botble\\Gallery\\Models\\Gallery','galleries','2024-05-10 02:11:16','2024-05-10 02:11:16'),(118,'beauty-boulevard',6,'Botble\\Gallery\\Models\\Gallery','galleries','2024-05-10 02:11:16','2024-05-10 02:11:16'),(119,'home',1,'Botble\\Page\\Models\\Page','','2024-05-10 02:11:16','2024-05-10 02:11:16'),(120,'product-categories',2,'Botble\\Page\\Models\\Page','','2024-05-10 02:11:16','2024-05-10 02:11:16'),(121,'coupons',3,'Botble\\Page\\Models\\Page','','2024-05-10 02:11:16','2024-05-10 02:11:16'),(122,'coupons',4,'Botble\\Page\\Models\\Page','','2024-05-10 02:11:16','2024-05-10 02:11:16'),(123,'blog',5,'Botble\\Page\\Models\\Page','','2024-05-10 02:11:16','2024-05-10 02:11:16'),(124,'contact',6,'Botble\\Page\\Models\\Page','','2024-05-10 02:11:16','2024-05-10 02:11:16'),(125,'faqs',7,'Botble\\Page\\Models\\Page','','2024-05-10 02:11:17','2024-05-10 02:11:17'),(126,'cookie-policy',8,'Botble\\Page\\Models\\Page','','2024-05-10 02:11:17','2024-05-10 02:11:17'),(127,'our-story',9,'Botble\\Page\\Models\\Page','','2024-05-10 02:11:17','2024-05-10 02:11:17'),(128,'careers',10,'Botble\\Page\\Models\\Page','','2024-05-10 02:11:17','2024-05-10 02:11:17'),(129,'shipping',11,'Botble\\Page\\Models\\Page','','2024-05-10 02:11:17','2024-05-10 02:11:17'),(130,'leather-ankle-boots',44,'Botble\\Ecommerce\\Models\\Product','products','2024-05-10 02:11:18','2024-05-10 02:11:18'),(131,'classic-aviator-sunglasses',45,'Botble\\Ecommerce\\Models\\Product','products','2024-05-10 02:11:18','2024-05-10 02:11:18'),(132,'classic-aviator-sunglasses',46,'Botble\\Ecommerce\\Models\\Product','products','2024-05-10 02:11:18','2024-05-10 02:11:18'),(133,'classic-aviator-sunglasses',47,'Botble\\Ecommerce\\Models\\Product','products','2024-05-10 02:11:18','2024-05-10 02:11:18'),(134,'classic-aviator-sunglasses',48,'Botble\\Ecommerce\\Models\\Product','products','2024-05-10 02:11:18','2024-05-10 02:11:18'),(135,'tailored-wool-blazer',49,'Botble\\Ecommerce\\Models\\Product','products','2024-05-10 02:11:18','2024-05-10 02:11:18'),(136,'tailored-wool-blazer',50,'Botble\\Ecommerce\\Models\\Product','products','2024-05-10 02:11:18','2024-05-10 02:11:18'),(137,'tailored-wool-blazer',51,'Botble\\Ecommerce\\Models\\Product','products','2024-05-10 02:11:18','2024-05-10 02:11:18'),(138,'bohemian-fringe-handbag',52,'Botble\\Ecommerce\\Models\\Product','products','2024-05-10 02:11:18','2024-05-10 02:11:18'),(139,'embroidered-boho-blouse',53,'Botble\\Ecommerce\\Models\\Product','products','2024-05-10 02:11:18','2024-05-10 02:11:18'),(140,'embroidered-boho-blouse',54,'Botble\\Ecommerce\\Models\\Product','products','2024-05-10 02:11:18','2024-05-10 02:11:18'),(141,'embroidered-boho-blouse',55,'Botble\\Ecommerce\\Models\\Product','products','2024-05-10 02:11:18','2024-05-10 02:11:18'),(142,'statement-chunky-necklace',56,'Botble\\Ecommerce\\Models\\Product','products','2024-05-10 02:11:18','2024-05-10 02:11:18'),(143,'chic-fedora-hat-digital',57,'Botble\\Ecommerce\\Models\\Product','products','2024-05-10 02:11:18','2024-05-10 02:11:18'),(144,'chic-fedora-hat-digital',58,'Botble\\Ecommerce\\Models\\Product','products','2024-05-10 02:11:18','2024-05-10 02:11:18'),(145,'strappy-block-heel-sandals',59,'Botble\\Ecommerce\\Models\\Product','products','2024-05-10 02:11:18','2024-05-10 02:11:18'),(146,'strappy-block-heel-sandals',60,'Botble\\Ecommerce\\Models\\Product','products','2024-05-10 02:11:18','2024-05-10 02:11:18'),(147,'quilted-crossbody-bag',61,'Botble\\Ecommerce\\Models\\Product','products','2024-05-10 02:11:18','2024-05-10 02:11:18'),(148,'quilted-crossbody-bag',62,'Botble\\Ecommerce\\Models\\Product','products','2024-05-10 02:11:18','2024-05-10 02:11:18'),(149,'quilted-crossbody-bag',63,'Botble\\Ecommerce\\Models\\Product','products','2024-05-10 02:11:18','2024-05-10 02:11:18'),(150,'quilted-crossbody-bag',64,'Botble\\Ecommerce\\Models\\Product','products','2024-05-10 02:11:18','2024-05-10 02:11:18'),(151,'cotton-striped-t-shirt-dress',65,'Botble\\Ecommerce\\Models\\Product','products','2024-05-10 02:11:18','2024-05-10 02:11:18'),(152,'cotton-striped-t-shirt-dress',66,'Botble\\Ecommerce\\Models\\Product','products','2024-05-10 02:11:18','2024-05-10 02:11:18'),(153,'off-shoulder-ruffle-top',67,'Botble\\Ecommerce\\Models\\Product','products','2024-05-10 02:11:18','2024-05-10 02:11:18'),(154,'off-shoulder-ruffle-top',68,'Botble\\Ecommerce\\Models\\Product','products','2024-05-10 02:11:18','2024-05-10 02:11:18'),(155,'off-shoulder-ruffle-top',69,'Botble\\Ecommerce\\Models\\Product','products','2024-05-10 02:11:18','2024-05-10 02:11:18'),(156,'suede-pointed-toe-pumps',70,'Botble\\Ecommerce\\Models\\Product','products','2024-05-10 02:11:18','2024-05-10 02:11:18'),(157,'suede-pointed-toe-pumps',71,'Botble\\Ecommerce\\Models\\Product','products','2024-05-10 02:11:18','2024-05-10 02:11:18'),(158,'suede-pointed-toe-pumps',72,'Botble\\Ecommerce\\Models\\Product','products','2024-05-10 02:11:18','2024-05-10 02:11:18'),(159,'suede-pointed-toe-pumps',73,'Botble\\Ecommerce\\Models\\Product','products','2024-05-10 02:11:18','2024-05-10 02:11:18'),(160,'suede-pointed-toe-pumps',74,'Botble\\Ecommerce\\Models\\Product','products','2024-05-10 02:11:18','2024-05-10 02:11:18'),(161,'cropped-cable-knit-sweater',75,'Botble\\Ecommerce\\Models\\Product','products','2024-05-10 02:11:18','2024-05-10 02:11:18'),(162,'cropped-cable-knit-sweater',76,'Botble\\Ecommerce\\Models\\Product','products','2024-05-10 02:11:18','2024-05-10 02:11:18'),(163,'boho-fringed-kimono-digital',77,'Botble\\Ecommerce\\Models\\Product','products','2024-05-10 02:11:18','2024-05-10 02:11:18'),(164,'boho-fringed-kimono-digital',78,'Botble\\Ecommerce\\Models\\Product','products','2024-05-10 02:11:18','2024-05-10 02:11:18'),(165,'boho-fringed-kimono-digital',79,'Botble\\Ecommerce\\Models\\Product','products','2024-05-10 02:11:18','2024-05-10 02:11:18'),(166,'ruffled-wrap-dress',80,'Botble\\Ecommerce\\Models\\Product','products','2024-05-10 02:11:18','2024-05-10 02:11:18'),(167,'ruffled-wrap-dress',81,'Botble\\Ecommerce\\Models\\Product','products','2024-05-10 02:11:18','2024-05-10 02:11:18'),(168,'beaded-evening-clutch',82,'Botble\\Ecommerce\\Models\\Product','products','2024-05-10 02:11:18','2024-05-10 02:11:18'),(169,'beaded-evening-clutch',83,'Botble\\Ecommerce\\Models\\Product','products','2024-05-10 02:11:19','2024-05-10 02:11:19'),(170,'wide-brim-floppy-hat',84,'Botble\\Ecommerce\\Models\\Product','products','2024-05-10 02:11:19','2024-05-10 02:11:19'),(171,'wide-brim-floppy-hat',85,'Botble\\Ecommerce\\Models\\Product','products','2024-05-10 02:11:19','2024-05-10 02:11:19'),(172,'denim-overall-jumpsuit-digital',86,'Botble\\Ecommerce\\Models\\Product','products','2024-05-10 02:11:19','2024-05-10 02:11:19'),(173,'denim-overall-jumpsuit-digital',87,'Botble\\Ecommerce\\Models\\Product','products','2024-05-10 02:11:19','2024-05-10 02:11:19'),(174,'denim-overall-jumpsuit-digital',88,'Botble\\Ecommerce\\Models\\Product','products','2024-05-10 02:11:19','2024-05-10 02:11:19'),(175,'pleated-midi-skirt',89,'Botble\\Ecommerce\\Models\\Product','products','2024-05-10 02:11:19','2024-05-10 02:11:19'),(176,'pleated-midi-skirt',90,'Botble\\Ecommerce\\Models\\Product','products','2024-05-10 02:11:19','2024-05-10 02:11:19'),(177,'velour-tracksuit-set',91,'Botble\\Ecommerce\\Models\\Product','products','2024-05-10 02:11:19','2024-05-10 02:11:19'),(178,'velour-tracksuit-set',92,'Botble\\Ecommerce\\Models\\Product','products','2024-05-10 02:11:19','2024-05-10 02:11:19'),(179,'velour-tracksuit-set',93,'Botble\\Ecommerce\\Models\\Product','products','2024-05-10 02:11:19','2024-05-10 02:11:19'),(180,'buckle-detail-ankle-booties',94,'Botble\\Ecommerce\\Models\\Product','products','2024-05-10 02:11:19','2024-05-10 02:11:19'),(181,'buckle-detail-ankle-booties',95,'Botble\\Ecommerce\\Models\\Product','products','2024-05-10 02:11:19','2024-05-10 02:11:19'),(182,'buckle-detail-ankle-booties',96,'Botble\\Ecommerce\\Models\\Product','products','2024-05-10 02:11:19','2024-05-10 02:11:19'),(183,'embroidered-bomber-jacket',97,'Botble\\Ecommerce\\Models\\Product','products','2024-05-10 02:11:19','2024-05-10 02:11:19'),(184,'embroidered-bomber-jacket',98,'Botble\\Ecommerce\\Models\\Product','products','2024-05-10 02:11:19','2024-05-10 02:11:19'),(185,'embroidered-bomber-jacket',99,'Botble\\Ecommerce\\Models\\Product','products','2024-05-10 02:11:19','2024-05-10 02:11:19'),(186,'chunky-knit-infinity-scarf-digital',100,'Botble\\Ecommerce\\Models\\Product','products','2024-05-10 02:11:19','2024-05-10 02:11:19'),(187,'chunky-knit-infinity-scarf-digital',101,'Botble\\Ecommerce\\Models\\Product','products','2024-05-10 02:11:19','2024-05-10 02:11:19'),(188,'chunky-knit-infinity-scarf-digital',102,'Botble\\Ecommerce\\Models\\Product','products','2024-05-10 02:11:19','2024-05-10 02:11:19'),(189,'retro-high-top-sneakers',103,'Botble\\Ecommerce\\Models\\Product','products','2024-05-10 02:11:19','2024-05-10 02:11:19'),(190,'retro-high-top-sneakers',104,'Botble\\Ecommerce\\Models\\Product','products','2024-05-10 02:11:19','2024-05-10 02:11:19'),(191,'retro-high-top-sneakers',105,'Botble\\Ecommerce\\Models\\Product','products','2024-05-10 02:11:19','2024-05-10 02:11:19'),(192,'retro-high-top-sneakers',106,'Botble\\Ecommerce\\Models\\Product','products','2024-05-10 02:11:19','2024-05-10 02:11:19'),(193,'retro-high-top-sneakers',107,'Botble\\Ecommerce\\Models\\Product','products','2024-05-10 02:11:19','2024-05-10 02:11:19'),(194,'metallic-pleated-maxi-skirt',108,'Botble\\Ecommerce\\Models\\Product','products','2024-05-10 02:11:19','2024-05-10 02:11:19'),(195,'metallic-pleated-maxi-skirt',109,'Botble\\Ecommerce\\Models\\Product','products','2024-05-10 02:11:19','2024-05-10 02:11:19'),(196,'metallic-pleated-maxi-skirt',110,'Botble\\Ecommerce\\Models\\Product','products','2024-05-10 02:11:19','2024-05-10 02:11:19'),(197,'metallic-pleated-maxi-skirt',111,'Botble\\Ecommerce\\Models\\Product','products','2024-05-10 02:11:19','2024-05-10 02:11:19'),(198,'metallic-pleated-maxi-skirt',112,'Botble\\Ecommerce\\Models\\Product','products','2024-05-10 02:11:19','2024-05-10 02:11:19');

--
-- Table structure for table `slugs_translations`
--

CREATE TABLE `slugs_translations` (
  `lang_code` varchar(20) COLLATE utf8mb4_unicode_ci NOT NULL,
  `slugs_id` bigint unsigned NOT NULL,
  `key` varchar(191) COLLATE utf8mb4_unicode_ci DEFAULT NULL,
  `prefix` varchar(120) COLLATE utf8mb4_unicode_ci DEFAULT '',
  PRIMARY KEY (`lang_code`,`slugs_id`)
) ENGINE=InnoDB DEFAULT CHARSET=utf8mb4 COLLATE=utf8mb4_unicode_ci;

--
-- Dumping data for table `slugs_translations`
--


--
-- Table structure for table `states`
--

CREATE TABLE `states` (
  `id` bigint unsigned NOT NULL AUTO_INCREMENT,
  `name` varchar(120) COLLATE utf8mb4_unicode_ci NOT NULL,
  `slug` varchar(120) COLLATE utf8mb4_unicode_ci DEFAULT NULL,
  `abbreviation` varchar(10) COLLATE utf8mb4_unicode_ci DEFAULT NULL,
  `country_id` bigint unsigned DEFAULT NULL,
  `order` tinyint NOT NULL DEFAULT '0',
  `image` varchar(191) COLLATE utf8mb4_unicode_ci DEFAULT NULL,
  `is_default` tinyint unsigned NOT NULL DEFAULT '0',
  `status` varchar(60) COLLATE utf8mb4_unicode_ci NOT NULL DEFAULT 'published',
  `created_at` timestamp NULL DEFAULT NULL,
  `updated_at` timestamp NULL DEFAULT NULL,
  PRIMARY KEY (`id`),
  UNIQUE KEY `states_slug_unique` (`slug`)
) ENGINE=InnoDB DEFAULT CHARSET=utf8mb4 COLLATE=utf8mb4_unicode_ci;

--
-- Dumping data for table `states`
--


--
-- Table structure for table `states_translations`
--

CREATE TABLE `states_translations` (
  `lang_code` varchar(20) COLLATE utf8mb4_unicode_ci NOT NULL,
  `states_id` bigint unsigned NOT NULL,
  `name` varchar(120) COLLATE utf8mb4_unicode_ci DEFAULT NULL,
  `slug` varchar(120) COLLATE utf8mb4_unicode_ci DEFAULT NULL,
  `abbreviation` varchar(10) COLLATE utf8mb4_unicode_ci DEFAULT NULL,
  PRIMARY KEY (`lang_code`,`states_id`)
) ENGINE=InnoDB DEFAULT CHARSET=utf8mb4 COLLATE=utf8mb4_unicode_ci;

--
-- Dumping data for table `states_translations`
--


--
-- Table structure for table `tags`
--

CREATE TABLE `tags` (
  `id` bigint unsigned NOT NULL AUTO_INCREMENT,
  `name` varchar(120) COLLATE utf8mb4_unicode_ci NOT NULL,
  `author_id` bigint unsigned DEFAULT NULL,
  `author_type` varchar(191) COLLATE utf8mb4_unicode_ci NOT NULL DEFAULT 'Botble\\ACL\\Models\\User',
  `description` varchar(400) COLLATE utf8mb4_unicode_ci DEFAULT NULL,
  `status` varchar(60) COLLATE utf8mb4_unicode_ci NOT NULL DEFAULT 'published',
  `created_at` timestamp NULL DEFAULT NULL,
  `updated_at` timestamp NULL DEFAULT NULL,
  PRIMARY KEY (`id`)
) ENGINE=InnoDB AUTO_INCREMENT=9 DEFAULT CHARSET=utf8mb4 COLLATE=utf8mb4_unicode_ci;

--
-- Dumping data for table `tags`
--

INSERT INTO `tags` VALUES (1,'General',NULL,'Botble\\ACL\\Models\\User',NULL,'published','2024-05-10 02:11:09','2024-05-10 02:11:09'),(2,'Design',NULL,'Botble\\ACL\\Models\\User',NULL,'published','2024-05-10 02:11:09','2024-05-10 02:11:09'),(3,'Fashion',NULL,'Botble\\ACL\\Models\\User',NULL,'published','2024-05-10 02:11:09','2024-05-10 02:11:09'),(4,'Branding',NULL,'Botble\\ACL\\Models\\User',NULL,'published','2024-05-10 02:11:09','2024-05-10 02:11:09'),(5,'Modern',NULL,'Botble\\ACL\\Models\\User',NULL,'published','2024-05-10 02:11:09','2024-05-10 02:11:09'),(6,'Nature',NULL,'Botble\\ACL\\Models\\User',NULL,'published','2024-05-10 02:11:09','2024-05-10 02:11:09'),(7,'Vintage',NULL,'Botble\\ACL\\Models\\User',NULL,'published','2024-05-10 02:11:09','2024-05-10 02:11:09'),(8,'Sunglasses',NULL,'Botble\\ACL\\Models\\User',NULL,'published','2024-05-10 02:11:09','2024-05-10 02:11:09');

--
-- Table structure for table `tags_translations`
--

CREATE TABLE `tags_translations` (
  `lang_code` varchar(20) COLLATE utf8mb4_unicode_ci NOT NULL,
  `tags_id` bigint unsigned NOT NULL,
  `name` varchar(191) COLLATE utf8mb4_unicode_ci DEFAULT NULL,
  `description` varchar(400) COLLATE utf8mb4_unicode_ci DEFAULT NULL,
  PRIMARY KEY (`lang_code`,`tags_id`)
) ENGINE=InnoDB DEFAULT CHARSET=utf8mb4 COLLATE=utf8mb4_unicode_ci;

--
-- Dumping data for table `tags_translations`
--


--
-- Table structure for table `testimonials`
--

CREATE TABLE `testimonials` (
  `id` bigint unsigned NOT NULL AUTO_INCREMENT,
  `name` varchar(120) COLLATE utf8mb4_unicode_ci NOT NULL,
  `content` text COLLATE utf8mb4_unicode_ci NOT NULL,
  `image` varchar(191) COLLATE utf8mb4_unicode_ci DEFAULT NULL,
  `company` varchar(120) COLLATE utf8mb4_unicode_ci DEFAULT NULL,
  `status` varchar(60) COLLATE utf8mb4_unicode_ci NOT NULL DEFAULT 'published',
  `created_at` timestamp NULL DEFAULT NULL,
  `updated_at` timestamp NULL DEFAULT NULL,
  PRIMARY KEY (`id`)
) ENGINE=InnoDB AUTO_INCREMENT=5 DEFAULT CHARSET=utf8mb4 COLLATE=utf8mb4_unicode_ci;

--
-- Dumping data for table `testimonials`
--

INSERT INTO `testimonials` VALUES (1,'James Dopli','Thanks for all your efforts and teamwork over the last several months!  Thank you so much','main/users/9.jpg','Developer','published','2024-05-10 02:11:13','2024-05-10 02:11:13'),(2,'Theodore Handle','How you use the city or town name is up to you. All results may be freely used in any work.','main/users/5.jpg','CO Founder','published','2024-05-10 02:11:13','2024-05-10 02:11:13'),(3,'Shahnewaz Sakil','Very happy with our choice to take our daughter to Brave care. The entire team was great! Thank you!','main/users/1.jpg','UI/UX Designer','published','2024-05-10 02:11:13','2024-05-10 02:11:13'),(4,'Albert Flores','Wedding day savior! 5 stars. Their bridal collection is a game-changer. Made me feel like a star.','main/users/4.jpg','Bank of America','published','2024-05-10 02:11:13','2024-05-10 02:11:13');

--
-- Table structure for table `testimonials_translations`
--

CREATE TABLE `testimonials_translations` (
  `lang_code` varchar(20) COLLATE utf8mb4_unicode_ci NOT NULL,
  `testimonials_id` bigint unsigned NOT NULL,
  `name` varchar(191) COLLATE utf8mb4_unicode_ci DEFAULT NULL,
  `content` text COLLATE utf8mb4_unicode_ci,
  `company` varchar(120) COLLATE utf8mb4_unicode_ci DEFAULT NULL,
  PRIMARY KEY (`lang_code`,`testimonials_id`)
) ENGINE=InnoDB DEFAULT CHARSET=utf8mb4 COLLATE=utf8mb4_unicode_ci;

--
-- Dumping data for table `testimonials_translations`
--


--
-- Table structure for table `user_meta`
--

CREATE TABLE `user_meta` (
  `id` bigint unsigned NOT NULL AUTO_INCREMENT,
  `key` varchar(120) COLLATE utf8mb4_unicode_ci DEFAULT NULL,
  `value` text COLLATE utf8mb4_unicode_ci,
  `user_id` bigint unsigned NOT NULL,
  `created_at` timestamp NULL DEFAULT NULL,
  `updated_at` timestamp NULL DEFAULT NULL,
  PRIMARY KEY (`id`),
  KEY `user_meta_user_id_index` (`user_id`)
) ENGINE=InnoDB DEFAULT CHARSET=utf8mb4 COLLATE=utf8mb4_unicode_ci;

--
-- Dumping data for table `user_meta`
--


--
-- Table structure for table `users`
--

CREATE TABLE `users` (
  `id` bigint unsigned NOT NULL AUTO_INCREMENT,
  `email` varchar(191) COLLATE utf8mb4_unicode_ci NOT NULL,
  `email_verified_at` timestamp NULL DEFAULT NULL,
  `password` varchar(120) COLLATE utf8mb4_unicode_ci DEFAULT NULL,
  `remember_token` varchar(100) COLLATE utf8mb4_unicode_ci DEFAULT NULL,
  `created_at` timestamp NULL DEFAULT NULL,
  `updated_at` timestamp NULL DEFAULT NULL,
  `first_name` varchar(120) COLLATE utf8mb4_unicode_ci DEFAULT NULL,
  `last_name` varchar(120) COLLATE utf8mb4_unicode_ci DEFAULT NULL,
  `username` varchar(60) COLLATE utf8mb4_unicode_ci DEFAULT NULL,
  `avatar_id` bigint unsigned DEFAULT NULL,
  `super_user` tinyint(1) NOT NULL DEFAULT '0',
  `manage_supers` tinyint(1) NOT NULL DEFAULT '0',
  `permissions` text COLLATE utf8mb4_unicode_ci,
  `last_login` timestamp NULL DEFAULT NULL,
  PRIMARY KEY (`id`),
  UNIQUE KEY `users_email_unique` (`email`),
  UNIQUE KEY `users_username_unique` (`username`)
) ENGINE=InnoDB AUTO_INCREMENT=2 DEFAULT CHARSET=utf8mb4 COLLATE=utf8mb4_unicode_ci;

--
-- Dumping data for table `users`
--

INSERT INTO `users` VALUES (1,'champlin.cordia@thiel.com',NULL,'$2y$12$o.4JmJwoSLEauImiy36Gb.NMJqFVlx/mrqU3ZX2vtHU0/qd12Hrhq',NULL,'2024-05-10 02:11:04','2024-05-10 02:11:04','Jeromy','Hill','admin',NULL,1,1,NULL,NULL);

--
-- Table structure for table `widgets`
--

CREATE TABLE `widgets` (
  `id` bigint unsigned NOT NULL AUTO_INCREMENT,
  `widget_id` varchar(120) COLLATE utf8mb4_unicode_ci NOT NULL,
  `sidebar_id` varchar(120) COLLATE utf8mb4_unicode_ci NOT NULL,
  `theme` varchar(120) COLLATE utf8mb4_unicode_ci NOT NULL,
  `position` tinyint unsigned NOT NULL DEFAULT '0',
  `data` text COLLATE utf8mb4_unicode_ci,
  `created_at` timestamp NULL DEFAULT NULL,
  `updated_at` timestamp NULL DEFAULT NULL,
  PRIMARY KEY (`id`)
) ENGINE=InnoDB AUTO_INCREMENT=20 DEFAULT CHARSET=utf8mb4 COLLATE=utf8mb4_unicode_ci;

--
-- Dumping data for table `widgets`
--

INSERT INTO `widgets` VALUES (1,'SiteInfoWidget','footer_primary_sidebar','shofy-beauty',1,'{\"id\":\"SiteInfoWidget\",\"logo\":\"main\\/general\\/logo.png\",\"logo_height\":50,\"about\":\"Shofy is a powerful tool eCommerce Laravel script for creating a professional and visually appealing online store.\",\"show_social_links\":true}','2024-05-10 02:11:17','2024-05-10 02:11:17'),(2,'CustomMenuWidget','footer_primary_sidebar','shofy-beauty',2,'{\"id\":\"CustomMenuWidget\",\"name\":\"My Account\",\"menu_id\":\"my-account\"}','2024-05-10 02:11:17','2024-05-10 02:11:17'),(3,'CustomMenuWidget','footer_primary_sidebar','shofy-beauty',3,'{\"id\":\"CustomMenuWidget\",\"name\":\"Information\",\"menu_id\":\"information\"}','2024-05-10 02:11:17','2024-05-10 02:11:17'),(4,'SiteContactWidget','footer_primary_sidebar','shofy-beauty',4,'{\"id\":\"SiteContactWidget\",\"name\":\"Talk To Us\",\"phone_label\":\"Got Questions? Call us\",\"phone\":\"+670 413 90 762\",\"email\":\"support@shofy.com\",\"address\":\"79 Sleepy Hollow St. Jamaica, New York 1432\"}','2024-05-10 02:11:17','2024-05-10 02:11:17'),(5,'ProductCategoriesWidget','footer_primary_sidebar','shofy-beauty',5,'{\"id\":\"ProductCategoriesWidget\",\"name\":\"Health & Beauty\",\"categories\":[5,6,7,8,10,11,12]}','2024-05-10 02:11:17','2024-05-10 02:11:17'),(6,'ProductCategoriesWidget','footer_primary_sidebar','shofy-beauty',7,'{\"id\":\"ProductCategoriesWidget\",\"name\":\"Electronics\",\"style\":\"simple-text\",\"categories\":[3,4,15,18,19,20]}','2024-05-10 02:11:17','2024-05-10 02:11:17'),(7,'ProductCategoriesWidget','footer_primary_sidebar','shofy-beauty',8,'{\"id\":\"ProductCategoriesWidget\",\"name\":\"Sweet Treats\",\"categories\":[11,12,13,14,15,16,17]}','2024-05-10 02:11:17','2024-05-10 02:11:17'),(8,'ProductCategoriesWidget','footer_primary_sidebar','shofy-beauty',9,'{\"id\":\"ProductCategoriesWidget\",\"name\":\"Fashion\",\"categories\":[1,2,3,4,5,6,7,8]}','2024-05-10 02:11:17','2024-05-10 02:11:17'),(9,'NewsletterWidget','footer_top_sidebar','shofy-beauty',1,'{\"id\":\"NewsletterWidget\",\"title\":\"Subscribe our Newsletter\",\"subtitle\":\"Sale 20% off all store\"}','2024-05-10 02:11:17','2024-05-10 02:11:17'),(10,'SiteCopyrightWidget','footer_bottom_sidebar','shofy-beauty',1,'{\"id\":\"SiteCopyrightWidget\",\"content\":\"\\u00a9 %y% All rights Reserved.\"}','2024-05-10 02:11:17','2024-05-10 02:11:17'),(11,'SiteAcceptedPaymentsWidget','footer_bottom_sidebar','shofy-beauty',2,'{\"id\":\"SiteAcceptedPaymentsWidget\",\"name\":\"Accepted Payments\",\"image\":\"main\\/general\\/footer-pay.png\",\"url\":\"#\"}','2024-05-10 02:11:17','2024-05-10 02:11:17'),(12,'BlogSearchWidget','blog_sidebar','shofy-beauty',1,'{\"id\":\"BlogSearchWidget\"}','2024-05-10 02:11:17','2024-05-10 02:11:17'),(13,'BlogAboutMeWidget','blog_sidebar','shofy-beauty',2,'{\"id\":\"BlogAboutMeWidget\",\"name\":\"About Me\",\"author_url\":\"\\/blog\",\"author_avatar\":\"main\\/users\\/5.jpg\",\"author_name\":\"Ravi O\'Leigh\",\"author_role\":\"Photographer & Blogger\",\"author_description\":\"Lorem ligula eget dolor. Aenean massa. Cum sociis que penatibus magnis dis parturient\",\"author_signature\":\"main\\/general\\/signature.png\"}','2024-05-10 02:11:17','2024-05-10 02:11:17'),(14,'BlogPostsWidget','blog_sidebar','shofy-beauty',3,'{\"id\":\"BlogPostsWidget\",\"name\":\"Latest Posts\",\"limit\":3}','2024-05-10 02:11:17','2024-05-10 02:11:17'),(15,'BlogCategoriesWidget','blog_sidebar','shofy-beauty',4,'{\"id\":\"BlogCategoriesWidget\",\"name\":\"Categories\",\"number_display\":6}','2024-05-10 02:11:17','2024-05-10 02:11:17'),(16,'BlogTagsWidget','blog_sidebar','shofy-beauty',5,'{\"id\":\"BlogTagsWidget\",\"name\":\"Popular Tags\",\"number_display\":6}','2024-05-10 02:11:17','2024-05-10 02:11:17'),(17,'ProductDetailInfoWidget','product_details_sidebar','shofy-beauty',1,'{\"id\":\"ProductDetailInfoWidget\",\"messages\":[[{\"key\":\"message\",\"value\":\"30 days easy returns\"}],[{\"key\":\"message\",\"value\":\"Order yours before 2.30pm for same day dispatch\"}]],\"description\":\"Guaranteed safe & secure checkout\",\"image\":\"main\\/general\\/footer-pay.png\"}','2024-05-10 02:11:17','2024-05-10 02:11:17'),(18,'EcommerceBrands','products_listing_top_sidebar','shofy-beauty',1,'{\"id\":\"EcommerceBrands\",\"brand_ids\":[1,2,3,4,5]}','2024-05-10 02:11:17','2024-05-10 02:11:17'),(19,'ProductCategoriesWidget','products_listing_top_sidebar','shofy-beauty',2,'{\"id\":\"ProductCategoriesWidget\",\"categories\":[1,2,7,11,15,17],\"style\":\"grid\",\"display_children\":true}','2024-05-10 02:11:17','2024-05-10 02:11:17');


