--
-- Host: 127.0.0.1    Database: shofy
-- ------------------------------------------------------


--
-- Table structure for table `activations`
--

CREATE TABLE `activations` (
  `id` bigint unsigned NOT NULL AUTO_INCREMENT,
  `user_id` bigint unsigned NOT NULL,
  `code` varchar(120) COLLATE utf8mb4_unicode_ci NOT NULL,
  `completed` tinyint(1) NOT NULL DEFAULT '0',
  `completed_at` timestamp NULL DEFAULT NULL,
  `created_at` timestamp NULL DEFAULT NULL,
  `updated_at` timestamp NULL DEFAULT NULL,
  PRIMARY KEY (`id`),
  KEY `activations_user_id_index` (`user_id`)
) ENGINE=InnoDB AUTO_INCREMENT=2 DEFAULT CHARSET=utf8mb4 COLLATE=utf8mb4_unicode_ci;

--
-- Dumping data for table `activations`
--

INSERT INTO `activations` VALUES (1,1,'lt41TRFFRtJqP5DOaWLw02YpGwbdbAws',1,'2024-05-10 02:10:43','2024-05-10 02:10:43','2024-05-10 02:10:43');

--
-- Table structure for table `admin_notifications`
--

CREATE TABLE `admin_notifications` (
  `id` bigint unsigned NOT NULL AUTO_INCREMENT,
  `title` varchar(191) COLLATE utf8mb4_unicode_ci NOT NULL,
  `action_label` varchar(191) COLLATE utf8mb4_unicode_ci DEFAULT NULL,
  `action_url` varchar(191) COLLATE utf8mb4_unicode_ci DEFAULT NULL,
  `description` varchar(400) COLLATE utf8mb4_unicode_ci DEFAULT NULL,
  `read_at` timestamp NULL DEFAULT NULL,
  `created_at` timestamp NULL DEFAULT NULL,
  `updated_at` timestamp NULL DEFAULT NULL,
  `permission` varchar(191) COLLATE utf8mb4_unicode_ci DEFAULT NULL,
  PRIMARY KEY (`id`)
) ENGINE=InnoDB DEFAULT CHARSET=utf8mb4 COLLATE=utf8mb4_unicode_ci;

--
-- Dumping data for table `admin_notifications`
--


--
-- Table structure for table `ads_translations`
--

CREATE TABLE `ads_translations` (
  `lang_code` varchar(191) COLLATE utf8mb4_unicode_ci NOT NULL,
  `ads_id` bigint unsigned NOT NULL,
  `name` varchar(191) COLLATE utf8mb4_unicode_ci DEFAULT NULL,
  `image` varchar(191) COLLATE utf8mb4_unicode_ci DEFAULT NULL,
  `url` varchar(191) COLLATE utf8mb4_unicode_ci DEFAULT NULL,
  PRIMARY KEY (`lang_code`,`ads_id`)
) ENGINE=InnoDB DEFAULT CHARSET=utf8mb4 COLLATE=utf8mb4_unicode_ci;

--
-- Dumping data for table `ads_translations`
--


--
-- Table structure for table `announcements`
--

CREATE TABLE `announcements` (
  `id` bigint unsigned NOT NULL AUTO_INCREMENT,
  `name` varchar(191) COLLATE utf8mb4_unicode_ci NOT NULL,
  `content` text COLLATE utf8mb4_unicode_ci NOT NULL,
  `has_action` tinyint(1) NOT NULL DEFAULT '0',
  `action_label` varchar(60) COLLATE utf8mb4_unicode_ci DEFAULT NULL,
  `action_url` varchar(400) COLLATE utf8mb4_unicode_ci DEFAULT NULL,
  `action_open_new_tab` tinyint(1) NOT NULL DEFAULT '0',
  `dismissible` tinyint(1) NOT NULL DEFAULT '0',
  `start_date` datetime DEFAULT NULL,
  `end_date` datetime DEFAULT NULL,
  `is_active` tinyint(1) NOT NULL DEFAULT '1',
  `created_at` timestamp NULL DEFAULT NULL,
  `updated_at` timestamp NULL DEFAULT NULL,
  PRIMARY KEY (`id`)
) ENGINE=InnoDB AUTO_INCREMENT=4 DEFAULT CHARSET=utf8mb4 COLLATE=utf8mb4_unicode_ci;

--
-- Dumping data for table `announcements`
--

INSERT INTO `announcements` VALUES (1,'Announcement 1','Enjoy free shipping on all orders over $99! Shop now and save on delivery costs.',0,NULL,NULL,0,1,'2024-05-10 09:10:52',NULL,1,'2024-05-10 02:10:52','2024-05-10 02:10:52'),(2,'Announcement 2','Need assistance? Our customer support is available 24/7 to help you with any questions or concerns.',0,NULL,NULL,0,1,'2024-05-10 09:10:52',NULL,1,'2024-05-10 02:10:52','2024-05-10 02:10:52'),(3,'Announcement 3','Shop with confidence! We offer a hassle-free 30 days return service for your peace of mind.',0,NULL,NULL,0,1,'2024-05-10 09:10:52',NULL,1,'2024-05-10 02:10:52','2024-05-10 02:10:52');

--
-- Table structure for table `announcements_translations`
--

CREATE TABLE `announcements_translations` (
  `lang_code` varchar(191) COLLATE utf8mb4_unicode_ci NOT NULL,
  `announcements_id` bigint unsigned NOT NULL,
  `content` text COLLATE utf8mb4_unicode_ci,
  PRIMARY KEY (`lang_code`,`announcements_id`)
) ENGINE=InnoDB DEFAULT CHARSET=utf8mb4 COLLATE=utf8mb4_unicode_ci;

--
-- Dumping data for table `announcements_translations`
--


--
-- Table structure for table `audit_histories`
--

CREATE TABLE `audit_histories` (
  `id` bigint unsigned NOT NULL AUTO_INCREMENT,
  `user_id` bigint unsigned NOT NULL,
  `module` varchar(60) COLLATE utf8mb4_unicode_ci NOT NULL,
  `request` longtext COLLATE utf8mb4_unicode_ci,
  `action` varchar(120) COLLATE utf8mb4_unicode_ci NOT NULL,
  `user_agent` text COLLATE utf8mb4_unicode_ci,
  `ip_address` varchar(45) COLLATE utf8mb4_unicode_ci DEFAULT NULL,
  `reference_user` bigint unsigned NOT NULL,
  `reference_id` bigint unsigned NOT NULL,
  `reference_name` varchar(191) COLLATE utf8mb4_unicode_ci NOT NULL,
  `type` varchar(20) COLLATE utf8mb4_unicode_ci NOT NULL,
  `created_at` timestamp NULL DEFAULT NULL,
  `updated_at` timestamp NULL DEFAULT NULL,
  PRIMARY KEY (`id`),
  KEY `audit_histories_user_id_index` (`user_id`),
  KEY `audit_histories_module_index` (`module`)
) ENGINE=InnoDB DEFAULT CHARSET=utf8mb4 COLLATE=utf8mb4_unicode_ci;

--
-- Dumping data for table `audit_histories`
--


--
-- Table structure for table `categories`
--

CREATE TABLE `categories` (
  `id` bigint unsigned NOT NULL AUTO_INCREMENT,
  `name` varchar(120) COLLATE utf8mb4_unicode_ci NOT NULL,
  `parent_id` bigint unsigned NOT NULL DEFAULT '0',
  `description` varchar(400) COLLATE utf8mb4_unicode_ci DEFAULT NULL,
  `status` varchar(60) COLLATE utf8mb4_unicode_ci NOT NULL DEFAULT 'published',
  `author_id` bigint unsigned DEFAULT NULL,
  `author_type` varchar(191) COLLATE utf8mb4_unicode_ci NOT NULL DEFAULT 'Botble\\ACL\\Models\\User',
  `icon` varchar(60) COLLATE utf8mb4_unicode_ci DEFAULT NULL,
  `order` tinyint NOT NULL DEFAULT '0',
  `is_featured` tinyint NOT NULL DEFAULT '0',
  `is_default` tinyint unsigned NOT NULL DEFAULT '0',
  `created_at` timestamp NULL DEFAULT NULL,
  `updated_at` timestamp NULL DEFAULT NULL,
  PRIMARY KEY (`id`),
  KEY `categories_parent_id_index` (`parent_id`),
  KEY `categories_status_index` (`status`),
  KEY `categories_created_at_index` (`created_at`)
) ENGINE=InnoDB AUTO_INCREMENT=7 DEFAULT CHARSET=utf8mb4 COLLATE=utf8mb4_unicode_ci;

--
-- Dumping data for table `categories`
--

INSERT INTO `categories` VALUES (1,'Crisp Bread &amp; Cake',0,'Incidunt eos quisquam non reiciendis enim aut qui. Esse porro ab hic et sequi ut ratione corporis.','published',1,'Botble\\ACL\\Models\\User',NULL,0,0,0,'2024-05-10 02:10:48','2024-05-10 02:10:48'),(2,'Fashion',0,'Nulla corporis minima non consequatur inventore. Aliquid veniam aut vel optio. Adipisci voluptate beatae quam consequatur.','published',1,'Botble\\ACL\\Models\\User',NULL,0,1,0,'2024-05-10 02:10:48','2024-05-10 02:10:48'),(3,'Electronic',0,'Id fugiat non omnis non. Earum veritatis placeat aut fugiat cum consequatur eligendi. Modi itaque nobis enim repudiandae voluptatem numquam.','published',1,'Botble\\ACL\\Models\\User',NULL,0,1,0,'2024-05-10 02:10:48','2024-05-10 02:10:48'),(4,'Commercial',0,'Aliquid reprehenderit quod ipsam voluptatem. Numquam quam fuga sed fugit non. Iusto maiores est molestiae placeat.','published',1,'Botble\\ACL\\Models\\User',NULL,0,1,0,'2024-05-10 02:10:48','2024-05-10 02:10:48'),(5,'Organic Fruits',0,'Magni fugit qui vel et rerum aperiam est culpa. Magnam sed consectetur dicta doloribus. Ut tenetur ea ut error cum. Sunt et dolorem cumque earum maiores sapiente beatae.','published',1,'Botble\\ACL\\Models\\User',NULL,0,1,0,'2024-05-10 02:10:48','2024-05-10 02:10:48'),(6,'Ecological',0,'Rerum sed placeat eos error. Nesciunt dolorum esse tempore quia quam alias qui. Sed sunt ea et qui. Quibusdam eligendi repellat nobis eaque enim ratione.','published',1,'Botble\\ACL\\Models\\User',NULL,0,1,0,'2024-05-10 02:10:48','2024-05-10 02:10:48');

--
-- Table structure for table `categories_translations`
--

CREATE TABLE `categories_translations` (
  `lang_code` varchar(20) COLLATE utf8mb4_unicode_ci NOT NULL,
  `categories_id` bigint unsigned NOT NULL,
  `name` varchar(191) COLLATE utf8mb4_unicode_ci DEFAULT NULL,
  `description` varchar(400) COLLATE utf8mb4_unicode_ci DEFAULT NULL,
  PRIMARY KEY (`lang_code`,`categories_id`)
) ENGINE=InnoDB DEFAULT CHARSET=utf8mb4 COLLATE=utf8mb4_unicode_ci;

--
-- Dumping data for table `categories_translations`
--


--
-- Table structure for table `cities`
--

CREATE TABLE `cities` (
  `id` bigint unsigned NOT NULL AUTO_INCREMENT,
  `name` varchar(120) COLLATE utf8mb4_unicode_ci NOT NULL,
  `slug` varchar(120) COLLATE utf8mb4_unicode_ci DEFAULT NULL,
  `state_id` bigint unsigned DEFAULT NULL,
  `country_id` bigint unsigned DEFAULT NULL,
  `record_id` varchar(40) COLLATE utf8mb4_unicode_ci DEFAULT NULL,
  `order` tinyint NOT NULL DEFAULT '0',
  `image` varchar(191) COLLATE utf8mb4_unicode_ci DEFAULT NULL,
  `is_default` tinyint unsigned NOT NULL DEFAULT '0',
  `status` varchar(60) COLLATE utf8mb4_unicode_ci NOT NULL DEFAULT 'published',
  `created_at` timestamp NULL DEFAULT NULL,
  `updated_at` timestamp NULL DEFAULT NULL,
  PRIMARY KEY (`id`),
  UNIQUE KEY `cities_slug_unique` (`slug`)
) ENGINE=InnoDB DEFAULT CHARSET=utf8mb4 COLLATE=utf8mb4_unicode_ci;

--
-- Dumping data for table `cities`
--


--
-- Table structure for table `cities_translations`
--

CREATE TABLE `cities_translations` (
  `lang_code` varchar(20) COLLATE utf8mb4_unicode_ci NOT NULL,
  `cities_id` bigint unsigned NOT NULL,
  `name` varchar(120) COLLATE utf8mb4_unicode_ci DEFAULT NULL,
  `slug` varchar(120) COLLATE utf8mb4_unicode_ci DEFAULT NULL,
  PRIMARY KEY (`lang_code`,`cities_id`)
) ENGINE=InnoDB DEFAULT CHARSET=utf8mb4 COLLATE=utf8mb4_unicode_ci;

--
-- Dumping data for table `cities_translations`
--


--
-- Table structure for table `contact_custom_field_options`
--

CREATE TABLE `contact_custom_field_options` (
  `id` bigint unsigned NOT NULL AUTO_INCREMENT,
  `custom_field_id` bigint unsigned NOT NULL,
  `label` varchar(191) COLLATE utf8mb4_unicode_ci DEFAULT NULL,
  `value` varchar(191) COLLATE utf8mb4_unicode_ci NOT NULL,
  `order` int NOT NULL DEFAULT '999',
  `created_at` timestamp NULL DEFAULT NULL,
  `updated_at` timestamp NULL DEFAULT NULL,
  PRIMARY KEY (`id`)
) ENGINE=InnoDB DEFAULT CHARSET=utf8mb4 COLLATE=utf8mb4_unicode_ci;

--
-- Dumping data for table `contact_custom_field_options`
--


--
-- Table structure for table `contact_custom_field_options_translations`
--

CREATE TABLE `contact_custom_field_options_translations` (
  `contact_custom_field_options_id` bigint unsigned NOT NULL,
  `lang_code` varchar(191) COLLATE utf8mb4_unicode_ci NOT NULL,
  `label` varchar(191) COLLATE utf8mb4_unicode_ci DEFAULT NULL,
  `value` varchar(191) COLLATE utf8mb4_unicode_ci DEFAULT NULL,
  PRIMARY KEY (`lang_code`,`contact_custom_field_options_id`)
) ENGINE=InnoDB DEFAULT CHARSET=utf8mb4 COLLATE=utf8mb4_unicode_ci;

--
-- Dumping data for table `contact_custom_field_options_translations`
--


--
-- Table structure for table `contact_custom_fields`
--

CREATE TABLE `contact_custom_fields` (
  `id` bigint unsigned NOT NULL AUTO_INCREMENT,
  `type` varchar(191) COLLATE utf8mb4_unicode_ci NOT NULL,
  `required` tinyint(1) NOT NULL DEFAULT '0',
  `name` varchar(191) COLLATE utf8mb4_unicode_ci NOT NULL,
  `placeholder` varchar(191) COLLATE utf8mb4_unicode_ci DEFAULT NULL,
  `order` int NOT NULL DEFAULT '999',
  `status` varchar(191) COLLATE utf8mb4_unicode_ci NOT NULL DEFAULT 'published',
  `created_at` timestamp NULL DEFAULT NULL,
  `updated_at` timestamp NULL DEFAULT NULL,
  PRIMARY KEY (`id`)
) ENGINE=InnoDB DEFAULT CHARSET=utf8mb4 COLLATE=utf8mb4_unicode_ci;

--
-- Dumping data for table `contact_custom_fields`
--


--
-- Table structure for table `contact_custom_fields_translations`
--

CREATE TABLE `contact_custom_fields_translations` (
  `contact_custom_fields_id` bigint unsigned NOT NULL,
  `lang_code` varchar(191) COLLATE utf8mb4_unicode_ci NOT NULL,
  `name` varchar(191) COLLATE utf8mb4_unicode_ci DEFAULT NULL,
  `placeholder` varchar(191) COLLATE utf8mb4_unicode_ci DEFAULT NULL,
  PRIMARY KEY (`lang_code`,`contact_custom_fields_id`)
) ENGINE=InnoDB DEFAULT CHARSET=utf8mb4 COLLATE=utf8mb4_unicode_ci;

--
-- Dumping data for table `contact_custom_fields_translations`
--


--
-- Table structure for table `contact_replies`
--

CREATE TABLE `contact_replies` (
  `id` bigint unsigned NOT NULL AUTO_INCREMENT,
  `message` longtext COLLATE utf8mb4_unicode_ci NOT NULL,
  `contact_id` bigint unsigned NOT NULL,
  `created_at` timestamp NULL DEFAULT NULL,
  `updated_at` timestamp NULL DEFAULT NULL,
  PRIMARY KEY (`id`)
) ENGINE=InnoDB DEFAULT CHARSET=utf8mb4 COLLATE=utf8mb4_unicode_ci;

--
-- Dumping data for table `contact_replies`
--


--
-- Table structure for table `contacts`
--

CREATE TABLE `contacts` (
  `id` bigint unsigned NOT NULL AUTO_INCREMENT,
  `name` varchar(60) COLLATE utf8mb4_unicode_ci NOT NULL,
  `email` varchar(60) COLLATE utf8mb4_unicode_ci DEFAULT NULL,
  `phone` varchar(60) COLLATE utf8mb4_unicode_ci DEFAULT NULL,
  `address` varchar(120) COLLATE utf8mb4_unicode_ci DEFAULT NULL,
  `subject` varchar(120) COLLATE utf8mb4_unicode_ci DEFAULT NULL,
  `content` longtext COLLATE utf8mb4_unicode_ci NOT NULL,
  `custom_fields` text COLLATE utf8mb4_unicode_ci,
  `status` varchar(60) COLLATE utf8mb4_unicode_ci NOT NULL DEFAULT 'unread',
  `created_at` timestamp NULL DEFAULT NULL,
  `updated_at` timestamp NULL DEFAULT NULL,
  PRIMARY KEY (`id`)
) ENGINE=InnoDB AUTO_INCREMENT=11 DEFAULT CHARSET=utf8mb4 COLLATE=utf8mb4_unicode_ci;

--
-- Dumping data for table `contacts`
--

INSERT INTO `contacts` VALUES (1,'Randal Hahn','ereichert@example.net','848.246.8597','768 Kiehn Circle\nPort Tracy, TX 41141-6991','Tenetur quo sit dolor ea illum mollitia voluptas.','Praesentium qui commodi ea et. Itaque qui et nulla quod illum nobis deserunt. Cumque eius nihil quia. Nemo ex delectus voluptatem ea amet minima tempora explicabo. Nisi facere praesentium aut id sit excepturi. Et accusamus consequatur suscipit et assumenda sunt ex dolorem. Ab fugit debitis optio est rerum. Id quis qui et laudantium neque libero. Maxime esse quod illum sit omnis. Nulla maxime ullam laborum ducimus consequatur unde nihil. Harum eum autem consequatur totam.',NULL,'read','2024-05-10 02:10:47','2024-05-10 02:10:47'),(2,'Jacklyn Fahey Sr.','christiansen.orlo@example.org','+1-530-972-0904','2911 Kutch Square Apt. 630\nNorth Tom, NM 08529','Officiis suscipit et est modi molestiae.','Velit eligendi non odio qui. Voluptatem natus et tempore quisquam. Occaecati esse delectus est reprehenderit autem qui inventore. Minima occaecati ut sequi consequatur. Aut suscipit consequatur ad cum eius. Error est sit dolor. Dolores repellat animi cum. Dignissimos impedit sed quia sunt quaerat id. Omnis consequatur saepe aliquam est inventore animi et. Doloremque similique quos omnis voluptate. Id nisi facilis non cumque repellendus assumenda repellat.',NULL,'unread','2024-05-10 02:10:47','2024-05-10 02:10:47'),(3,'Amparo Casper','kuhlman.monte@example.com','828.627.8520','766 Ondricka Streets Apt. 237\nDibbertland, ID 26225-4726','In est qui dolor.','Voluptas quia ut ullam rerum. Rerum reprehenderit architecto consequatur inventore maxime cum tempora. Nihil odio saepe praesentium. Illum sint architecto reprehenderit cumque dolor libero rem. Repellat sint cumque nobis vero. Rerum molestias a numquam consequatur. Quae consectetur cupiditate voluptatum vel. Odio alias ea quasi quia nemo. Minima maxime iusto ut quia aperiam necessitatibus eligendi. Vitae in velit ratione. Aut veniam sequi itaque esse sunt unde velit illum.',NULL,'unread','2024-05-10 02:10:47','2024-05-10 02:10:47'),(4,'Mrs. Bella Swift','aric08@example.org','248.322.2300','43478 Grady Mill\nPort Enidton, NC 37364','Magni accusamus voluptatem quo consequatur.','Aut vel impedit eos alias vel. Hic omnis quia quia illo velit blanditiis. Sed eos quia ut voluptatibus fuga ut sequi. Aut saepe quia consequatur. Ab facere quod laudantium quo recusandae consequatur. Cum natus amet velit neque est voluptas dolor quam. Autem et qui et et enim consectetur. Similique id est odio cupiditate ut at tempora.',NULL,'unread','2024-05-10 02:10:47','2024-05-10 02:10:47'),(5,'Aubree Greenfelder','tyler.barrows@example.net','704.439.5604','76387 Jada Fort Suite 724\nLynchside, SC 63396-3355','Quos veniam qui in tempora et ullam totam.','Temporibus qui eos accusantium sapiente est excepturi. Facilis repudiandae magnam assumenda eius aut eaque tempora. Voluptas officia incidunt fuga odit eligendi voluptatem perferendis error. Minus eum cumque at sunt commodi ex est debitis. In quis et tempora. Inventore molestiae qui et velit et totam impedit. Et ut aliquam maxime dolore voluptates dolores est. Voluptates facilis hic qui nobis inventore magni.',NULL,'read','2024-05-10 02:10:47','2024-05-10 02:10:47'),(6,'Hayley Hartmann','cristina.gleichner@example.org','361.909.3641','5550 Dax Villages\nKameronton, AK 48055-7969','Occaecati nihil nemo quam veritatis rerum fugit.','Neque vitae et qui velit. Eum ut qui eveniet dolore. Nostrum numquam asperiores et doloribus eius unde. Magni debitis perferendis dolorem. Nihil animi sint temporibus quasi. Quas sed vitae ut. Molestiae amet ipsam voluptate excepturi provident fugit nihil. Nihil eum cupiditate maiores temporibus est in et. Dolores repellendus qui possimus officia. Illo cum reprehenderit corrupti sit voluptatem. Provident debitis incidunt omnis. Ea error est dicta non aut.',NULL,'unread','2024-05-10 02:10:47','2024-05-10 02:10:47'),(7,'Angie Wilkinson','jake28@example.org','+1.323.824.7031','3142 Van Neck\nLake Emeraldshire, AL 57897-0895','Aut quam mollitia a a.','Et saepe amet officia libero cum incidunt maiores. Molestiae qui omnis dolore enim deleniti et voluptatem. Unde aut et ut et ut quibusdam odio deserunt. Autem nostrum numquam tempore quos ducimus. Nobis fugiat aut odio voluptatem et repellendus voluptas. Repellat ea totam quis asperiores. Ducimus voluptate incidunt facere occaecati harum totam. Quas porro quod et itaque illum eos. Ad non et et quis ducimus est aperiam autem.',NULL,'unread','2024-05-10 02:10:47','2024-05-10 02:10:47'),(8,'Billy Wiza','delmer.carter@example.net','1-281-722-6613','26418 Veum Alley Suite 201\nLuluhaven, MI 13268','Nisi quia qui et.','Est aliquid quaerat dolores sunt omnis sed quod. Officiis qui repudiandae qui eum facere labore quia. Sed corrupti vel nihil facere culpa molestiae. Voluptate voluptates eum temporibus. Consequatur molestias aliquid maxime corporis sunt sapiente molestiae. Quia dolores quis deserunt. Numquam saepe similique nostrum et. Similique molestiae officia amet officia tempore animi. Magnam in illo aut tempora dolores et. Et est quasi optio vitae aut.',NULL,'unread','2024-05-10 02:10:47','2024-05-10 02:10:47'),(9,'Dr. Aletha Gorczany III','alice22@example.com','364.662.2133','9867 Kertzmann Prairie\nSouth Marjolaine, ND 97498-7148','Molestias cupiditate quo et in saepe est.','Ea illo aut minima. Corporis tempore sint cumque minima optio corrupti sit. Nesciunt nisi eos itaque praesentium veniam quaerat rerum velit. Consequatur est est quis quis sit. Eveniet recusandae officiis blanditiis sed qui porro maiores. Minima laborum placeat explicabo repellendus. Amet quo explicabo est tempore qui. Recusandae non commodi natus enim rerum adipisci dicta. Dolores molestiae hic fugiat rerum laboriosam odit.',NULL,'read','2024-05-10 02:10:47','2024-05-10 02:10:47'),(10,'Lavinia Quigley V','reginald.swift@example.net','+1-818-861-0048','99326 Terence Corners Apt. 102\nAnitamouth, MS 46030','Repellendus ut illo quia.','Voluptatibus ut harum voluptate laborum voluptatem. Quae unde sed nobis. Odit sapiente rerum ipsa. Commodi rerum a ut quia. Nesciunt voluptatem adipisci ea ut repellendus dolor praesentium. Mollitia molestiae hic provident ut omnis. Et cum officiis qui autem pariatur aspernatur quasi eum. Nostrum necessitatibus inventore impedit tenetur ut veritatis at. Qui reprehenderit ut et ut ut. Sunt dicta rerum delectus sed reiciendis itaque qui.',NULL,'unread','2024-05-10 02:10:47','2024-05-10 02:10:47');

--
-- Table structure for table `countries`
--

CREATE TABLE `countries` (
  `id` bigint unsigned NOT NULL AUTO_INCREMENT,
  `name` varchar(120) COLLATE utf8mb4_unicode_ci NOT NULL,
  `nationality` varchar(120) COLLATE utf8mb4_unicode_ci DEFAULT NULL,
  `order` tinyint NOT NULL DEFAULT '0',
  `is_default` tinyint unsigned NOT NULL DEFAULT '0',
  `status` varchar(60) COLLATE utf8mb4_unicode_ci NOT NULL DEFAULT 'published',
  `created_at` timestamp NULL DEFAULT NULL,
  `updated_at` timestamp NULL DEFAULT NULL,
  `code` varchar(10) COLLATE utf8mb4_unicode_ci DEFAULT NULL,
  PRIMARY KEY (`id`)
) ENGINE=InnoDB DEFAULT CHARSET=utf8mb4 COLLATE=utf8mb4_unicode_ci;

--
-- Dumping data for table `countries`
--


--
-- Table structure for table `countries_translations`
--

CREATE TABLE `countries_translations` (
  `lang_code` varchar(20) COLLATE utf8mb4_unicode_ci NOT NULL,
  `countries_id` bigint unsigned NOT NULL,
  `name` varchar(120) COLLATE utf8mb4_unicode_ci DEFAULT NULL,
  `nationality` varchar(120) COLLATE utf8mb4_unicode_ci DEFAULT NULL,
  PRIMARY KEY (`lang_code`,`countries_id`)
) ENGINE=InnoDB DEFAULT CHARSET=utf8mb4 COLLATE=utf8mb4_unicode_ci;

--
-- Dumping data for table `countries_translations`
--


--
-- Table structure for table `dashboard_widget_settings`
--

CREATE TABLE `dashboard_widget_settings` (
  `id` bigint unsigned NOT NULL AUTO_INCREMENT,
  `settings` text COLLATE utf8mb4_unicode_ci,
  `user_id` bigint unsigned NOT NULL,
  `widget_id` bigint unsigned NOT NULL,
  `order` tinyint unsigned NOT NULL DEFAULT '0',
  `status` tinyint unsigned NOT NULL DEFAULT '1',
  `created_at` timestamp NULL DEFAULT NULL,
  `updated_at` timestamp NULL DEFAULT NULL,
  PRIMARY KEY (`id`),
  KEY `dashboard_widget_settings_user_id_index` (`user_id`),
  KEY `dashboard_widget_settings_widget_id_index` (`widget_id`)
) ENGINE=InnoDB DEFAULT CHARSET=utf8mb4 COLLATE=utf8mb4_unicode_ci;

--
-- Dumping data for table `dashboard_widget_settings`
--


--
-- Table structure for table `dashboard_widgets`
--

CREATE TABLE `dashboard_widgets` (
  `id` bigint unsigned NOT NULL AUTO_INCREMENT,
  `name` varchar(120) COLLATE utf8mb4_unicode_ci NOT NULL,
  `created_at` timestamp NULL DEFAULT NULL,
  `updated_at` timestamp NULL DEFAULT NULL,
  PRIMARY KEY (`id`)
) ENGINE=InnoDB DEFAULT CHARSET=utf8mb4 COLLATE=utf8mb4_unicode_ci;

--
-- Dumping data for table `dashboard_widgets`
--


--
-- Table structure for table `ec_brands`
--

CREATE TABLE `ec_brands` (
  `id` bigint unsigned NOT NULL AUTO_INCREMENT,
  `name` varchar(191) COLLATE utf8mb4_unicode_ci NOT NULL,
  `description` mediumtext COLLATE utf8mb4_unicode_ci,
  `website` varchar(191) COLLATE utf8mb4_unicode_ci DEFAULT NULL,
  `logo` varchar(191) COLLATE utf8mb4_unicode_ci DEFAULT NULL,
  `status` varchar(60) COLLATE utf8mb4_unicode_ci NOT NULL DEFAULT 'published',
  `order` tinyint unsigned NOT NULL DEFAULT '0',
  `is_featured` tinyint unsigned NOT NULL DEFAULT '0',
  `created_at` timestamp NULL DEFAULT NULL,
  `updated_at` timestamp NULL DEFAULT NULL,
  PRIMARY KEY (`id`)
) ENGINE=InnoDB AUTO_INCREMENT=6 DEFAULT CHARSET=utf8mb4 COLLATE=utf8mb4_unicode_ci;

--
-- Dumping data for table `ec_brands`
--

INSERT INTO `ec_brands` VALUES (1,'FoodPound','New Snacks Release',NULL,'main/brands/1.png','published',0,1,'2024-05-10 02:10:44','2024-05-10 02:10:44'),(2,'iTea JSC','Happy Tea 100% Organic. From $29.9',NULL,'main/brands/2.png','published',1,1,'2024-05-10 02:10:44','2024-05-10 02:10:44'),(3,'Soda Brand','Fresh Meat Sausage. BUY 2 GET 1!',NULL,'main/brands/3.png','published',2,1,'2024-05-10 02:10:44','2024-05-10 02:10:44'),(4,'Shofy','Fresh Meat Sausage. BUY 2 GET 1!',NULL,'main/brands/4.png','published',3,1,'2024-05-10 02:10:44','2024-05-10 02:10:44'),(5,'Soda Brand','Fresh Meat Sausage. BUY 2 GET 1!',NULL,'main/brands/5.png','published',4,1,'2024-05-10 02:10:44','2024-05-10 02:10:44');

--
-- Table structure for table `ec_brands_translations`
--

CREATE TABLE `ec_brands_translations` (
  `lang_code` varchar(191) COLLATE utf8mb4_unicode_ci NOT NULL,
  `ec_brands_id` bigint unsigned NOT NULL,
  `name` varchar(191) COLLATE utf8mb4_unicode_ci DEFAULT NULL,
  `description` mediumtext COLLATE utf8mb4_unicode_ci,
  PRIMARY KEY (`lang_code`,`ec_brands_id`)
) ENGINE=InnoDB DEFAULT CHARSET=utf8mb4 COLLATE=utf8mb4_unicode_ci;

--
-- Dumping data for table `ec_brands_translations`
--


--
-- Table structure for table `ec_cart`
--

CREATE TABLE `ec_cart` (
  `identifier` varchar(60) COLLATE utf8mb4_unicode_ci NOT NULL,
  `instance` varchar(60) COLLATE utf8mb4_unicode_ci NOT NULL,
  `content` longtext COLLATE utf8mb4_unicode_ci NOT NULL,
  `created_at` timestamp NULL DEFAULT NULL,
  `updated_at` timestamp NULL DEFAULT NULL,
  PRIMARY KEY (`identifier`,`instance`)
) ENGINE=InnoDB DEFAULT CHARSET=utf8mb4 COLLATE=utf8mb4_unicode_ci;

--
-- Dumping data for table `ec_cart`
--


--
-- Table structure for table `ec_currencies`
--

CREATE TABLE `ec_currencies` (
  `id` bigint unsigned NOT NULL AUTO_INCREMENT,
  `title` varchar(191) COLLATE utf8mb4_unicode_ci NOT NULL,
  `symbol` varchar(10) COLLATE utf8mb4_unicode_ci NOT NULL,
  `is_prefix_symbol` tinyint unsigned NOT NULL DEFAULT '0',
  `decimals` tinyint unsigned DEFAULT '0',
  `order` int unsigned DEFAULT '0',
  `is_default` tinyint NOT NULL DEFAULT '0',
  `exchange_rate` double NOT NULL DEFAULT '1',
  `created_at` timestamp NULL DEFAULT NULL,
  `updated_at` timestamp NULL DEFAULT NULL,
  PRIMARY KEY (`id`)
) ENGINE=InnoDB AUTO_INCREMENT=5 DEFAULT CHARSET=utf8mb4 COLLATE=utf8mb4_unicode_ci;

--
-- Dumping data for table `ec_currencies`
--

INSERT INTO `ec_currencies` VALUES (1,'USD','$',1,2,0,1,1,'2024-05-10 02:10:44','2024-05-10 02:10:44'),(2,'EUR','€',0,2,1,0,0.84,'2024-05-10 02:10:44','2024-05-10 02:10:44'),(3,'VND','₫',0,0,2,0,23203,'2024-05-10 02:10:44','2024-05-10 02:10:44'),(4,'NGN','₦',1,2,2,0,895.52,'2024-05-10 02:10:44','2024-05-10 02:10:44');

--
-- Table structure for table `ec_customer_addresses`
--

CREATE TABLE `ec_customer_addresses` (
  `id` bigint unsigned NOT NULL AUTO_INCREMENT,
  `name` varchar(191) COLLATE utf8mb4_unicode_ci NOT NULL,
  `email` varchar(60) COLLATE utf8mb4_unicode_ci DEFAULT NULL,
  `phone` varchar(20) COLLATE utf8mb4_unicode_ci DEFAULT NULL,
  `country` varchar(120) COLLATE utf8mb4_unicode_ci DEFAULT NULL,
  `state` varchar(120) COLLATE utf8mb4_unicode_ci DEFAULT NULL,
  `city` varchar(120) COLLATE utf8mb4_unicode_ci DEFAULT NULL,
  `address` varchar(191) COLLATE utf8mb4_unicode_ci DEFAULT NULL,
  `customer_id` bigint unsigned NOT NULL,
  `is_default` tinyint unsigned NOT NULL DEFAULT '0',
  `created_at` timestamp NULL DEFAULT NULL,
  `updated_at` timestamp NULL DEFAULT NULL,
  `zip_code` varchar(20) COLLATE utf8mb4_unicode_ci DEFAULT NULL,
  PRIMARY KEY (`id`)
) ENGINE=InnoDB AUTO_INCREMENT=13 DEFAULT CHARSET=utf8mb4 COLLATE=utf8mb4_unicode_ci;

--
-- Dumping data for table `ec_customer_addresses`
--

INSERT INTO `ec_customer_addresses` VALUES (1,'Cory Pagac','customer@botble.com','+15015961378','MD','Hawaii','North Jay','5906 Janiya Parkway',1,1,'2024-05-10 02:10:45','2024-05-10 02:10:45','63157-1665'),(2,'Cory Pagac','customer@botble.com','+15163773101','MQ','California','Feeneyberg','9209 Kub Landing',1,0,'2024-05-10 02:10:45','2024-05-10 02:10:45','44837-9270'),(3,'Prof. Claude Cummerata Jr.','vendor@botble.com','+13464443573','RS','Indiana','Shannybury','16692 Marianna Summit',2,1,'2024-05-10 02:10:45','2024-05-10 02:10:45','25912-8133'),(4,'Prof. Claude Cummerata Jr.','vendor@botble.com','+15642171243','OM','Oregon','Lillianabury','944 Fern Brook',2,0,'2024-05-10 02:10:45','2024-05-10 02:10:45','18561-6647'),(5,'Hal Rosenbaum','bhills@example.net','+12709837147','ZM','Texas','Ilachester','5213 Beier Port Apt. 021',3,1,'2024-05-10 02:10:45','2024-05-10 02:10:45','25685'),(6,'Andrew Hermann','howe.carroll@example.com','+16086613548','BO','Massachusetts','New Arnemouth','726 Perry Bridge',4,1,'2024-05-10 02:10:45','2024-05-10 02:10:45','89215-3213'),(7,'Orval Stracke','lilian04@example.net','+19257012728','MH','District of Columbia','New Modestoshire','158 Maia Mission Apt. 401',5,1,'2024-05-10 02:10:46','2024-05-10 02:10:46','95983'),(8,'Franco Rempel','bayer.lloyd@example.com','+15719802399','HK','North Carolina','Port Filomenaburgh','157 Mosciski Estate',6,1,'2024-05-10 02:10:46','2024-05-10 02:10:46','39338'),(9,'Elvie Hartmann','demetris.windler@example.net','+13478345701','MF','Arizona','New Claudieburgh','9853 Marshall Stream Suite 851',7,1,'2024-05-10 02:10:46','2024-05-10 02:10:46','78390'),(10,'Alexane Ortiz V','garfield46@example.net','+12342419280','PR','Massachusetts','Kemmerburgh','433 Retta Prairie Suite 929',8,1,'2024-05-10 02:10:46','2024-05-10 02:10:46','60102-3543'),(11,'Lorine Ryan','myles58@example.com','+13477803453','MK','Missouri','New Shanie','163 Buck Key Suite 292',9,1,'2024-05-10 02:10:47','2024-05-10 02:10:47','12672-2350'),(12,'Vella Kling','vvonrueden@example.com','+18209634511','TV','Oregon','Rowanview','9193 O\'Hara Streets Suite 738',10,1,'2024-05-10 02:10:47','2024-05-10 02:10:47','55601');

--
-- Table structure for table `ec_customer_deletion_requests`
--

CREATE TABLE `ec_customer_deletion_requests` (
  `id` bigint unsigned NOT NULL AUTO_INCREMENT,
  `customer_id` bigint unsigned NOT NULL,
  `customer_name` varchar(191) COLLATE utf8mb4_unicode_ci DEFAULT NULL,
  `customer_phone` varchar(191) COLLATE utf8mb4_unicode_ci DEFAULT NULL,
  `customer_email` varchar(191) COLLATE utf8mb4_unicode_ci DEFAULT NULL,
  `token` varchar(191) COLLATE utf8mb4_unicode_ci NOT NULL,
  `status` varchar(50) COLLATE utf8mb4_unicode_ci NOT NULL DEFAULT 'waiting_for_confirmation',
  `reason` text COLLATE utf8mb4_unicode_ci,
  `confirmed_at` datetime DEFAULT NULL,
  `created_at` timestamp NULL DEFAULT NULL,
  `updated_at` timestamp NULL DEFAULT NULL,
  PRIMARY KEY (`id`),
  UNIQUE KEY `ec_customer_deletion_requests_token_unique` (`token`)
) ENGINE=InnoDB DEFAULT CHARSET=utf8mb4 COLLATE=utf8mb4_unicode_ci;

--
-- Dumping data for table `ec_customer_deletion_requests`
--


--
-- Table structure for table `ec_customer_password_resets`
--

CREATE TABLE `ec_customer_password_resets` (
  `email` varchar(191) COLLATE utf8mb4_unicode_ci NOT NULL,
  `token` varchar(191) COLLATE utf8mb4_unicode_ci NOT NULL,
  `created_at` timestamp NULL DEFAULT NULL,
  KEY `ec_customer_password_resets_email_index` (`email`),
  KEY `ec_customer_password_resets_token_index` (`token`)
) ENGINE=InnoDB DEFAULT CHARSET=utf8mb4 COLLATE=utf8mb4_unicode_ci;

--
-- Dumping data for table `ec_customer_password_resets`
--


--
-- Table structure for table `ec_customer_recently_viewed_products`
--

CREATE TABLE `ec_customer_recently_viewed_products` (
  `id` bigint unsigned NOT NULL AUTO_INCREMENT,
  `customer_id` bigint unsigned NOT NULL,
  `product_id` bigint unsigned NOT NULL,
  PRIMARY KEY (`id`)
) ENGINE=InnoDB DEFAULT CHARSET=utf8mb4 COLLATE=utf8mb4_unicode_ci;

--
-- Dumping data for table `ec_customer_recently_viewed_products`
--


--
-- Table structure for table `ec_customer_used_coupons`
--

CREATE TABLE `ec_customer_used_coupons` (
  `discount_id` bigint unsigned NOT NULL,
  `customer_id` bigint unsigned NOT NULL,
  PRIMARY KEY (`discount_id`,`customer_id`)
) ENGINE=InnoDB DEFAULT CHARSET=utf8mb4 COLLATE=utf8mb4_unicode_ci;

--
-- Dumping data for table `ec_customer_used_coupons`
--


--
-- Table structure for table `ec_discount_customers`
--

CREATE TABLE `ec_discount_customers` (
  `discount_id` bigint unsigned NOT NULL,
  `customer_id` bigint unsigned NOT NULL,
  PRIMARY KEY (`discount_id`,`customer_id`)
) ENGINE=InnoDB DEFAULT CHARSET=utf8mb4 COLLATE=utf8mb4_unicode_ci;

--
-- Dumping data for table `ec_discount_customers`
--


--
-- Table structure for table `ec_discount_product_categories`
--

CREATE TABLE `ec_discount_product_categories` (
  `discount_id` bigint unsigned NOT NULL,
  `product_category_id` bigint unsigned NOT NULL,
  PRIMARY KEY (`discount_id`,`product_category_id`)
) ENGINE=InnoDB DEFAULT CHARSET=utf8mb4 COLLATE=utf8mb4_unicode_ci;

--
-- Dumping data for table `ec_discount_product_categories`
--


--
-- Table structure for table `ec_discount_product_collections`
--

CREATE TABLE `ec_discount_product_collections` (
  `discount_id` bigint unsigned NOT NULL,
  `product_collection_id` bigint unsigned NOT NULL,
  PRIMARY KEY (`discount_id`,`product_collection_id`)
) ENGINE=InnoDB DEFAULT CHARSET=utf8mb4 COLLATE=utf8mb4_unicode_ci;

--
-- Dumping data for table `ec_discount_product_collections`
--


--
-- Table structure for table `ec_discount_products`
--

CREATE TABLE `ec_discount_products` (
  `discount_id` bigint unsigned NOT NULL,
  `product_id` bigint unsigned NOT NULL,
  PRIMARY KEY (`discount_id`,`product_id`)
) ENGINE=InnoDB DEFAULT CHARSET=utf8mb4 COLLATE=utf8mb4_unicode_ci;

--
-- Dumping data for table `ec_discount_products`
--


--
-- Table structure for table `ec_discounts`
--

CREATE TABLE `ec_discounts` (
  `id` bigint unsigned NOT NULL AUTO_INCREMENT,
  `title` varchar(120) COLLATE utf8mb4_unicode_ci DEFAULT NULL,
  `code` varchar(20) COLLATE utf8mb4_unicode_ci DEFAULT NULL,
  `start_date` datetime DEFAULT NULL,
  `end_date` datetime DEFAULT NULL,
  `quantity` int DEFAULT NULL,
  `total_used` int unsigned NOT NULL DEFAULT '0',
  `value` double DEFAULT NULL,
  `type` varchar(60) COLLATE utf8mb4_unicode_ci DEFAULT 'coupon',
  `can_use_with_promotion` tinyint(1) NOT NULL DEFAULT '0',
  `discount_on` varchar(20) COLLATE utf8mb4_unicode_ci DEFAULT NULL,
  `product_quantity` int unsigned DEFAULT NULL,
  `type_option` varchar(100) COLLATE utf8mb4_unicode_ci NOT NULL DEFAULT 'amount',
  `target` varchar(100) COLLATE utf8mb4_unicode_ci NOT NULL DEFAULT 'all-orders',
  `min_order_price` decimal(15,2) DEFAULT NULL,
  `apply_via_url` tinyint(1) NOT NULL DEFAULT '0',
  `display_at_checkout` tinyint(1) NOT NULL DEFAULT '0',
  `created_at` timestamp NULL DEFAULT NULL,
  `updated_at` timestamp NULL DEFAULT NULL,
  `store_id` bigint unsigned DEFAULT NULL,
  `description` varchar(400) COLLATE utf8mb4_unicode_ci DEFAULT NULL,
  PRIMARY KEY (`id`),
  UNIQUE KEY `ec_discounts_code_unique` (`code`)
) ENGINE=InnoDB AUTO_INCREMENT=11 DEFAULT CHARSET=utf8mb4 COLLATE=utf8mb4_unicode_ci;

--
-- Dumping data for table `ec_discounts`
--

INSERT INTO `ec_discounts` VALUES (1,'Discount 1','IYO5EWM3JTD0','2024-05-09 09:10:49',NULL,NULL,0,769,'coupon',0,NULL,NULL,'amount','all-orders',NULL,0,1,'2024-05-10 02:10:49','2024-05-10 02:10:49',NULL,NULL),(2,'Discount 2','GNJB9WUDDXV9','2024-05-09 09:10:49','2024-06-08 09:10:49',NULL,0,62,'coupon',0,NULL,NULL,'shipping','all-orders',NULL,0,1,'2024-05-10 02:10:49','2024-05-10 02:10:49',NULL,NULL),(3,'Discount 3','DLPJWAQXVNAX','2024-05-09 09:10:49','2024-05-22 09:10:49',NULL,0,993,'coupon',0,NULL,NULL,'shipping','all-orders',NULL,0,1,'2024-05-10 02:10:49','2024-05-10 02:10:49',NULL,NULL),(4,'Discount 4','JNVOLO4GPUGP','2024-05-09 09:10:49','2024-05-13 09:10:49',NULL,0,517,'coupon',0,NULL,NULL,'shipping','all-orders',NULL,0,1,'2024-05-10 02:10:49','2024-05-10 02:10:49',NULL,NULL),(5,'Discount 5','VU1P5XHHPVPH','2024-05-09 09:10:49','2024-05-25 09:10:49',NULL,0,38,'coupon',0,NULL,NULL,'percentage','all-orders',NULL,0,1,'2024-05-10 02:10:49','2024-05-10 02:10:49',NULL,NULL),(6,'Discount 6','QTNZMWVOIS0Z','2024-05-09 09:10:49','2024-05-27 09:10:49',NULL,0,66,'coupon',0,NULL,NULL,'percentage','all-orders',NULL,0,1,'2024-05-10 02:10:49','2024-05-10 02:10:49',NULL,NULL),(7,'Discount 7','LP6URZLOQRS4','2024-05-09 09:10:49','2024-05-28 09:10:49',NULL,0,598,'coupon',0,NULL,NULL,'amount','all-orders',NULL,0,1,'2024-05-10 02:10:49','2024-05-10 02:10:49',NULL,NULL),(8,'Discount 8','GTIHMWOTROGS','2024-05-09 09:10:49','2024-06-09 09:10:49',NULL,0,743,'coupon',0,NULL,NULL,'same-price','all-orders',NULL,0,1,'2024-05-10 02:10:49','2024-05-10 02:10:49',NULL,NULL),(9,'Discount 9','UCKAK6C278JH','2024-05-09 09:10:49','2024-06-03 09:10:49',NULL,0,65,'coupon',0,NULL,NULL,'percentage','all-orders',NULL,0,1,'2024-05-10 02:10:49','2024-05-10 02:10:49',NULL,NULL),(10,'Discount 10','1T2AWEYRNLVU','2024-05-09 09:10:49','2024-05-30 09:10:49',NULL,0,826,'coupon',0,NULL,NULL,'shipping','all-orders',NULL,0,1,'2024-05-10 02:10:49','2024-05-10 02:10:49',NULL,NULL);

--
-- Table structure for table `ec_flash_sale_products`
--

CREATE TABLE `ec_flash_sale_products` (
  `flash_sale_id` bigint unsigned NOT NULL,
  `product_id` bigint unsigned NOT NULL,
  `price` double unsigned DEFAULT NULL,
  `quantity` int unsigned DEFAULT NULL,
  `sold` int unsigned NOT NULL DEFAULT '0'
) ENGINE=InnoDB DEFAULT CHARSET=utf8mb4 COLLATE=utf8mb4_unicode_ci;

--
-- Dumping data for table `ec_flash_sale_products`
--

INSERT INTO `ec_flash_sale_products` VALUES (1,1,129.6,18,1),(1,2,701.28,10,5),(1,3,10.8,10,1),(1,4,344.8767,18,2),(1,5,337.93,8,5),(1,6,927.2,11,5),(1,7,613.41,19,4),(1,8,140.616,9,1),(1,9,47.88,11,2),(1,10,143.22,12,4);

--
-- Table structure for table `ec_flash_sales`
--

CREATE TABLE `ec_flash_sales` (
  `id` bigint unsigned NOT NULL AUTO_INCREMENT,
  `name` varchar(191) COLLATE utf8mb4_unicode_ci NOT NULL,
  `end_date` datetime NOT NULL,
  `status` varchar(60) COLLATE utf8mb4_unicode_ci NOT NULL DEFAULT 'published',
  `created_at` timestamp NULL DEFAULT NULL,
  `updated_at` timestamp NULL DEFAULT NULL,
  PRIMARY KEY (`id`)
) ENGINE=InnoDB AUTO_INCREMENT=2 DEFAULT CHARSET=utf8mb4 COLLATE=utf8mb4_unicode_ci;

--
-- Dumping data for table `ec_flash_sales`
--

INSERT INTO `ec_flash_sales` VALUES (1,'Winter Sale','2024-06-02 00:00:00','published','2024-05-10 02:10:55','2024-05-10 02:10:55');

--
-- Table structure for table `ec_flash_sales_translations`
--

CREATE TABLE `ec_flash_sales_translations` (
  `lang_code` varchar(191) COLLATE utf8mb4_unicode_ci NOT NULL,
  `ec_flash_sales_id` bigint unsigned NOT NULL,
  `name` varchar(191) COLLATE utf8mb4_unicode_ci DEFAULT NULL,
  PRIMARY KEY (`lang_code`,`ec_flash_sales_id`)
) ENGINE=InnoDB DEFAULT CHARSET=utf8mb4 COLLATE=utf8mb4_unicode_ci;

--
-- Dumping data for table `ec_flash_sales_translations`
--


--
-- Table structure for table `ec_global_option_value`
--

CREATE TABLE `ec_global_option_value` (
  `option_id` bigint unsigned NOT NULL COMMENT 'option id',
  `id` bigint unsigned NOT NULL AUTO_INCREMENT,
  `option_value` tinytext COLLATE utf8mb4_unicode_ci COMMENT 'option value',
  `affect_price` double DEFAULT NULL COMMENT 'value of price of this option affect',
  `order` int NOT NULL DEFAULT '9999',
  `affect_type` tinyint NOT NULL DEFAULT '0' COMMENT '0. fixed 1. percent',
  `created_at` timestamp NULL DEFAULT NULL,
  `updated_at` timestamp NULL DEFAULT NULL,
  PRIMARY KEY (`id`)
) ENGINE=InnoDB AUTO_INCREMENT=13 DEFAULT CHARSET=utf8mb4 COLLATE=utf8mb4_unicode_ci;

--
-- Dumping data for table `ec_global_option_value`
--

INSERT INTO `ec_global_option_value` VALUES (1,1,'1 Year',0,9999,0,'2024-05-10 02:10:49','2024-05-10 02:10:49'),(1,2,'2 Year',10,9999,0,'2024-05-10 02:10:49','2024-05-10 02:10:49'),(1,3,'3 Year',20,9999,0,'2024-05-10 02:10:49','2024-05-10 02:10:49'),(2,4,'4GB',0,9999,0,'2024-05-10 02:10:49','2024-05-10 02:10:49'),(2,5,'8GB',10,9999,0,'2024-05-10 02:10:49','2024-05-10 02:10:49'),(2,6,'16GB',20,9999,0,'2024-05-10 02:10:49','2024-05-10 02:10:49'),(3,7,'Core i5',0,9999,0,'2024-05-10 02:10:49','2024-05-10 02:10:49'),(3,8,'Core i7',10,9999,0,'2024-05-10 02:10:49','2024-05-10 02:10:49'),(3,9,'Core i9',20,9999,0,'2024-05-10 02:10:49','2024-05-10 02:10:49'),(4,10,'128GB',0,9999,0,'2024-05-10 02:10:49','2024-05-10 02:10:49'),(4,11,'256GB',10,9999,0,'2024-05-10 02:10:49','2024-05-10 02:10:49'),(4,12,'512GB',20,9999,0,'2024-05-10 02:10:49','2024-05-10 02:10:49');

--
-- Table structure for table `ec_global_option_value_translations`
--

CREATE TABLE `ec_global_option_value_translations` (
  `lang_code` varchar(191) COLLATE utf8mb4_unicode_ci NOT NULL,
  `ec_global_option_value_id` bigint unsigned NOT NULL,
  `option_value` varchar(191) COLLATE utf8mb4_unicode_ci DEFAULT NULL,
  PRIMARY KEY (`lang_code`,`ec_global_option_value_id`)
) ENGINE=InnoDB DEFAULT CHARSET=utf8mb4 COLLATE=utf8mb4_unicode_ci;

--
-- Dumping data for table `ec_global_option_value_translations`
--


--
-- Table structure for table `ec_global_options`
--

CREATE TABLE `ec_global_options` (
  `id` bigint unsigned NOT NULL AUTO_INCREMENT,
  `name` varchar(191) COLLATE utf8mb4_unicode_ci NOT NULL COMMENT 'Name of options',
  `option_type` varchar(191) COLLATE utf8mb4_unicode_ci NOT NULL COMMENT 'option type',
  `required` tinyint(1) NOT NULL DEFAULT '0' COMMENT 'Checked if this option is required',
  `created_at` timestamp NULL DEFAULT NULL,
  `updated_at` timestamp NULL DEFAULT NULL,
  PRIMARY KEY (`id`)
) ENGINE=InnoDB AUTO_INCREMENT=5 DEFAULT CHARSET=utf8mb4 COLLATE=utf8mb4_unicode_ci;

--
-- Dumping data for table `ec_global_options`
--

INSERT INTO `ec_global_options` VALUES (1,'Warranty','Botble\\Ecommerce\\Option\\OptionType\\RadioButton',1,'2024-05-10 02:10:49','2024-05-10 02:10:49'),(2,'RAM','Botble\\Ecommerce\\Option\\OptionType\\RadioButton',1,'2024-05-10 02:10:49','2024-05-10 02:10:49'),(3,'CPU','Botble\\Ecommerce\\Option\\OptionType\\RadioButton',1,'2024-05-10 02:10:49','2024-05-10 02:10:49'),(4,'HDD','Botble\\Ecommerce\\Option\\OptionType\\Dropdown',0,'2024-05-10 02:10:49','2024-05-10 02:10:49');

--
-- Table structure for table `ec_global_options_translations`
--

CREATE TABLE `ec_global_options_translations` (
  `lang_code` varchar(191) COLLATE utf8mb4_unicode_ci NOT NULL,
  `ec_global_options_id` bigint unsigned NOT NULL,
  `name` varchar(191) COLLATE utf8mb4_unicode_ci DEFAULT NULL,
  PRIMARY KEY (`lang_code`,`ec_global_options_id`)
) ENGINE=InnoDB DEFAULT CHARSET=utf8mb4 COLLATE=utf8mb4_unicode_ci;

--
-- Dumping data for table `ec_global_options_translations`
--


--
-- Table structure for table `ec_grouped_products`
--

CREATE TABLE `ec_grouped_products` (
  `id` bigint unsigned NOT NULL AUTO_INCREMENT,
  `parent_product_id` bigint unsigned NOT NULL,
  `product_id` bigint unsigned NOT NULL,
  `fixed_qty` int NOT NULL DEFAULT '1',
  PRIMARY KEY (`id`)
) ENGINE=InnoDB DEFAULT CHARSET=utf8mb4 COLLATE=utf8mb4_unicode_ci;

--
-- Dumping data for table `ec_grouped_products`
--


--
-- Table structure for table `ec_invoice_items`
--

CREATE TABLE `ec_invoice_items` (
  `id` bigint unsigned NOT NULL AUTO_INCREMENT,
  `invoice_id` bigint unsigned NOT NULL,
  `reference_type` varchar(191) COLLATE utf8mb4_unicode_ci NOT NULL,
  `reference_id` bigint unsigned NOT NULL,
  `name` varchar(191) COLLATE utf8mb4_unicode_ci NOT NULL,
  `description` varchar(400) COLLATE utf8mb4_unicode_ci DEFAULT NULL,
  `image` varchar(191) COLLATE utf8mb4_unicode_ci DEFAULT NULL,
  `qty` int unsigned NOT NULL,
  `price` decimal(15,2) NOT NULL DEFAULT '0.00',
  `sub_total` decimal(15,2) unsigned NOT NULL,
  `tax_amount` decimal(15,2) unsigned NOT NULL DEFAULT '0.00',
  `discount_amount` decimal(15,2) unsigned NOT NULL DEFAULT '0.00',
  `amount` decimal(15,2) unsigned NOT NULL,
  `options` text COLLATE utf8mb4_unicode_ci,
  `created_at` timestamp NULL DEFAULT NULL,
  `updated_at` timestamp NULL DEFAULT NULL,
  PRIMARY KEY (`id`),
  KEY `ec_invoice_items_reference_type_reference_id_index` (`reference_type`,`reference_id`)
) ENGINE=InnoDB DEFAULT CHARSET=utf8mb4 COLLATE=utf8mb4_unicode_ci;

--
-- Dumping data for table `ec_invoice_items`
--


--
-- Table structure for table `ec_invoices`
--

CREATE TABLE `ec_invoices` (
  `id` bigint unsigned NOT NULL AUTO_INCREMENT,
  `reference_type` varchar(191) COLLATE utf8mb4_unicode_ci NOT NULL,
  `reference_id` bigint unsigned NOT NULL,
  `code` varchar(191) COLLATE utf8mb4_unicode_ci NOT NULL,
  `customer_name` varchar(191) COLLATE utf8mb4_unicode_ci DEFAULT NULL,
  `company_name` varchar(191) COLLATE utf8mb4_unicode_ci DEFAULT NULL,
  `company_logo` varchar(191) COLLATE utf8mb4_unicode_ci DEFAULT NULL,
  `customer_email` varchar(191) COLLATE utf8mb4_unicode_ci DEFAULT NULL,
  `customer_phone` varchar(191) COLLATE utf8mb4_unicode_ci DEFAULT NULL,
  `customer_address` varchar(191) COLLATE utf8mb4_unicode_ci DEFAULT NULL,
  `customer_tax_id` varchar(191) COLLATE utf8mb4_unicode_ci DEFAULT NULL,
  `sub_total` decimal(15,2) unsigned NOT NULL,
  `tax_amount` decimal(15,2) unsigned NOT NULL DEFAULT '0.00',
  `shipping_amount` decimal(15,2) unsigned NOT NULL DEFAULT '0.00',
  `discount_amount` decimal(15,2) unsigned NOT NULL DEFAULT '0.00',
  `shipping_option` varchar(60) COLLATE utf8mb4_unicode_ci DEFAULT NULL,
  `shipping_method` varchar(60) COLLATE utf8mb4_unicode_ci NOT NULL DEFAULT 'default',
  `coupon_code` varchar(120) COLLATE utf8mb4_unicode_ci DEFAULT NULL,
  `discount_description` varchar(191) COLLATE utf8mb4_unicode_ci DEFAULT NULL,
  `amount` decimal(15,2) unsigned NOT NULL,
  `description` text COLLATE utf8mb4_unicode_ci,
  `payment_id` bigint unsigned DEFAULT NULL,
  `status` varchar(191) COLLATE utf8mb4_unicode_ci NOT NULL DEFAULT 'pending',
  `paid_at` timestamp NULL DEFAULT NULL,
  `created_at` timestamp NULL DEFAULT NULL,
  `updated_at` timestamp NULL DEFAULT NULL,
  PRIMARY KEY (`id`),
  UNIQUE KEY `ec_invoices_code_unique` (`code`),
  KEY `ec_invoices_reference_type_reference_id_index` (`reference_type`,`reference_id`),
  KEY `ec_invoices_payment_id_index` (`payment_id`),
  KEY `ec_invoices_status_index` (`status`)
) ENGINE=InnoDB DEFAULT CHARSET=utf8mb4 COLLATE=utf8mb4_unicode_ci;

--
-- Dumping data for table `ec_invoices`
--


--
-- Table structure for table `ec_option_value`
--

CREATE TABLE `ec_option_value` (
  `option_id` bigint unsigned NOT NULL COMMENT 'option id',
  `id` bigint unsigned NOT NULL AUTO_INCREMENT,
  `option_value` tinytext COLLATE utf8mb4_unicode_ci COMMENT 'option value',
  `affect_price` double DEFAULT NULL COMMENT 'value of price of this option affect',
  `order` int NOT NULL DEFAULT '9999',
  `affect_type` tinyint NOT NULL DEFAULT '0' COMMENT '0. fixed 1. percent',
  `created_at` timestamp NULL DEFAULT NULL,
  `updated_at` timestamp NULL DEFAULT NULL,
  PRIMARY KEY (`id`)
) ENGINE=InnoDB DEFAULT CHARSET=utf8mb4 COLLATE=utf8mb4_unicode_ci;

--
-- Dumping data for table `ec_option_value`
--


--
-- Table structure for table `ec_option_value_translations`
--

CREATE TABLE `ec_option_value_translations` (
  `lang_code` varchar(191) COLLATE utf8mb4_unicode_ci NOT NULL,
  `ec_option_value_id` bigint unsigned NOT NULL,
  `option_value` varchar(191) COLLATE utf8mb4_unicode_ci DEFAULT NULL,
  PRIMARY KEY (`lang_code`,`ec_option_value_id`)
) ENGINE=InnoDB DEFAULT CHARSET=utf8mb4 COLLATE=utf8mb4_unicode_ci;

--
-- Dumping data for table `ec_option_value_translations`
--


--
-- Table structure for table `ec_options`
--

CREATE TABLE `ec_options` (
  `id` bigint unsigned NOT NULL AUTO_INCREMENT,
  `name` varchar(191) COLLATE utf8mb4_unicode_ci NOT NULL COMMENT 'Name of options',
  `option_type` varchar(191) COLLATE utf8mb4_unicode_ci DEFAULT NULL COMMENT 'option type',
  `product_id` bigint unsigned NOT NULL DEFAULT '0',
  `order` int NOT NULL DEFAULT '9999',
  `required` tinyint(1) NOT NULL DEFAULT '0' COMMENT 'Checked if this option is required',
  `created_at` timestamp NULL DEFAULT NULL,
  `updated_at` timestamp NULL DEFAULT NULL,
  PRIMARY KEY (`id`)
) ENGINE=InnoDB DEFAULT CHARSET=utf8mb4 COLLATE=utf8mb4_unicode_ci;

--
-- Dumping data for table `ec_options`
--


--
-- Table structure for table `ec_options_translations`
--

CREATE TABLE `ec_options_translations` (
  `lang_code` varchar(191) COLLATE utf8mb4_unicode_ci NOT NULL,
  `ec_options_id` bigint unsigned NOT NULL,
  `name` varchar(191) COLLATE utf8mb4_unicode_ci DEFAULT NULL,
  PRIMARY KEY (`lang_code`,`ec_options_id`)
) ENGINE=InnoDB DEFAULT CHARSET=utf8mb4 COLLATE=utf8mb4_unicode_ci;

--
-- Dumping data for table `ec_options_translations`
--


--
-- Table structure for table `ec_order_addresses`
--

CREATE TABLE `ec_order_addresses` (
  `id` bigint unsigned NOT NULL AUTO_INCREMENT,
  `name` varchar(191) COLLATE utf8mb4_unicode_ci NOT NULL,
  `phone` varchar(20) COLLATE utf8mb4_unicode_ci DEFAULT NULL,
  `email` varchar(191) COLLATE utf8mb4_unicode_ci DEFAULT NULL,
  `country` varchar(120) COLLATE utf8mb4_unicode_ci DEFAULT NULL,
  `state` varchar(120) COLLATE utf8mb4_unicode_ci DEFAULT NULL,
  `city` varchar(120) COLLATE utf8mb4_unicode_ci DEFAULT NULL,
  `address` varchar(191) COLLATE utf8mb4_unicode_ci DEFAULT NULL,
  `order_id` bigint unsigned NOT NULL,
  `zip_code` varchar(20) COLLATE utf8mb4_unicode_ci DEFAULT NULL,
  `type` varchar(60) COLLATE utf8mb4_unicode_ci NOT NULL DEFAULT 'shipping_address',
  PRIMARY KEY (`id`)
) ENGINE=InnoDB DEFAULT CHARSET=utf8mb4 COLLATE=utf8mb4_unicode_ci;

--
-- Dumping data for table `ec_order_addresses`
--


--
-- Table structure for table `ec_order_histories`
--

CREATE TABLE `ec_order_histories` (
  `id` bigint unsigned NOT NULL AUTO_INCREMENT,
  `action` varchar(120) COLLATE utf8mb4_unicode_ci NOT NULL,
  `description` varchar(400) COLLATE utf8mb4_unicode_ci DEFAULT NULL,
  `user_id` bigint unsigned DEFAULT NULL,
  `order_id` bigint unsigned NOT NULL,
  `extras` text COLLATE utf8mb4_unicode_ci,
  `created_at` timestamp NULL DEFAULT NULL,
  `updated_at` timestamp NULL DEFAULT NULL,
  PRIMARY KEY (`id`)
) ENGINE=InnoDB DEFAULT CHARSET=utf8mb4 COLLATE=utf8mb4_unicode_ci;

--
-- Dumping data for table `ec_order_histories`
--


--
-- Table structure for table `ec_order_product`
--

CREATE TABLE `ec_order_product` (
  `id` bigint unsigned NOT NULL AUTO_INCREMENT,
  `order_id` bigint unsigned NOT NULL,
  `qty` int NOT NULL,
  `price` decimal(15,2) NOT NULL,
  `tax_amount` decimal(15,2) NOT NULL,
  `options` text COLLATE utf8mb4_unicode_ci,
  `product_options` text COLLATE utf8mb4_unicode_ci COMMENT 'product option data',
  `product_id` bigint unsigned DEFAULT NULL,
  `product_name` varchar(191) COLLATE utf8mb4_unicode_ci NOT NULL,
  `product_image` varchar(191) COLLATE utf8mb4_unicode_ci DEFAULT NULL,
  `weight` double(8,2) DEFAULT '0.00',
  `restock_quantity` int unsigned DEFAULT '0',
  `created_at` timestamp NULL DEFAULT NULL,
  `updated_at` timestamp NULL DEFAULT NULL,
  `product_type` varchar(60) COLLATE utf8mb4_unicode_ci NOT NULL DEFAULT 'physical',
  `times_downloaded` int NOT NULL DEFAULT '0',
  `license_code` char(36) COLLATE utf8mb4_unicode_ci DEFAULT NULL,
  PRIMARY KEY (`id`)
) ENGINE=InnoDB DEFAULT CHARSET=utf8mb4 COLLATE=utf8mb4_unicode_ci;

--
-- Dumping data for table `ec_order_product`
--


--
-- Table structure for table `ec_order_referrals`
--

CREATE TABLE `ec_order_referrals` (
  `id` bigint unsigned NOT NULL AUTO_INCREMENT,
  `ip` varchar(39) COLLATE utf8mb4_unicode_ci DEFAULT NULL,
  `landing_domain` varchar(191) COLLATE utf8mb4_unicode_ci DEFAULT NULL,
  `landing_page` varchar(191) COLLATE utf8mb4_unicode_ci DEFAULT NULL,
  `landing_params` varchar(191) COLLATE utf8mb4_unicode_ci DEFAULT NULL,
  `referral` varchar(191) COLLATE utf8mb4_unicode_ci DEFAULT NULL,
  `gclid` varchar(191) COLLATE utf8mb4_unicode_ci DEFAULT NULL,
  `fclid` varchar(191) COLLATE utf8mb4_unicode_ci DEFAULT NULL,
  `utm_source` varchar(191) COLLATE utf8mb4_unicode_ci DEFAULT NULL,
  `utm_campaign` varchar(191) COLLATE utf8mb4_unicode_ci DEFAULT NULL,
  `utm_medium` varchar(191) COLLATE utf8mb4_unicode_ci DEFAULT NULL,
  `utm_term` varchar(191) COLLATE utf8mb4_unicode_ci DEFAULT NULL,
  `utm_content` varchar(191) COLLATE utf8mb4_unicode_ci DEFAULT NULL,
  `referrer_url` text COLLATE utf8mb4_unicode_ci,
  `referrer_domain` varchar(191) COLLATE utf8mb4_unicode_ci DEFAULT NULL,
  `order_id` bigint unsigned DEFAULT NULL,
  `created_at` timestamp NULL DEFAULT NULL,
  `updated_at` timestamp NULL DEFAULT NULL,
  PRIMARY KEY (`id`),
  KEY `ec_order_referrals_order_id_index` (`order_id`)
) ENGINE=InnoDB DEFAULT CHARSET=utf8mb4 COLLATE=utf8mb4_unicode_ci;

--
-- Dumping data for table `ec_order_referrals`
--


--
-- Table structure for table `ec_order_return_histories`
--

CREATE TABLE `ec_order_return_histories` (
  `id` bigint unsigned NOT NULL AUTO_INCREMENT,
  `user_id` bigint unsigned DEFAULT NULL,
  `order_return_id` bigint unsigned NOT NULL,
  `action` varchar(191) COLLATE utf8mb4_unicode_ci NOT NULL,
  `description` varchar(400) COLLATE utf8mb4_unicode_ci DEFAULT NULL,
  `reason` varchar(191) COLLATE utf8mb4_unicode_ci DEFAULT NULL,
  `created_at` timestamp NULL DEFAULT NULL,
  `updated_at` timestamp NULL DEFAULT NULL,
  PRIMARY KEY (`id`)
) ENGINE=InnoDB DEFAULT CHARSET=utf8mb4 COLLATE=utf8mb4_unicode_ci;

--
-- Dumping data for table `ec_order_return_histories`
--


--
-- Table structure for table `ec_order_return_items`
--

CREATE TABLE `ec_order_return_items` (
  `id` bigint unsigned NOT NULL AUTO_INCREMENT,
  `order_return_id` bigint unsigned NOT NULL COMMENT 'Order return id',
  `order_product_id` bigint unsigned NOT NULL COMMENT 'Order product id',
  `product_id` bigint unsigned NOT NULL COMMENT 'Product id',
  `product_name` varchar(191) COLLATE utf8mb4_unicode_ci NOT NULL,
  `product_image` varchar(191) COLLATE utf8mb4_unicode_ci DEFAULT NULL,
  `qty` int NOT NULL COMMENT 'Quantity return',
  `price` decimal(15,2) NOT NULL COMMENT 'Price Product',
  `reason` text COLLATE utf8mb4_unicode_ci,
  `created_at` timestamp NULL DEFAULT NULL,
  `updated_at` timestamp NULL DEFAULT NULL,
  `refund_amount` decimal(12,2) DEFAULT '0.00',
  PRIMARY KEY (`id`)
) ENGINE=InnoDB DEFAULT CHARSET=utf8mb4 COLLATE=utf8mb4_unicode_ci;

--
-- Dumping data for table `ec_order_return_items`
--


--
-- Table structure for table `ec_order_returns`
--

CREATE TABLE `ec_order_returns` (
  `id` bigint unsigned NOT NULL AUTO_INCREMENT,
  `code` varchar(191) COLLATE utf8mb4_unicode_ci DEFAULT NULL,
  `order_id` bigint unsigned NOT NULL COMMENT 'Order ID',
  `store_id` bigint unsigned DEFAULT NULL COMMENT 'Store ID',
  `user_id` bigint unsigned NOT NULL COMMENT 'Customer ID',
  `reason` text COLLATE utf8mb4_unicode_ci COMMENT 'Reason return order',
  `order_status` varchar(191) COLLATE utf8mb4_unicode_ci DEFAULT NULL COMMENT 'Order current status',
  `return_status` varchar(191) COLLATE utf8mb4_unicode_ci NOT NULL COMMENT 'Return status',
  `created_at` timestamp NULL DEFAULT NULL,
  `updated_at` timestamp NULL DEFAULT NULL,
  PRIMARY KEY (`id`),
  UNIQUE KEY `ec_order_returns_code_unique` (`code`)
) ENGINE=InnoDB DEFAULT CHARSET=utf8mb4 COLLATE=utf8mb4_unicode_ci;

--
-- Dumping data for table `ec_order_returns`
--


--
-- Table structure for table `ec_order_tax_information`
--

CREATE TABLE `ec_order_tax_information` (
  `id` bigint unsigned NOT NULL AUTO_INCREMENT,
  `order_id` bigint unsigned NOT NULL,
  `company_name` varchar(120) COLLATE utf8mb4_unicode_ci NOT NULL,
  `company_address` varchar(191) COLLATE utf8mb4_unicode_ci NOT NULL,
  `company_tax_code` varchar(20) COLLATE utf8mb4_unicode_ci NOT NULL,
  `company_email` varchar(60) COLLATE utf8mb4_unicode_ci NOT NULL,
  `created_at` timestamp NULL DEFAULT NULL,
  `updated_at` timestamp NULL DEFAULT NULL,
  PRIMARY KEY (`id`),
  KEY `ec_order_tax_information_order_id_index` (`order_id`)
) ENGINE=InnoDB DEFAULT CHARSET=utf8mb4 COLLATE=utf8mb4_unicode_ci;

--
-- Dumping data for table `ec_order_tax_information`
--


--
-- Table structure for table `ec_orders`
--

CREATE TABLE `ec_orders` (
  `id` bigint unsigned NOT NULL AUTO_INCREMENT,
  `code` varchar(191) COLLATE utf8mb4_unicode_ci DEFAULT NULL,
  `user_id` bigint unsigned NOT NULL,
  `shipping_option` varchar(60) COLLATE utf8mb4_unicode_ci DEFAULT NULL,
  `shipping_method` varchar(60) COLLATE utf8mb4_unicode_ci NOT NULL DEFAULT 'default',
  `status` varchar(120) COLLATE utf8mb4_unicode_ci NOT NULL DEFAULT 'pending',
  `amount` decimal(15,2) NOT NULL,
  `tax_amount` decimal(15,2) DEFAULT NULL,
  `shipping_amount` decimal(15,2) DEFAULT NULL,
  `description` text COLLATE utf8mb4_unicode_ci,
  `coupon_code` varchar(120) COLLATE utf8mb4_unicode_ci DEFAULT NULL,
  `discount_amount` decimal(15,2) DEFAULT NULL,
  `sub_total` decimal(15,2) NOT NULL,
  `is_confirmed` tinyint(1) NOT NULL DEFAULT '0',
  `discount_description` varchar(191) COLLATE utf8mb4_unicode_ci DEFAULT NULL,
  `is_finished` tinyint(1) DEFAULT '0',
  `cancellation_reason` varchar(191) COLLATE utf8mb4_unicode_ci DEFAULT NULL,
  `cancellation_reason_description` varchar(191) COLLATE utf8mb4_unicode_ci DEFAULT NULL,
  `completed_at` timestamp NULL DEFAULT NULL,
  `token` varchar(120) COLLATE utf8mb4_unicode_ci DEFAULT NULL,
  `payment_id` bigint unsigned DEFAULT NULL,
  `created_at` timestamp NULL DEFAULT NULL,
  `updated_at` timestamp NULL DEFAULT NULL,
  `store_id` bigint unsigned DEFAULT NULL,
  `proof_file` varchar(191) COLLATE utf8mb4_unicode_ci DEFAULT NULL,
  PRIMARY KEY (`id`),
  UNIQUE KEY `ec_orders_code_unique` (`code`),
  KEY `ec_orders_user_id_status_created_at_index` (`user_id`,`status`,`created_at`)
) ENGINE=InnoDB DEFAULT CHARSET=utf8mb4 COLLATE=utf8mb4_unicode_ci;

--
-- Dumping data for table `ec_orders`
--


--
-- Table structure for table `ec_product_attribute_sets`
--

CREATE TABLE `ec_product_attribute_sets` (
  `id` bigint unsigned NOT NULL AUTO_INCREMENT,
  `title` varchar(120) COLLATE utf8mb4_unicode_ci NOT NULL,
  `slug` varchar(120) COLLATE utf8mb4_unicode_ci DEFAULT NULL,
  `display_layout` varchar(191) COLLATE utf8mb4_unicode_ci NOT NULL DEFAULT 'swatch_dropdown',
  `is_searchable` tinyint unsigned NOT NULL DEFAULT '1',
  `is_comparable` tinyint unsigned NOT NULL DEFAULT '1',
  `is_use_in_product_listing` tinyint unsigned NOT NULL DEFAULT '0',
  `status` varchar(60) COLLATE utf8mb4_unicode_ci NOT NULL DEFAULT 'published',
  `order` tinyint unsigned NOT NULL DEFAULT '0',
  `created_at` timestamp NULL DEFAULT NULL,
  `updated_at` timestamp NULL DEFAULT NULL,
  `use_image_from_product_variation` tinyint unsigned NOT NULL DEFAULT '0',
  PRIMARY KEY (`id`)
) ENGINE=InnoDB AUTO_INCREMENT=5 DEFAULT CHARSET=utf8mb4 COLLATE=utf8mb4_unicode_ci;

--
-- Dumping data for table `ec_product_attribute_sets`
--

INSERT INTO `ec_product_attribute_sets` VALUES (1,'Color','color','visual',1,1,1,'published',0,'2024-05-10 02:10:44','2024-05-10 02:10:44',0),(2,'Size','size','text',1,1,1,'published',1,'2024-05-10 02:10:44','2024-05-10 02:10:44',0),(3,'Weight','weight','text',1,1,1,'published',0,'2024-05-10 02:10:44','2024-05-10 02:10:44',0),(4,'Boxes','boxes','text',1,1,1,'published',1,'2024-05-10 02:10:44','2024-05-10 02:10:44',0);

--
-- Table structure for table `ec_product_attribute_sets_translations`
--

CREATE TABLE `ec_product_attribute_sets_translations` (
  `lang_code` varchar(191) COLLATE utf8mb4_unicode_ci NOT NULL,
  `ec_product_attribute_sets_id` bigint unsigned NOT NULL,
  `title` varchar(191) COLLATE utf8mb4_unicode_ci DEFAULT NULL,
  PRIMARY KEY (`lang_code`,`ec_product_attribute_sets_id`)
) ENGINE=InnoDB DEFAULT CHARSET=utf8mb4 COLLATE=utf8mb4_unicode_ci;

--
-- Dumping data for table `ec_product_attribute_sets_translations`
--


--
-- Table structure for table `ec_product_attributes`
--

CREATE TABLE `ec_product_attributes` (
  `id` bigint unsigned NOT NULL AUTO_INCREMENT,
  `attribute_set_id` bigint unsigned NOT NULL,
  `title` varchar(120) COLLATE utf8mb4_unicode_ci NOT NULL,
  `slug` varchar(120) COLLATE utf8mb4_unicode_ci DEFAULT NULL,
  `color` varchar(50) COLLATE utf8mb4_unicode_ci DEFAULT NULL,
  `image` varchar(191) COLLATE utf8mb4_unicode_ci DEFAULT NULL,
  `is_default` tinyint unsigned NOT NULL DEFAULT '0',
  `order` tinyint unsigned NOT NULL DEFAULT '0',
  `created_at` timestamp NULL DEFAULT NULL,
  `updated_at` timestamp NULL DEFAULT NULL,
  PRIMARY KEY (`id`),
  KEY `attribute_set_status_index` (`attribute_set_id`)
) ENGINE=InnoDB AUTO_INCREMENT=21 DEFAULT CHARSET=utf8mb4 COLLATE=utf8mb4_unicode_ci;

--
-- Dumping data for table `ec_product_attributes`
--

INSERT INTO `ec_product_attributes` VALUES (1,1,'Green','green','#5FB7D4',NULL,1,1,'2024-05-10 02:10:44','2024-05-10 02:10:44'),(2,1,'Blue','blue','#333333',NULL,0,2,'2024-05-10 02:10:44','2024-05-10 02:10:44'),(3,1,'Red','red','#DA323F',NULL,0,3,'2024-05-10 02:10:44','2024-05-10 02:10:44'),(4,1,'Black','black','#2F366C',NULL,0,4,'2024-05-10 02:10:44','2024-05-10 02:10:44'),(5,1,'Brown','brown','#87554B',NULL,0,5,'2024-05-10 02:10:44','2024-05-10 02:10:44'),(6,2,'S','s',NULL,NULL,1,1,'2024-05-10 02:10:44','2024-05-10 02:10:44'),(7,2,'M','m',NULL,NULL,0,2,'2024-05-10 02:10:44','2024-05-10 02:10:44'),(8,2,'L','l',NULL,NULL,0,3,'2024-05-10 02:10:44','2024-05-10 02:10:44'),(9,2,'XL','xl',NULL,NULL,0,4,'2024-05-10 02:10:44','2024-05-10 02:10:44'),(10,2,'XXL','xxl',NULL,NULL,0,5,'2024-05-10 02:10:44','2024-05-10 02:10:44'),(11,3,'1KG','1kg',NULL,NULL,1,1,'2024-05-10 02:10:44','2024-05-10 02:10:44'),(12,3,'2KG','2kg',NULL,NULL,0,2,'2024-05-10 02:10:44','2024-05-10 02:10:44'),(13,3,'3KG','3kg',NULL,NULL,0,3,'2024-05-10 02:10:44','2024-05-10 02:10:44'),(14,3,'4KG','4kg',NULL,NULL,0,4,'2024-05-10 02:10:44','2024-05-10 02:10:44'),(15,3,'5KG','5kg',NULL,NULL,0,5,'2024-05-10 02:10:44','2024-05-10 02:10:44'),(16,4,'1 Box','1-box',NULL,NULL,1,1,'2024-05-10 02:10:44','2024-05-10 02:10:44'),(17,4,'2 Boxes','2-boxes',NULL,NULL,0,2,'2024-05-10 02:10:44','2024-05-10 02:10:44'),(18,4,'3 Boxes','3-boxes',NULL,NULL,0,3,'2024-05-10 02:10:44','2024-05-10 02:10:44'),(19,4,'4 Boxes','4-boxes',NULL,NULL,0,4,'2024-05-10 02:10:44','2024-05-10 02:10:44'),(20,4,'5 Boxes','5-boxes',NULL,NULL,0,5,'2024-05-10 02:10:44','2024-05-10 02:10:44');

--
-- Table structure for table `ec_product_attributes_translations`
--

CREATE TABLE `ec_product_attributes_translations` (
  `lang_code` varchar(191) COLLATE utf8mb4_unicode_ci NOT NULL,
  `ec_product_attributes_id` bigint unsigned NOT NULL,
  `title` varchar(191) COLLATE utf8mb4_unicode_ci DEFAULT NULL,
  PRIMARY KEY (`lang_code`,`ec_product_attributes_id`)
) ENGINE=InnoDB DEFAULT CHARSET=utf8mb4 COLLATE=utf8mb4_unicode_ci;

--
-- Dumping data for table `ec_product_attributes_translations`
--


--
-- Table structure for table `ec_product_categories`
--

CREATE TABLE `ec_product_categories` (
  `id` bigint unsigned NOT NULL AUTO_INCREMENT,
  `name` varchar(191) COLLATE utf8mb4_unicode_ci NOT NULL,
  `parent_id` bigint unsigned NOT NULL DEFAULT '0',
  `description` mediumtext COLLATE utf8mb4_unicode_ci,
  `status` varchar(60) COLLATE utf8mb4_unicode_ci NOT NULL DEFAULT 'published',
  `order` int unsigned NOT NULL DEFAULT '0',
  `image` varchar(191) COLLATE utf8mb4_unicode_ci DEFAULT NULL,
  `is_featured` tinyint unsigned NOT NULL DEFAULT '0',
  `created_at` timestamp NULL DEFAULT NULL,
  `updated_at` timestamp NULL DEFAULT NULL,
  `icon` varchar(191) COLLATE utf8mb4_unicode_ci DEFAULT NULL,
  `icon_image` varchar(191) COLLATE utf8mb4_unicode_ci DEFAULT NULL,
  PRIMARY KEY (`id`),
  KEY `ec_product_categories_parent_id_status_created_at_index` (`parent_id`,`status`,`created_at`),
  KEY `ec_product_categories_parent_id_status_index` (`parent_id`,`status`)
) ENGINE=InnoDB AUTO_INCREMENT=20 DEFAULT CHARSET=utf8mb4 COLLATE=utf8mb4_unicode_ci;

--
-- Dumping data for table `ec_product_categories`
--

INSERT INTO `ec_product_categories` VALUES (1,'Bags',0,NULL,'published',0,'fashion/product-categories/1.jpg',1,'2024-05-10 02:10:52','2024-05-10 02:10:52',NULL,NULL),(2,'Clothing',0,NULL,'published',1,'fashion/product-categories/4.jpg',1,'2024-05-10 02:10:52','2024-05-10 02:10:52',NULL,NULL),(3,'Men\'s Clothing',2,NULL,'published',0,NULL,0,'2024-05-10 02:10:52','2024-05-10 02:10:52',NULL,NULL),(4,'T-Shirts',3,NULL,'published',0,NULL,0,'2024-05-10 02:10:52','2024-05-10 02:10:52',NULL,NULL),(5,'Jeans',3,NULL,'published',1,NULL,0,'2024-05-10 02:10:52','2024-05-10 02:10:52',NULL,NULL),(6,'Suits',3,NULL,'published',2,NULL,0,'2024-05-10 02:10:52','2024-05-10 02:10:52',NULL,NULL),(7,'Women\'s Clothing',2,NULL,'published',1,'fashion/product-categories/2.jpg',1,'2024-05-10 02:10:52','2024-05-10 02:10:52',NULL,NULL),(8,'Dresses',7,NULL,'published',0,NULL,0,'2024-05-10 02:10:52','2024-05-10 02:10:52',NULL,NULL),(9,'Blouses',7,NULL,'published',1,NULL,0,'2024-05-10 02:10:52','2024-05-10 02:10:52',NULL,NULL),(10,'Pants',7,NULL,'published',2,NULL,0,'2024-05-10 02:10:52','2024-05-10 02:10:52',NULL,NULL),(11,'Footwear',0,NULL,'published',2,'fashion/product-categories/6.jpg',1,'2024-05-10 02:10:52','2024-05-10 02:10:52',NULL,NULL),(12,'Accessories',0,NULL,'published',3,NULL,0,'2024-05-10 02:10:52','2024-05-10 02:10:52',NULL,NULL),(13,'Hats',12,NULL,'published',0,NULL,0,'2024-05-10 02:10:52','2024-05-10 02:10:52',NULL,NULL),(14,'Scarves',12,NULL,'published',1,NULL,0,'2024-05-10 02:10:52','2024-05-10 02:10:52',NULL,NULL),(15,'Jewelry',12,NULL,'published',2,NULL,0,'2024-05-10 02:10:52','2024-05-10 02:10:52',NULL,NULL),(16,'Sportswear',0,NULL,'published',4,NULL,0,'2024-05-10 02:10:52','2024-05-10 02:10:52',NULL,NULL),(17,'Activewear',16,NULL,'published',0,NULL,0,'2024-05-10 02:10:52','2024-05-10 02:10:52',NULL,NULL),(18,'Running Shoes',16,NULL,'published',1,'fashion/product-categories/3.jpg',1,'2024-05-10 02:10:52','2024-05-10 02:10:52',NULL,NULL),(19,'Outerwear',0,NULL,'published',5,'fashion/product-categories/5.jpg',1,'2024-05-10 02:10:52','2024-05-10 02:10:52',NULL,NULL);

--
-- Table structure for table `ec_product_categories_translations`
--

CREATE TABLE `ec_product_categories_translations` (
  `lang_code` varchar(191) COLLATE utf8mb4_unicode_ci NOT NULL,
  `ec_product_categories_id` bigint unsigned NOT NULL,
  `name` varchar(191) COLLATE utf8mb4_unicode_ci DEFAULT NULL,
  `description` mediumtext COLLATE utf8mb4_unicode_ci,
  PRIMARY KEY (`lang_code`,`ec_product_categories_id`)
) ENGINE=InnoDB DEFAULT CHARSET=utf8mb4 COLLATE=utf8mb4_unicode_ci;

--
-- Dumping data for table `ec_product_categories_translations`
--


--
-- Table structure for table `ec_product_categorizables`
--

CREATE TABLE `ec_product_categorizables` (
  `category_id` bigint unsigned NOT NULL,
  `reference_id` bigint unsigned NOT NULL,
  `reference_type` varchar(120) COLLATE utf8mb4_unicode_ci NOT NULL,
  PRIMARY KEY (`category_id`,`reference_id`,`reference_type`),
  KEY `ec_product_categorizables_category_id_index` (`category_id`),
  KEY `ec_product_categorizables_reference_id_index` (`reference_id`),
  KEY `ec_product_categorizables_reference_type_index` (`reference_type`)
) ENGINE=InnoDB DEFAULT CHARSET=utf8mb4 COLLATE=utf8mb4_unicode_ci;

--
-- Dumping data for table `ec_product_categorizables`
--


--
-- Table structure for table `ec_product_category_product`
--

CREATE TABLE `ec_product_category_product` (
  `category_id` bigint unsigned NOT NULL,
  `product_id` bigint unsigned NOT NULL,
  PRIMARY KEY (`product_id`,`category_id`),
  KEY `ec_product_category_product_category_id_index` (`category_id`),
  KEY `ec_product_category_product_product_id_index` (`product_id`)
) ENGINE=InnoDB DEFAULT CHARSET=utf8mb4 COLLATE=utf8mb4_unicode_ci;

--
-- Dumping data for table `ec_product_category_product`
--

INSERT INTO `ec_product_category_product` VALUES (1,15),(1,16),(1,23),(1,27),(1,29),(2,1),(2,5),(2,7),(2,8),(2,10),(2,11),(2,12),(2,18),(2,19),(2,20),(2,25),(2,34),(2,36),(2,42),(3,4),(3,15),(3,22),(3,28),(3,32),(3,38),(3,39),(3,40),(4,7),(4,14),(4,24),(4,25),(4,28),(4,29),(4,35),(4,43),(5,2),(5,4),(5,8),(5,19),(5,21),(5,31),(5,32),(5,33),(6,7),(6,30),(6,31),(6,33),(6,37),(6,39),(7,10),(7,11),(7,13),(7,14),(7,15),(7,20),(7,23),(7,24),(7,25),(7,26),(7,38),(7,40),(7,42),(7,43),(8,3),(8,15),(8,19),(8,22),(8,30),(8,36),(9,5),(9,7),(9,21),(9,30),(9,35),(9,41),(10,2),(10,3),(10,6),(10,11),(10,17),(10,26),(10,32),(10,36),(10,41),(10,43),(11,1),(11,5),(11,6),(11,12),(11,14),(11,23),(11,27),(11,28),(11,29),(11,31),(11,33),(11,40),(11,42),(12,5),(12,9),(12,10),(12,14),(12,16),(12,18),(12,19),(12,22),(12,23),(12,37),(12,40),(13,2),(13,8),(13,9),(13,18),(13,24),(13,27),(13,34),(13,37),(13,39),(13,41),(14,1),(14,10),(14,22),(14,32),(14,34),(14,35),(14,36),(14,38),(15,1),(15,3),(15,4),(15,11),(15,12),(15,13),(15,18),(15,20),(15,21),(15,24),(15,31),(15,33),(15,39),(15,41),(16,3),(16,6),(16,9),(16,12),(16,16),(16,17),(16,25),(16,34),(16,38),(16,43),(17,8),(17,13),(17,17),(17,20),(17,26),(17,30),(17,35),(17,37),(17,42),(18,2),(18,4),(18,6),(18,13),(18,16),(18,26),(18,28),(18,29),(19,9),(19,17),(19,21),(19,27);

--
-- Table structure for table `ec_product_collection_products`
--

CREATE TABLE `ec_product_collection_products` (
  `product_collection_id` bigint unsigned NOT NULL,
  `product_id` bigint unsigned NOT NULL,
  PRIMARY KEY (`product_id`,`product_collection_id`),
  KEY `ec_product_collection_products_product_collection_id_index` (`product_collection_id`),
  KEY `ec_product_collection_products_product_id_index` (`product_id`)
) ENGINE=InnoDB DEFAULT CHARSET=utf8mb4 COLLATE=utf8mb4_unicode_ci;

--
-- Dumping data for table `ec_product_collection_products`
--

INSERT INTO `ec_product_collection_products` VALUES (1,6),(1,7),(1,12),(1,15),(1,16),(1,19),(1,23),(1,34),(1,35),(2,1),(2,4),(2,13),(2,20),(2,24),(2,26),(2,27),(2,28),(2,30),(2,37),(2,43),(3,2),(3,3),(3,5),(3,8),(3,11),(3,21),(3,22),(3,25),(3,31),(3,32),(3,38),(3,42),(4,9),(4,10),(4,14),(4,17),(4,18),(4,29),(4,33),(4,36),(4,39),(4,40),(4,41);

--
-- Table structure for table `ec_product_collections`
--

CREATE TABLE `ec_product_collections` (
  `id` bigint unsigned NOT NULL AUTO_INCREMENT,
  `name` varchar(191) COLLATE utf8mb4_unicode_ci NOT NULL,
  `slug` varchar(191) COLLATE utf8mb4_unicode_ci NOT NULL,
  `description` varchar(400) COLLATE utf8mb4_unicode_ci DEFAULT NULL,
  `image` varchar(191) COLLATE utf8mb4_unicode_ci DEFAULT NULL,
  `status` varchar(60) COLLATE utf8mb4_unicode_ci NOT NULL DEFAULT 'published',
  `created_at` timestamp NULL DEFAULT NULL,
  `updated_at` timestamp NULL DEFAULT NULL,
  `is_featured` tinyint unsigned NOT NULL DEFAULT '0',
  PRIMARY KEY (`id`)
) ENGINE=InnoDB AUTO_INCREMENT=5 DEFAULT CHARSET=utf8mb4 COLLATE=utf8mb4_unicode_ci;

--
-- Dumping data for table `ec_product_collections`
--

INSERT INTO `ec_product_collections` VALUES (1,'Trendy Wardrobe Essentials','trendy-wardrobe-essentials',NULL,NULL,'published','2024-05-10 02:10:52','2024-05-10 02:10:52',0),(2,'Fashion Forward Finds','fashion-forward-finds',NULL,NULL,'published','2024-05-10 02:10:52','2024-05-10 02:10:52',0),(3,'Chic &amp; Stylish Collection','chic-stylish-collection',NULL,NULL,'published','2024-05-10 02:10:52','2024-05-10 02:10:52',0),(4,'Weekly Fashion Picks','weekly-fashion-picks',NULL,NULL,'published','2024-05-10 02:10:52','2024-05-10 02:10:52',0);

--
-- Table structure for table `ec_product_collections_translations`
--

CREATE TABLE `ec_product_collections_translations` (
  `lang_code` varchar(191) COLLATE utf8mb4_unicode_ci NOT NULL,
  `ec_product_collections_id` bigint unsigned NOT NULL,
  `name` varchar(191) COLLATE utf8mb4_unicode_ci DEFAULT NULL,
  `description` varchar(400) COLLATE utf8mb4_unicode_ci DEFAULT NULL,
  PRIMARY KEY (`lang_code`,`ec_product_collections_id`)
) ENGINE=InnoDB DEFAULT CHARSET=utf8mb4 COLLATE=utf8mb4_unicode_ci;

--
-- Dumping data for table `ec_product_collections_translations`
--


--
-- Table structure for table `ec_product_cross_sale_relations`
--

CREATE TABLE `ec_product_cross_sale_relations` (
  `from_product_id` bigint unsigned NOT NULL,
  `to_product_id` bigint unsigned NOT NULL,
  `is_variant` tinyint(1) NOT NULL DEFAULT '0',
  `price` decimal(15,2) DEFAULT '0.00',
  `price_type` varchar(191) COLLATE utf8mb4_unicode_ci NOT NULL DEFAULT 'fixed',
  `apply_to_all_variations` tinyint(1) NOT NULL DEFAULT '1',
  PRIMARY KEY (`from_product_id`,`to_product_id`),
  KEY `ec_product_cross_sale_relations_from_product_id_index` (`from_product_id`),
  KEY `ec_product_cross_sale_relations_to_product_id_index` (`to_product_id`)
) ENGINE=InnoDB DEFAULT CHARSET=utf8mb4 COLLATE=utf8mb4_unicode_ci;

--
-- Dumping data for table `ec_product_cross_sale_relations`
--

INSERT INTO `ec_product_cross_sale_relations` VALUES (1,5,0,0.00,'fixed',1),(1,8,0,0.00,'fixed',1),(1,20,0,0.00,'fixed',1),(1,26,0,0.00,'fixed',1),(1,33,0,0.00,'fixed',1),(1,36,0,0.00,'fixed',1),(1,37,0,0.00,'fixed',1),(2,12,0,0.00,'fixed',1),(2,13,0,0.00,'fixed',1),(2,23,0,0.00,'fixed',1),(2,26,0,0.00,'fixed',1),(2,32,0,0.00,'fixed',1),(2,38,0,0.00,'fixed',1),(2,43,0,0.00,'fixed',1),(3,5,0,0.00,'fixed',1),(3,8,0,0.00,'fixed',1),(3,11,0,0.00,'fixed',1),(3,12,0,0.00,'fixed',1),(3,13,0,0.00,'fixed',1),(3,20,0,0.00,'fixed',1),(3,24,0,0.00,'fixed',1),(4,1,0,0.00,'fixed',1),(4,2,0,0.00,'fixed',1),(4,6,0,0.00,'fixed',1),(4,20,0,0.00,'fixed',1),(4,33,0,0.00,'fixed',1),(4,37,0,0.00,'fixed',1),(4,42,0,0.00,'fixed',1),(5,1,0,0.00,'fixed',1),(5,8,0,0.00,'fixed',1),(5,12,0,0.00,'fixed',1),(5,21,0,0.00,'fixed',1),(5,26,0,0.00,'fixed',1),(5,30,0,0.00,'fixed',1),(5,40,0,0.00,'fixed',1),(6,2,0,0.00,'fixed',1),(6,3,0,0.00,'fixed',1),(6,8,0,0.00,'fixed',1),(6,21,0,0.00,'fixed',1),(6,36,0,0.00,'fixed',1),(6,39,0,0.00,'fixed',1),(6,41,0,0.00,'fixed',1),(7,1,0,0.00,'fixed',1),(7,8,0,0.00,'fixed',1),(7,10,0,0.00,'fixed',1),(7,15,0,0.00,'fixed',1),(7,20,0,0.00,'fixed',1),(7,25,0,0.00,'fixed',1),(7,43,0,0.00,'fixed',1),(8,10,0,0.00,'fixed',1),(8,11,0,0.00,'fixed',1),(8,22,0,0.00,'fixed',1),(8,23,0,0.00,'fixed',1),(8,25,0,0.00,'fixed',1),(8,36,0,0.00,'fixed',1),(8,43,0,0.00,'fixed',1),(9,6,0,0.00,'fixed',1),(9,7,0,0.00,'fixed',1),(9,12,0,0.00,'fixed',1),(9,23,0,0.00,'fixed',1),(9,25,0,0.00,'fixed',1),(9,39,0,0.00,'fixed',1),(9,42,0,0.00,'fixed',1),(10,11,0,0.00,'fixed',1),(10,16,0,0.00,'fixed',1),(10,20,0,0.00,'fixed',1),(10,24,0,0.00,'fixed',1),(10,27,0,0.00,'fixed',1),(10,34,0,0.00,'fixed',1),(11,9,0,0.00,'fixed',1),(11,10,0,0.00,'fixed',1),(11,16,0,0.00,'fixed',1),(11,17,0,0.00,'fixed',1),(11,18,0,0.00,'fixed',1),(11,37,0,0.00,'fixed',1),(11,41,0,0.00,'fixed',1),(12,2,0,0.00,'fixed',1),(12,15,0,0.00,'fixed',1),(12,17,0,0.00,'fixed',1),(12,30,0,0.00,'fixed',1),(12,38,0,0.00,'fixed',1),(12,41,0,0.00,'fixed',1),(13,5,0,0.00,'fixed',1),(13,17,0,0.00,'fixed',1),(13,22,0,0.00,'fixed',1),(13,27,0,0.00,'fixed',1),(13,35,0,0.00,'fixed',1),(13,40,0,0.00,'fixed',1),(13,42,0,0.00,'fixed',1),(14,10,0,0.00,'fixed',1),(14,18,0,0.00,'fixed',1),(14,19,0,0.00,'fixed',1),(14,20,0,0.00,'fixed',1),(14,23,0,0.00,'fixed',1),(14,29,0,0.00,'fixed',1),(15,8,0,0.00,'fixed',1),(15,9,0,0.00,'fixed',1),(15,18,0,0.00,'fixed',1),(15,26,0,0.00,'fixed',1),(15,30,0,0.00,'fixed',1),(15,33,0,0.00,'fixed',1),(15,40,0,0.00,'fixed',1),(16,6,0,0.00,'fixed',1),(16,7,0,0.00,'fixed',1),(16,9,0,0.00,'fixed',1),(16,26,0,0.00,'fixed',1),(16,33,0,0.00,'fixed',1),(16,36,0,0.00,'fixed',1),(17,5,0,0.00,'fixed',1),(17,10,0,0.00,'fixed',1),(17,13,0,0.00,'fixed',1),(17,18,0,0.00,'fixed',1),(17,23,0,0.00,'fixed',1),(17,24,0,0.00,'fixed',1),(17,28,0,0.00,'fixed',1),(18,7,0,0.00,'fixed',1),(18,10,0,0.00,'fixed',1),(18,19,0,0.00,'fixed',1),(18,25,0,0.00,'fixed',1),(18,27,0,0.00,'fixed',1),(18,28,0,0.00,'fixed',1),(18,40,0,0.00,'fixed',1),(19,1,0,0.00,'fixed',1),(19,5,0,0.00,'fixed',1),(19,6,0,0.00,'fixed',1),(19,28,0,0.00,'fixed',1),(19,36,0,0.00,'fixed',1),(19,38,0,0.00,'fixed',1),(19,41,0,0.00,'fixed',1),(20,12,0,0.00,'fixed',1),(20,13,0,0.00,'fixed',1),(20,15,0,0.00,'fixed',1),(20,17,0,0.00,'fixed',1),(20,25,0,0.00,'fixed',1),(20,27,0,0.00,'fixed',1),(20,30,0,0.00,'fixed',1),(21,1,0,0.00,'fixed',1),(21,5,0,0.00,'fixed',1),(21,8,0,0.00,'fixed',1),(21,14,0,0.00,'fixed',1),(21,18,0,0.00,'fixed',1),(21,25,0,0.00,'fixed',1),(21,36,0,0.00,'fixed',1),(22,2,0,0.00,'fixed',1),(22,11,0,0.00,'fixed',1),(22,13,0,0.00,'fixed',1),(22,15,0,0.00,'fixed',1),(22,18,0,0.00,'fixed',1),(22,36,0,0.00,'fixed',1),(22,38,0,0.00,'fixed',1),(23,2,0,0.00,'fixed',1),(23,11,0,0.00,'fixed',1),(23,16,0,0.00,'fixed',1),(23,28,0,0.00,'fixed',1),(23,34,0,0.00,'fixed',1),(23,42,0,0.00,'fixed',1),(24,15,0,0.00,'fixed',1),(24,19,0,0.00,'fixed',1),(24,27,0,0.00,'fixed',1),(24,37,0,0.00,'fixed',1),(24,39,0,0.00,'fixed',1),(24,42,0,0.00,'fixed',1),(25,24,0,0.00,'fixed',1),(25,26,0,0.00,'fixed',1),(25,29,0,0.00,'fixed',1),(25,30,0,0.00,'fixed',1),(25,31,0,0.00,'fixed',1),(25,33,0,0.00,'fixed',1),(25,36,0,0.00,'fixed',1),(26,2,0,0.00,'fixed',1),(26,7,0,0.00,'fixed',1),(26,10,0,0.00,'fixed',1),(26,14,0,0.00,'fixed',1),(26,23,0,0.00,'fixed',1),(26,31,0,0.00,'fixed',1),(26,36,0,0.00,'fixed',1),(27,2,0,0.00,'fixed',1),(27,7,0,0.00,'fixed',1),(27,10,0,0.00,'fixed',1),(27,38,0,0.00,'fixed',1),(27,40,0,0.00,'fixed',1),(27,42,0,0.00,'fixed',1),(27,43,0,0.00,'fixed',1),(28,18,0,0.00,'fixed',1),(28,20,0,0.00,'fixed',1),(28,27,0,0.00,'fixed',1),(28,32,0,0.00,'fixed',1),(28,35,0,0.00,'fixed',1),(28,36,0,0.00,'fixed',1),(29,14,0,0.00,'fixed',1),(29,15,0,0.00,'fixed',1),(29,20,0,0.00,'fixed',1),(29,27,0,0.00,'fixed',1),(29,30,0,0.00,'fixed',1),(29,32,0,0.00,'fixed',1),(29,42,0,0.00,'fixed',1),(30,8,0,0.00,'fixed',1),(30,10,0,0.00,'fixed',1),(30,21,0,0.00,'fixed',1),(30,23,0,0.00,'fixed',1),(30,39,0,0.00,'fixed',1),(30,43,0,0.00,'fixed',1),(31,16,0,0.00,'fixed',1),(31,17,0,0.00,'fixed',1),(31,21,0,0.00,'fixed',1),(31,24,0,0.00,'fixed',1),(31,25,0,0.00,'fixed',1),(31,42,0,0.00,'fixed',1),(31,43,0,0.00,'fixed',1),(32,6,0,0.00,'fixed',1),(32,8,0,0.00,'fixed',1),(32,10,0,0.00,'fixed',1),(32,14,0,0.00,'fixed',1),(32,16,0,0.00,'fixed',1),(32,43,0,0.00,'fixed',1),(33,15,0,0.00,'fixed',1),(33,16,0,0.00,'fixed',1),(33,17,0,0.00,'fixed',1),(33,21,0,0.00,'fixed',1),(33,24,0,0.00,'fixed',1),(33,28,0,0.00,'fixed',1),(33,43,0,0.00,'fixed',1),(34,3,0,0.00,'fixed',1),(34,8,0,0.00,'fixed',1),(34,10,0,0.00,'fixed',1),(34,12,0,0.00,'fixed',1),(34,26,0,0.00,'fixed',1),(34,33,0,0.00,'fixed',1),(34,43,0,0.00,'fixed',1),(35,9,0,0.00,'fixed',1),(35,14,0,0.00,'fixed',1),(35,17,0,0.00,'fixed',1),(35,27,0,0.00,'fixed',1),(35,34,0,0.00,'fixed',1),(35,36,0,0.00,'fixed',1),(35,41,0,0.00,'fixed',1),(36,9,0,0.00,'fixed',1),(36,15,0,0.00,'fixed',1),(36,16,0,0.00,'fixed',1),(36,27,0,0.00,'fixed',1),(36,31,0,0.00,'fixed',1),(36,43,0,0.00,'fixed',1),(37,1,0,0.00,'fixed',1),(37,4,0,0.00,'fixed',1),(37,25,0,0.00,'fixed',1),(37,26,0,0.00,'fixed',1),(37,32,0,0.00,'fixed',1),(37,34,0,0.00,'fixed',1),(37,42,0,0.00,'fixed',1),(38,4,0,0.00,'fixed',1),(38,9,0,0.00,'fixed',1),(38,12,0,0.00,'fixed',1),(38,13,0,0.00,'fixed',1),(38,17,0,0.00,'fixed',1),(38,19,0,0.00,'fixed',1),(38,33,0,0.00,'fixed',1),(39,5,0,0.00,'fixed',1),(39,13,0,0.00,'fixed',1),(39,18,0,0.00,'fixed',1),(39,29,0,0.00,'fixed',1),(39,30,0,0.00,'fixed',1),(39,31,0,0.00,'fixed',1),(39,35,0,0.00,'fixed',1),(40,4,0,0.00,'fixed',1),(40,5,0,0.00,'fixed',1),(40,9,0,0.00,'fixed',1),(40,12,0,0.00,'fixed',1),(40,16,0,0.00,'fixed',1),(40,24,0,0.00,'fixed',1),(40,26,0,0.00,'fixed',1),(41,12,0,0.00,'fixed',1),(41,13,0,0.00,'fixed',1),(41,21,0,0.00,'fixed',1),(41,23,0,0.00,'fixed',1),(41,32,0,0.00,'fixed',1),(41,36,0,0.00,'fixed',1),(41,43,0,0.00,'fixed',1),(42,5,0,0.00,'fixed',1),(42,7,0,0.00,'fixed',1),(42,22,0,0.00,'fixed',1),(42,30,0,0.00,'fixed',1),(42,38,0,0.00,'fixed',1),(42,40,0,0.00,'fixed',1),(43,1,0,0.00,'fixed',1),(43,7,0,0.00,'fixed',1),(43,14,0,0.00,'fixed',1),(43,22,0,0.00,'fixed',1),(43,26,0,0.00,'fixed',1),(43,27,0,0.00,'fixed',1),(43,41,0,0.00,'fixed',1);

--
-- Table structure for table `ec_product_files`
--

CREATE TABLE `ec_product_files` (
  `id` bigint unsigned NOT NULL AUTO_INCREMENT,
  `product_id` bigint unsigned DEFAULT NULL,
  `url` varchar(400) COLLATE utf8mb4_unicode_ci DEFAULT NULL,
  `extras` mediumtext COLLATE utf8mb4_unicode_ci,
  `created_at` timestamp NULL DEFAULT NULL,
  `updated_at` timestamp NULL DEFAULT NULL,
  PRIMARY KEY (`id`),
  KEY `ec_product_files_product_id_index` (`product_id`)
) ENGINE=InnoDB AUTO_INCREMENT=31 DEFAULT CHARSET=utf8mb4 COLLATE=utf8mb4_unicode_ci;

--
-- Dumping data for table `ec_product_files`
--

INSERT INTO `ec_product_files` VALUES (1,4,'ecommerce/digital-product-files/product-6.png','{\"filename\":\"product-6.png\",\"url\":\"ecommerce\\/digital-product-files\\/product-6.png\",\"mime_type\":\"image\\/png\",\"size\":9803,\"modified\":\"2024-05-10 09:10:54\",\"name\":\"product-6\",\"extension\":\"png\"}','2024-05-10 02:10:54','2024-05-10 02:10:54'),(2,4,'ecommerce/digital-product-files/product-1.png','{\"filename\":\"product-1.png\",\"url\":\"ecommerce\\/digital-product-files\\/product-1.png\",\"mime_type\":\"image\\/png\",\"size\":9803,\"modified\":\"2024-05-10 09:10:54\",\"name\":\"product-1\",\"extension\":\"png\"}','2024-05-10 02:10:54','2024-05-10 02:10:54'),(3,8,'ecommerce/digital-product-files/product-6.png','{\"filename\":\"product-6.png\",\"url\":\"ecommerce\\/digital-product-files\\/product-6.png\",\"mime_type\":\"image\\/png\",\"size\":9803,\"modified\":\"2024-05-10 09:10:54\",\"name\":\"product-6\",\"extension\":\"png\"}','2024-05-10 02:10:54','2024-05-10 02:10:54'),(4,8,'ecommerce/digital-product-files/product-2.png','{\"filename\":\"product-2.png\",\"url\":\"ecommerce\\/digital-product-files\\/product-2.png\",\"mime_type\":\"image\\/png\",\"size\":9803,\"modified\":\"2024-05-10 09:10:54\",\"name\":\"product-2\",\"extension\":\"png\"}','2024-05-10 02:10:54','2024-05-10 02:10:54'),(5,12,'ecommerce/digital-product-files/product-6.png','{\"filename\":\"product-6.png\",\"url\":\"ecommerce\\/digital-product-files\\/product-6.png\",\"mime_type\":\"image\\/png\",\"size\":9803,\"modified\":\"2024-05-10 09:10:54\",\"name\":\"product-6\",\"extension\":\"png\"}','2024-05-10 02:10:54','2024-05-10 02:10:54'),(6,12,'ecommerce/digital-product-files/product-8.png','{\"filename\":\"product-8.png\",\"url\":\"ecommerce\\/digital-product-files\\/product-8.png\",\"mime_type\":\"image\\/png\",\"size\":9803,\"modified\":\"2024-05-10 09:10:54\",\"name\":\"product-8\",\"extension\":\"png\"}','2024-05-10 02:10:54','2024-05-10 02:10:54'),(7,16,'ecommerce/digital-product-files/product-4.png','{\"filename\":\"product-4.png\",\"url\":\"ecommerce\\/digital-product-files\\/product-4.png\",\"mime_type\":\"image\\/png\",\"size\":9803,\"modified\":\"2024-05-10 09:10:54\",\"name\":\"product-4\",\"extension\":\"png\"}','2024-05-10 02:10:54','2024-05-10 02:10:54'),(8,16,'ecommerce/digital-product-files/product-1.png','{\"filename\":\"product-1.png\",\"url\":\"ecommerce\\/digital-product-files\\/product-1.png\",\"mime_type\":\"image\\/png\",\"size\":9803,\"modified\":\"2024-05-10 09:10:54\",\"name\":\"product-1\",\"extension\":\"png\"}','2024-05-10 02:10:54','2024-05-10 02:10:54'),(9,20,'ecommerce/digital-product-files/product-3.png','{\"filename\":\"product-3.png\",\"url\":\"ecommerce\\/digital-product-files\\/product-3.png\",\"mime_type\":\"image\\/png\",\"size\":9803,\"modified\":\"2024-05-10 09:10:54\",\"name\":\"product-3\",\"extension\":\"png\"}','2024-05-10 02:10:54','2024-05-10 02:10:54'),(10,20,'ecommerce/digital-product-files/product-5.png','{\"filename\":\"product-5.png\",\"url\":\"ecommerce\\/digital-product-files\\/product-5.png\",\"mime_type\":\"image\\/png\",\"size\":9803,\"modified\":\"2024-05-10 09:10:54\",\"name\":\"product-5\",\"extension\":\"png\"}','2024-05-10 02:10:54','2024-05-10 02:10:54'),(11,24,'ecommerce/digital-product-files/product-3.png','{\"filename\":\"product-3.png\",\"url\":\"ecommerce\\/digital-product-files\\/product-3.png\",\"mime_type\":\"image\\/png\",\"size\":9803,\"modified\":\"2024-05-10 09:10:54\",\"name\":\"product-3\",\"extension\":\"png\"}','2024-05-10 02:10:54','2024-05-10 02:10:54'),(12,24,'ecommerce/digital-product-files/product-8.png','{\"filename\":\"product-8.png\",\"url\":\"ecommerce\\/digital-product-files\\/product-8.png\",\"mime_type\":\"image\\/png\",\"size\":9803,\"modified\":\"2024-05-10 09:10:54\",\"name\":\"product-8\",\"extension\":\"png\"}','2024-05-10 02:10:54','2024-05-10 02:10:54'),(13,28,'ecommerce/digital-product-files/product-4.png','{\"filename\":\"product-4.png\",\"url\":\"ecommerce\\/digital-product-files\\/product-4.png\",\"mime_type\":\"image\\/png\",\"size\":9803,\"modified\":\"2024-05-10 09:10:54\",\"name\":\"product-4\",\"extension\":\"png\"}','2024-05-10 02:10:54','2024-05-10 02:10:54'),(14,28,'ecommerce/digital-product-files/product-1.png','{\"filename\":\"product-1.png\",\"url\":\"ecommerce\\/digital-product-files\\/product-1.png\",\"mime_type\":\"image\\/png\",\"size\":9803,\"modified\":\"2024-05-10 09:10:54\",\"name\":\"product-1\",\"extension\":\"png\"}','2024-05-10 02:10:54','2024-05-10 02:10:54'),(15,32,'ecommerce/digital-product-files/product-3.png','{\"filename\":\"product-3.png\",\"url\":\"ecommerce\\/digital-product-files\\/product-3.png\",\"mime_type\":\"image\\/png\",\"size\":9803,\"modified\":\"2024-05-10 09:10:54\",\"name\":\"product-3\",\"extension\":\"png\"}','2024-05-10 02:10:54','2024-05-10 02:10:54'),(16,32,'ecommerce/digital-product-files/product-8.png','{\"filename\":\"product-8.png\",\"url\":\"ecommerce\\/digital-product-files\\/product-8.png\",\"mime_type\":\"image\\/png\",\"size\":9803,\"modified\":\"2024-05-10 09:10:54\",\"name\":\"product-8\",\"extension\":\"png\"}','2024-05-10 02:10:54','2024-05-10 02:10:54'),(17,36,'ecommerce/digital-product-files/product-4.png','{\"filename\":\"product-4.png\",\"url\":\"ecommerce\\/digital-product-files\\/product-4.png\",\"mime_type\":\"image\\/png\",\"size\":9803,\"modified\":\"2024-05-10 09:10:54\",\"name\":\"product-4\",\"extension\":\"png\"}','2024-05-10 02:10:54','2024-05-10 02:10:54'),(18,36,'ecommerce/digital-product-files/product-2.png','{\"filename\":\"product-2.png\",\"url\":\"ecommerce\\/digital-product-files\\/product-2.png\",\"mime_type\":\"image\\/png\",\"size\":9803,\"modified\":\"2024-05-10 09:10:54\",\"name\":\"product-2\",\"extension\":\"png\"}','2024-05-10 02:10:54','2024-05-10 02:10:54'),(19,40,'ecommerce/digital-product-files/product-4.png','{\"filename\":\"product-4.png\",\"url\":\"ecommerce\\/digital-product-files\\/product-4.png\",\"mime_type\":\"image\\/png\",\"size\":9803,\"modified\":\"2024-05-10 09:10:54\",\"name\":\"product-4\",\"extension\":\"png\"}','2024-05-10 02:10:54','2024-05-10 02:10:54'),(20,40,'ecommerce/digital-product-files/product-6.png','{\"filename\":\"product-6.png\",\"url\":\"ecommerce\\/digital-product-files\\/product-6.png\",\"mime_type\":\"image\\/png\",\"size\":9803,\"modified\":\"2024-05-10 09:10:54\",\"name\":\"product-6\",\"extension\":\"png\"}','2024-05-10 02:10:54','2024-05-10 02:10:54'),(21,47,'ecommerce/digital-product-files/product-1.png','{\"filename\":\"product-1.png\",\"url\":\"ecommerce\\/digital-product-files\\/product-1.png\",\"mime_type\":\"image\\/png\",\"size\":9803,\"modified\":\"2024-05-10 09:10:54\",\"name\":\"product-1\",\"extension\":\"png\"}','2024-05-10 02:10:54','2024-05-10 02:10:54'),(22,48,'ecommerce/digital-product-files/product-8.png','{\"filename\":\"product-8.png\",\"url\":\"ecommerce\\/digital-product-files\\/product-8.png\",\"mime_type\":\"image\\/png\",\"size\":9803,\"modified\":\"2024-05-10 09:10:54\",\"name\":\"product-8\",\"extension\":\"png\"}','2024-05-10 02:10:54','2024-05-10 02:10:54'),(23,49,'ecommerce/digital-product-files/product-3.png','{\"filename\":\"product-3.png\",\"url\":\"ecommerce\\/digital-product-files\\/product-3.png\",\"mime_type\":\"image\\/png\",\"size\":9803,\"modified\":\"2024-05-10 09:10:54\",\"name\":\"product-3\",\"extension\":\"png\"}','2024-05-10 02:10:54','2024-05-10 02:10:54'),(24,50,'ecommerce/digital-product-files/product-2.png','{\"filename\":\"product-2.png\",\"url\":\"ecommerce\\/digital-product-files\\/product-2.png\",\"mime_type\":\"image\\/png\",\"size\":9803,\"modified\":\"2024-05-10 09:10:54\",\"name\":\"product-2\",\"extension\":\"png\"}','2024-05-10 02:10:54','2024-05-10 02:10:54'),(25,68,'ecommerce/digital-product-files/product-5.png','{\"filename\":\"product-5.png\",\"url\":\"ecommerce\\/digital-product-files\\/product-5.png\",\"mime_type\":\"image\\/png\",\"size\":9803,\"modified\":\"2024-05-10 09:10:54\",\"name\":\"product-5\",\"extension\":\"png\"}','2024-05-10 02:10:54','2024-05-10 02:10:54'),(26,69,'ecommerce/digital-product-files/product-2.png','{\"filename\":\"product-2.png\",\"url\":\"ecommerce\\/digital-product-files\\/product-2.png\",\"mime_type\":\"image\\/png\",\"size\":9803,\"modified\":\"2024-05-10 09:10:54\",\"name\":\"product-2\",\"extension\":\"png\"}','2024-05-10 02:10:54','2024-05-10 02:10:54'),(27,76,'ecommerce/digital-product-files/product-8.png','{\"filename\":\"product-8.png\",\"url\":\"ecommerce\\/digital-product-files\\/product-8.png\",\"mime_type\":\"image\\/png\",\"size\":9803,\"modified\":\"2024-05-10 09:10:54\",\"name\":\"product-8\",\"extension\":\"png\"}','2024-05-10 02:10:54','2024-05-10 02:10:54'),(28,102,'ecommerce/digital-product-files/product-6.png','{\"filename\":\"product-6.png\",\"url\":\"ecommerce\\/digital-product-files\\/product-6.png\",\"mime_type\":\"image\\/png\",\"size\":9803,\"modified\":\"2024-05-10 09:10:54\",\"name\":\"product-6\",\"extension\":\"png\"}','2024-05-10 02:10:54','2024-05-10 02:10:54'),(29,103,'ecommerce/digital-product-files/product-3.png','{\"filename\":\"product-3.png\",\"url\":\"ecommerce\\/digital-product-files\\/product-3.png\",\"mime_type\":\"image\\/png\",\"size\":9803,\"modified\":\"2024-05-10 09:10:54\",\"name\":\"product-3\",\"extension\":\"png\"}','2024-05-10 02:10:54','2024-05-10 02:10:54'),(30,104,'ecommerce/digital-product-files/product-8.png','{\"filename\":\"product-8.png\",\"url\":\"ecommerce\\/digital-product-files\\/product-8.png\",\"mime_type\":\"image\\/png\",\"size\":9803,\"modified\":\"2024-05-10 09:10:54\",\"name\":\"product-8\",\"extension\":\"png\"}','2024-05-10 02:10:54','2024-05-10 02:10:54');

--
-- Table structure for table `ec_product_label_products`
--

CREATE TABLE `ec_product_label_products` (
  `product_label_id` bigint unsigned NOT NULL,
  `product_id` bigint unsigned NOT NULL,
  PRIMARY KEY (`product_label_id`,`product_id`),
  KEY `ec_product_label_products_product_label_id_index` (`product_label_id`),
  KEY `ec_product_label_products_product_id_index` (`product_id`)
) ENGINE=InnoDB DEFAULT CHARSET=utf8mb4 COLLATE=utf8mb4_unicode_ci;

--
-- Dumping data for table `ec_product_label_products`
--

INSERT INTO `ec_product_label_products` VALUES (1,9),(1,18),(1,39),(2,3),(2,6),(2,21),(2,24),(2,36),(3,12),(3,15),(3,27),(3,30),(3,33),(3,42);

--
-- Table structure for table `ec_product_labels`
--

CREATE TABLE `ec_product_labels` (
  `id` bigint unsigned NOT NULL AUTO_INCREMENT,
  `name` varchar(191) COLLATE utf8mb4_unicode_ci NOT NULL,
  `color` varchar(120) COLLATE utf8mb4_unicode_ci DEFAULT NULL,
  `status` varchar(60) COLLATE utf8mb4_unicode_ci NOT NULL DEFAULT 'published',
  `created_at` timestamp NULL DEFAULT NULL,
  `updated_at` timestamp NULL DEFAULT NULL,
  PRIMARY KEY (`id`)
) ENGINE=InnoDB AUTO_INCREMENT=4 DEFAULT CHARSET=utf8mb4 COLLATE=utf8mb4_unicode_ci;

--
-- Dumping data for table `ec_product_labels`
--

INSERT INTO `ec_product_labels` VALUES (1,'Hot','#AC2200','published','2024-05-10 02:10:44','2024-05-10 02:10:44'),(2,'New','#006554','published','2024-05-10 02:10:44','2024-05-10 02:10:44'),(3,'Sale','#9A3B00','published','2024-05-10 02:10:44','2024-05-10 02:10:44');

--
-- Table structure for table `ec_product_labels_translations`
--

CREATE TABLE `ec_product_labels_translations` (
  `lang_code` varchar(191) COLLATE utf8mb4_unicode_ci NOT NULL,
  `ec_product_labels_id` bigint unsigned NOT NULL,
  `name` varchar(191) COLLATE utf8mb4_unicode_ci DEFAULT NULL,
  `description` varchar(400) COLLATE utf8mb4_unicode_ci DEFAULT NULL,
  PRIMARY KEY (`lang_code`,`ec_product_labels_id`)
) ENGINE=InnoDB DEFAULT CHARSET=utf8mb4 COLLATE=utf8mb4_unicode_ci;

--
-- Dumping data for table `ec_product_labels_translations`
--


--
-- Table structure for table `ec_product_related_relations`
--

CREATE TABLE `ec_product_related_relations` (
  `from_product_id` bigint unsigned NOT NULL,
  `to_product_id` bigint unsigned NOT NULL,
  PRIMARY KEY (`from_product_id`,`to_product_id`),
  KEY `ec_product_related_relations_from_product_id_index` (`from_product_id`),
  KEY `ec_product_related_relations_to_product_id_index` (`to_product_id`)
) ENGINE=InnoDB DEFAULT CHARSET=utf8mb4 COLLATE=utf8mb4_unicode_ci;

--
-- Dumping data for table `ec_product_related_relations`
--


--
-- Table structure for table `ec_product_tag_product`
--

CREATE TABLE `ec_product_tag_product` (
  `product_id` bigint unsigned NOT NULL,
  `tag_id` bigint unsigned NOT NULL,
  PRIMARY KEY (`product_id`,`tag_id`),
  KEY `ec_product_tag_product_product_id_index` (`product_id`),
  KEY `ec_product_tag_product_tag_id_index` (`tag_id`)
) ENGINE=InnoDB DEFAULT CHARSET=utf8mb4 COLLATE=utf8mb4_unicode_ci;

--
-- Dumping data for table `ec_product_tag_product`
--

INSERT INTO `ec_product_tag_product` VALUES (1,3),(1,4),(1,5),(2,2),(2,4),(2,6),(3,1),(3,2),(3,4),(4,2),(4,3),(4,4),(5,1),(5,2),(5,5),(6,3),(6,4),(6,6),(7,2),(7,5),(7,6),(8,1),(8,3),(8,4),(9,4),(9,5),(9,6),(10,1),(10,3),(10,6),(11,1),(11,2),(11,6),(12,1),(12,3),(12,4),(13,1),(13,2),(13,5),(14,2),(14,3),(14,5),(15,1),(15,4),(15,5),(16,2),(16,4),(16,6),(17,1),(17,3),(17,5),(18,3),(18,5),(18,6),(19,2),(19,3),(19,6),(20,2),(20,3),(20,4),(21,2),(21,5),(21,6),(22,1),(22,3),(22,4),(23,2),(23,3),(23,4),(24,2),(24,3),(24,5),(25,2),(25,3),(25,6),(26,1),(26,2),(26,3),(27,1),(27,3),(27,4),(28,1),(28,5),(28,6),(29,3),(29,4),(29,5),(30,2),(30,5),(30,6),(31,1),(31,4),(31,5),(32,1),(32,2),(32,3),(33,3),(33,4),(33,6),(34,2),(34,4),(34,5),(35,2),(35,4),(35,6),(36,3),(36,5),(36,6),(37,1),(37,2),(37,3),(38,1),(38,3),(38,5),(39,1),(39,4),(39,6),(40,3),(40,4),(40,6),(41,1),(41,2),(41,6),(42,1),(42,5),(42,6),(43,1),(43,5),(43,6);

--
-- Table structure for table `ec_product_tags`
--

CREATE TABLE `ec_product_tags` (
  `id` bigint unsigned NOT NULL AUTO_INCREMENT,
  `name` varchar(120) COLLATE utf8mb4_unicode_ci NOT NULL,
  `description` varchar(400) COLLATE utf8mb4_unicode_ci DEFAULT NULL,
  `status` varchar(60) COLLATE utf8mb4_unicode_ci NOT NULL DEFAULT 'published',
  `created_at` timestamp NULL DEFAULT NULL,
  `updated_at` timestamp NULL DEFAULT NULL,
  PRIMARY KEY (`id`)
) ENGINE=InnoDB AUTO_INCREMENT=7 DEFAULT CHARSET=utf8mb4 COLLATE=utf8mb4_unicode_ci;

--
-- Dumping data for table `ec_product_tags`
--

INSERT INTO `ec_product_tags` VALUES (1,'Electronic',NULL,'published','2024-05-10 02:10:47','2024-05-10 02:10:47'),(2,'Mobile',NULL,'published','2024-05-10 02:10:47','2024-05-10 02:10:47'),(3,'Iphone',NULL,'published','2024-05-10 02:10:47','2024-05-10 02:10:47'),(4,'Printer',NULL,'published','2024-05-10 02:10:47','2024-05-10 02:10:47'),(5,'Office',NULL,'published','2024-05-10 02:10:47','2024-05-10 02:10:47'),(6,'IT',NULL,'published','2024-05-10 02:10:47','2024-05-10 02:10:47');

--
-- Table structure for table `ec_product_tags_translations`
--

CREATE TABLE `ec_product_tags_translations` (
  `lang_code` varchar(191) COLLATE utf8mb4_unicode_ci NOT NULL,
  `ec_product_tags_id` bigint unsigned NOT NULL,
  `name` varchar(191) COLLATE utf8mb4_unicode_ci DEFAULT NULL,
  PRIMARY KEY (`lang_code`,`ec_product_tags_id`)
) ENGINE=InnoDB DEFAULT CHARSET=utf8mb4 COLLATE=utf8mb4_unicode_ci;

--
-- Dumping data for table `ec_product_tags_translations`
--


--
-- Table structure for table `ec_product_up_sale_relations`
--

CREATE TABLE `ec_product_up_sale_relations` (
  `from_product_id` bigint unsigned NOT NULL,
  `to_product_id` bigint unsigned NOT NULL,
  PRIMARY KEY (`from_product_id`,`to_product_id`),
  KEY `ec_product_up_sale_relations_from_product_id_index` (`from_product_id`),
  KEY `ec_product_up_sale_relations_to_product_id_index` (`to_product_id`)
) ENGINE=InnoDB DEFAULT CHARSET=utf8mb4 COLLATE=utf8mb4_unicode_ci;

--
-- Dumping data for table `ec_product_up_sale_relations`
--


--
-- Table structure for table `ec_product_variation_items`
--

CREATE TABLE `ec_product_variation_items` (
  `id` bigint unsigned NOT NULL AUTO_INCREMENT,
  `attribute_id` bigint unsigned NOT NULL,
  `variation_id` bigint unsigned NOT NULL,
  PRIMARY KEY (`id`),
  UNIQUE KEY `ec_product_variation_items_attribute_id_variation_id_unique` (`attribute_id`,`variation_id`),
  KEY `attribute_variation_index` (`attribute_id`,`variation_id`)
) ENGINE=InnoDB AUTO_INCREMENT=123 DEFAULT CHARSET=utf8mb4 COLLATE=utf8mb4_unicode_ci;

--
-- Dumping data for table `ec_product_variation_items`
--

INSERT INTO `ec_product_variation_items` VALUES (7,1,4),(39,1,20),(49,1,25),(5,2,3),(25,2,13),(33,2,17),(41,2,21),(43,2,22),(45,2,23),(51,2,26),(11,3,6),(13,3,7),(15,3,8),(17,3,9),(19,3,10),(21,3,11),(29,3,15),(35,3,18),(1,4,1),(3,4,2),(9,4,5),(27,4,14),(31,4,16),(47,4,24),(23,5,12),(37,5,19),(4,6,2),(10,6,5),(14,6,7),(32,6,16),(38,6,19),(42,6,21),(8,7,4),(12,7,6),(16,7,8),(22,7,11),(26,7,13),(28,7,14),(34,7,17),(40,7,20),(46,7,23),(18,8,9),(50,8,25),(20,9,10),(24,9,12),(36,9,18),(52,9,26),(2,10,1),(6,10,3),(30,10,15),(44,10,22),(48,10,24),(73,11,37),(109,11,55),(119,11,60),(53,12,27),(57,12,29),(59,12,30),(63,12,32),(83,12,42),(85,12,43),(97,12,49),(101,12,51),(115,12,58),(121,12,61),(61,13,31),(71,13,36),(81,13,41),(93,13,47),(117,13,59),(55,14,28),(67,14,34),(69,14,35),(75,14,38),(77,14,39),(95,14,48),(99,14,50),(113,14,57),(65,15,33),(79,15,40),(87,15,44),(89,15,45),(91,15,46),(103,15,52),(105,15,53),(107,15,54),(111,15,56),(54,16,27),(56,16,28),(58,16,29),(66,16,33),(94,16,47),(96,16,48),(100,16,50),(92,17,46),(112,17,56),(68,18,34),(78,18,39),(82,18,41),(84,18,42),(90,18,45),(104,18,52),(110,18,55),(118,18,59),(122,18,61),(62,19,31),(86,19,43),(88,19,44),(108,19,54),(120,19,60),(60,20,30),(64,20,32),(70,20,35),(72,20,36),(74,20,37),(76,20,38),(80,20,40),(98,20,49),(102,20,51),(106,20,53),(114,20,57),(116,20,58);

--
-- Table structure for table `ec_product_variations`
--

CREATE TABLE `ec_product_variations` (
  `id` bigint unsigned NOT NULL AUTO_INCREMENT,
  `product_id` bigint unsigned DEFAULT NULL,
  `configurable_product_id` bigint unsigned NOT NULL,
  `is_default` tinyint NOT NULL DEFAULT '0',
  PRIMARY KEY (`id`),
  UNIQUE KEY `ec_product_variations_product_id_configurable_product_id_unique` (`product_id`,`configurable_product_id`),
  KEY `configurable_product_index` (`product_id`,`configurable_product_id`)
) ENGINE=InnoDB AUTO_INCREMENT=62 DEFAULT CHARSET=utf8mb4 COLLATE=utf8mb4_unicode_ci;

--
-- Dumping data for table `ec_product_variations`
--

INSERT INTO `ec_product_variations` VALUES (1,44,2,1),(2,45,2,0),(3,46,2,0),(4,47,4,1),(5,48,4,0),(6,49,4,0),(7,50,8,1),(8,51,10,1),(9,52,10,0),(10,53,10,0),(11,54,11,1),(12,55,11,0),(13,56,11,0),(14,57,13,1),(15,58,13,0),(16,59,13,0),(17,60,13,0),(18,61,15,1),(19,62,15,0),(20,63,15,0),(21,64,17,1),(22,65,17,0),(23,66,18,1),(24,67,18,0),(25,68,20,1),(26,69,20,0),(27,70,21,1),(28,71,21,0),(29,72,22,1),(30,73,22,0),(31,74,22,0),(32,75,22,0),(33,76,24,1),(34,77,26,1),(35,78,26,0),(36,79,26,0),(37,80,26,0),(38,81,27,1),(39,82,27,0),(40,83,27,0),(41,84,27,0),(42,85,30,1),(43,86,30,0),(44,87,30,0),(45,88,30,0),(46,89,31,1),(47,90,31,0),(48,91,33,1),(49,92,34,1),(50,93,34,0),(51,94,34,0),(52,95,34,0),(53,96,35,1),(54,97,35,0),(55,98,37,1),(56,99,37,0),(57,100,37,0),(58,101,38,1),(59,102,40,1),(60,103,40,0),(61,104,40,0);

--
-- Table structure for table `ec_product_views`
--

CREATE TABLE `ec_product_views` (
  `id` bigint unsigned NOT NULL AUTO_INCREMENT,
  `product_id` bigint unsigned NOT NULL,
  `views` int NOT NULL DEFAULT '1',
  `date` date NOT NULL DEFAULT '2024-05-10',
  PRIMARY KEY (`id`),
  UNIQUE KEY `ec_product_views_product_id_date_unique` (`product_id`,`date`),
  KEY `ec_product_views_product_id_index` (`product_id`)
) ENGINE=InnoDB DEFAULT CHARSET=utf8mb4 COLLATE=utf8mb4_unicode_ci;

--
-- Dumping data for table `ec_product_views`
--


--
-- Table structure for table `ec_product_with_attribute_set`
--

CREATE TABLE `ec_product_with_attribute_set` (
  `attribute_set_id` bigint unsigned NOT NULL,
  `product_id` bigint unsigned NOT NULL,
  `order` tinyint unsigned NOT NULL DEFAULT '0',
  PRIMARY KEY (`product_id`,`attribute_set_id`)
) ENGINE=InnoDB DEFAULT CHARSET=utf8mb4 COLLATE=utf8mb4_unicode_ci;

--
-- Dumping data for table `ec_product_with_attribute_set`
--

INSERT INTO `ec_product_with_attribute_set` VALUES (1,2,0),(2,2,0),(1,4,0),(2,4,0),(1,8,0),(2,8,0),(1,10,0),(2,10,0),(1,11,0),(2,11,0),(1,13,0),(2,13,0),(1,15,0),(2,15,0),(1,17,0),(2,17,0),(1,18,0),(2,18,0),(1,20,0),(2,20,0),(3,21,0),(4,21,0),(3,22,0),(4,22,0),(3,24,0),(4,24,0),(3,26,0),(4,26,0),(3,27,0),(4,27,0),(3,30,0),(4,30,0),(3,31,0),(4,31,0),(3,33,0),(4,33,0),(3,34,0),(4,34,0),(3,35,0),(4,35,0),(3,37,0),(4,37,0),(3,38,0),(4,38,0),(3,40,0),(4,40,0);

--
-- Table structure for table `ec_products`
--

CREATE TABLE `ec_products` (
  `id` bigint unsigned NOT NULL AUTO_INCREMENT,
  `name` varchar(191) COLLATE utf8mb4_unicode_ci NOT NULL,
  `description` text COLLATE utf8mb4_unicode_ci,
  `content` longtext COLLATE utf8mb4_unicode_ci,
  `status` varchar(60) COLLATE utf8mb4_unicode_ci NOT NULL DEFAULT 'published',
  `images` text COLLATE utf8mb4_unicode_ci,
  `sku` varchar(191) COLLATE utf8mb4_unicode_ci DEFAULT NULL,
  `order` int unsigned NOT NULL DEFAULT '0',
  `quantity` int unsigned DEFAULT NULL,
  `allow_checkout_when_out_of_stock` tinyint unsigned NOT NULL DEFAULT '0',
  `with_storehouse_management` tinyint unsigned NOT NULL DEFAULT '0',
  `is_featured` tinyint unsigned NOT NULL DEFAULT '0',
  `brand_id` bigint unsigned DEFAULT NULL,
  `is_variation` tinyint NOT NULL DEFAULT '0',
  `sale_type` tinyint NOT NULL DEFAULT '0',
  `price` double unsigned DEFAULT NULL,
  `sale_price` double unsigned DEFAULT NULL,
  `start_date` timestamp NULL DEFAULT NULL,
  `end_date` timestamp NULL DEFAULT NULL,
  `length` double(8,2) DEFAULT NULL,
  `wide` double(8,2) DEFAULT NULL,
  `height` double(8,2) DEFAULT NULL,
  `weight` double(8,2) DEFAULT NULL,
  `tax_id` bigint unsigned DEFAULT NULL,
  `views` bigint NOT NULL DEFAULT '0',
  `created_at` timestamp NULL DEFAULT NULL,
  `updated_at` timestamp NULL DEFAULT NULL,
  `stock_status` varchar(191) COLLATE utf8mb4_unicode_ci DEFAULT 'in_stock',
  `store_id` bigint unsigned DEFAULT NULL,
  `created_by_id` bigint unsigned DEFAULT '0',
  `created_by_type` varchar(191) COLLATE utf8mb4_unicode_ci NOT NULL DEFAULT 'Botble\\ACL\\Models\\User',
  `approved_by` bigint unsigned DEFAULT '0',
  `image` varchar(191) COLLATE utf8mb4_unicode_ci DEFAULT NULL,
  `product_type` varchar(60) COLLATE utf8mb4_unicode_ci DEFAULT 'physical',
  `barcode` varchar(50) COLLATE utf8mb4_unicode_ci DEFAULT NULL,
  `cost_per_item` double DEFAULT NULL,
  `generate_license_code` tinyint(1) NOT NULL DEFAULT '0',
  `minimum_order_quantity` int unsigned DEFAULT '0',
  `maximum_order_quantity` int unsigned DEFAULT '0',
  PRIMARY KEY (`id`),
  KEY `ec_products_brand_id_status_is_variation_created_at_index` (`brand_id`,`status`,`is_variation`,`created_at`),
  KEY `sale_type_index` (`sale_type`),
  KEY `start_date_index` (`start_date`),
  KEY `end_date_index` (`end_date`),
  KEY `sale_price_index` (`sale_price`),
  KEY `is_variation_index` (`is_variation`),
  KEY `ec_products_sku_index` (`sku`)
) ENGINE=InnoDB AUTO_INCREMENT=105 DEFAULT CHARSET=utf8mb4 COLLATE=utf8mb4_unicode_ci;

--
-- Dumping data for table `ec_products`
--

INSERT INTO `ec_products` VALUES (1,'Vintage Denim Jacket','Accessorize with this bohemian fringe handbag, featuring intricate details and enough space for your essentials. The perfect boho-chic addition to your collection.','<div class=\"row justify-content-center\">\n    <div class=\"col-xl-10\">\n        <div class=\"tp-product-details-desc-item pb-105\">\n            <div class=\"row\">\n                <div class=\"col-lg-6\">\n                    <div class=\"pt-25\">\n                        <span>Women\'s Floral Dress</span>\n                        <h3 class=\"tp-product-details-desc-title\">Elegance Redefined</h3>\n                        <p>\n                            Embrace timeless elegance with our exquisite women\'s floral dress. Crafted from luxurious fabrics and adorned with delicate floral patterns, this dress exudes grace and sophistication. Whether attending a garden party or a formal event, you\'ll make a stunning impression in this captivating ensemble.\n                        </p>\n                    </div>\n                    <div>\n                        <h3 class=\"tp-product-details-desc-title\">Flawless Fit and Comfort</h3>\n                        <p>\n                            Designed for both style and comfort, our floral dress features a tailored silhouette that flatters every figure. The soft, breathable fabric ensures all-day comfort, while the fitted bodice and flowing skirt create a graceful silhouette. Feel confident and poised with every step you take.\n                        </p>\n                    </div>\n                </div>\n                <div class=\"col-lg-6\">\n                    <div class=\"tp-product-details-desc-thumb\">\n                        <img src=\"/storage/fashion/products/product-1.png\" alt=\"Women\'s Floral Dress\">\n                    </div>\n                </div>\n            </div>\n        </div>\n        <div class=\"tp-product-details-desc-item pb-75\">\n            <div class=\"row\">\n                <div class=\"col-lg-7\">\n                    <div class=\"tp-product-details-desc-thumb\">\n                        <img src=\"/storage/fashion/products/product-2.png\" alt=\"Back View of Floral Dress\">\n                    </div>\n                </div>\n\n                <div class=\"col-lg-5 order-first order-lg-last\">\n                    <div class=\"des-content-2 pl-40\">\n                        <h3 class=\"tp-product-details-desc-title\">\n                            Versatile Style\n                        </h3>\n                        <p>\n                            Transition effortlessly from day to night with our versatile floral dress. Pair it with sandals and a sunhat for a chic daytime look, or dress it up with heels and statement jewelry for an evening soirée. However you style it, you\'ll radiate confidence and charm.\n                        </p>\n                    </div>\n                </div>\n            </div>\n        </div>\n        <div class=\"tp-product-details-desc-item\">\n            <div class=\"row\">\n                <div class=\"col-xl-12\">\n                    <div class=\"tp-product-details-desc-banner text-center m-img\">\n                        <h3 class=\"tp-product-details-desc-banner-title tp-product-details-desc-title\">Quality Craftsmanship</h3>\n                        <img src=\"/storage/fashion/products/product-3.png\" alt=\"Fashion Atelier\">\n                    </div>\n                </div>\n            </div>\n        </div>\n    </div>\n</div>\n','published','[\"fashion\\/products\\/product-6.png\",\"fashion\\/products\\/product-2.png\",\"fashion\\/products\\/product-3.png\",\"fashion\\/products\\/product-8.png\",\"fashion\\/products\\/product-4.png\",\"fashion\\/products\\/product-7.png\",\"fashion\\/products\\/product-1.png\",\"fashion\\/products\\/product-5.png\"]','F5-176',0,15,0,1,1,2,0,0,711,162,NULL,NULL,18.00,13.00,12.00,697.00,NULL,152658,'2024-05-10 02:10:53','2024-05-10 02:10:53','in_stock',7,0,'Botble\\ACL\\Models\\User',0,NULL,'physical',NULL,NULL,0,0,0),(2,'Floral Maxi Dress','Make a bold statement with this chunky necklace, designed to add a touch of glamour to any outfit. The perfect accessory for a night out.','<div class=\"row justify-content-center\">\n    <div class=\"col-xl-10\">\n        <div class=\"tp-product-details-desc-item pb-105\">\n            <div class=\"row\">\n                <div class=\"col-lg-6\">\n                    <div class=\"pt-25\">\n                        <span>Women\'s Floral Dress</span>\n                        <h3 class=\"tp-product-details-desc-title\">Elegance Redefined</h3>\n                        <p>\n                            Embrace timeless elegance with our exquisite women\'s floral dress. Crafted from luxurious fabrics and adorned with delicate floral patterns, this dress exudes grace and sophistication. Whether attending a garden party or a formal event, you\'ll make a stunning impression in this captivating ensemble.\n                        </p>\n                    </div>\n                    <div>\n                        <h3 class=\"tp-product-details-desc-title\">Flawless Fit and Comfort</h3>\n                        <p>\n                            Designed for both style and comfort, our floral dress features a tailored silhouette that flatters every figure. The soft, breathable fabric ensures all-day comfort, while the fitted bodice and flowing skirt create a graceful silhouette. Feel confident and poised with every step you take.\n                        </p>\n                    </div>\n                </div>\n                <div class=\"col-lg-6\">\n                    <div class=\"tp-product-details-desc-thumb\">\n                        <img src=\"/storage/fashion/products/product-1.png\" alt=\"Women\'s Floral Dress\">\n                    </div>\n                </div>\n            </div>\n        </div>\n        <div class=\"tp-product-details-desc-item pb-75\">\n            <div class=\"row\">\n                <div class=\"col-lg-7\">\n                    <div class=\"tp-product-details-desc-thumb\">\n                        <img src=\"/storage/fashion/products/product-2.png\" alt=\"Back View of Floral Dress\">\n                    </div>\n                </div>\n\n                <div class=\"col-lg-5 order-first order-lg-last\">\n                    <div class=\"des-content-2 pl-40\">\n                        <h3 class=\"tp-product-details-desc-title\">\n                            Versatile Style\n                        </h3>\n                        <p>\n                            Transition effortlessly from day to night with our versatile floral dress. Pair it with sandals and a sunhat for a chic daytime look, or dress it up with heels and statement jewelry for an evening soirée. However you style it, you\'ll radiate confidence and charm.\n                        </p>\n                    </div>\n                </div>\n            </div>\n        </div>\n        <div class=\"tp-product-details-desc-item\">\n            <div class=\"row\">\n                <div class=\"col-xl-12\">\n                    <div class=\"tp-product-details-desc-banner text-center m-img\">\n                        <h3 class=\"tp-product-details-desc-banner-title tp-product-details-desc-title\">Quality Craftsmanship</h3>\n                        <img src=\"/storage/fashion/products/product-3.png\" alt=\"Fashion Atelier\">\n                    </div>\n                </div>\n            </div>\n        </div>\n    </div>\n</div>\n','published','[\"fashion\\/products\\/product-6.png\",\"fashion\\/products\\/product-4.png\",\"fashion\\/products\\/product-5.png\",\"fashion\\/products\\/product-8.png\",\"fashion\\/products\\/product-1.png\",\"fashion\\/products\\/product-7.png\"]','LP-132-A1',0,11,0,1,0,1,0,0,1461,NULL,NULL,NULL,19.00,18.00,12.00,635.00,NULL,139156,'2024-05-10 02:10:53','2024-05-10 02:10:53','in_stock',3,0,'Botble\\ACL\\Models\\User',0,NULL,'physical',NULL,NULL,0,0,0),(3,'Leather Ankle Boots','Add a pop of color to your outfit with this silk scarf adorned with a geometric print. Wrap it around your neck or tie it to your handbag for a stylish touch.','<div class=\"row justify-content-center\">\n    <div class=\"col-xl-10\">\n        <div class=\"tp-product-details-desc-item pb-105\">\n            <div class=\"row\">\n                <div class=\"col-lg-6\">\n                    <div class=\"pt-25\">\n                        <span>Women\'s Floral Dress</span>\n                        <h3 class=\"tp-product-details-desc-title\">Elegance Redefined</h3>\n                        <p>\n                            Embrace timeless elegance with our exquisite women\'s floral dress. Crafted from luxurious fabrics and adorned with delicate floral patterns, this dress exudes grace and sophistication. Whether attending a garden party or a formal event, you\'ll make a stunning impression in this captivating ensemble.\n                        </p>\n                    </div>\n                    <div>\n                        <h3 class=\"tp-product-details-desc-title\">Flawless Fit and Comfort</h3>\n                        <p>\n                            Designed for both style and comfort, our floral dress features a tailored silhouette that flatters every figure. The soft, breathable fabric ensures all-day comfort, while the fitted bodice and flowing skirt create a graceful silhouette. Feel confident and poised with every step you take.\n                        </p>\n                    </div>\n                </div>\n                <div class=\"col-lg-6\">\n                    <div class=\"tp-product-details-desc-thumb\">\n                        <img src=\"/storage/fashion/products/product-1.png\" alt=\"Women\'s Floral Dress\">\n                    </div>\n                </div>\n            </div>\n        </div>\n        <div class=\"tp-product-details-desc-item pb-75\">\n            <div class=\"row\">\n                <div class=\"col-lg-7\">\n                    <div class=\"tp-product-details-desc-thumb\">\n                        <img src=\"/storage/fashion/products/product-2.png\" alt=\"Back View of Floral Dress\">\n                    </div>\n                </div>\n\n                <div class=\"col-lg-5 order-first order-lg-last\">\n                    <div class=\"des-content-2 pl-40\">\n                        <h3 class=\"tp-product-details-desc-title\">\n                            Versatile Style\n                        </h3>\n                        <p>\n                            Transition effortlessly from day to night with our versatile floral dress. Pair it with sandals and a sunhat for a chic daytime look, or dress it up with heels and statement jewelry for an evening soirée. However you style it, you\'ll radiate confidence and charm.\n                        </p>\n                    </div>\n                </div>\n            </div>\n        </div>\n        <div class=\"tp-product-details-desc-item\">\n            <div class=\"row\">\n                <div class=\"col-xl-12\">\n                    <div class=\"tp-product-details-desc-banner text-center m-img\">\n                        <h3 class=\"tp-product-details-desc-banner-title tp-product-details-desc-title\">Quality Craftsmanship</h3>\n                        <img src=\"/storage/fashion/products/product-3.png\" alt=\"Fashion Atelier\">\n                    </div>\n                </div>\n            </div>\n        </div>\n    </div>\n</div>\n','published','[\"fashion\\/products\\/product-2.png\",\"fashion\\/products\\/product-7.png\",\"fashion\\/products\\/product-4.png\",\"fashion\\/products\\/product-5.png\",\"fashion\\/products\\/product-8.png\",\"fashion\\/products\\/product-1.png\",\"fashion\\/products\\/product-3.png\",\"fashion\\/products\\/product-6.png\"]','LO-118',0,13,0,1,0,1,0,0,1472,36,NULL,NULL,14.00,14.00,11.00,764.00,NULL,15610,'2024-05-10 02:10:53','2024-05-10 02:10:53','in_stock',1,0,'Botble\\ACL\\Models\\User',0,NULL,'physical',NULL,NULL,0,0,0),(4,'Knit Turtleneck Sweater (Digital)','Top off your look with this chic fedora hat, crafted with a classic silhouette and a timeless appeal. A must-have accessory for any fashion-forward wardrobe.','<div class=\"row justify-content-center\">\n    <div class=\"col-xl-10\">\n        <div class=\"tp-product-details-desc-item pb-105\">\n            <div class=\"row\">\n                <div class=\"col-lg-6\">\n                    <div class=\"pt-25\">\n                        <span>Women\'s Floral Dress</span>\n                        <h3 class=\"tp-product-details-desc-title\">Elegance Redefined</h3>\n                        <p>\n                            Embrace timeless elegance with our exquisite women\'s floral dress. Crafted from luxurious fabrics and adorned with delicate floral patterns, this dress exudes grace and sophistication. Whether attending a garden party or a formal event, you\'ll make a stunning impression in this captivating ensemble.\n                        </p>\n                    </div>\n                    <div>\n                        <h3 class=\"tp-product-details-desc-title\">Flawless Fit and Comfort</h3>\n                        <p>\n                            Designed for both style and comfort, our floral dress features a tailored silhouette that flatters every figure. The soft, breathable fabric ensures all-day comfort, while the fitted bodice and flowing skirt create a graceful silhouette. Feel confident and poised with every step you take.\n                        </p>\n                    </div>\n                </div>\n                <div class=\"col-lg-6\">\n                    <div class=\"tp-product-details-desc-thumb\">\n                        <img src=\"/storage/fashion/products/product-1.png\" alt=\"Women\'s Floral Dress\">\n                    </div>\n                </div>\n            </div>\n        </div>\n        <div class=\"tp-product-details-desc-item pb-75\">\n            <div class=\"row\">\n                <div class=\"col-lg-7\">\n                    <div class=\"tp-product-details-desc-thumb\">\n                        <img src=\"/storage/fashion/products/product-2.png\" alt=\"Back View of Floral Dress\">\n                    </div>\n                </div>\n\n                <div class=\"col-lg-5 order-first order-lg-last\">\n                    <div class=\"des-content-2 pl-40\">\n                        <h3 class=\"tp-product-details-desc-title\">\n                            Versatile Style\n                        </h3>\n                        <p>\n                            Transition effortlessly from day to night with our versatile floral dress. Pair it with sandals and a sunhat for a chic daytime look, or dress it up with heels and statement jewelry for an evening soirée. However you style it, you\'ll radiate confidence and charm.\n                        </p>\n                    </div>\n                </div>\n            </div>\n        </div>\n        <div class=\"tp-product-details-desc-item\">\n            <div class=\"row\">\n                <div class=\"col-xl-12\">\n                    <div class=\"tp-product-details-desc-banner text-center m-img\">\n                        <h3 class=\"tp-product-details-desc-banner-title tp-product-details-desc-title\">Quality Craftsmanship</h3>\n                        <img src=\"/storage/fashion/products/product-3.png\" alt=\"Fashion Atelier\">\n                    </div>\n                </div>\n            </div>\n        </div>\n    </div>\n</div>\n','published','[\"fashion\\/products\\/product-6.png\",\"fashion\\/products\\/product-1.png\",\"fashion\\/products\\/product-8.png\",\"fashion\\/products\\/product-3.png\",\"fashion\\/products\\/product-2.png\",\"fashion\\/products\\/product-4.png\",\"fashion\\/products\\/product-5.png\",\"fashion\\/products\\/product-7.png\"]','TB-137-A1',0,20,0,1,1,1,0,0,809,703.83,NULL,NULL,17.00,10.00,15.00,792.00,NULL,74470,'2024-05-10 02:10:53','2024-05-10 02:10:54','in_stock',7,0,'Botble\\ACL\\Models\\User',0,NULL,'digital',NULL,NULL,0,0,0),(5,'Classic Aviator Sunglasses','Achieve a polished look with this tailored wool blazer, designed for a flattering fit and versatile enough for both work and casual outings.','<div class=\"row justify-content-center\">\n    <div class=\"col-xl-10\">\n        <div class=\"tp-product-details-desc-item pb-105\">\n            <div class=\"row\">\n                <div class=\"col-lg-6\">\n                    <div class=\"pt-25\">\n                        <span>Women\'s Floral Dress</span>\n                        <h3 class=\"tp-product-details-desc-title\">Elegance Redefined</h3>\n                        <p>\n                            Embrace timeless elegance with our exquisite women\'s floral dress. Crafted from luxurious fabrics and adorned with delicate floral patterns, this dress exudes grace and sophistication. Whether attending a garden party or a formal event, you\'ll make a stunning impression in this captivating ensemble.\n                        </p>\n                    </div>\n                    <div>\n                        <h3 class=\"tp-product-details-desc-title\">Flawless Fit and Comfort</h3>\n                        <p>\n                            Designed for both style and comfort, our floral dress features a tailored silhouette that flatters every figure. The soft, breathable fabric ensures all-day comfort, while the fitted bodice and flowing skirt create a graceful silhouette. Feel confident and poised with every step you take.\n                        </p>\n                    </div>\n                </div>\n                <div class=\"col-lg-6\">\n                    <div class=\"tp-product-details-desc-thumb\">\n                        <img src=\"/storage/fashion/products/product-1.png\" alt=\"Women\'s Floral Dress\">\n                    </div>\n                </div>\n            </div>\n        </div>\n        <div class=\"tp-product-details-desc-item pb-75\">\n            <div class=\"row\">\n                <div class=\"col-lg-7\">\n                    <div class=\"tp-product-details-desc-thumb\">\n                        <img src=\"/storage/fashion/products/product-2.png\" alt=\"Back View of Floral Dress\">\n                    </div>\n                </div>\n\n                <div class=\"col-lg-5 order-first order-lg-last\">\n                    <div class=\"des-content-2 pl-40\">\n                        <h3 class=\"tp-product-details-desc-title\">\n                            Versatile Style\n                        </h3>\n                        <p>\n                            Transition effortlessly from day to night with our versatile floral dress. Pair it with sandals and a sunhat for a chic daytime look, or dress it up with heels and statement jewelry for an evening soirée. However you style it, you\'ll radiate confidence and charm.\n                        </p>\n                    </div>\n                </div>\n            </div>\n        </div>\n        <div class=\"tp-product-details-desc-item\">\n            <div class=\"row\">\n                <div class=\"col-xl-12\">\n                    <div class=\"tp-product-details-desc-banner text-center m-img\">\n                        <h3 class=\"tp-product-details-desc-banner-title tp-product-details-desc-title\">Quality Craftsmanship</h3>\n                        <img src=\"/storage/fashion/products/product-3.png\" alt=\"Fashion Atelier\">\n                    </div>\n                </div>\n            </div>\n        </div>\n    </div>\n</div>\n','published','[\"fashion\\/products\\/product-8.png\",\"fashion\\/products\\/product-3.png\",\"fashion\\/products\\/product-2.png\",\"fashion\\/products\\/product-1.png\"]','MB-178',0,11,0,1,1,1,0,0,1440,719,NULL,NULL,17.00,17.00,20.00,657.00,NULL,57456,'2024-05-10 02:10:53','2024-05-10 02:10:53','in_stock',2,0,'Botble\\ACL\\Models\\User',0,NULL,'physical',NULL,NULL,0,0,0),(6,'Tailored Wool Blazer','Embrace bohemian vibes with this embroidered boho blouse, featuring intricate stitching and a relaxed fit. Perfect for a casual day with a touch of style.','<div class=\"row justify-content-center\">\n    <div class=\"col-xl-10\">\n        <div class=\"tp-product-details-desc-item pb-105\">\n            <div class=\"row\">\n                <div class=\"col-lg-6\">\n                    <div class=\"pt-25\">\n                        <span>Women\'s Floral Dress</span>\n                        <h3 class=\"tp-product-details-desc-title\">Elegance Redefined</h3>\n                        <p>\n                            Embrace timeless elegance with our exquisite women\'s floral dress. Crafted from luxurious fabrics and adorned with delicate floral patterns, this dress exudes grace and sophistication. Whether attending a garden party or a formal event, you\'ll make a stunning impression in this captivating ensemble.\n                        </p>\n                    </div>\n                    <div>\n                        <h3 class=\"tp-product-details-desc-title\">Flawless Fit and Comfort</h3>\n                        <p>\n                            Designed for both style and comfort, our floral dress features a tailored silhouette that flatters every figure. The soft, breathable fabric ensures all-day comfort, while the fitted bodice and flowing skirt create a graceful silhouette. Feel confident and poised with every step you take.\n                        </p>\n                    </div>\n                </div>\n                <div class=\"col-lg-6\">\n                    <div class=\"tp-product-details-desc-thumb\">\n                        <img src=\"/storage/fashion/products/product-1.png\" alt=\"Women\'s Floral Dress\">\n                    </div>\n                </div>\n            </div>\n        </div>\n        <div class=\"tp-product-details-desc-item pb-75\">\n            <div class=\"row\">\n                <div class=\"col-lg-7\">\n                    <div class=\"tp-product-details-desc-thumb\">\n                        <img src=\"/storage/fashion/products/product-2.png\" alt=\"Back View of Floral Dress\">\n                    </div>\n                </div>\n\n                <div class=\"col-lg-5 order-first order-lg-last\">\n                    <div class=\"des-content-2 pl-40\">\n                        <h3 class=\"tp-product-details-desc-title\">\n                            Versatile Style\n                        </h3>\n                        <p>\n                            Transition effortlessly from day to night with our versatile floral dress. Pair it with sandals and a sunhat for a chic daytime look, or dress it up with heels and statement jewelry for an evening soirée. However you style it, you\'ll radiate confidence and charm.\n                        </p>\n                    </div>\n                </div>\n            </div>\n        </div>\n        <div class=\"tp-product-details-desc-item\">\n            <div class=\"row\">\n                <div class=\"col-xl-12\">\n                    <div class=\"tp-product-details-desc-banner text-center m-img\">\n                        <h3 class=\"tp-product-details-desc-banner-title tp-product-details-desc-title\">Quality Craftsmanship</h3>\n                        <img src=\"/storage/fashion/products/product-3.png\" alt=\"Fashion Atelier\">\n                    </div>\n                </div>\n            </div>\n        </div>\n    </div>\n</div>\n','published','[\"fashion\\/products\\/product-5.png\",\"fashion\\/products\\/product-4.png\",\"fashion\\/products\\/product-8.png\"]','O8-108',0,11,0,1,1,5,0,0,2052,1159,NULL,NULL,11.00,19.00,13.00,813.00,NULL,105389,'2024-05-10 02:10:53','2024-05-10 02:10:53','in_stock',7,0,'Botble\\ACL\\Models\\User',0,NULL,'physical',NULL,NULL,0,0,0),(7,'Bohemian Fringe Handbag','Stay on trend with these high-waisted wide-leg trousers, combining comfort and sophistication. Pair them with heels for a refined look.','<div class=\"row justify-content-center\">\n    <div class=\"col-xl-10\">\n        <div class=\"tp-product-details-desc-item pb-105\">\n            <div class=\"row\">\n                <div class=\"col-lg-6\">\n                    <div class=\"pt-25\">\n                        <span>Women\'s Floral Dress</span>\n                        <h3 class=\"tp-product-details-desc-title\">Elegance Redefined</h3>\n                        <p>\n                            Embrace timeless elegance with our exquisite women\'s floral dress. Crafted from luxurious fabrics and adorned with delicate floral patterns, this dress exudes grace and sophistication. Whether attending a garden party or a formal event, you\'ll make a stunning impression in this captivating ensemble.\n                        </p>\n                    </div>\n                    <div>\n                        <h3 class=\"tp-product-details-desc-title\">Flawless Fit and Comfort</h3>\n                        <p>\n                            Designed for both style and comfort, our floral dress features a tailored silhouette that flatters every figure. The soft, breathable fabric ensures all-day comfort, while the fitted bodice and flowing skirt create a graceful silhouette. Feel confident and poised with every step you take.\n                        </p>\n                    </div>\n                </div>\n                <div class=\"col-lg-6\">\n                    <div class=\"tp-product-details-desc-thumb\">\n                        <img src=\"/storage/fashion/products/product-1.png\" alt=\"Women\'s Floral Dress\">\n                    </div>\n                </div>\n            </div>\n        </div>\n        <div class=\"tp-product-details-desc-item pb-75\">\n            <div class=\"row\">\n                <div class=\"col-lg-7\">\n                    <div class=\"tp-product-details-desc-thumb\">\n                        <img src=\"/storage/fashion/products/product-2.png\" alt=\"Back View of Floral Dress\">\n                    </div>\n                </div>\n\n                <div class=\"col-lg-5 order-first order-lg-last\">\n                    <div class=\"des-content-2 pl-40\">\n                        <h3 class=\"tp-product-details-desc-title\">\n                            Versatile Style\n                        </h3>\n                        <p>\n                            Transition effortlessly from day to night with our versatile floral dress. Pair it with sandals and a sunhat for a chic daytime look, or dress it up with heels and statement jewelry for an evening soirée. However you style it, you\'ll radiate confidence and charm.\n                        </p>\n                    </div>\n                </div>\n            </div>\n        </div>\n        <div class=\"tp-product-details-desc-item\">\n            <div class=\"row\">\n                <div class=\"col-xl-12\">\n                    <div class=\"tp-product-details-desc-banner text-center m-img\">\n                        <h3 class=\"tp-product-details-desc-banner-title tp-product-details-desc-title\">Quality Craftsmanship</h3>\n                        <img src=\"/storage/fashion/products/product-3.png\" alt=\"Fashion Atelier\">\n                    </div>\n                </div>\n            </div>\n        </div>\n    </div>\n</div>\n','published','[\"fashion\\/products\\/product-7.png\",\"fashion\\/products\\/product-2.png\",\"fashion\\/products\\/product-4.png\",\"fashion\\/products\\/product-8.png\"]','XM-161',0,15,0,1,0,5,0,0,2094,889,NULL,NULL,18.00,17.00,11.00,536.00,NULL,187423,'2024-05-10 02:10:53','2024-05-10 02:10:53','in_stock',8,0,'Botble\\ACL\\Models\\User',0,NULL,'physical',NULL,NULL,0,0,0),(8,'Silk Scarf with Geometric Print (Digital)','Elevate your street style with this vintage denim jacket, featuring distressed detailing and a relaxed fit for a laid-back vibe.','<div class=\"row justify-content-center\">\n    <div class=\"col-xl-10\">\n        <div class=\"tp-product-details-desc-item pb-105\">\n            <div class=\"row\">\n                <div class=\"col-lg-6\">\n                    <div class=\"pt-25\">\n                        <span>Women\'s Floral Dress</span>\n                        <h3 class=\"tp-product-details-desc-title\">Elegance Redefined</h3>\n                        <p>\n                            Embrace timeless elegance with our exquisite women\'s floral dress. Crafted from luxurious fabrics and adorned with delicate floral patterns, this dress exudes grace and sophistication. Whether attending a garden party or a formal event, you\'ll make a stunning impression in this captivating ensemble.\n                        </p>\n                    </div>\n                    <div>\n                        <h3 class=\"tp-product-details-desc-title\">Flawless Fit and Comfort</h3>\n                        <p>\n                            Designed for both style and comfort, our floral dress features a tailored silhouette that flatters every figure. The soft, breathable fabric ensures all-day comfort, while the fitted bodice and flowing skirt create a graceful silhouette. Feel confident and poised with every step you take.\n                        </p>\n                    </div>\n                </div>\n                <div class=\"col-lg-6\">\n                    <div class=\"tp-product-details-desc-thumb\">\n                        <img src=\"/storage/fashion/products/product-1.png\" alt=\"Women\'s Floral Dress\">\n                    </div>\n                </div>\n            </div>\n        </div>\n        <div class=\"tp-product-details-desc-item pb-75\">\n            <div class=\"row\">\n                <div class=\"col-lg-7\">\n                    <div class=\"tp-product-details-desc-thumb\">\n                        <img src=\"/storage/fashion/products/product-2.png\" alt=\"Back View of Floral Dress\">\n                    </div>\n                </div>\n\n                <div class=\"col-lg-5 order-first order-lg-last\">\n                    <div class=\"des-content-2 pl-40\">\n                        <h3 class=\"tp-product-details-desc-title\">\n                            Versatile Style\n                        </h3>\n                        <p>\n                            Transition effortlessly from day to night with our versatile floral dress. Pair it with sandals and a sunhat for a chic daytime look, or dress it up with heels and statement jewelry for an evening soirée. However you style it, you\'ll radiate confidence and charm.\n                        </p>\n                    </div>\n                </div>\n            </div>\n        </div>\n        <div class=\"tp-product-details-desc-item\">\n            <div class=\"row\">\n                <div class=\"col-xl-12\">\n                    <div class=\"tp-product-details-desc-banner text-center m-img\">\n                        <h3 class=\"tp-product-details-desc-banner-title tp-product-details-desc-title\">Quality Craftsmanship</h3>\n                        <img src=\"/storage/fashion/products/product-3.png\" alt=\"Fashion Atelier\">\n                    </div>\n                </div>\n            </div>\n        </div>\n    </div>\n</div>\n','published','[\"fashion\\/products\\/product-6.png\",\"fashion\\/products\\/product-2.png\",\"fashion\\/products\\/product-5.png\",\"fashion\\/products\\/product-3.png\",\"fashion\\/products\\/product-7.png\",\"fashion\\/products\\/product-8.png\",\"fashion\\/products\\/product-4.png\",\"fashion\\/products\\/product-1.png\"]','C0-115-A1',0,13,0,1,0,2,0,0,279,234.36,NULL,NULL,12.00,19.00,16.00,859.00,NULL,93989,'2024-05-10 02:10:53','2024-05-10 02:10:54','in_stock',3,0,'Botble\\ACL\\Models\\User',0,NULL,'digital',NULL,NULL,0,0,0),(9,'High-Waisted Wide Leg Trousers','Stay on trend with these high-waisted wide-leg trousers, combining comfort and sophistication. Pair them with heels for a refined look.','<div class=\"row justify-content-center\">\n    <div class=\"col-xl-10\">\n        <div class=\"tp-product-details-desc-item pb-105\">\n            <div class=\"row\">\n                <div class=\"col-lg-6\">\n                    <div class=\"pt-25\">\n                        <span>Women\'s Floral Dress</span>\n                        <h3 class=\"tp-product-details-desc-title\">Elegance Redefined</h3>\n                        <p>\n                            Embrace timeless elegance with our exquisite women\'s floral dress. Crafted from luxurious fabrics and adorned with delicate floral patterns, this dress exudes grace and sophistication. Whether attending a garden party or a formal event, you\'ll make a stunning impression in this captivating ensemble.\n                        </p>\n                    </div>\n                    <div>\n                        <h3 class=\"tp-product-details-desc-title\">Flawless Fit and Comfort</h3>\n                        <p>\n                            Designed for both style and comfort, our floral dress features a tailored silhouette that flatters every figure. The soft, breathable fabric ensures all-day comfort, while the fitted bodice and flowing skirt create a graceful silhouette. Feel confident and poised with every step you take.\n                        </p>\n                    </div>\n                </div>\n                <div class=\"col-lg-6\">\n                    <div class=\"tp-product-details-desc-thumb\">\n                        <img src=\"/storage/fashion/products/product-1.png\" alt=\"Women\'s Floral Dress\">\n                    </div>\n                </div>\n            </div>\n        </div>\n        <div class=\"tp-product-details-desc-item pb-75\">\n            <div class=\"row\">\n                <div class=\"col-lg-7\">\n                    <div class=\"tp-product-details-desc-thumb\">\n                        <img src=\"/storage/fashion/products/product-2.png\" alt=\"Back View of Floral Dress\">\n                    </div>\n                </div>\n\n                <div class=\"col-lg-5 order-first order-lg-last\">\n                    <div class=\"des-content-2 pl-40\">\n                        <h3 class=\"tp-product-details-desc-title\">\n                            Versatile Style\n                        </h3>\n                        <p>\n                            Transition effortlessly from day to night with our versatile floral dress. Pair it with sandals and a sunhat for a chic daytime look, or dress it up with heels and statement jewelry for an evening soirée. However you style it, you\'ll radiate confidence and charm.\n                        </p>\n                    </div>\n                </div>\n            </div>\n        </div>\n        <div class=\"tp-product-details-desc-item\">\n            <div class=\"row\">\n                <div class=\"col-xl-12\">\n                    <div class=\"tp-product-details-desc-banner text-center m-img\">\n                        <h3 class=\"tp-product-details-desc-banner-title tp-product-details-desc-title\">Quality Craftsmanship</h3>\n                        <img src=\"/storage/fashion/products/product-3.png\" alt=\"Fashion Atelier\">\n                    </div>\n                </div>\n            </div>\n        </div>\n    </div>\n</div>\n','published','[\"fashion\\/products\\/product-2.png\",\"fashion\\/products\\/product-6.png\",\"fashion\\/products\\/product-1.png\",\"fashion\\/products\\/product-5.png\",\"fashion\\/products\\/product-8.png\"]','6H-143',0,10,0,1,0,1,0,0,317,126,NULL,NULL,18.00,16.00,19.00,554.00,NULL,189467,'2024-05-10 02:10:53','2024-05-10 02:10:53','in_stock',3,0,'Botble\\ACL\\Models\\User',0,NULL,'physical',NULL,NULL,0,0,0),(10,'Embroidered Boho Blouse','Add a pop of color to your outfit with this silk scarf adorned with a geometric print. Wrap it around your neck or tie it to your handbag for a stylish touch.','<div class=\"row justify-content-center\">\n    <div class=\"col-xl-10\">\n        <div class=\"tp-product-details-desc-item pb-105\">\n            <div class=\"row\">\n                <div class=\"col-lg-6\">\n                    <div class=\"pt-25\">\n                        <span>Women\'s Floral Dress</span>\n                        <h3 class=\"tp-product-details-desc-title\">Elegance Redefined</h3>\n                        <p>\n                            Embrace timeless elegance with our exquisite women\'s floral dress. Crafted from luxurious fabrics and adorned with delicate floral patterns, this dress exudes grace and sophistication. Whether attending a garden party or a formal event, you\'ll make a stunning impression in this captivating ensemble.\n                        </p>\n                    </div>\n                    <div>\n                        <h3 class=\"tp-product-details-desc-title\">Flawless Fit and Comfort</h3>\n                        <p>\n                            Designed for both style and comfort, our floral dress features a tailored silhouette that flatters every figure. The soft, breathable fabric ensures all-day comfort, while the fitted bodice and flowing skirt create a graceful silhouette. Feel confident and poised with every step you take.\n                        </p>\n                    </div>\n                </div>\n                <div class=\"col-lg-6\">\n                    <div class=\"tp-product-details-desc-thumb\">\n                        <img src=\"/storage/fashion/products/product-1.png\" alt=\"Women\'s Floral Dress\">\n                    </div>\n                </div>\n            </div>\n        </div>\n        <div class=\"tp-product-details-desc-item pb-75\">\n            <div class=\"row\">\n                <div class=\"col-lg-7\">\n                    <div class=\"tp-product-details-desc-thumb\">\n                        <img src=\"/storage/fashion/products/product-2.png\" alt=\"Back View of Floral Dress\">\n                    </div>\n                </div>\n\n                <div class=\"col-lg-5 order-first order-lg-last\">\n                    <div class=\"des-content-2 pl-40\">\n                        <h3 class=\"tp-product-details-desc-title\">\n                            Versatile Style\n                        </h3>\n                        <p>\n                            Transition effortlessly from day to night with our versatile floral dress. Pair it with sandals and a sunhat for a chic daytime look, or dress it up with heels and statement jewelry for an evening soirée. However you style it, you\'ll radiate confidence and charm.\n                        </p>\n                    </div>\n                </div>\n            </div>\n        </div>\n        <div class=\"tp-product-details-desc-item\">\n            <div class=\"row\">\n                <div class=\"col-xl-12\">\n                    <div class=\"tp-product-details-desc-banner text-center m-img\">\n                        <h3 class=\"tp-product-details-desc-banner-title tp-product-details-desc-title\">Quality Craftsmanship</h3>\n                        <img src=\"/storage/fashion/products/product-3.png\" alt=\"Fashion Atelier\">\n                    </div>\n                </div>\n            </div>\n        </div>\n    </div>\n</div>\n','published','[\"fashion\\/products\\/product-8.png\",\"fashion\\/products\\/product-4.png\",\"fashion\\/products\\/product-7.png\",\"fashion\\/products\\/product-2.png\"]','CK-149-A1',0,14,0,1,1,3,0,0,434,NULL,NULL,NULL,20.00,15.00,18.00,529.00,NULL,5511,'2024-05-10 02:10:53','2024-05-10 02:10:54','in_stock',7,0,'Botble\\ACL\\Models\\User',0,NULL,'physical',NULL,NULL,0,0,0),(11,'Statement Chunky Necklace','Make a statement in this floral maxi dress, perfect for summer events or a casual day out. The flowy silhouette and vibrant print will turn heads wherever you go.','<div class=\"row justify-content-center\">\n    <div class=\"col-xl-10\">\n        <div class=\"tp-product-details-desc-item pb-105\">\n            <div class=\"row\">\n                <div class=\"col-lg-6\">\n                    <div class=\"pt-25\">\n                        <span>Women\'s Floral Dress</span>\n                        <h3 class=\"tp-product-details-desc-title\">Elegance Redefined</h3>\n                        <p>\n                            Embrace timeless elegance with our exquisite women\'s floral dress. Crafted from luxurious fabrics and adorned with delicate floral patterns, this dress exudes grace and sophistication. Whether attending a garden party or a formal event, you\'ll make a stunning impression in this captivating ensemble.\n                        </p>\n                    </div>\n                    <div>\n                        <h3 class=\"tp-product-details-desc-title\">Flawless Fit and Comfort</h3>\n                        <p>\n                            Designed for both style and comfort, our floral dress features a tailored silhouette that flatters every figure. The soft, breathable fabric ensures all-day comfort, while the fitted bodice and flowing skirt create a graceful silhouette. Feel confident and poised with every step you take.\n                        </p>\n                    </div>\n                </div>\n                <div class=\"col-lg-6\">\n                    <div class=\"tp-product-details-desc-thumb\">\n                        <img src=\"/storage/fashion/products/product-1.png\" alt=\"Women\'s Floral Dress\">\n                    </div>\n                </div>\n            </div>\n        </div>\n        <div class=\"tp-product-details-desc-item pb-75\">\n            <div class=\"row\">\n                <div class=\"col-lg-7\">\n                    <div class=\"tp-product-details-desc-thumb\">\n                        <img src=\"/storage/fashion/products/product-2.png\" alt=\"Back View of Floral Dress\">\n                    </div>\n                </div>\n\n                <div class=\"col-lg-5 order-first order-lg-last\">\n                    <div class=\"des-content-2 pl-40\">\n                        <h3 class=\"tp-product-details-desc-title\">\n                            Versatile Style\n                        </h3>\n                        <p>\n                            Transition effortlessly from day to night with our versatile floral dress. Pair it with sandals and a sunhat for a chic daytime look, or dress it up with heels and statement jewelry for an evening soirée. However you style it, you\'ll radiate confidence and charm.\n                        </p>\n                    </div>\n                </div>\n            </div>\n        </div>\n        <div class=\"tp-product-details-desc-item\">\n            <div class=\"row\">\n                <div class=\"col-xl-12\">\n                    <div class=\"tp-product-details-desc-banner text-center m-img\">\n                        <h3 class=\"tp-product-details-desc-banner-title tp-product-details-desc-title\">Quality Craftsmanship</h3>\n                        <img src=\"/storage/fashion/products/product-3.png\" alt=\"Fashion Atelier\">\n                    </div>\n                </div>\n            </div>\n        </div>\n    </div>\n</div>\n','published','[\"fashion\\/products\\/product-7.png\",\"fashion\\/products\\/product-8.png\",\"fashion\\/products\\/product-5.png\",\"fashion\\/products\\/product-6.png\",\"fashion\\/products\\/product-1.png\",\"fashion\\/products\\/product-2.png\"]','01-163-A1',0,13,0,1,1,4,0,0,971,NULL,NULL,NULL,17.00,13.00,10.00,602.00,NULL,151105,'2024-05-10 02:10:53','2024-05-10 02:10:54','in_stock',7,0,'Botble\\ACL\\Models\\User',0,NULL,'physical',NULL,NULL,0,0,0),(12,'Chic Fedora Hat (Digital)','Accessorize with this bohemian fringe handbag, featuring intricate details and enough space for your essentials. The perfect boho-chic addition to your collection.','<div class=\"row justify-content-center\">\n    <div class=\"col-xl-10\">\n        <div class=\"tp-product-details-desc-item pb-105\">\n            <div class=\"row\">\n                <div class=\"col-lg-6\">\n                    <div class=\"pt-25\">\n                        <span>Women\'s Floral Dress</span>\n                        <h3 class=\"tp-product-details-desc-title\">Elegance Redefined</h3>\n                        <p>\n                            Embrace timeless elegance with our exquisite women\'s floral dress. Crafted from luxurious fabrics and adorned with delicate floral patterns, this dress exudes grace and sophistication. Whether attending a garden party or a formal event, you\'ll make a stunning impression in this captivating ensemble.\n                        </p>\n                    </div>\n                    <div>\n                        <h3 class=\"tp-product-details-desc-title\">Flawless Fit and Comfort</h3>\n                        <p>\n                            Designed for both style and comfort, our floral dress features a tailored silhouette that flatters every figure. The soft, breathable fabric ensures all-day comfort, while the fitted bodice and flowing skirt create a graceful silhouette. Feel confident and poised with every step you take.\n                        </p>\n                    </div>\n                </div>\n                <div class=\"col-lg-6\">\n                    <div class=\"tp-product-details-desc-thumb\">\n                        <img src=\"/storage/fashion/products/product-1.png\" alt=\"Women\'s Floral Dress\">\n                    </div>\n                </div>\n            </div>\n        </div>\n        <div class=\"tp-product-details-desc-item pb-75\">\n            <div class=\"row\">\n                <div class=\"col-lg-7\">\n                    <div class=\"tp-product-details-desc-thumb\">\n                        <img src=\"/storage/fashion/products/product-2.png\" alt=\"Back View of Floral Dress\">\n                    </div>\n                </div>\n\n                <div class=\"col-lg-5 order-first order-lg-last\">\n                    <div class=\"des-content-2 pl-40\">\n                        <h3 class=\"tp-product-details-desc-title\">\n                            Versatile Style\n                        </h3>\n                        <p>\n                            Transition effortlessly from day to night with our versatile floral dress. Pair it with sandals and a sunhat for a chic daytime look, or dress it up with heels and statement jewelry for an evening soirée. However you style it, you\'ll radiate confidence and charm.\n                        </p>\n                    </div>\n                </div>\n            </div>\n        </div>\n        <div class=\"tp-product-details-desc-item\">\n            <div class=\"row\">\n                <div class=\"col-xl-12\">\n                    <div class=\"tp-product-details-desc-banner text-center m-img\">\n                        <h3 class=\"tp-product-details-desc-banner-title tp-product-details-desc-title\">Quality Craftsmanship</h3>\n                        <img src=\"/storage/fashion/products/product-3.png\" alt=\"Fashion Atelier\">\n                    </div>\n                </div>\n            </div>\n        </div>\n    </div>\n</div>\n','published','[\"fashion\\/products\\/product-6.png\",\"fashion\\/products\\/product-8.png\",\"fashion\\/products\\/product-7.png\"]','XC-103',0,12,0,1,0,3,0,0,798,409,NULL,NULL,19.00,11.00,15.00,500.00,NULL,60835,'2024-05-10 02:10:53','2024-05-10 02:10:53','in_stock',4,0,'Botble\\ACL\\Models\\User',0,NULL,'digital',NULL,NULL,0,0,0),(13,'Strappy Block Heel Sandals','Embrace bohemian vibes with this embroidered boho blouse, featuring intricate stitching and a relaxed fit. Perfect for a casual day with a touch of style.','<div class=\"row justify-content-center\">\n    <div class=\"col-xl-10\">\n        <div class=\"tp-product-details-desc-item pb-105\">\n            <div class=\"row\">\n                <div class=\"col-lg-6\">\n                    <div class=\"pt-25\">\n                        <span>Women\'s Floral Dress</span>\n                        <h3 class=\"tp-product-details-desc-title\">Elegance Redefined</h3>\n                        <p>\n                            Embrace timeless elegance with our exquisite women\'s floral dress. Crafted from luxurious fabrics and adorned with delicate floral patterns, this dress exudes grace and sophistication. Whether attending a garden party or a formal event, you\'ll make a stunning impression in this captivating ensemble.\n                        </p>\n                    </div>\n                    <div>\n                        <h3 class=\"tp-product-details-desc-title\">Flawless Fit and Comfort</h3>\n                        <p>\n                            Designed for both style and comfort, our floral dress features a tailored silhouette that flatters every figure. The soft, breathable fabric ensures all-day comfort, while the fitted bodice and flowing skirt create a graceful silhouette. Feel confident and poised with every step you take.\n                        </p>\n                    </div>\n                </div>\n                <div class=\"col-lg-6\">\n                    <div class=\"tp-product-details-desc-thumb\">\n                        <img src=\"/storage/fashion/products/product-1.png\" alt=\"Women\'s Floral Dress\">\n                    </div>\n                </div>\n            </div>\n        </div>\n        <div class=\"tp-product-details-desc-item pb-75\">\n            <div class=\"row\">\n                <div class=\"col-lg-7\">\n                    <div class=\"tp-product-details-desc-thumb\">\n                        <img src=\"/storage/fashion/products/product-2.png\" alt=\"Back View of Floral Dress\">\n                    </div>\n                </div>\n\n                <div class=\"col-lg-5 order-first order-lg-last\">\n                    <div class=\"des-content-2 pl-40\">\n                        <h3 class=\"tp-product-details-desc-title\">\n                            Versatile Style\n                        </h3>\n                        <p>\n                            Transition effortlessly from day to night with our versatile floral dress. Pair it with sandals and a sunhat for a chic daytime look, or dress it up with heels and statement jewelry for an evening soirée. However you style it, you\'ll radiate confidence and charm.\n                        </p>\n                    </div>\n                </div>\n            </div>\n        </div>\n        <div class=\"tp-product-details-desc-item\">\n            <div class=\"row\">\n                <div class=\"col-xl-12\">\n                    <div class=\"tp-product-details-desc-banner text-center m-img\">\n                        <h3 class=\"tp-product-details-desc-banner-title tp-product-details-desc-title\">Quality Craftsmanship</h3>\n                        <img src=\"/storage/fashion/products/product-3.png\" alt=\"Fashion Atelier\">\n                    </div>\n                </div>\n            </div>\n        </div>\n    </div>\n</div>\n','published','[\"fashion\\/products\\/product-5.png\",\"fashion\\/products\\/product-7.png\",\"fashion\\/products\\/product-8.png\",\"fashion\\/products\\/product-3.png\",\"fashion\\/products\\/product-1.png\",\"fashion\\/products\\/product-2.png\",\"fashion\\/products\\/product-6.png\"]','ET-104-A1',0,18,0,1,1,5,0,0,1514,NULL,NULL,NULL,20.00,10.00,14.00,800.00,NULL,159890,'2024-05-10 02:10:53','2024-05-10 02:10:54','in_stock',1,0,'Botble\\ACL\\Models\\User',0,NULL,'physical',NULL,NULL,0,0,0),(14,'Velvet Evening Gown','Stay cozy and chic in this knit turtleneck sweater, featuring a ribbed texture and a timeless design. Perfect for chilly days and nights.','<div class=\"row justify-content-center\">\n    <div class=\"col-xl-10\">\n        <div class=\"tp-product-details-desc-item pb-105\">\n            <div class=\"row\">\n                <div class=\"col-lg-6\">\n                    <div class=\"pt-25\">\n                        <span>Women\'s Floral Dress</span>\n                        <h3 class=\"tp-product-details-desc-title\">Elegance Redefined</h3>\n                        <p>\n                            Embrace timeless elegance with our exquisite women\'s floral dress. Crafted from luxurious fabrics and adorned with delicate floral patterns, this dress exudes grace and sophistication. Whether attending a garden party or a formal event, you\'ll make a stunning impression in this captivating ensemble.\n                        </p>\n                    </div>\n                    <div>\n                        <h3 class=\"tp-product-details-desc-title\">Flawless Fit and Comfort</h3>\n                        <p>\n                            Designed for both style and comfort, our floral dress features a tailored silhouette that flatters every figure. The soft, breathable fabric ensures all-day comfort, while the fitted bodice and flowing skirt create a graceful silhouette. Feel confident and poised with every step you take.\n                        </p>\n                    </div>\n                </div>\n                <div class=\"col-lg-6\">\n                    <div class=\"tp-product-details-desc-thumb\">\n                        <img src=\"/storage/fashion/products/product-1.png\" alt=\"Women\'s Floral Dress\">\n                    </div>\n                </div>\n            </div>\n        </div>\n        <div class=\"tp-product-details-desc-item pb-75\">\n            <div class=\"row\">\n                <div class=\"col-lg-7\">\n                    <div class=\"tp-product-details-desc-thumb\">\n                        <img src=\"/storage/fashion/products/product-2.png\" alt=\"Back View of Floral Dress\">\n                    </div>\n                </div>\n\n                <div class=\"col-lg-5 order-first order-lg-last\">\n                    <div class=\"des-content-2 pl-40\">\n                        <h3 class=\"tp-product-details-desc-title\">\n                            Versatile Style\n                        </h3>\n                        <p>\n                            Transition effortlessly from day to night with our versatile floral dress. Pair it with sandals and a sunhat for a chic daytime look, or dress it up with heels and statement jewelry for an evening soirée. However you style it, you\'ll radiate confidence and charm.\n                        </p>\n                    </div>\n                </div>\n            </div>\n        </div>\n        <div class=\"tp-product-details-desc-item\">\n            <div class=\"row\">\n                <div class=\"col-xl-12\">\n                    <div class=\"tp-product-details-desc-banner text-center m-img\">\n                        <h3 class=\"tp-product-details-desc-banner-title tp-product-details-desc-title\">Quality Craftsmanship</h3>\n                        <img src=\"/storage/fashion/products/product-3.png\" alt=\"Fashion Atelier\">\n                    </div>\n                </div>\n            </div>\n        </div>\n    </div>\n</div>\n','published','[\"fashion\\/products\\/product-4.png\",\"fashion\\/products\\/product-2.png\",\"fashion\\/products\\/product-6.png\",\"fashion\\/products\\/product-7.png\",\"fashion\\/products\\/product-8.png\",\"fashion\\/products\\/product-1.png\",\"fashion\\/products\\/product-5.png\",\"fashion\\/products\\/product-3.png\"]','W1-103',0,19,0,1,0,1,0,0,1578,907,NULL,NULL,10.00,15.00,12.00,818.00,NULL,17894,'2024-05-10 02:10:53','2024-05-10 02:10:53','in_stock',8,0,'Botble\\ACL\\Models\\User',0,NULL,'physical',NULL,NULL,0,0,0),(15,'Quilted Crossbody Bag','Complete your look with these classic aviator sunglasses, offering a touch of timeless glamour and UV protection for your eyes.','<div class=\"row justify-content-center\">\n    <div class=\"col-xl-10\">\n        <div class=\"tp-product-details-desc-item pb-105\">\n            <div class=\"row\">\n                <div class=\"col-lg-6\">\n                    <div class=\"pt-25\">\n                        <span>Women\'s Floral Dress</span>\n                        <h3 class=\"tp-product-details-desc-title\">Elegance Redefined</h3>\n                        <p>\n                            Embrace timeless elegance with our exquisite women\'s floral dress. Crafted from luxurious fabrics and adorned with delicate floral patterns, this dress exudes grace and sophistication. Whether attending a garden party or a formal event, you\'ll make a stunning impression in this captivating ensemble.\n                        </p>\n                    </div>\n                    <div>\n                        <h3 class=\"tp-product-details-desc-title\">Flawless Fit and Comfort</h3>\n                        <p>\n                            Designed for both style and comfort, our floral dress features a tailored silhouette that flatters every figure. The soft, breathable fabric ensures all-day comfort, while the fitted bodice and flowing skirt create a graceful silhouette. Feel confident and poised with every step you take.\n                        </p>\n                    </div>\n                </div>\n                <div class=\"col-lg-6\">\n                    <div class=\"tp-product-details-desc-thumb\">\n                        <img src=\"/storage/fashion/products/product-1.png\" alt=\"Women\'s Floral Dress\">\n                    </div>\n                </div>\n            </div>\n        </div>\n        <div class=\"tp-product-details-desc-item pb-75\">\n            <div class=\"row\">\n                <div class=\"col-lg-7\">\n                    <div class=\"tp-product-details-desc-thumb\">\n                        <img src=\"/storage/fashion/products/product-2.png\" alt=\"Back View of Floral Dress\">\n                    </div>\n                </div>\n\n                <div class=\"col-lg-5 order-first order-lg-last\">\n                    <div class=\"des-content-2 pl-40\">\n                        <h3 class=\"tp-product-details-desc-title\">\n                            Versatile Style\n                        </h3>\n                        <p>\n                            Transition effortlessly from day to night with our versatile floral dress. Pair it with sandals and a sunhat for a chic daytime look, or dress it up with heels and statement jewelry for an evening soirée. However you style it, you\'ll radiate confidence and charm.\n                        </p>\n                    </div>\n                </div>\n            </div>\n        </div>\n        <div class=\"tp-product-details-desc-item\">\n            <div class=\"row\">\n                <div class=\"col-xl-12\">\n                    <div class=\"tp-product-details-desc-banner text-center m-img\">\n                        <h3 class=\"tp-product-details-desc-banner-title tp-product-details-desc-title\">Quality Craftsmanship</h3>\n                        <img src=\"/storage/fashion/products/product-3.png\" alt=\"Fashion Atelier\">\n                    </div>\n                </div>\n            </div>\n        </div>\n    </div>\n</div>\n','published','[\"fashion\\/products\\/product-2.png\",\"fashion\\/products\\/product-8.png\",\"fashion\\/products\\/product-1.png\",\"fashion\\/products\\/product-7.png\",\"fashion\\/products\\/product-5.png\",\"fashion\\/products\\/product-4.png\",\"fashion\\/products\\/product-6.png\"]','XF-181-A1',0,12,0,1,0,4,0,0,2375,NULL,NULL,NULL,14.00,12.00,18.00,842.00,NULL,176899,'2024-05-10 02:10:53','2024-05-10 02:10:54','in_stock',1,0,'Botble\\ACL\\Models\\User',0,NULL,'physical',NULL,NULL,0,0,0),(16,'Distressed Skinny Jeans (Digital)','Top off your look with this chic fedora hat, crafted with a classic silhouette and a timeless appeal. A must-have accessory for any fashion-forward wardrobe.','<div class=\"row justify-content-center\">\n    <div class=\"col-xl-10\">\n        <div class=\"tp-product-details-desc-item pb-105\">\n            <div class=\"row\">\n                <div class=\"col-lg-6\">\n                    <div class=\"pt-25\">\n                        <span>Women\'s Floral Dress</span>\n                        <h3 class=\"tp-product-details-desc-title\">Elegance Redefined</h3>\n                        <p>\n                            Embrace timeless elegance with our exquisite women\'s floral dress. Crafted from luxurious fabrics and adorned with delicate floral patterns, this dress exudes grace and sophistication. Whether attending a garden party or a formal event, you\'ll make a stunning impression in this captivating ensemble.\n                        </p>\n                    </div>\n                    <div>\n                        <h3 class=\"tp-product-details-desc-title\">Flawless Fit and Comfort</h3>\n                        <p>\n                            Designed for both style and comfort, our floral dress features a tailored silhouette that flatters every figure. The soft, breathable fabric ensures all-day comfort, while the fitted bodice and flowing skirt create a graceful silhouette. Feel confident and poised with every step you take.\n                        </p>\n                    </div>\n                </div>\n                <div class=\"col-lg-6\">\n                    <div class=\"tp-product-details-desc-thumb\">\n                        <img src=\"/storage/fashion/products/product-1.png\" alt=\"Women\'s Floral Dress\">\n                    </div>\n                </div>\n            </div>\n        </div>\n        <div class=\"tp-product-details-desc-item pb-75\">\n            <div class=\"row\">\n                <div class=\"col-lg-7\">\n                    <div class=\"tp-product-details-desc-thumb\">\n                        <img src=\"/storage/fashion/products/product-2.png\" alt=\"Back View of Floral Dress\">\n                    </div>\n                </div>\n\n                <div class=\"col-lg-5 order-first order-lg-last\">\n                    <div class=\"des-content-2 pl-40\">\n                        <h3 class=\"tp-product-details-desc-title\">\n                            Versatile Style\n                        </h3>\n                        <p>\n                            Transition effortlessly from day to night with our versatile floral dress. Pair it with sandals and a sunhat for a chic daytime look, or dress it up with heels and statement jewelry for an evening soirée. However you style it, you\'ll radiate confidence and charm.\n                        </p>\n                    </div>\n                </div>\n            </div>\n        </div>\n        <div class=\"tp-product-details-desc-item\">\n            <div class=\"row\">\n                <div class=\"col-xl-12\">\n                    <div class=\"tp-product-details-desc-banner text-center m-img\">\n                        <h3 class=\"tp-product-details-desc-banner-title tp-product-details-desc-title\">Quality Craftsmanship</h3>\n                        <img src=\"/storage/fashion/products/product-3.png\" alt=\"Fashion Atelier\">\n                    </div>\n                </div>\n            </div>\n        </div>\n    </div>\n</div>\n','published','[\"fashion\\/products\\/product-4.png\",\"fashion\\/products\\/product-1.png\",\"fashion\\/products\\/product-2.png\",\"fashion\\/products\\/product-7.png\"]','XW-151',0,16,0,1,1,4,0,0,1814,553,NULL,NULL,10.00,17.00,20.00,808.00,NULL,175353,'2024-05-10 02:10:53','2024-05-10 02:10:53','in_stock',3,0,'Botble\\ACL\\Models\\User',0,NULL,'digital',NULL,NULL,0,0,0),(17,'Lace-Up Combat Boots','Complete your look with these classic aviator sunglasses, offering a touch of timeless glamour and UV protection for your eyes.','<div class=\"row justify-content-center\">\n    <div class=\"col-xl-10\">\n        <div class=\"tp-product-details-desc-item pb-105\">\n            <div class=\"row\">\n                <div class=\"col-lg-6\">\n                    <div class=\"pt-25\">\n                        <span>Women\'s Floral Dress</span>\n                        <h3 class=\"tp-product-details-desc-title\">Elegance Redefined</h3>\n                        <p>\n                            Embrace timeless elegance with our exquisite women\'s floral dress. Crafted from luxurious fabrics and adorned with delicate floral patterns, this dress exudes grace and sophistication. Whether attending a garden party or a formal event, you\'ll make a stunning impression in this captivating ensemble.\n                        </p>\n                    </div>\n                    <div>\n                        <h3 class=\"tp-product-details-desc-title\">Flawless Fit and Comfort</h3>\n                        <p>\n                            Designed for both style and comfort, our floral dress features a tailored silhouette that flatters every figure. The soft, breathable fabric ensures all-day comfort, while the fitted bodice and flowing skirt create a graceful silhouette. Feel confident and poised with every step you take.\n                        </p>\n                    </div>\n                </div>\n                <div class=\"col-lg-6\">\n                    <div class=\"tp-product-details-desc-thumb\">\n                        <img src=\"/storage/fashion/products/product-1.png\" alt=\"Women\'s Floral Dress\">\n                    </div>\n                </div>\n            </div>\n        </div>\n        <div class=\"tp-product-details-desc-item pb-75\">\n            <div class=\"row\">\n                <div class=\"col-lg-7\">\n                    <div class=\"tp-product-details-desc-thumb\">\n                        <img src=\"/storage/fashion/products/product-2.png\" alt=\"Back View of Floral Dress\">\n                    </div>\n                </div>\n\n                <div class=\"col-lg-5 order-first order-lg-last\">\n                    <div class=\"des-content-2 pl-40\">\n                        <h3 class=\"tp-product-details-desc-title\">\n                            Versatile Style\n                        </h3>\n                        <p>\n                            Transition effortlessly from day to night with our versatile floral dress. Pair it with sandals and a sunhat for a chic daytime look, or dress it up with heels and statement jewelry for an evening soirée. However you style it, you\'ll radiate confidence and charm.\n                        </p>\n                    </div>\n                </div>\n            </div>\n        </div>\n        <div class=\"tp-product-details-desc-item\">\n            <div class=\"row\">\n                <div class=\"col-xl-12\">\n                    <div class=\"tp-product-details-desc-banner text-center m-img\">\n                        <h3 class=\"tp-product-details-desc-banner-title tp-product-details-desc-title\">Quality Craftsmanship</h3>\n                        <img src=\"/storage/fashion/products/product-3.png\" alt=\"Fashion Atelier\">\n                    </div>\n                </div>\n            </div>\n        </div>\n    </div>\n</div>\n','published','[\"fashion\\/products\\/product-3.png\",\"fashion\\/products\\/product-8.png\",\"fashion\\/products\\/product-7.png\",\"fashion\\/products\\/product-2.png\",\"fashion\\/products\\/product-4.png\",\"fashion\\/products\\/product-6.png\"]','FO-156-A1',0,12,0,1,0,3,0,0,1079,NULL,NULL,NULL,14.00,12.00,15.00,642.00,NULL,10826,'2024-05-10 02:10:53','2024-05-10 02:10:54','in_stock',4,0,'Botble\\ACL\\Models\\User',0,NULL,'physical',NULL,NULL,0,0,0),(18,'Cotton Striped T-Shirt Dress','Elevate your street style with this vintage denim jacket, featuring distressed detailing and a relaxed fit for a laid-back vibe.','<div class=\"row justify-content-center\">\n    <div class=\"col-xl-10\">\n        <div class=\"tp-product-details-desc-item pb-105\">\n            <div class=\"row\">\n                <div class=\"col-lg-6\">\n                    <div class=\"pt-25\">\n                        <span>Women\'s Floral Dress</span>\n                        <h3 class=\"tp-product-details-desc-title\">Elegance Redefined</h3>\n                        <p>\n                            Embrace timeless elegance with our exquisite women\'s floral dress. Crafted from luxurious fabrics and adorned with delicate floral patterns, this dress exudes grace and sophistication. Whether attending a garden party or a formal event, you\'ll make a stunning impression in this captivating ensemble.\n                        </p>\n                    </div>\n                    <div>\n                        <h3 class=\"tp-product-details-desc-title\">Flawless Fit and Comfort</h3>\n                        <p>\n                            Designed for both style and comfort, our floral dress features a tailored silhouette that flatters every figure. The soft, breathable fabric ensures all-day comfort, while the fitted bodice and flowing skirt create a graceful silhouette. Feel confident and poised with every step you take.\n                        </p>\n                    </div>\n                </div>\n                <div class=\"col-lg-6\">\n                    <div class=\"tp-product-details-desc-thumb\">\n                        <img src=\"/storage/fashion/products/product-1.png\" alt=\"Women\'s Floral Dress\">\n                    </div>\n                </div>\n            </div>\n        </div>\n        <div class=\"tp-product-details-desc-item pb-75\">\n            <div class=\"row\">\n                <div class=\"col-lg-7\">\n                    <div class=\"tp-product-details-desc-thumb\">\n                        <img src=\"/storage/fashion/products/product-2.png\" alt=\"Back View of Floral Dress\">\n                    </div>\n                </div>\n\n                <div class=\"col-lg-5 order-first order-lg-last\">\n                    <div class=\"des-content-2 pl-40\">\n                        <h3 class=\"tp-product-details-desc-title\">\n                            Versatile Style\n                        </h3>\n                        <p>\n                            Transition effortlessly from day to night with our versatile floral dress. Pair it with sandals and a sunhat for a chic daytime look, or dress it up with heels and statement jewelry for an evening soirée. However you style it, you\'ll radiate confidence and charm.\n                        </p>\n                    </div>\n                </div>\n            </div>\n        </div>\n        <div class=\"tp-product-details-desc-item\">\n            <div class=\"row\">\n                <div class=\"col-xl-12\">\n                    <div class=\"tp-product-details-desc-banner text-center m-img\">\n                        <h3 class=\"tp-product-details-desc-banner-title tp-product-details-desc-title\">Quality Craftsmanship</h3>\n                        <img src=\"/storage/fashion/products/product-3.png\" alt=\"Fashion Atelier\">\n                    </div>\n                </div>\n            </div>\n        </div>\n    </div>\n</div>\n','published','[\"fashion\\/products\\/product-1.png\",\"fashion\\/products\\/product-4.png\",\"fashion\\/products\\/product-2.png\",\"fashion\\/products\\/product-8.png\",\"fashion\\/products\\/product-5.png\",\"fashion\\/products\\/product-6.png\",\"fashion\\/products\\/product-7.png\"]','MU-183-A1',0,11,0,1,0,5,0,0,2285,NULL,NULL,NULL,14.00,13.00,10.00,575.00,NULL,163914,'2024-05-10 02:10:53','2024-05-10 02:10:54','in_stock',6,0,'Botble\\ACL\\Models\\User',0,NULL,'physical',NULL,NULL,0,0,0),(19,'Printed Palazzo Pants','Stay cozy and chic in this knit turtleneck sweater, featuring a ribbed texture and a timeless design. Perfect for chilly days and nights.','<div class=\"row justify-content-center\">\n    <div class=\"col-xl-10\">\n        <div class=\"tp-product-details-desc-item pb-105\">\n            <div class=\"row\">\n                <div class=\"col-lg-6\">\n                    <div class=\"pt-25\">\n                        <span>Women\'s Floral Dress</span>\n                        <h3 class=\"tp-product-details-desc-title\">Elegance Redefined</h3>\n                        <p>\n                            Embrace timeless elegance with our exquisite women\'s floral dress. Crafted from luxurious fabrics and adorned with delicate floral patterns, this dress exudes grace and sophistication. Whether attending a garden party or a formal event, you\'ll make a stunning impression in this captivating ensemble.\n                        </p>\n                    </div>\n                    <div>\n                        <h3 class=\"tp-product-details-desc-title\">Flawless Fit and Comfort</h3>\n                        <p>\n                            Designed for both style and comfort, our floral dress features a tailored silhouette that flatters every figure. The soft, breathable fabric ensures all-day comfort, while the fitted bodice and flowing skirt create a graceful silhouette. Feel confident and poised with every step you take.\n                        </p>\n                    </div>\n                </div>\n                <div class=\"col-lg-6\">\n                    <div class=\"tp-product-details-desc-thumb\">\n                        <img src=\"/storage/fashion/products/product-1.png\" alt=\"Women\'s Floral Dress\">\n                    </div>\n                </div>\n            </div>\n        </div>\n        <div class=\"tp-product-details-desc-item pb-75\">\n            <div class=\"row\">\n                <div class=\"col-lg-7\">\n                    <div class=\"tp-product-details-desc-thumb\">\n                        <img src=\"/storage/fashion/products/product-2.png\" alt=\"Back View of Floral Dress\">\n                    </div>\n                </div>\n\n                <div class=\"col-lg-5 order-first order-lg-last\">\n                    <div class=\"des-content-2 pl-40\">\n                        <h3 class=\"tp-product-details-desc-title\">\n                            Versatile Style\n                        </h3>\n                        <p>\n                            Transition effortlessly from day to night with our versatile floral dress. Pair it with sandals and a sunhat for a chic daytime look, or dress it up with heels and statement jewelry for an evening soirée. However you style it, you\'ll radiate confidence and charm.\n                        </p>\n                    </div>\n                </div>\n            </div>\n        </div>\n        <div class=\"tp-product-details-desc-item\">\n            <div class=\"row\">\n                <div class=\"col-xl-12\">\n                    <div class=\"tp-product-details-desc-banner text-center m-img\">\n                        <h3 class=\"tp-product-details-desc-banner-title tp-product-details-desc-title\">Quality Craftsmanship</h3>\n                        <img src=\"/storage/fashion/products/product-3.png\" alt=\"Fashion Atelier\">\n                    </div>\n                </div>\n            </div>\n        </div>\n    </div>\n</div>\n','published','[\"fashion\\/products\\/product-8.png\",\"fashion\\/products\\/product-4.png\",\"fashion\\/products\\/product-6.png\",\"fashion\\/products\\/product-2.png\",\"fashion\\/products\\/product-7.png\",\"fashion\\/products\\/product-1.png\",\"fashion\\/products\\/product-5.png\",\"fashion\\/products\\/product-3.png\"]','S9-107',0,12,0,1,1,5,0,0,769,198,NULL,NULL,20.00,15.00,11.00,558.00,NULL,142745,'2024-05-10 02:10:53','2024-05-10 02:10:53','in_stock',5,0,'Botble\\ACL\\Models\\User',0,NULL,'physical',NULL,NULL,0,0,0),(20,'Structured Satchel Bag (Digital)','Stay cozy and chic in this knit turtleneck sweater, featuring a ribbed texture and a timeless design. Perfect for chilly days and nights.','<div class=\"row justify-content-center\">\n    <div class=\"col-xl-10\">\n        <div class=\"tp-product-details-desc-item pb-105\">\n            <div class=\"row\">\n                <div class=\"col-lg-6\">\n                    <div class=\"pt-25\">\n                        <span>Women\'s Floral Dress</span>\n                        <h3 class=\"tp-product-details-desc-title\">Elegance Redefined</h3>\n                        <p>\n                            Embrace timeless elegance with our exquisite women\'s floral dress. Crafted from luxurious fabrics and adorned with delicate floral patterns, this dress exudes grace and sophistication. Whether attending a garden party or a formal event, you\'ll make a stunning impression in this captivating ensemble.\n                        </p>\n                    </div>\n                    <div>\n                        <h3 class=\"tp-product-details-desc-title\">Flawless Fit and Comfort</h3>\n                        <p>\n                            Designed for both style and comfort, our floral dress features a tailored silhouette that flatters every figure. The soft, breathable fabric ensures all-day comfort, while the fitted bodice and flowing skirt create a graceful silhouette. Feel confident and poised with every step you take.\n                        </p>\n                    </div>\n                </div>\n                <div class=\"col-lg-6\">\n                    <div class=\"tp-product-details-desc-thumb\">\n                        <img src=\"/storage/fashion/products/product-1.png\" alt=\"Women\'s Floral Dress\">\n                    </div>\n                </div>\n            </div>\n        </div>\n        <div class=\"tp-product-details-desc-item pb-75\">\n            <div class=\"row\">\n                <div class=\"col-lg-7\">\n                    <div class=\"tp-product-details-desc-thumb\">\n                        <img src=\"/storage/fashion/products/product-2.png\" alt=\"Back View of Floral Dress\">\n                    </div>\n                </div>\n\n                <div class=\"col-lg-5 order-first order-lg-last\">\n                    <div class=\"des-content-2 pl-40\">\n                        <h3 class=\"tp-product-details-desc-title\">\n                            Versatile Style\n                        </h3>\n                        <p>\n                            Transition effortlessly from day to night with our versatile floral dress. Pair it with sandals and a sunhat for a chic daytime look, or dress it up with heels and statement jewelry for an evening soirée. However you style it, you\'ll radiate confidence and charm.\n                        </p>\n                    </div>\n                </div>\n            </div>\n        </div>\n        <div class=\"tp-product-details-desc-item\">\n            <div class=\"row\">\n                <div class=\"col-xl-12\">\n                    <div class=\"tp-product-details-desc-banner text-center m-img\">\n                        <h3 class=\"tp-product-details-desc-banner-title tp-product-details-desc-title\">Quality Craftsmanship</h3>\n                        <img src=\"/storage/fashion/products/product-3.png\" alt=\"Fashion Atelier\">\n                    </div>\n                </div>\n            </div>\n        </div>\n    </div>\n</div>\n','published','[\"fashion\\/products\\/product-3.png\",\"fashion\\/products\\/product-5.png\",\"fashion\\/products\\/product-2.png\",\"fashion\\/products\\/product-1.png\"]','9C-161-A1',0,13,0,1,1,4,0,0,293,254.91,NULL,NULL,15.00,13.00,15.00,626.00,NULL,65592,'2024-05-10 02:10:53','2024-05-10 02:10:54','in_stock',4,0,'Botble\\ACL\\Models\\User',0,NULL,'digital',NULL,NULL,0,0,0),(21,'Off-Shoulder Ruffle Top','Top off your look with this chic fedora hat, crafted with a classic silhouette and a timeless appeal. A must-have accessory for any fashion-forward wardrobe.','<div class=\"row justify-content-center\">\n    <div class=\"col-xl-10\">\n        <div class=\"tp-product-details-desc-item pb-105\">\n            <div class=\"row\">\n                <div class=\"col-lg-6\">\n                    <div class=\"pt-25\">\n                        <span>Women\'s Floral Dress</span>\n                        <h3 class=\"tp-product-details-desc-title\">Elegance Redefined</h3>\n                        <p>\n                            Embrace timeless elegance with our exquisite women\'s floral dress. Crafted from luxurious fabrics and adorned with delicate floral patterns, this dress exudes grace and sophistication. Whether attending a garden party or a formal event, you\'ll make a stunning impression in this captivating ensemble.\n                        </p>\n                    </div>\n                    <div>\n                        <h3 class=\"tp-product-details-desc-title\">Flawless Fit and Comfort</h3>\n                        <p>\n                            Designed for both style and comfort, our floral dress features a tailored silhouette that flatters every figure. The soft, breathable fabric ensures all-day comfort, while the fitted bodice and flowing skirt create a graceful silhouette. Feel confident and poised with every step you take.\n                        </p>\n                    </div>\n                </div>\n                <div class=\"col-lg-6\">\n                    <div class=\"tp-product-details-desc-thumb\">\n                        <img src=\"/storage/fashion/products/product-1.png\" alt=\"Women\'s Floral Dress\">\n                    </div>\n                </div>\n            </div>\n        </div>\n        <div class=\"tp-product-details-desc-item pb-75\">\n            <div class=\"row\">\n                <div class=\"col-lg-7\">\n                    <div class=\"tp-product-details-desc-thumb\">\n                        <img src=\"/storage/fashion/products/product-2.png\" alt=\"Back View of Floral Dress\">\n                    </div>\n                </div>\n\n                <div class=\"col-lg-5 order-first order-lg-last\">\n                    <div class=\"des-content-2 pl-40\">\n                        <h3 class=\"tp-product-details-desc-title\">\n                            Versatile Style\n                        </h3>\n                        <p>\n                            Transition effortlessly from day to night with our versatile floral dress. Pair it with sandals and a sunhat for a chic daytime look, or dress it up with heels and statement jewelry for an evening soirée. However you style it, you\'ll radiate confidence and charm.\n                        </p>\n                    </div>\n                </div>\n            </div>\n        </div>\n        <div class=\"tp-product-details-desc-item\">\n            <div class=\"row\">\n                <div class=\"col-xl-12\">\n                    <div class=\"tp-product-details-desc-banner text-center m-img\">\n                        <h3 class=\"tp-product-details-desc-banner-title tp-product-details-desc-title\">Quality Craftsmanship</h3>\n                        <img src=\"/storage/fashion/products/product-3.png\" alt=\"Fashion Atelier\">\n                    </div>\n                </div>\n            </div>\n        </div>\n    </div>\n</div>\n','published','[\"fashion\\/products\\/product-8.png\",\"fashion\\/products\\/product-2.png\",\"fashion\\/products\\/product-5.png\",\"fashion\\/products\\/product-3.png\"]','BN-141-A1',0,13,0,1,1,3,0,0,1144,NULL,NULL,NULL,15.00,19.00,12.00,891.00,NULL,74615,'2024-05-10 02:10:53','2024-05-10 02:10:54','in_stock',1,0,'Botble\\ACL\\Models\\User',0,NULL,'physical',NULL,NULL,0,0,0),(22,'Suede Pointed-Toe Pumps','Make a bold statement with this chunky necklace, designed to add a touch of glamour to any outfit. The perfect accessory for a night out.','<div class=\"row justify-content-center\">\n    <div class=\"col-xl-10\">\n        <div class=\"tp-product-details-desc-item pb-105\">\n            <div class=\"row\">\n                <div class=\"col-lg-6\">\n                    <div class=\"pt-25\">\n                        <span>Women\'s Floral Dress</span>\n                        <h3 class=\"tp-product-details-desc-title\">Elegance Redefined</h3>\n                        <p>\n                            Embrace timeless elegance with our exquisite women\'s floral dress. Crafted from luxurious fabrics and adorned with delicate floral patterns, this dress exudes grace and sophistication. Whether attending a garden party or a formal event, you\'ll make a stunning impression in this captivating ensemble.\n                        </p>\n                    </div>\n                    <div>\n                        <h3 class=\"tp-product-details-desc-title\">Flawless Fit and Comfort</h3>\n                        <p>\n                            Designed for both style and comfort, our floral dress features a tailored silhouette that flatters every figure. The soft, breathable fabric ensures all-day comfort, while the fitted bodice and flowing skirt create a graceful silhouette. Feel confident and poised with every step you take.\n                        </p>\n                    </div>\n                </div>\n                <div class=\"col-lg-6\">\n                    <div class=\"tp-product-details-desc-thumb\">\n                        <img src=\"/storage/fashion/products/product-1.png\" alt=\"Women\'s Floral Dress\">\n                    </div>\n                </div>\n            </div>\n        </div>\n        <div class=\"tp-product-details-desc-item pb-75\">\n            <div class=\"row\">\n                <div class=\"col-lg-7\">\n                    <div class=\"tp-product-details-desc-thumb\">\n                        <img src=\"/storage/fashion/products/product-2.png\" alt=\"Back View of Floral Dress\">\n                    </div>\n                </div>\n\n                <div class=\"col-lg-5 order-first order-lg-last\">\n                    <div class=\"des-content-2 pl-40\">\n                        <h3 class=\"tp-product-details-desc-title\">\n                            Versatile Style\n                        </h3>\n                        <p>\n                            Transition effortlessly from day to night with our versatile floral dress. Pair it with sandals and a sunhat for a chic daytime look, or dress it up with heels and statement jewelry for an evening soirée. However you style it, you\'ll radiate confidence and charm.\n                        </p>\n                    </div>\n                </div>\n            </div>\n        </div>\n        <div class=\"tp-product-details-desc-item\">\n            <div class=\"row\">\n                <div class=\"col-xl-12\">\n                    <div class=\"tp-product-details-desc-banner text-center m-img\">\n                        <h3 class=\"tp-product-details-desc-banner-title tp-product-details-desc-title\">Quality Craftsmanship</h3>\n                        <img src=\"/storage/fashion/products/product-3.png\" alt=\"Fashion Atelier\">\n                    </div>\n                </div>\n            </div>\n        </div>\n    </div>\n</div>\n','published','[\"fashion\\/products\\/product-7.png\",\"fashion\\/products\\/product-5.png\",\"fashion\\/products\\/product-3.png\",\"fashion\\/products\\/product-8.png\",\"fashion\\/products\\/product-6.png\",\"fashion\\/products\\/product-1.png\",\"fashion\\/products\\/product-4.png\"]','VI-180-A1',0,12,0,1,1,2,0,0,367,NULL,NULL,NULL,19.00,19.00,11.00,598.00,NULL,128193,'2024-05-10 02:10:53','2024-05-10 02:10:54','in_stock',5,0,'Botble\\ACL\\Models\\User',0,NULL,'physical',NULL,NULL,0,0,0),(23,'Cropped Cable Knit Sweater','Accessorize with this bohemian fringe handbag, featuring intricate details and enough space for your essentials. The perfect boho-chic addition to your collection.','<div class=\"row justify-content-center\">\n    <div class=\"col-xl-10\">\n        <div class=\"tp-product-details-desc-item pb-105\">\n            <div class=\"row\">\n                <div class=\"col-lg-6\">\n                    <div class=\"pt-25\">\n                        <span>Women\'s Floral Dress</span>\n                        <h3 class=\"tp-product-details-desc-title\">Elegance Redefined</h3>\n                        <p>\n                            Embrace timeless elegance with our exquisite women\'s floral dress. Crafted from luxurious fabrics and adorned with delicate floral patterns, this dress exudes grace and sophistication. Whether attending a garden party or a formal event, you\'ll make a stunning impression in this captivating ensemble.\n                        </p>\n                    </div>\n                    <div>\n                        <h3 class=\"tp-product-details-desc-title\">Flawless Fit and Comfort</h3>\n                        <p>\n                            Designed for both style and comfort, our floral dress features a tailored silhouette that flatters every figure. The soft, breathable fabric ensures all-day comfort, while the fitted bodice and flowing skirt create a graceful silhouette. Feel confident and poised with every step you take.\n                        </p>\n                    </div>\n                </div>\n                <div class=\"col-lg-6\">\n                    <div class=\"tp-product-details-desc-thumb\">\n                        <img src=\"/storage/fashion/products/product-1.png\" alt=\"Women\'s Floral Dress\">\n                    </div>\n                </div>\n            </div>\n        </div>\n        <div class=\"tp-product-details-desc-item pb-75\">\n            <div class=\"row\">\n                <div class=\"col-lg-7\">\n                    <div class=\"tp-product-details-desc-thumb\">\n                        <img src=\"/storage/fashion/products/product-2.png\" alt=\"Back View of Floral Dress\">\n                    </div>\n                </div>\n\n                <div class=\"col-lg-5 order-first order-lg-last\">\n                    <div class=\"des-content-2 pl-40\">\n                        <h3 class=\"tp-product-details-desc-title\">\n                            Versatile Style\n                        </h3>\n                        <p>\n                            Transition effortlessly from day to night with our versatile floral dress. Pair it with sandals and a sunhat for a chic daytime look, or dress it up with heels and statement jewelry for an evening soirée. However you style it, you\'ll radiate confidence and charm.\n                        </p>\n                    </div>\n                </div>\n            </div>\n        </div>\n        <div class=\"tp-product-details-desc-item\">\n            <div class=\"row\">\n                <div class=\"col-xl-12\">\n                    <div class=\"tp-product-details-desc-banner text-center m-img\">\n                        <h3 class=\"tp-product-details-desc-banner-title tp-product-details-desc-title\">Quality Craftsmanship</h3>\n                        <img src=\"/storage/fashion/products/product-3.png\" alt=\"Fashion Atelier\">\n                    </div>\n                </div>\n            </div>\n        </div>\n    </div>\n</div>\n','published','[\"fashion\\/products\\/product-2.png\",\"fashion\\/products\\/product-5.png\",\"fashion\\/products\\/product-8.png\",\"fashion\\/products\\/product-1.png\",\"fashion\\/products\\/product-3.png\",\"fashion\\/products\\/product-4.png\"]','V2-198',0,10,0,1,0,5,0,0,2049,345,NULL,NULL,20.00,16.00,14.00,628.00,NULL,119379,'2024-05-10 02:10:53','2024-05-10 02:10:53','in_stock',3,0,'Botble\\ACL\\Models\\User',0,NULL,'physical',NULL,NULL,0,0,0),(24,'Athleisure Jogger Pants (Digital)','Add a pop of color to your outfit with this silk scarf adorned with a geometric print. Wrap it around your neck or tie it to your handbag for a stylish touch.','<div class=\"row justify-content-center\">\n    <div class=\"col-xl-10\">\n        <div class=\"tp-product-details-desc-item pb-105\">\n            <div class=\"row\">\n                <div class=\"col-lg-6\">\n                    <div class=\"pt-25\">\n                        <span>Women\'s Floral Dress</span>\n                        <h3 class=\"tp-product-details-desc-title\">Elegance Redefined</h3>\n                        <p>\n                            Embrace timeless elegance with our exquisite women\'s floral dress. Crafted from luxurious fabrics and adorned with delicate floral patterns, this dress exudes grace and sophistication. Whether attending a garden party or a formal event, you\'ll make a stunning impression in this captivating ensemble.\n                        </p>\n                    </div>\n                    <div>\n                        <h3 class=\"tp-product-details-desc-title\">Flawless Fit and Comfort</h3>\n                        <p>\n                            Designed for both style and comfort, our floral dress features a tailored silhouette that flatters every figure. The soft, breathable fabric ensures all-day comfort, while the fitted bodice and flowing skirt create a graceful silhouette. Feel confident and poised with every step you take.\n                        </p>\n                    </div>\n                </div>\n                <div class=\"col-lg-6\">\n                    <div class=\"tp-product-details-desc-thumb\">\n                        <img src=\"/storage/fashion/products/product-1.png\" alt=\"Women\'s Floral Dress\">\n                    </div>\n                </div>\n            </div>\n        </div>\n        <div class=\"tp-product-details-desc-item pb-75\">\n            <div class=\"row\">\n                <div class=\"col-lg-7\">\n                    <div class=\"tp-product-details-desc-thumb\">\n                        <img src=\"/storage/fashion/products/product-2.png\" alt=\"Back View of Floral Dress\">\n                    </div>\n                </div>\n\n                <div class=\"col-lg-5 order-first order-lg-last\">\n                    <div class=\"des-content-2 pl-40\">\n                        <h3 class=\"tp-product-details-desc-title\">\n                            Versatile Style\n                        </h3>\n                        <p>\n                            Transition effortlessly from day to night with our versatile floral dress. Pair it with sandals and a sunhat for a chic daytime look, or dress it up with heels and statement jewelry for an evening soirée. However you style it, you\'ll radiate confidence and charm.\n                        </p>\n                    </div>\n                </div>\n            </div>\n        </div>\n        <div class=\"tp-product-details-desc-item\">\n            <div class=\"row\">\n                <div class=\"col-xl-12\">\n                    <div class=\"tp-product-details-desc-banner text-center m-img\">\n                        <h3 class=\"tp-product-details-desc-banner-title tp-product-details-desc-title\">Quality Craftsmanship</h3>\n                        <img src=\"/storage/fashion/products/product-3.png\" alt=\"Fashion Atelier\">\n                    </div>\n                </div>\n            </div>\n        </div>\n    </div>\n</div>\n','published','[\"fashion\\/products\\/product-3.png\",\"fashion\\/products\\/product-8.png\",\"fashion\\/products\\/product-2.png\",\"fashion\\/products\\/product-6.png\",\"fashion\\/products\\/product-7.png\"]','GF-114-A1',0,16,0,1,0,2,0,0,429,313.17,NULL,NULL,16.00,13.00,16.00,542.00,NULL,71986,'2024-05-10 02:10:53','2024-05-10 02:10:54','in_stock',7,0,'Botble\\ACL\\Models\\User',0,NULL,'digital',NULL,NULL,0,0,0),(25,'Leopard Print Midi Skirt','Stay on trend with these high-waisted wide-leg trousers, combining comfort and sophistication. Pair them with heels for a refined look.','<div class=\"row justify-content-center\">\n    <div class=\"col-xl-10\">\n        <div class=\"tp-product-details-desc-item pb-105\">\n            <div class=\"row\">\n                <div class=\"col-lg-6\">\n                    <div class=\"pt-25\">\n                        <span>Women\'s Floral Dress</span>\n                        <h3 class=\"tp-product-details-desc-title\">Elegance Redefined</h3>\n                        <p>\n                            Embrace timeless elegance with our exquisite women\'s floral dress. Crafted from luxurious fabrics and adorned with delicate floral patterns, this dress exudes grace and sophistication. Whether attending a garden party or a formal event, you\'ll make a stunning impression in this captivating ensemble.\n                        </p>\n                    </div>\n                    <div>\n                        <h3 class=\"tp-product-details-desc-title\">Flawless Fit and Comfort</h3>\n                        <p>\n                            Designed for both style and comfort, our floral dress features a tailored silhouette that flatters every figure. The soft, breathable fabric ensures all-day comfort, while the fitted bodice and flowing skirt create a graceful silhouette. Feel confident and poised with every step you take.\n                        </p>\n                    </div>\n                </div>\n                <div class=\"col-lg-6\">\n                    <div class=\"tp-product-details-desc-thumb\">\n                        <img src=\"/storage/fashion/products/product-1.png\" alt=\"Women\'s Floral Dress\">\n                    </div>\n                </div>\n            </div>\n        </div>\n        <div class=\"tp-product-details-desc-item pb-75\">\n            <div class=\"row\">\n                <div class=\"col-lg-7\">\n                    <div class=\"tp-product-details-desc-thumb\">\n                        <img src=\"/storage/fashion/products/product-2.png\" alt=\"Back View of Floral Dress\">\n                    </div>\n                </div>\n\n                <div class=\"col-lg-5 order-first order-lg-last\">\n                    <div class=\"des-content-2 pl-40\">\n                        <h3 class=\"tp-product-details-desc-title\">\n                            Versatile Style\n                        </h3>\n                        <p>\n                            Transition effortlessly from day to night with our versatile floral dress. Pair it with sandals and a sunhat for a chic daytime look, or dress it up with heels and statement jewelry for an evening soirée. However you style it, you\'ll radiate confidence and charm.\n                        </p>\n                    </div>\n                </div>\n            </div>\n        </div>\n        <div class=\"tp-product-details-desc-item\">\n            <div class=\"row\">\n                <div class=\"col-xl-12\">\n                    <div class=\"tp-product-details-desc-banner text-center m-img\">\n                        <h3 class=\"tp-product-details-desc-banner-title tp-product-details-desc-title\">Quality Craftsmanship</h3>\n                        <img src=\"/storage/fashion/products/product-3.png\" alt=\"Fashion Atelier\">\n                    </div>\n                </div>\n            </div>\n        </div>\n    </div>\n</div>\n','published','[\"fashion\\/products\\/product-5.png\",\"fashion\\/products\\/product-3.png\",\"fashion\\/products\\/product-1.png\",\"fashion\\/products\\/product-4.png\"]','NT-199',0,11,0,1,1,4,0,0,1764,880,NULL,NULL,20.00,10.00,20.00,678.00,NULL,21702,'2024-05-10 02:10:53','2024-05-10 02:10:53','in_stock',4,0,'Botble\\ACL\\Models\\User',0,NULL,'physical',NULL,NULL,0,0,0),(26,'Retro Cat-Eye Sunglasses','Complete your look with these classic aviator sunglasses, offering a touch of timeless glamour and UV protection for your eyes.','<div class=\"row justify-content-center\">\n    <div class=\"col-xl-10\">\n        <div class=\"tp-product-details-desc-item pb-105\">\n            <div class=\"row\">\n                <div class=\"col-lg-6\">\n                    <div class=\"pt-25\">\n                        <span>Women\'s Floral Dress</span>\n                        <h3 class=\"tp-product-details-desc-title\">Elegance Redefined</h3>\n                        <p>\n                            Embrace timeless elegance with our exquisite women\'s floral dress. Crafted from luxurious fabrics and adorned with delicate floral patterns, this dress exudes grace and sophistication. Whether attending a garden party or a formal event, you\'ll make a stunning impression in this captivating ensemble.\n                        </p>\n                    </div>\n                    <div>\n                        <h3 class=\"tp-product-details-desc-title\">Flawless Fit and Comfort</h3>\n                        <p>\n                            Designed for both style and comfort, our floral dress features a tailored silhouette that flatters every figure. The soft, breathable fabric ensures all-day comfort, while the fitted bodice and flowing skirt create a graceful silhouette. Feel confident and poised with every step you take.\n                        </p>\n                    </div>\n                </div>\n                <div class=\"col-lg-6\">\n                    <div class=\"tp-product-details-desc-thumb\">\n                        <img src=\"/storage/fashion/products/product-1.png\" alt=\"Women\'s Floral Dress\">\n                    </div>\n                </div>\n            </div>\n        </div>\n        <div class=\"tp-product-details-desc-item pb-75\">\n            <div class=\"row\">\n                <div class=\"col-lg-7\">\n                    <div class=\"tp-product-details-desc-thumb\">\n                        <img src=\"/storage/fashion/products/product-2.png\" alt=\"Back View of Floral Dress\">\n                    </div>\n                </div>\n\n                <div class=\"col-lg-5 order-first order-lg-last\">\n                    <div class=\"des-content-2 pl-40\">\n                        <h3 class=\"tp-product-details-desc-title\">\n                            Versatile Style\n                        </h3>\n                        <p>\n                            Transition effortlessly from day to night with our versatile floral dress. Pair it with sandals and a sunhat for a chic daytime look, or dress it up with heels and statement jewelry for an evening soirée. However you style it, you\'ll radiate confidence and charm.\n                        </p>\n                    </div>\n                </div>\n            </div>\n        </div>\n        <div class=\"tp-product-details-desc-item\">\n            <div class=\"row\">\n                <div class=\"col-xl-12\">\n                    <div class=\"tp-product-details-desc-banner text-center m-img\">\n                        <h3 class=\"tp-product-details-desc-banner-title tp-product-details-desc-title\">Quality Craftsmanship</h3>\n                        <img src=\"/storage/fashion/products/product-3.png\" alt=\"Fashion Atelier\">\n                    </div>\n                </div>\n            </div>\n        </div>\n    </div>\n</div>\n','published','[\"fashion\\/products\\/product-8.png\",\"fashion\\/products\\/product-3.png\",\"fashion\\/products\\/product-1.png\",\"fashion\\/products\\/product-2.png\",\"fashion\\/products\\/product-4.png\"]','13-100-A1',0,10,0,1,0,3,0,0,1346,NULL,NULL,NULL,17.00,14.00,14.00,900.00,NULL,155651,'2024-05-10 02:10:53','2024-05-10 02:10:54','in_stock',2,0,'Botble\\ACL\\Models\\User',0,NULL,'physical',NULL,NULL,0,0,0),(27,'Faux Fur Trimmed Coat','Stay cozy and chic in this knit turtleneck sweater, featuring a ribbed texture and a timeless design. Perfect for chilly days and nights.','<div class=\"row justify-content-center\">\n    <div class=\"col-xl-10\">\n        <div class=\"tp-product-details-desc-item pb-105\">\n            <div class=\"row\">\n                <div class=\"col-lg-6\">\n                    <div class=\"pt-25\">\n                        <span>Women\'s Floral Dress</span>\n                        <h3 class=\"tp-product-details-desc-title\">Elegance Redefined</h3>\n                        <p>\n                            Embrace timeless elegance with our exquisite women\'s floral dress. Crafted from luxurious fabrics and adorned with delicate floral patterns, this dress exudes grace and sophistication. Whether attending a garden party or a formal event, you\'ll make a stunning impression in this captivating ensemble.\n                        </p>\n                    </div>\n                    <div>\n                        <h3 class=\"tp-product-details-desc-title\">Flawless Fit and Comfort</h3>\n                        <p>\n                            Designed for both style and comfort, our floral dress features a tailored silhouette that flatters every figure. The soft, breathable fabric ensures all-day comfort, while the fitted bodice and flowing skirt create a graceful silhouette. Feel confident and poised with every step you take.\n                        </p>\n                    </div>\n                </div>\n                <div class=\"col-lg-6\">\n                    <div class=\"tp-product-details-desc-thumb\">\n                        <img src=\"/storage/fashion/products/product-1.png\" alt=\"Women\'s Floral Dress\">\n                    </div>\n                </div>\n            </div>\n        </div>\n        <div class=\"tp-product-details-desc-item pb-75\">\n            <div class=\"row\">\n                <div class=\"col-lg-7\">\n                    <div class=\"tp-product-details-desc-thumb\">\n                        <img src=\"/storage/fashion/products/product-2.png\" alt=\"Back View of Floral Dress\">\n                    </div>\n                </div>\n\n                <div class=\"col-lg-5 order-first order-lg-last\">\n                    <div class=\"des-content-2 pl-40\">\n                        <h3 class=\"tp-product-details-desc-title\">\n                            Versatile Style\n                        </h3>\n                        <p>\n                            Transition effortlessly from day to night with our versatile floral dress. Pair it with sandals and a sunhat for a chic daytime look, or dress it up with heels and statement jewelry for an evening soirée. However you style it, you\'ll radiate confidence and charm.\n                        </p>\n                    </div>\n                </div>\n            </div>\n        </div>\n        <div class=\"tp-product-details-desc-item\">\n            <div class=\"row\">\n                <div class=\"col-xl-12\">\n                    <div class=\"tp-product-details-desc-banner text-center m-img\">\n                        <h3 class=\"tp-product-details-desc-banner-title tp-product-details-desc-title\">Quality Craftsmanship</h3>\n                        <img src=\"/storage/fashion/products/product-3.png\" alt=\"Fashion Atelier\">\n                    </div>\n                </div>\n            </div>\n        </div>\n    </div>\n</div>\n','published','[\"fashion\\/products\\/product-3.png\",\"fashion\\/products\\/product-6.png\",\"fashion\\/products\\/product-4.png\",\"fashion\\/products\\/product-5.png\",\"fashion\\/products\\/product-1.png\",\"fashion\\/products\\/product-7.png\",\"fashion\\/products\\/product-2.png\"]','JF-115-A1',0,13,0,1,0,1,0,0,1046,NULL,NULL,NULL,17.00,15.00,14.00,575.00,NULL,87306,'2024-05-10 02:10:53','2024-05-10 02:10:54','in_stock',8,0,'Botble\\ACL\\Models\\User',0,NULL,'physical',NULL,NULL,0,0,0),(28,'Boho Fringed Kimono (Digital)','Top off your look with this chic fedora hat, crafted with a classic silhouette and a timeless appeal. A must-have accessory for any fashion-forward wardrobe.','<div class=\"row justify-content-center\">\n    <div class=\"col-xl-10\">\n        <div class=\"tp-product-details-desc-item pb-105\">\n            <div class=\"row\">\n                <div class=\"col-lg-6\">\n                    <div class=\"pt-25\">\n                        <span>Women\'s Floral Dress</span>\n                        <h3 class=\"tp-product-details-desc-title\">Elegance Redefined</h3>\n                        <p>\n                            Embrace timeless elegance with our exquisite women\'s floral dress. Crafted from luxurious fabrics and adorned with delicate floral patterns, this dress exudes grace and sophistication. Whether attending a garden party or a formal event, you\'ll make a stunning impression in this captivating ensemble.\n                        </p>\n                    </div>\n                    <div>\n                        <h3 class=\"tp-product-details-desc-title\">Flawless Fit and Comfort</h3>\n                        <p>\n                            Designed for both style and comfort, our floral dress features a tailored silhouette that flatters every figure. The soft, breathable fabric ensures all-day comfort, while the fitted bodice and flowing skirt create a graceful silhouette. Feel confident and poised with every step you take.\n                        </p>\n                    </div>\n                </div>\n                <div class=\"col-lg-6\">\n                    <div class=\"tp-product-details-desc-thumb\">\n                        <img src=\"/storage/fashion/products/product-1.png\" alt=\"Women\'s Floral Dress\">\n                    </div>\n                </div>\n            </div>\n        </div>\n        <div class=\"tp-product-details-desc-item pb-75\">\n            <div class=\"row\">\n                <div class=\"col-lg-7\">\n                    <div class=\"tp-product-details-desc-thumb\">\n                        <img src=\"/storage/fashion/products/product-2.png\" alt=\"Back View of Floral Dress\">\n                    </div>\n                </div>\n\n                <div class=\"col-lg-5 order-first order-lg-last\">\n                    <div class=\"des-content-2 pl-40\">\n                        <h3 class=\"tp-product-details-desc-title\">\n                            Versatile Style\n                        </h3>\n                        <p>\n                            Transition effortlessly from day to night with our versatile floral dress. Pair it with sandals and a sunhat for a chic daytime look, or dress it up with heels and statement jewelry for an evening soirée. However you style it, you\'ll radiate confidence and charm.\n                        </p>\n                    </div>\n                </div>\n            </div>\n        </div>\n        <div class=\"tp-product-details-desc-item\">\n            <div class=\"row\">\n                <div class=\"col-xl-12\">\n                    <div class=\"tp-product-details-desc-banner text-center m-img\">\n                        <h3 class=\"tp-product-details-desc-banner-title tp-product-details-desc-title\">Quality Craftsmanship</h3>\n                        <img src=\"/storage/fashion/products/product-3.png\" alt=\"Fashion Atelier\">\n                    </div>\n                </div>\n            </div>\n        </div>\n    </div>\n</div>\n','published','[\"fashion\\/products\\/product-4.png\",\"fashion\\/products\\/product-1.png\",\"fashion\\/products\\/product-5.png\"]','EN-100',0,19,0,1,1,5,0,0,877,843,NULL,NULL,18.00,14.00,16.00,658.00,NULL,199858,'2024-05-10 02:10:53','2024-05-10 02:10:53','in_stock',6,0,'Botble\\ACL\\Models\\User',0,NULL,'digital',NULL,NULL,0,0,0),(29,'Ruffled Wrap Dress','Top off your look with this chic fedora hat, crafted with a classic silhouette and a timeless appeal. A must-have accessory for any fashion-forward wardrobe.','<div class=\"row justify-content-center\">\n    <div class=\"col-xl-10\">\n        <div class=\"tp-product-details-desc-item pb-105\">\n            <div class=\"row\">\n                <div class=\"col-lg-6\">\n                    <div class=\"pt-25\">\n                        <span>Women\'s Floral Dress</span>\n                        <h3 class=\"tp-product-details-desc-title\">Elegance Redefined</h3>\n                        <p>\n                            Embrace timeless elegance with our exquisite women\'s floral dress. Crafted from luxurious fabrics and adorned with delicate floral patterns, this dress exudes grace and sophistication. Whether attending a garden party or a formal event, you\'ll make a stunning impression in this captivating ensemble.\n                        </p>\n                    </div>\n                    <div>\n                        <h3 class=\"tp-product-details-desc-title\">Flawless Fit and Comfort</h3>\n                        <p>\n                            Designed for both style and comfort, our floral dress features a tailored silhouette that flatters every figure. The soft, breathable fabric ensures all-day comfort, while the fitted bodice and flowing skirt create a graceful silhouette. Feel confident and poised with every step you take.\n                        </p>\n                    </div>\n                </div>\n                <div class=\"col-lg-6\">\n                    <div class=\"tp-product-details-desc-thumb\">\n                        <img src=\"/storage/fashion/products/product-1.png\" alt=\"Women\'s Floral Dress\">\n                    </div>\n                </div>\n            </div>\n        </div>\n        <div class=\"tp-product-details-desc-item pb-75\">\n            <div class=\"row\">\n                <div class=\"col-lg-7\">\n                    <div class=\"tp-product-details-desc-thumb\">\n                        <img src=\"/storage/fashion/products/product-2.png\" alt=\"Back View of Floral Dress\">\n                    </div>\n                </div>\n\n                <div class=\"col-lg-5 order-first order-lg-last\">\n                    <div class=\"des-content-2 pl-40\">\n                        <h3 class=\"tp-product-details-desc-title\">\n                            Versatile Style\n                        </h3>\n                        <p>\n                            Transition effortlessly from day to night with our versatile floral dress. Pair it with sandals and a sunhat for a chic daytime look, or dress it up with heels and statement jewelry for an evening soirée. However you style it, you\'ll radiate confidence and charm.\n                        </p>\n                    </div>\n                </div>\n            </div>\n        </div>\n        <div class=\"tp-product-details-desc-item\">\n            <div class=\"row\">\n                <div class=\"col-xl-12\">\n                    <div class=\"tp-product-details-desc-banner text-center m-img\">\n                        <h3 class=\"tp-product-details-desc-banner-title tp-product-details-desc-title\">Quality Craftsmanship</h3>\n                        <img src=\"/storage/fashion/products/product-3.png\" alt=\"Fashion Atelier\">\n                    </div>\n                </div>\n            </div>\n        </div>\n    </div>\n</div>\n','published','[\"fashion\\/products\\/product-7.png\",\"fashion\\/products\\/product-2.png\",\"fashion\\/products\\/product-3.png\",\"fashion\\/products\\/product-6.png\",\"fashion\\/products\\/product-1.png\",\"fashion\\/products\\/product-4.png\",\"fashion\\/products\\/product-5.png\",\"fashion\\/products\\/product-8.png\"]','QV-156',0,18,0,1,1,2,0,0,1970,1679,NULL,NULL,20.00,13.00,10.00,698.00,NULL,185073,'2024-05-10 02:10:53','2024-05-10 02:10:53','in_stock',8,0,'Botble\\ACL\\Models\\User',0,NULL,'physical',NULL,NULL,0,0,0),(30,'Beaded Evening Clutch','Accessorize with this bohemian fringe handbag, featuring intricate details and enough space for your essentials. The perfect boho-chic addition to your collection.','<div class=\"row justify-content-center\">\n    <div class=\"col-xl-10\">\n        <div class=\"tp-product-details-desc-item pb-105\">\n            <div class=\"row\">\n                <div class=\"col-lg-6\">\n                    <div class=\"pt-25\">\n                        <span>Women\'s Floral Dress</span>\n                        <h3 class=\"tp-product-details-desc-title\">Elegance Redefined</h3>\n                        <p>\n                            Embrace timeless elegance with our exquisite women\'s floral dress. Crafted from luxurious fabrics and adorned with delicate floral patterns, this dress exudes grace and sophistication. Whether attending a garden party or a formal event, you\'ll make a stunning impression in this captivating ensemble.\n                        </p>\n                    </div>\n                    <div>\n                        <h3 class=\"tp-product-details-desc-title\">Flawless Fit and Comfort</h3>\n                        <p>\n                            Designed for both style and comfort, our floral dress features a tailored silhouette that flatters every figure. The soft, breathable fabric ensures all-day comfort, while the fitted bodice and flowing skirt create a graceful silhouette. Feel confident and poised with every step you take.\n                        </p>\n                    </div>\n                </div>\n                <div class=\"col-lg-6\">\n                    <div class=\"tp-product-details-desc-thumb\">\n                        <img src=\"/storage/fashion/products/product-1.png\" alt=\"Women\'s Floral Dress\">\n                    </div>\n                </div>\n            </div>\n        </div>\n        <div class=\"tp-product-details-desc-item pb-75\">\n            <div class=\"row\">\n                <div class=\"col-lg-7\">\n                    <div class=\"tp-product-details-desc-thumb\">\n                        <img src=\"/storage/fashion/products/product-2.png\" alt=\"Back View of Floral Dress\">\n                    </div>\n                </div>\n\n                <div class=\"col-lg-5 order-first order-lg-last\">\n                    <div class=\"des-content-2 pl-40\">\n                        <h3 class=\"tp-product-details-desc-title\">\n                            Versatile Style\n                        </h3>\n                        <p>\n                            Transition effortlessly from day to night with our versatile floral dress. Pair it with sandals and a sunhat for a chic daytime look, or dress it up with heels and statement jewelry for an evening soirée. However you style it, you\'ll radiate confidence and charm.\n                        </p>\n                    </div>\n                </div>\n            </div>\n        </div>\n        <div class=\"tp-product-details-desc-item\">\n            <div class=\"row\">\n                <div class=\"col-xl-12\">\n                    <div class=\"tp-product-details-desc-banner text-center m-img\">\n                        <h3 class=\"tp-product-details-desc-banner-title tp-product-details-desc-title\">Quality Craftsmanship</h3>\n                        <img src=\"/storage/fashion/products/product-3.png\" alt=\"Fashion Atelier\">\n                    </div>\n                </div>\n            </div>\n        </div>\n    </div>\n</div>\n','published','[\"fashion\\/products\\/product-6.png\",\"fashion\\/products\\/product-3.png\",\"fashion\\/products\\/product-5.png\"]','WG-188-A1',0,10,0,1,0,2,0,0,1084,NULL,NULL,NULL,19.00,19.00,14.00,540.00,NULL,77519,'2024-05-10 02:10:53','2024-05-10 02:10:54','in_stock',1,0,'Botble\\ACL\\Models\\User',0,NULL,'physical',NULL,NULL,0,0,0),(31,'Wide Brim Floppy Hat','Add a pop of color to your outfit with this silk scarf adorned with a geometric print. Wrap it around your neck or tie it to your handbag for a stylish touch.','<div class=\"row justify-content-center\">\n    <div class=\"col-xl-10\">\n        <div class=\"tp-product-details-desc-item pb-105\">\n            <div class=\"row\">\n                <div class=\"col-lg-6\">\n                    <div class=\"pt-25\">\n                        <span>Women\'s Floral Dress</span>\n                        <h3 class=\"tp-product-details-desc-title\">Elegance Redefined</h3>\n                        <p>\n                            Embrace timeless elegance with our exquisite women\'s floral dress. Crafted from luxurious fabrics and adorned with delicate floral patterns, this dress exudes grace and sophistication. Whether attending a garden party or a formal event, you\'ll make a stunning impression in this captivating ensemble.\n                        </p>\n                    </div>\n                    <div>\n                        <h3 class=\"tp-product-details-desc-title\">Flawless Fit and Comfort</h3>\n                        <p>\n                            Designed for both style and comfort, our floral dress features a tailored silhouette that flatters every figure. The soft, breathable fabric ensures all-day comfort, while the fitted bodice and flowing skirt create a graceful silhouette. Feel confident and poised with every step you take.\n                        </p>\n                    </div>\n                </div>\n                <div class=\"col-lg-6\">\n                    <div class=\"tp-product-details-desc-thumb\">\n                        <img src=\"/storage/fashion/products/product-1.png\" alt=\"Women\'s Floral Dress\">\n                    </div>\n                </div>\n            </div>\n        </div>\n        <div class=\"tp-product-details-desc-item pb-75\">\n            <div class=\"row\">\n                <div class=\"col-lg-7\">\n                    <div class=\"tp-product-details-desc-thumb\">\n                        <img src=\"/storage/fashion/products/product-2.png\" alt=\"Back View of Floral Dress\">\n                    </div>\n                </div>\n\n                <div class=\"col-lg-5 order-first order-lg-last\">\n                    <div class=\"des-content-2 pl-40\">\n                        <h3 class=\"tp-product-details-desc-title\">\n                            Versatile Style\n                        </h3>\n                        <p>\n                            Transition effortlessly from day to night with our versatile floral dress. Pair it with sandals and a sunhat for a chic daytime look, or dress it up with heels and statement jewelry for an evening soirée. However you style it, you\'ll radiate confidence and charm.\n                        </p>\n                    </div>\n                </div>\n            </div>\n        </div>\n        <div class=\"tp-product-details-desc-item\">\n            <div class=\"row\">\n                <div class=\"col-xl-12\">\n                    <div class=\"tp-product-details-desc-banner text-center m-img\">\n                        <h3 class=\"tp-product-details-desc-banner-title tp-product-details-desc-title\">Quality Craftsmanship</h3>\n                        <img src=\"/storage/fashion/products/product-3.png\" alt=\"Fashion Atelier\">\n                    </div>\n                </div>\n            </div>\n        </div>\n    </div>\n</div>\n','published','[\"fashion\\/products\\/product-1.png\",\"fashion\\/products\\/product-6.png\",\"fashion\\/products\\/product-2.png\",\"fashion\\/products\\/product-5.png\"]','IE-148-A1',0,15,0,1,1,1,0,0,445,NULL,NULL,NULL,18.00,13.00,18.00,900.00,NULL,161829,'2024-05-10 02:10:53','2024-05-10 02:10:54','in_stock',1,0,'Botble\\ACL\\Models\\User',0,NULL,'physical',NULL,NULL,0,0,0),(32,'Denim Overall Jumpsuit (Digital)','Top off your look with this chic fedora hat, crafted with a classic silhouette and a timeless appeal. A must-have accessory for any fashion-forward wardrobe.','<div class=\"row justify-content-center\">\n    <div class=\"col-xl-10\">\n        <div class=\"tp-product-details-desc-item pb-105\">\n            <div class=\"row\">\n                <div class=\"col-lg-6\">\n                    <div class=\"pt-25\">\n                        <span>Women\'s Floral Dress</span>\n                        <h3 class=\"tp-product-details-desc-title\">Elegance Redefined</h3>\n                        <p>\n                            Embrace timeless elegance with our exquisite women\'s floral dress. Crafted from luxurious fabrics and adorned with delicate floral patterns, this dress exudes grace and sophistication. Whether attending a garden party or a formal event, you\'ll make a stunning impression in this captivating ensemble.\n                        </p>\n                    </div>\n                    <div>\n                        <h3 class=\"tp-product-details-desc-title\">Flawless Fit and Comfort</h3>\n                        <p>\n                            Designed for both style and comfort, our floral dress features a tailored silhouette that flatters every figure. The soft, breathable fabric ensures all-day comfort, while the fitted bodice and flowing skirt create a graceful silhouette. Feel confident and poised with every step you take.\n                        </p>\n                    </div>\n                </div>\n                <div class=\"col-lg-6\">\n                    <div class=\"tp-product-details-desc-thumb\">\n                        <img src=\"/storage/fashion/products/product-1.png\" alt=\"Women\'s Floral Dress\">\n                    </div>\n                </div>\n            </div>\n        </div>\n        <div class=\"tp-product-details-desc-item pb-75\">\n            <div class=\"row\">\n                <div class=\"col-lg-7\">\n                    <div class=\"tp-product-details-desc-thumb\">\n                        <img src=\"/storage/fashion/products/product-2.png\" alt=\"Back View of Floral Dress\">\n                    </div>\n                </div>\n\n                <div class=\"col-lg-5 order-first order-lg-last\">\n                    <div class=\"des-content-2 pl-40\">\n                        <h3 class=\"tp-product-details-desc-title\">\n                            Versatile Style\n                        </h3>\n                        <p>\n                            Transition effortlessly from day to night with our versatile floral dress. Pair it with sandals and a sunhat for a chic daytime look, or dress it up with heels and statement jewelry for an evening soirée. However you style it, you\'ll radiate confidence and charm.\n                        </p>\n                    </div>\n                </div>\n            </div>\n        </div>\n        <div class=\"tp-product-details-desc-item\">\n            <div class=\"row\">\n                <div class=\"col-xl-12\">\n                    <div class=\"tp-product-details-desc-banner text-center m-img\">\n                        <h3 class=\"tp-product-details-desc-banner-title tp-product-details-desc-title\">Quality Craftsmanship</h3>\n                        <img src=\"/storage/fashion/products/product-3.png\" alt=\"Fashion Atelier\">\n                    </div>\n                </div>\n            </div>\n        </div>\n    </div>\n</div>\n','published','[\"fashion\\/products\\/product-3.png\",\"fashion\\/products\\/product-8.png\",\"fashion\\/products\\/product-6.png\",\"fashion\\/products\\/product-7.png\",\"fashion\\/products\\/product-5.png\"]','XA-133',0,19,0,1,0,1,0,0,526,26,NULL,NULL,10.00,20.00,20.00,545.00,NULL,4327,'2024-05-10 02:10:53','2024-05-10 02:10:53','in_stock',3,0,'Botble\\ACL\\Models\\User',0,NULL,'digital',NULL,NULL,0,0,0),(33,'Embellished Ballet Flats','Elevate your street style with this vintage denim jacket, featuring distressed detailing and a relaxed fit for a laid-back vibe.','<div class=\"row justify-content-center\">\n    <div class=\"col-xl-10\">\n        <div class=\"tp-product-details-desc-item pb-105\">\n            <div class=\"row\">\n                <div class=\"col-lg-6\">\n                    <div class=\"pt-25\">\n                        <span>Women\'s Floral Dress</span>\n                        <h3 class=\"tp-product-details-desc-title\">Elegance Redefined</h3>\n                        <p>\n                            Embrace timeless elegance with our exquisite women\'s floral dress. Crafted from luxurious fabrics and adorned with delicate floral patterns, this dress exudes grace and sophistication. Whether attending a garden party or a formal event, you\'ll make a stunning impression in this captivating ensemble.\n                        </p>\n                    </div>\n                    <div>\n                        <h3 class=\"tp-product-details-desc-title\">Flawless Fit and Comfort</h3>\n                        <p>\n                            Designed for both style and comfort, our floral dress features a tailored silhouette that flatters every figure. The soft, breathable fabric ensures all-day comfort, while the fitted bodice and flowing skirt create a graceful silhouette. Feel confident and poised with every step you take.\n                        </p>\n                    </div>\n                </div>\n                <div class=\"col-lg-6\">\n                    <div class=\"tp-product-details-desc-thumb\">\n                        <img src=\"/storage/fashion/products/product-1.png\" alt=\"Women\'s Floral Dress\">\n                    </div>\n                </div>\n            </div>\n        </div>\n        <div class=\"tp-product-details-desc-item pb-75\">\n            <div class=\"row\">\n                <div class=\"col-lg-7\">\n                    <div class=\"tp-product-details-desc-thumb\">\n                        <img src=\"/storage/fashion/products/product-2.png\" alt=\"Back View of Floral Dress\">\n                    </div>\n                </div>\n\n                <div class=\"col-lg-5 order-first order-lg-last\">\n                    <div class=\"des-content-2 pl-40\">\n                        <h3 class=\"tp-product-details-desc-title\">\n                            Versatile Style\n                        </h3>\n                        <p>\n                            Transition effortlessly from day to night with our versatile floral dress. Pair it with sandals and a sunhat for a chic daytime look, or dress it up with heels and statement jewelry for an evening soirée. However you style it, you\'ll radiate confidence and charm.\n                        </p>\n                    </div>\n                </div>\n            </div>\n        </div>\n        <div class=\"tp-product-details-desc-item\">\n            <div class=\"row\">\n                <div class=\"col-xl-12\">\n                    <div class=\"tp-product-details-desc-banner text-center m-img\">\n                        <h3 class=\"tp-product-details-desc-banner-title tp-product-details-desc-title\">Quality Craftsmanship</h3>\n                        <img src=\"/storage/fashion/products/product-3.png\" alt=\"Fashion Atelier\">\n                    </div>\n                </div>\n            </div>\n        </div>\n    </div>\n</div>\n','published','[\"fashion\\/products\\/product-7.png\",\"fashion\\/products\\/product-5.png\",\"fashion\\/products\\/product-1.png\",\"fashion\\/products\\/product-6.png\",\"fashion\\/products\\/product-8.png\",\"fashion\\/products\\/product-3.png\"]','5F-125-A1',0,19,0,1,0,4,0,0,1293,NULL,NULL,NULL,18.00,19.00,11.00,864.00,NULL,199080,'2024-05-10 02:10:53','2024-05-10 02:10:54','in_stock',3,0,'Botble\\ACL\\Models\\User',0,NULL,'physical',NULL,NULL,0,0,0),(34,'Pleated Midi Skirt','Make a statement in this floral maxi dress, perfect for summer events or a casual day out. The flowy silhouette and vibrant print will turn heads wherever you go.','<div class=\"row justify-content-center\">\n    <div class=\"col-xl-10\">\n        <div class=\"tp-product-details-desc-item pb-105\">\n            <div class=\"row\">\n                <div class=\"col-lg-6\">\n                    <div class=\"pt-25\">\n                        <span>Women\'s Floral Dress</span>\n                        <h3 class=\"tp-product-details-desc-title\">Elegance Redefined</h3>\n                        <p>\n                            Embrace timeless elegance with our exquisite women\'s floral dress. Crafted from luxurious fabrics and adorned with delicate floral patterns, this dress exudes grace and sophistication. Whether attending a garden party or a formal event, you\'ll make a stunning impression in this captivating ensemble.\n                        </p>\n                    </div>\n                    <div>\n                        <h3 class=\"tp-product-details-desc-title\">Flawless Fit and Comfort</h3>\n                        <p>\n                            Designed for both style and comfort, our floral dress features a tailored silhouette that flatters every figure. The soft, breathable fabric ensures all-day comfort, while the fitted bodice and flowing skirt create a graceful silhouette. Feel confident and poised with every step you take.\n                        </p>\n                    </div>\n                </div>\n                <div class=\"col-lg-6\">\n                    <div class=\"tp-product-details-desc-thumb\">\n                        <img src=\"/storage/fashion/products/product-1.png\" alt=\"Women\'s Floral Dress\">\n                    </div>\n                </div>\n            </div>\n        </div>\n        <div class=\"tp-product-details-desc-item pb-75\">\n            <div class=\"row\">\n                <div class=\"col-lg-7\">\n                    <div class=\"tp-product-details-desc-thumb\">\n                        <img src=\"/storage/fashion/products/product-2.png\" alt=\"Back View of Floral Dress\">\n                    </div>\n                </div>\n\n                <div class=\"col-lg-5 order-first order-lg-last\">\n                    <div class=\"des-content-2 pl-40\">\n                        <h3 class=\"tp-product-details-desc-title\">\n                            Versatile Style\n                        </h3>\n                        <p>\n                            Transition effortlessly from day to night with our versatile floral dress. Pair it with sandals and a sunhat for a chic daytime look, or dress it up with heels and statement jewelry for an evening soirée. However you style it, you\'ll radiate confidence and charm.\n                        </p>\n                    </div>\n                </div>\n            </div>\n        </div>\n        <div class=\"tp-product-details-desc-item\">\n            <div class=\"row\">\n                <div class=\"col-xl-12\">\n                    <div class=\"tp-product-details-desc-banner text-center m-img\">\n                        <h3 class=\"tp-product-details-desc-banner-title tp-product-details-desc-title\">Quality Craftsmanship</h3>\n                        <img src=\"/storage/fashion/products/product-3.png\" alt=\"Fashion Atelier\">\n                    </div>\n                </div>\n            </div>\n        </div>\n    </div>\n</div>\n','published','[\"fashion\\/products\\/product-8.png\",\"fashion\\/products\\/product-3.png\",\"fashion\\/products\\/product-1.png\"]','G0-115-A1',0,15,0,1,1,1,0,0,881,NULL,NULL,NULL,17.00,17.00,13.00,636.00,NULL,114887,'2024-05-10 02:10:53','2024-05-10 02:10:54','in_stock',7,0,'Botble\\ACL\\Models\\User',0,NULL,'physical',NULL,NULL,0,0,0),(35,'Velour Tracksuit Set','Embrace bohemian vibes with this embroidered boho blouse, featuring intricate stitching and a relaxed fit. Perfect for a casual day with a touch of style.','<div class=\"row justify-content-center\">\n    <div class=\"col-xl-10\">\n        <div class=\"tp-product-details-desc-item pb-105\">\n            <div class=\"row\">\n                <div class=\"col-lg-6\">\n                    <div class=\"pt-25\">\n                        <span>Women\'s Floral Dress</span>\n                        <h3 class=\"tp-product-details-desc-title\">Elegance Redefined</h3>\n                        <p>\n                            Embrace timeless elegance with our exquisite women\'s floral dress. Crafted from luxurious fabrics and adorned with delicate floral patterns, this dress exudes grace and sophistication. Whether attending a garden party or a formal event, you\'ll make a stunning impression in this captivating ensemble.\n                        </p>\n                    </div>\n                    <div>\n                        <h3 class=\"tp-product-details-desc-title\">Flawless Fit and Comfort</h3>\n                        <p>\n                            Designed for both style and comfort, our floral dress features a tailored silhouette that flatters every figure. The soft, breathable fabric ensures all-day comfort, while the fitted bodice and flowing skirt create a graceful silhouette. Feel confident and poised with every step you take.\n                        </p>\n                    </div>\n                </div>\n                <div class=\"col-lg-6\">\n                    <div class=\"tp-product-details-desc-thumb\">\n                        <img src=\"/storage/fashion/products/product-1.png\" alt=\"Women\'s Floral Dress\">\n                    </div>\n                </div>\n            </div>\n        </div>\n        <div class=\"tp-product-details-desc-item pb-75\">\n            <div class=\"row\">\n                <div class=\"col-lg-7\">\n                    <div class=\"tp-product-details-desc-thumb\">\n                        <img src=\"/storage/fashion/products/product-2.png\" alt=\"Back View of Floral Dress\">\n                    </div>\n                </div>\n\n                <div class=\"col-lg-5 order-first order-lg-last\">\n                    <div class=\"des-content-2 pl-40\">\n                        <h3 class=\"tp-product-details-desc-title\">\n                            Versatile Style\n                        </h3>\n                        <p>\n                            Transition effortlessly from day to night with our versatile floral dress. Pair it with sandals and a sunhat for a chic daytime look, or dress it up with heels and statement jewelry for an evening soirée. However you style it, you\'ll radiate confidence and charm.\n                        </p>\n                    </div>\n                </div>\n            </div>\n        </div>\n        <div class=\"tp-product-details-desc-item\">\n            <div class=\"row\">\n                <div class=\"col-xl-12\">\n                    <div class=\"tp-product-details-desc-banner text-center m-img\">\n                        <h3 class=\"tp-product-details-desc-banner-title tp-product-details-desc-title\">Quality Craftsmanship</h3>\n                        <img src=\"/storage/fashion/products/product-3.png\" alt=\"Fashion Atelier\">\n                    </div>\n                </div>\n            </div>\n        </div>\n    </div>\n</div>\n','published','[\"fashion\\/products\\/product-3.png\",\"fashion\\/products\\/product-6.png\",\"fashion\\/products\\/product-5.png\",\"fashion\\/products\\/product-1.png\",\"fashion\\/products\\/product-4.png\",\"fashion\\/products\\/product-2.png\"]','SX-169-A1',0,13,0,1,1,2,0,0,1351,NULL,NULL,NULL,15.00,11.00,10.00,767.00,NULL,67019,'2024-05-10 02:10:53','2024-05-10 02:10:54','in_stock',6,0,'Botble\\ACL\\Models\\User',0,NULL,'physical',NULL,NULL,0,0,0),(36,'Geometric Patterned Cardigan (Digital)','Step out in style with these leather ankle boots, crafted with a sleek design and comfortable block heel. Versatile enough to pair with both dresses and jeans.','<div class=\"row justify-content-center\">\n    <div class=\"col-xl-10\">\n        <div class=\"tp-product-details-desc-item pb-105\">\n            <div class=\"row\">\n                <div class=\"col-lg-6\">\n                    <div class=\"pt-25\">\n                        <span>Women\'s Floral Dress</span>\n                        <h3 class=\"tp-product-details-desc-title\">Elegance Redefined</h3>\n                        <p>\n                            Embrace timeless elegance with our exquisite women\'s floral dress. Crafted from luxurious fabrics and adorned with delicate floral patterns, this dress exudes grace and sophistication. Whether attending a garden party or a formal event, you\'ll make a stunning impression in this captivating ensemble.\n                        </p>\n                    </div>\n                    <div>\n                        <h3 class=\"tp-product-details-desc-title\">Flawless Fit and Comfort</h3>\n                        <p>\n                            Designed for both style and comfort, our floral dress features a tailored silhouette that flatters every figure. The soft, breathable fabric ensures all-day comfort, while the fitted bodice and flowing skirt create a graceful silhouette. Feel confident and poised with every step you take.\n                        </p>\n                    </div>\n                </div>\n                <div class=\"col-lg-6\">\n                    <div class=\"tp-product-details-desc-thumb\">\n                        <img src=\"/storage/fashion/products/product-1.png\" alt=\"Women\'s Floral Dress\">\n                    </div>\n                </div>\n            </div>\n        </div>\n        <div class=\"tp-product-details-desc-item pb-75\">\n            <div class=\"row\">\n                <div class=\"col-lg-7\">\n                    <div class=\"tp-product-details-desc-thumb\">\n                        <img src=\"/storage/fashion/products/product-2.png\" alt=\"Back View of Floral Dress\">\n                    </div>\n                </div>\n\n                <div class=\"col-lg-5 order-first order-lg-last\">\n                    <div class=\"des-content-2 pl-40\">\n                        <h3 class=\"tp-product-details-desc-title\">\n                            Versatile Style\n                        </h3>\n                        <p>\n                            Transition effortlessly from day to night with our versatile floral dress. Pair it with sandals and a sunhat for a chic daytime look, or dress it up with heels and statement jewelry for an evening soirée. However you style it, you\'ll radiate confidence and charm.\n                        </p>\n                    </div>\n                </div>\n            </div>\n        </div>\n        <div class=\"tp-product-details-desc-item\">\n            <div class=\"row\">\n                <div class=\"col-xl-12\">\n                    <div class=\"tp-product-details-desc-banner text-center m-img\">\n                        <h3 class=\"tp-product-details-desc-banner-title tp-product-details-desc-title\">Quality Craftsmanship</h3>\n                        <img src=\"/storage/fashion/products/product-3.png\" alt=\"Fashion Atelier\">\n                    </div>\n                </div>\n            </div>\n        </div>\n    </div>\n</div>\n','published','[\"fashion\\/products\\/product-4.png\",\"fashion\\/products\\/product-2.png\",\"fashion\\/products\\/product-8.png\",\"fashion\\/products\\/product-6.png\",\"fashion\\/products\\/product-7.png\"]','OT-130',0,16,0,1,1,4,0,0,2069,1021,NULL,NULL,12.00,15.00,18.00,849.00,NULL,143006,'2024-05-10 02:10:53','2024-05-10 02:10:53','in_stock',5,0,'Botble\\ACL\\Models\\User',0,NULL,'digital',NULL,NULL,0,0,0),(37,'Buckle Detail Ankle Booties','Top off your look with this chic fedora hat, crafted with a classic silhouette and a timeless appeal. A must-have accessory for any fashion-forward wardrobe.','<div class=\"row justify-content-center\">\n    <div class=\"col-xl-10\">\n        <div class=\"tp-product-details-desc-item pb-105\">\n            <div class=\"row\">\n                <div class=\"col-lg-6\">\n                    <div class=\"pt-25\">\n                        <span>Women\'s Floral Dress</span>\n                        <h3 class=\"tp-product-details-desc-title\">Elegance Redefined</h3>\n                        <p>\n                            Embrace timeless elegance with our exquisite women\'s floral dress. Crafted from luxurious fabrics and adorned with delicate floral patterns, this dress exudes grace and sophistication. Whether attending a garden party or a formal event, you\'ll make a stunning impression in this captivating ensemble.\n                        </p>\n                    </div>\n                    <div>\n                        <h3 class=\"tp-product-details-desc-title\">Flawless Fit and Comfort</h3>\n                        <p>\n                            Designed for both style and comfort, our floral dress features a tailored silhouette that flatters every figure. The soft, breathable fabric ensures all-day comfort, while the fitted bodice and flowing skirt create a graceful silhouette. Feel confident and poised with every step you take.\n                        </p>\n                    </div>\n                </div>\n                <div class=\"col-lg-6\">\n                    <div class=\"tp-product-details-desc-thumb\">\n                        <img src=\"/storage/fashion/products/product-1.png\" alt=\"Women\'s Floral Dress\">\n                    </div>\n                </div>\n            </div>\n        </div>\n        <div class=\"tp-product-details-desc-item pb-75\">\n            <div class=\"row\">\n                <div class=\"col-lg-7\">\n                    <div class=\"tp-product-details-desc-thumb\">\n                        <img src=\"/storage/fashion/products/product-2.png\" alt=\"Back View of Floral Dress\">\n                    </div>\n                </div>\n\n                <div class=\"col-lg-5 order-first order-lg-last\">\n                    <div class=\"des-content-2 pl-40\">\n                        <h3 class=\"tp-product-details-desc-title\">\n                            Versatile Style\n                        </h3>\n                        <p>\n                            Transition effortlessly from day to night with our versatile floral dress. Pair it with sandals and a sunhat for a chic daytime look, or dress it up with heels and statement jewelry for an evening soirée. However you style it, you\'ll radiate confidence and charm.\n                        </p>\n                    </div>\n                </div>\n            </div>\n        </div>\n        <div class=\"tp-product-details-desc-item\">\n            <div class=\"row\">\n                <div class=\"col-xl-12\">\n                    <div class=\"tp-product-details-desc-banner text-center m-img\">\n                        <h3 class=\"tp-product-details-desc-banner-title tp-product-details-desc-title\">Quality Craftsmanship</h3>\n                        <img src=\"/storage/fashion/products/product-3.png\" alt=\"Fashion Atelier\">\n                    </div>\n                </div>\n            </div>\n        </div>\n    </div>\n</div>\n','published','[\"fashion\\/products\\/product-4.png\",\"fashion\\/products\\/product-6.png\",\"fashion\\/products\\/product-8.png\",\"fashion\\/products\\/product-3.png\",\"fashion\\/products\\/product-1.png\",\"fashion\\/products\\/product-5.png\",\"fashion\\/products\\/product-7.png\",\"fashion\\/products\\/product-2.png\"]','OF-101-A1',0,16,0,1,1,1,0,0,2137,NULL,NULL,NULL,11.00,10.00,19.00,693.00,NULL,78978,'2024-05-10 02:10:53','2024-05-10 02:10:54','in_stock',6,0,'Botble\\ACL\\Models\\User',0,NULL,'physical',NULL,NULL,0,0,0),(38,'Embroidered Bomber Jacket','Top off your look with this chic fedora hat, crafted with a classic silhouette and a timeless appeal. A must-have accessory for any fashion-forward wardrobe.','<div class=\"row justify-content-center\">\n    <div class=\"col-xl-10\">\n        <div class=\"tp-product-details-desc-item pb-105\">\n            <div class=\"row\">\n                <div class=\"col-lg-6\">\n                    <div class=\"pt-25\">\n                        <span>Women\'s Floral Dress</span>\n                        <h3 class=\"tp-product-details-desc-title\">Elegance Redefined</h3>\n                        <p>\n                            Embrace timeless elegance with our exquisite women\'s floral dress. Crafted from luxurious fabrics and adorned with delicate floral patterns, this dress exudes grace and sophistication. Whether attending a garden party or a formal event, you\'ll make a stunning impression in this captivating ensemble.\n                        </p>\n                    </div>\n                    <div>\n                        <h3 class=\"tp-product-details-desc-title\">Flawless Fit and Comfort</h3>\n                        <p>\n                            Designed for both style and comfort, our floral dress features a tailored silhouette that flatters every figure. The soft, breathable fabric ensures all-day comfort, while the fitted bodice and flowing skirt create a graceful silhouette. Feel confident and poised with every step you take.\n                        </p>\n                    </div>\n                </div>\n                <div class=\"col-lg-6\">\n                    <div class=\"tp-product-details-desc-thumb\">\n                        <img src=\"/storage/fashion/products/product-1.png\" alt=\"Women\'s Floral Dress\">\n                    </div>\n                </div>\n            </div>\n        </div>\n        <div class=\"tp-product-details-desc-item pb-75\">\n            <div class=\"row\">\n                <div class=\"col-lg-7\">\n                    <div class=\"tp-product-details-desc-thumb\">\n                        <img src=\"/storage/fashion/products/product-2.png\" alt=\"Back View of Floral Dress\">\n                    </div>\n                </div>\n\n                <div class=\"col-lg-5 order-first order-lg-last\">\n                    <div class=\"des-content-2 pl-40\">\n                        <h3 class=\"tp-product-details-desc-title\">\n                            Versatile Style\n                        </h3>\n                        <p>\n                            Transition effortlessly from day to night with our versatile floral dress. Pair it with sandals and a sunhat for a chic daytime look, or dress it up with heels and statement jewelry for an evening soirée. However you style it, you\'ll radiate confidence and charm.\n                        </p>\n                    </div>\n                </div>\n            </div>\n        </div>\n        <div class=\"tp-product-details-desc-item\">\n            <div class=\"row\">\n                <div class=\"col-xl-12\">\n                    <div class=\"tp-product-details-desc-banner text-center m-img\">\n                        <h3 class=\"tp-product-details-desc-banner-title tp-product-details-desc-title\">Quality Craftsmanship</h3>\n                        <img src=\"/storage/fashion/products/product-3.png\" alt=\"Fashion Atelier\">\n                    </div>\n                </div>\n            </div>\n        </div>\n    </div>\n</div>\n','published','[\"fashion\\/products\\/product-2.png\",\"fashion\\/products\\/product-3.png\",\"fashion\\/products\\/product-1.png\",\"fashion\\/products\\/product-7.png\",\"fashion\\/products\\/product-4.png\",\"fashion\\/products\\/product-5.png\",\"fashion\\/products\\/product-8.png\",\"fashion\\/products\\/product-6.png\"]','DV-117-A1',0,13,0,1,1,1,0,0,897,NULL,NULL,NULL,11.00,14.00,15.00,588.00,NULL,180101,'2024-05-10 02:10:53','2024-05-10 02:10:54','in_stock',6,0,'Botble\\ACL\\Models\\User',0,NULL,'physical',NULL,NULL,0,0,0),(39,'Cowl Neck Knit Poncho','Achieve a polished look with this tailored wool blazer, designed for a flattering fit and versatile enough for both work and casual outings.','<div class=\"row justify-content-center\">\n    <div class=\"col-xl-10\">\n        <div class=\"tp-product-details-desc-item pb-105\">\n            <div class=\"row\">\n                <div class=\"col-lg-6\">\n                    <div class=\"pt-25\">\n                        <span>Women\'s Floral Dress</span>\n                        <h3 class=\"tp-product-details-desc-title\">Elegance Redefined</h3>\n                        <p>\n                            Embrace timeless elegance with our exquisite women\'s floral dress. Crafted from luxurious fabrics and adorned with delicate floral patterns, this dress exudes grace and sophistication. Whether attending a garden party or a formal event, you\'ll make a stunning impression in this captivating ensemble.\n                        </p>\n                    </div>\n                    <div>\n                        <h3 class=\"tp-product-details-desc-title\">Flawless Fit and Comfort</h3>\n                        <p>\n                            Designed for both style and comfort, our floral dress features a tailored silhouette that flatters every figure. The soft, breathable fabric ensures all-day comfort, while the fitted bodice and flowing skirt create a graceful silhouette. Feel confident and poised with every step you take.\n                        </p>\n                    </div>\n                </div>\n                <div class=\"col-lg-6\">\n                    <div class=\"tp-product-details-desc-thumb\">\n                        <img src=\"/storage/fashion/products/product-1.png\" alt=\"Women\'s Floral Dress\">\n                    </div>\n                </div>\n            </div>\n        </div>\n        <div class=\"tp-product-details-desc-item pb-75\">\n            <div class=\"row\">\n                <div class=\"col-lg-7\">\n                    <div class=\"tp-product-details-desc-thumb\">\n                        <img src=\"/storage/fashion/products/product-2.png\" alt=\"Back View of Floral Dress\">\n                    </div>\n                </div>\n\n                <div class=\"col-lg-5 order-first order-lg-last\">\n                    <div class=\"des-content-2 pl-40\">\n                        <h3 class=\"tp-product-details-desc-title\">\n                            Versatile Style\n                        </h3>\n                        <p>\n                            Transition effortlessly from day to night with our versatile floral dress. Pair it with sandals and a sunhat for a chic daytime look, or dress it up with heels and statement jewelry for an evening soirée. However you style it, you\'ll radiate confidence and charm.\n                        </p>\n                    </div>\n                </div>\n            </div>\n        </div>\n        <div class=\"tp-product-details-desc-item\">\n            <div class=\"row\">\n                <div class=\"col-xl-12\">\n                    <div class=\"tp-product-details-desc-banner text-center m-img\">\n                        <h3 class=\"tp-product-details-desc-banner-title tp-product-details-desc-title\">Quality Craftsmanship</h3>\n                        <img src=\"/storage/fashion/products/product-3.png\" alt=\"Fashion Atelier\">\n                    </div>\n                </div>\n            </div>\n        </div>\n    </div>\n</div>\n','published','[\"fashion\\/products\\/product-4.png\",\"fashion\\/products\\/product-2.png\",\"fashion\\/products\\/product-5.png\",\"fashion\\/products\\/product-7.png\",\"fashion\\/products\\/product-3.png\",\"fashion\\/products\\/product-1.png\",\"fashion\\/products\\/product-6.png\",\"fashion\\/products\\/product-8.png\"]','IB-152',0,18,0,1,0,2,0,0,1480,337,NULL,NULL,13.00,16.00,19.00,678.00,NULL,28406,'2024-05-10 02:10:53','2024-05-10 02:10:53','in_stock',7,0,'Botble\\ACL\\Models\\User',0,NULL,'physical',NULL,NULL,0,0,0),(40,'Chunky Knit Infinity Scarf (Digital)','Add a pop of color to your outfit with this silk scarf adorned with a geometric print. Wrap it around your neck or tie it to your handbag for a stylish touch.','<div class=\"row justify-content-center\">\n    <div class=\"col-xl-10\">\n        <div class=\"tp-product-details-desc-item pb-105\">\n            <div class=\"row\">\n                <div class=\"col-lg-6\">\n                    <div class=\"pt-25\">\n                        <span>Women\'s Floral Dress</span>\n                        <h3 class=\"tp-product-details-desc-title\">Elegance Redefined</h3>\n                        <p>\n                            Embrace timeless elegance with our exquisite women\'s floral dress. Crafted from luxurious fabrics and adorned with delicate floral patterns, this dress exudes grace and sophistication. Whether attending a garden party or a formal event, you\'ll make a stunning impression in this captivating ensemble.\n                        </p>\n                    </div>\n                    <div>\n                        <h3 class=\"tp-product-details-desc-title\">Flawless Fit and Comfort</h3>\n                        <p>\n                            Designed for both style and comfort, our floral dress features a tailored silhouette that flatters every figure. The soft, breathable fabric ensures all-day comfort, while the fitted bodice and flowing skirt create a graceful silhouette. Feel confident and poised with every step you take.\n                        </p>\n                    </div>\n                </div>\n                <div class=\"col-lg-6\">\n                    <div class=\"tp-product-details-desc-thumb\">\n                        <img src=\"/storage/fashion/products/product-1.png\" alt=\"Women\'s Floral Dress\">\n                    </div>\n                </div>\n            </div>\n        </div>\n        <div class=\"tp-product-details-desc-item pb-75\">\n            <div class=\"row\">\n                <div class=\"col-lg-7\">\n                    <div class=\"tp-product-details-desc-thumb\">\n                        <img src=\"/storage/fashion/products/product-2.png\" alt=\"Back View of Floral Dress\">\n                    </div>\n                </div>\n\n                <div class=\"col-lg-5 order-first order-lg-last\">\n                    <div class=\"des-content-2 pl-40\">\n                        <h3 class=\"tp-product-details-desc-title\">\n                            Versatile Style\n                        </h3>\n                        <p>\n                            Transition effortlessly from day to night with our versatile floral dress. Pair it with sandals and a sunhat for a chic daytime look, or dress it up with heels and statement jewelry for an evening soirée. However you style it, you\'ll radiate confidence and charm.\n                        </p>\n                    </div>\n                </div>\n            </div>\n        </div>\n        <div class=\"tp-product-details-desc-item\">\n            <div class=\"row\">\n                <div class=\"col-xl-12\">\n                    <div class=\"tp-product-details-desc-banner text-center m-img\">\n                        <h3 class=\"tp-product-details-desc-banner-title tp-product-details-desc-title\">Quality Craftsmanship</h3>\n                        <img src=\"/storage/fashion/products/product-3.png\" alt=\"Fashion Atelier\">\n                    </div>\n                </div>\n            </div>\n        </div>\n    </div>\n</div>\n','published','[\"fashion\\/products\\/product-4.png\",\"fashion\\/products\\/product-6.png\",\"fashion\\/products\\/product-3.png\",\"fashion\\/products\\/product-8.png\",\"fashion\\/products\\/product-5.png\",\"fashion\\/products\\/product-7.png\",\"fashion\\/products\\/product-1.png\",\"fashion\\/products\\/product-2.png\"]','68-190-A1',0,16,0,1,1,3,0,0,2359,1698.48,NULL,NULL,18.00,15.00,14.00,572.00,NULL,192503,'2024-05-10 02:10:53','2024-05-10 02:10:54','in_stock',4,0,'Botble\\ACL\\Models\\User',0,NULL,'digital',NULL,NULL,0,0,0),(41,'Retro High-Top Sneakers','Elevate your street style with this vintage denim jacket, featuring distressed detailing and a relaxed fit for a laid-back vibe.','<div class=\"row justify-content-center\">\n    <div class=\"col-xl-10\">\n        <div class=\"tp-product-details-desc-item pb-105\">\n            <div class=\"row\">\n                <div class=\"col-lg-6\">\n                    <div class=\"pt-25\">\n                        <span>Women\'s Floral Dress</span>\n                        <h3 class=\"tp-product-details-desc-title\">Elegance Redefined</h3>\n                        <p>\n                            Embrace timeless elegance with our exquisite women\'s floral dress. Crafted from luxurious fabrics and adorned with delicate floral patterns, this dress exudes grace and sophistication. Whether attending a garden party or a formal event, you\'ll make a stunning impression in this captivating ensemble.\n                        </p>\n                    </div>\n                    <div>\n                        <h3 class=\"tp-product-details-desc-title\">Flawless Fit and Comfort</h3>\n                        <p>\n                            Designed for both style and comfort, our floral dress features a tailored silhouette that flatters every figure. The soft, breathable fabric ensures all-day comfort, while the fitted bodice and flowing skirt create a graceful silhouette. Feel confident and poised with every step you take.\n                        </p>\n                    </div>\n                </div>\n                <div class=\"col-lg-6\">\n                    <div class=\"tp-product-details-desc-thumb\">\n                        <img src=\"/storage/fashion/products/product-1.png\" alt=\"Women\'s Floral Dress\">\n                    </div>\n                </div>\n            </div>\n        </div>\n        <div class=\"tp-product-details-desc-item pb-75\">\n            <div class=\"row\">\n                <div class=\"col-lg-7\">\n                    <div class=\"tp-product-details-desc-thumb\">\n                        <img src=\"/storage/fashion/products/product-2.png\" alt=\"Back View of Floral Dress\">\n                    </div>\n                </div>\n\n                <div class=\"col-lg-5 order-first order-lg-last\">\n                    <div class=\"des-content-2 pl-40\">\n                        <h3 class=\"tp-product-details-desc-title\">\n                            Versatile Style\n                        </h3>\n                        <p>\n                            Transition effortlessly from day to night with our versatile floral dress. Pair it with sandals and a sunhat for a chic daytime look, or dress it up with heels and statement jewelry for an evening soirée. However you style it, you\'ll radiate confidence and charm.\n                        </p>\n                    </div>\n                </div>\n            </div>\n        </div>\n        <div class=\"tp-product-details-desc-item\">\n            <div class=\"row\">\n                <div class=\"col-xl-12\">\n                    <div class=\"tp-product-details-desc-banner text-center m-img\">\n                        <h3 class=\"tp-product-details-desc-banner-title tp-product-details-desc-title\">Quality Craftsmanship</h3>\n                        <img src=\"/storage/fashion/products/product-3.png\" alt=\"Fashion Atelier\">\n                    </div>\n                </div>\n            </div>\n        </div>\n    </div>\n</div>\n','published','[\"fashion\\/products\\/product-5.png\",\"fashion\\/products\\/product-2.png\",\"fashion\\/products\\/product-6.png\",\"fashion\\/products\\/product-8.png\",\"fashion\\/products\\/product-4.png\",\"fashion\\/products\\/product-3.png\"]','4O-170',0,20,0,1,1,2,0,0,464,400,NULL,NULL,10.00,14.00,11.00,893.00,NULL,77904,'2024-05-10 02:10:53','2024-05-10 02:10:53','in_stock',5,0,'Botble\\ACL\\Models\\User',0,NULL,'physical',NULL,NULL,0,0,0),(42,'Faux Leather Leggings','Embrace bohemian vibes with this embroidered boho blouse, featuring intricate stitching and a relaxed fit. Perfect for a casual day with a touch of style.','<div class=\"row justify-content-center\">\n    <div class=\"col-xl-10\">\n        <div class=\"tp-product-details-desc-item pb-105\">\n            <div class=\"row\">\n                <div class=\"col-lg-6\">\n                    <div class=\"pt-25\">\n                        <span>Women\'s Floral Dress</span>\n                        <h3 class=\"tp-product-details-desc-title\">Elegance Redefined</h3>\n                        <p>\n                            Embrace timeless elegance with our exquisite women\'s floral dress. Crafted from luxurious fabrics and adorned with delicate floral patterns, this dress exudes grace and sophistication. Whether attending a garden party or a formal event, you\'ll make a stunning impression in this captivating ensemble.\n                        </p>\n                    </div>\n                    <div>\n                        <h3 class=\"tp-product-details-desc-title\">Flawless Fit and Comfort</h3>\n                        <p>\n                            Designed for both style and comfort, our floral dress features a tailored silhouette that flatters every figure. The soft, breathable fabric ensures all-day comfort, while the fitted bodice and flowing skirt create a graceful silhouette. Feel confident and poised with every step you take.\n                        </p>\n                    </div>\n                </div>\n                <div class=\"col-lg-6\">\n                    <div class=\"tp-product-details-desc-thumb\">\n                        <img src=\"/storage/fashion/products/product-1.png\" alt=\"Women\'s Floral Dress\">\n                    </div>\n                </div>\n            </div>\n        </div>\n        <div class=\"tp-product-details-desc-item pb-75\">\n            <div class=\"row\">\n                <div class=\"col-lg-7\">\n                    <div class=\"tp-product-details-desc-thumb\">\n                        <img src=\"/storage/fashion/products/product-2.png\" alt=\"Back View of Floral Dress\">\n                    </div>\n                </div>\n\n                <div class=\"col-lg-5 order-first order-lg-last\">\n                    <div class=\"des-content-2 pl-40\">\n                        <h3 class=\"tp-product-details-desc-title\">\n                            Versatile Style\n                        </h3>\n                        <p>\n                            Transition effortlessly from day to night with our versatile floral dress. Pair it with sandals and a sunhat for a chic daytime look, or dress it up with heels and statement jewelry for an evening soirée. However you style it, you\'ll radiate confidence and charm.\n                        </p>\n                    </div>\n                </div>\n            </div>\n        </div>\n        <div class=\"tp-product-details-desc-item\">\n            <div class=\"row\">\n                <div class=\"col-xl-12\">\n                    <div class=\"tp-product-details-desc-banner text-center m-img\">\n                        <h3 class=\"tp-product-details-desc-banner-title tp-product-details-desc-title\">Quality Craftsmanship</h3>\n                        <img src=\"/storage/fashion/products/product-3.png\" alt=\"Fashion Atelier\">\n                    </div>\n                </div>\n            </div>\n        </div>\n    </div>\n</div>\n','published','[\"fashion\\/products\\/product-4.png\",\"fashion\\/products\\/product-8.png\",\"fashion\\/products\\/product-2.png\",\"fashion\\/products\\/product-5.png\"]','CY-181',0,19,0,1,0,4,0,0,492,253,NULL,NULL,10.00,17.00,19.00,714.00,NULL,103741,'2024-05-10 02:10:53','2024-05-10 02:10:53','in_stock',2,0,'Botble\\ACL\\Models\\User',0,NULL,'physical',NULL,NULL,0,0,0),(43,'Metallic Pleated Maxi Skirt','Stay on trend with these high-waisted wide-leg trousers, combining comfort and sophistication. Pair them with heels for a refined look.','<div class=\"row justify-content-center\">\n    <div class=\"col-xl-10\">\n        <div class=\"tp-product-details-desc-item pb-105\">\n            <div class=\"row\">\n                <div class=\"col-lg-6\">\n                    <div class=\"pt-25\">\n                        <span>Women\'s Floral Dress</span>\n                        <h3 class=\"tp-product-details-desc-title\">Elegance Redefined</h3>\n                        <p>\n                            Embrace timeless elegance with our exquisite women\'s floral dress. Crafted from luxurious fabrics and adorned with delicate floral patterns, this dress exudes grace and sophistication. Whether attending a garden party or a formal event, you\'ll make a stunning impression in this captivating ensemble.\n                        </p>\n                    </div>\n                    <div>\n                        <h3 class=\"tp-product-details-desc-title\">Flawless Fit and Comfort</h3>\n                        <p>\n                            Designed for both style and comfort, our floral dress features a tailored silhouette that flatters every figure. The soft, breathable fabric ensures all-day comfort, while the fitted bodice and flowing skirt create a graceful silhouette. Feel confident and poised with every step you take.\n                        </p>\n                    </div>\n                </div>\n                <div class=\"col-lg-6\">\n                    <div class=\"tp-product-details-desc-thumb\">\n                        <img src=\"/storage/fashion/products/product-1.png\" alt=\"Women\'s Floral Dress\">\n                    </div>\n                </div>\n            </div>\n        </div>\n        <div class=\"tp-product-details-desc-item pb-75\">\n            <div class=\"row\">\n                <div class=\"col-lg-7\">\n                    <div class=\"tp-product-details-desc-thumb\">\n                        <img src=\"/storage/fashion/products/product-2.png\" alt=\"Back View of Floral Dress\">\n                    </div>\n                </div>\n\n                <div class=\"col-lg-5 order-first order-lg-last\">\n                    <div class=\"des-content-2 pl-40\">\n                        <h3 class=\"tp-product-details-desc-title\">\n                            Versatile Style\n                        </h3>\n                        <p>\n                            Transition effortlessly from day to night with our versatile floral dress. Pair it with sandals and a sunhat for a chic daytime look, or dress it up with heels and statement jewelry for an evening soirée. However you style it, you\'ll radiate confidence and charm.\n                        </p>\n                    </div>\n                </div>\n            </div>\n        </div>\n        <div class=\"tp-product-details-desc-item\">\n            <div class=\"row\">\n                <div class=\"col-xl-12\">\n                    <div class=\"tp-product-details-desc-banner text-center m-img\">\n                        <h3 class=\"tp-product-details-desc-banner-title tp-product-details-desc-title\">Quality Craftsmanship</h3>\n                        <img src=\"/storage/fashion/products/product-3.png\" alt=\"Fashion Atelier\">\n                    </div>\n                </div>\n            </div>\n        </div>\n    </div>\n</div>\n','published','[\"fashion\\/products\\/product-7.png\",\"fashion\\/products\\/product-8.png\",\"fashion\\/products\\/product-6.png\",\"fashion\\/products\\/product-4.png\",\"fashion\\/products\\/product-1.png\"]','N1-194',0,14,0,1,0,4,0,0,1142,460,NULL,NULL,13.00,11.00,13.00,524.00,NULL,139875,'2024-05-10 02:10:53','2024-05-10 02:10:53','in_stock',1,0,'Botble\\ACL\\Models\\User',0,NULL,'physical',NULL,NULL,0,0,0),(44,'Floral Maxi Dress',NULL,NULL,'published','[\"fashion\\/products\\/product-4.png\"]','LP-132-A1',0,11,0,1,0,1,1,0,1461,NULL,NULL,NULL,19.00,18.00,12.00,635.00,NULL,0,'2024-05-10 02:10:53','2024-05-10 02:10:53','in_stock',NULL,0,'Botble\\ACL\\Models\\User',0,NULL,'physical',NULL,NULL,0,NULL,NULL),(45,'Floral Maxi Dress',NULL,NULL,'published','[\"fashion\\/products\\/product-5.png\"]','LP-132-A1-A2',0,11,0,1,0,1,1,0,1461,NULL,NULL,NULL,19.00,18.00,12.00,635.00,NULL,0,'2024-05-10 02:10:53','2024-05-10 02:10:53','in_stock',NULL,0,'Botble\\ACL\\Models\\User',0,NULL,'physical',NULL,NULL,0,0,0),(46,'Floral Maxi Dress',NULL,NULL,'published','[\"fashion\\/products\\/product-8.png\"]','LP-132-A1-A3',0,11,0,1,0,1,1,0,1461,NULL,NULL,NULL,19.00,18.00,12.00,635.00,NULL,0,'2024-05-10 02:10:53','2024-05-10 02:10:53','in_stock',NULL,0,'Botble\\ACL\\Models\\User',0,NULL,'physical',NULL,NULL,0,0,0),(47,'Knit Turtleneck Sweater (Digital)',NULL,NULL,'published','[\"fashion\\/products\\/product-1.png\"]','TB-137-A1',0,20,0,1,0,1,1,0,809,703.83,NULL,NULL,17.00,10.00,15.00,792.00,NULL,0,'2024-05-10 02:10:54','2024-05-10 02:10:54','in_stock',NULL,0,'Botble\\ACL\\Models\\User',0,NULL,'digital',NULL,NULL,0,NULL,NULL),(48,'Knit Turtleneck Sweater (Digital)',NULL,NULL,'published','[\"fashion\\/products\\/product-8.png\"]','TB-137-A1-A2',0,20,0,1,0,1,1,0,809,703.83,NULL,NULL,17.00,10.00,15.00,792.00,NULL,0,'2024-05-10 02:10:54','2024-05-10 02:10:54','in_stock',NULL,0,'Botble\\ACL\\Models\\User',0,NULL,'digital',NULL,NULL,0,0,0),(49,'Knit Turtleneck Sweater (Digital)',NULL,NULL,'published','[\"fashion\\/products\\/product-3.png\"]','TB-137-A1-A3',0,20,0,1,0,1,1,0,809,663.38,NULL,NULL,17.00,10.00,15.00,792.00,NULL,0,'2024-05-10 02:10:54','2024-05-10 02:10:54','in_stock',NULL,0,'Botble\\ACL\\Models\\User',0,NULL,'digital',NULL,NULL,0,0,0),(50,'Silk Scarf with Geometric Print (Digital)',NULL,NULL,'published','[\"fashion\\/products\\/product-2.png\"]','C0-115-A1',0,13,0,1,0,2,1,0,279,234.36,NULL,NULL,12.00,19.00,16.00,859.00,NULL,0,'2024-05-10 02:10:54','2024-05-10 02:10:54','in_stock',NULL,0,'Botble\\ACL\\Models\\User',0,NULL,'digital',NULL,NULL,0,NULL,NULL),(51,'Embroidered Boho Blouse',NULL,NULL,'published','[\"fashion\\/products\\/product-4.png\"]','CK-149-A1',0,14,0,1,0,3,1,0,434,NULL,NULL,NULL,20.00,15.00,18.00,529.00,NULL,0,'2024-05-10 02:10:54','2024-05-10 02:10:54','in_stock',NULL,0,'Botble\\ACL\\Models\\User',0,NULL,'physical',NULL,NULL,0,NULL,NULL),(52,'Embroidered Boho Blouse',NULL,NULL,'published','[\"fashion\\/products\\/product-7.png\"]','CK-149-A1-A2',0,14,0,1,0,3,1,0,434,NULL,NULL,NULL,20.00,15.00,18.00,529.00,NULL,0,'2024-05-10 02:10:54','2024-05-10 02:10:54','in_stock',NULL,0,'Botble\\ACL\\Models\\User',0,NULL,'physical',NULL,NULL,0,0,0),(53,'Embroidered Boho Blouse',NULL,NULL,'published','[\"fashion\\/products\\/product-2.png\"]','CK-149-A1-A3',0,14,0,1,0,3,1,0,434,NULL,NULL,NULL,20.00,15.00,18.00,529.00,NULL,0,'2024-05-10 02:10:54','2024-05-10 02:10:54','in_stock',NULL,0,'Botble\\ACL\\Models\\User',0,NULL,'physical',NULL,NULL,0,0,0),(54,'Statement Chunky Necklace',NULL,NULL,'published','[\"fashion\\/products\\/product-8.png\"]','01-163-A1',0,13,0,1,0,4,1,0,971,NULL,NULL,NULL,17.00,13.00,10.00,602.00,NULL,0,'2024-05-10 02:10:54','2024-05-10 02:10:54','in_stock',NULL,0,'Botble\\ACL\\Models\\User',0,NULL,'physical',NULL,NULL,0,NULL,NULL),(55,'Statement Chunky Necklace',NULL,NULL,'published','[\"fashion\\/products\\/product-5.png\"]','01-163-A1-A2',0,13,0,1,0,4,1,0,971,NULL,NULL,NULL,17.00,13.00,10.00,602.00,NULL,0,'2024-05-10 02:10:54','2024-05-10 02:10:54','in_stock',NULL,0,'Botble\\ACL\\Models\\User',0,NULL,'physical',NULL,NULL,0,0,0),(56,'Statement Chunky Necklace',NULL,NULL,'published','[\"fashion\\/products\\/product-6.png\"]','01-163-A1-A3',0,13,0,1,0,4,1,0,971,NULL,NULL,NULL,17.00,13.00,10.00,602.00,NULL,0,'2024-05-10 02:10:54','2024-05-10 02:10:54','in_stock',NULL,0,'Botble\\ACL\\Models\\User',0,NULL,'physical',NULL,NULL,0,0,0),(57,'Strappy Block Heel Sandals',NULL,NULL,'published','[\"fashion\\/products\\/product-7.png\"]','ET-104-A1',0,18,0,1,0,5,1,0,1514,NULL,NULL,NULL,20.00,10.00,14.00,800.00,NULL,0,'2024-05-10 02:10:54','2024-05-10 02:10:54','in_stock',NULL,0,'Botble\\ACL\\Models\\User',0,NULL,'physical',NULL,NULL,0,NULL,NULL),(58,'Strappy Block Heel Sandals',NULL,NULL,'published','[\"fashion\\/products\\/product-8.png\"]','ET-104-A1-A2',0,18,0,1,0,5,1,0,1514,NULL,NULL,NULL,20.00,10.00,14.00,800.00,NULL,0,'2024-05-10 02:10:54','2024-05-10 02:10:54','in_stock',NULL,0,'Botble\\ACL\\Models\\User',0,NULL,'physical',NULL,NULL,0,0,0),(59,'Strappy Block Heel Sandals',NULL,NULL,'published','[\"fashion\\/products\\/product-3.png\"]','ET-104-A1-A3',0,18,0,1,0,5,1,0,1514,NULL,NULL,NULL,20.00,10.00,14.00,800.00,NULL,0,'2024-05-10 02:10:54','2024-05-10 02:10:54','in_stock',NULL,0,'Botble\\ACL\\Models\\User',0,NULL,'physical',NULL,NULL,0,0,0),(60,'Strappy Block Heel Sandals',NULL,NULL,'published','[\"fashion\\/products\\/product-1.png\"]','ET-104-A1-A4',0,18,0,1,0,5,1,0,1514,NULL,NULL,NULL,20.00,10.00,14.00,800.00,NULL,0,'2024-05-10 02:10:54','2024-05-10 02:10:54','in_stock',NULL,0,'Botble\\ACL\\Models\\User',0,NULL,'physical',NULL,NULL,0,0,0),(61,'Quilted Crossbody Bag',NULL,NULL,'published','[\"fashion\\/products\\/product-8.png\"]','XF-181-A1',0,12,0,1,0,4,1,0,2375,NULL,NULL,NULL,14.00,12.00,18.00,842.00,NULL,0,'2024-05-10 02:10:54','2024-05-10 02:10:54','in_stock',NULL,0,'Botble\\ACL\\Models\\User',0,NULL,'physical',NULL,NULL,0,NULL,NULL),(62,'Quilted Crossbody Bag',NULL,NULL,'published','[\"fashion\\/products\\/product-1.png\"]','XF-181-A1-A2',0,12,0,1,0,4,1,0,2375,NULL,NULL,NULL,14.00,12.00,18.00,842.00,NULL,0,'2024-05-10 02:10:54','2024-05-10 02:10:54','in_stock',NULL,0,'Botble\\ACL\\Models\\User',0,NULL,'physical',NULL,NULL,0,0,0),(63,'Quilted Crossbody Bag',NULL,NULL,'published','[\"fashion\\/products\\/product-7.png\"]','XF-181-A1-A3',0,12,0,1,0,4,1,0,2375,NULL,NULL,NULL,14.00,12.00,18.00,842.00,NULL,0,'2024-05-10 02:10:54','2024-05-10 02:10:54','in_stock',NULL,0,'Botble\\ACL\\Models\\User',0,NULL,'physical',NULL,NULL,0,0,0),(64,'Lace-Up Combat Boots',NULL,NULL,'published','[\"fashion\\/products\\/product-8.png\"]','FO-156-A1',0,12,0,1,0,3,1,0,1079,NULL,NULL,NULL,14.00,12.00,15.00,642.00,NULL,0,'2024-05-10 02:10:54','2024-05-10 02:10:54','in_stock',NULL,0,'Botble\\ACL\\Models\\User',0,NULL,'physical',NULL,NULL,0,NULL,NULL),(65,'Lace-Up Combat Boots',NULL,NULL,'published','[\"fashion\\/products\\/product-7.png\"]','FO-156-A1-A2',0,12,0,1,0,3,1,0,1079,NULL,NULL,NULL,14.00,12.00,15.00,642.00,NULL,0,'2024-05-10 02:10:54','2024-05-10 02:10:54','in_stock',NULL,0,'Botble\\ACL\\Models\\User',0,NULL,'physical',NULL,NULL,0,0,0),(66,'Cotton Striped T-Shirt Dress',NULL,NULL,'published','[\"fashion\\/products\\/product-4.png\"]','MU-183-A1',0,11,0,1,0,5,1,0,2285,NULL,NULL,NULL,14.00,13.00,10.00,575.00,NULL,0,'2024-05-10 02:10:54','2024-05-10 02:10:54','in_stock',NULL,0,'Botble\\ACL\\Models\\User',0,NULL,'physical',NULL,NULL,0,NULL,NULL),(67,'Cotton Striped T-Shirt Dress',NULL,NULL,'published','[\"fashion\\/products\\/product-2.png\"]','MU-183-A1-A2',0,11,0,1,0,5,1,0,2285,NULL,NULL,NULL,14.00,13.00,10.00,575.00,NULL,0,'2024-05-10 02:10:54','2024-05-10 02:10:54','in_stock',NULL,0,'Botble\\ACL\\Models\\User',0,NULL,'physical',NULL,NULL,0,0,0),(68,'Structured Satchel Bag (Digital)',NULL,NULL,'published','[\"fashion\\/products\\/product-5.png\"]','9C-161-A1',0,13,0,1,0,4,1,0,293,254.91,NULL,NULL,15.00,13.00,15.00,626.00,NULL,0,'2024-05-10 02:10:54','2024-05-10 02:10:54','in_stock',NULL,0,'Botble\\ACL\\Models\\User',0,NULL,'digital',NULL,NULL,0,NULL,NULL),(69,'Structured Satchel Bag (Digital)',NULL,NULL,'published','[\"fashion\\/products\\/product-2.png\"]','9C-161-A1-A2',0,13,0,1,0,4,1,0,293,208.03,NULL,NULL,15.00,13.00,15.00,626.00,NULL,0,'2024-05-10 02:10:54','2024-05-10 02:10:54','in_stock',NULL,0,'Botble\\ACL\\Models\\User',0,NULL,'digital',NULL,NULL,0,0,0),(70,'Off-Shoulder Ruffle Top',NULL,NULL,'published','[\"fashion\\/products\\/product-2.png\"]','BN-141-A1',0,13,0,1,0,3,1,0,1144,NULL,NULL,NULL,15.00,19.00,12.00,891.00,NULL,0,'2024-05-10 02:10:54','2024-05-10 02:10:54','in_stock',NULL,0,'Botble\\ACL\\Models\\User',0,NULL,'physical',NULL,NULL,0,NULL,NULL),(71,'Off-Shoulder Ruffle Top',NULL,NULL,'published','[\"fashion\\/products\\/product-5.png\"]','BN-141-A1-A2',0,13,0,1,0,3,1,0,1144,NULL,NULL,NULL,15.00,19.00,12.00,891.00,NULL,0,'2024-05-10 02:10:54','2024-05-10 02:10:54','in_stock',NULL,0,'Botble\\ACL\\Models\\User',0,NULL,'physical',NULL,NULL,0,0,0),(72,'Suede Pointed-Toe Pumps',NULL,NULL,'published','[\"fashion\\/products\\/product-5.png\"]','VI-180-A1',0,12,0,1,0,2,1,0,367,NULL,NULL,NULL,19.00,19.00,11.00,598.00,NULL,0,'2024-05-10 02:10:54','2024-05-10 02:10:54','in_stock',NULL,0,'Botble\\ACL\\Models\\User',0,NULL,'physical',NULL,NULL,0,NULL,NULL),(73,'Suede Pointed-Toe Pumps',NULL,NULL,'published','[\"fashion\\/products\\/product-3.png\"]','VI-180-A1-A2',0,12,0,1,0,2,1,0,367,NULL,NULL,NULL,19.00,19.00,11.00,598.00,NULL,0,'2024-05-10 02:10:54','2024-05-10 02:10:54','in_stock',NULL,0,'Botble\\ACL\\Models\\User',0,NULL,'physical',NULL,NULL,0,0,0),(74,'Suede Pointed-Toe Pumps',NULL,NULL,'published','[\"fashion\\/products\\/product-8.png\"]','VI-180-A1-A3',0,12,0,1,0,2,1,0,367,NULL,NULL,NULL,19.00,19.00,11.00,598.00,NULL,0,'2024-05-10 02:10:54','2024-05-10 02:10:54','in_stock',NULL,0,'Botble\\ACL\\Models\\User',0,NULL,'physical',NULL,NULL,0,0,0),(75,'Suede Pointed-Toe Pumps',NULL,NULL,'published','[\"fashion\\/products\\/product-6.png\"]','VI-180-A1-A4',0,12,0,1,0,2,1,0,367,NULL,NULL,NULL,19.00,19.00,11.00,598.00,NULL,0,'2024-05-10 02:10:54','2024-05-10 02:10:54','in_stock',NULL,0,'Botble\\ACL\\Models\\User',0,NULL,'physical',NULL,NULL,0,0,0),(76,'Athleisure Jogger Pants (Digital)',NULL,NULL,'published','[\"fashion\\/products\\/product-8.png\"]','GF-114-A1',0,16,0,1,0,2,1,0,429,313.17,NULL,NULL,16.00,13.00,16.00,542.00,NULL,0,'2024-05-10 02:10:54','2024-05-10 02:10:54','in_stock',NULL,0,'Botble\\ACL\\Models\\User',0,NULL,'digital',NULL,NULL,0,NULL,NULL),(77,'Retro Cat-Eye Sunglasses',NULL,NULL,'published','[\"fashion\\/products\\/product-3.png\"]','13-100-A1',0,10,0,1,0,3,1,0,1346,NULL,NULL,NULL,17.00,14.00,14.00,900.00,NULL,0,'2024-05-10 02:10:54','2024-05-10 02:10:54','in_stock',NULL,0,'Botble\\ACL\\Models\\User',0,NULL,'physical',NULL,NULL,0,NULL,NULL),(78,'Retro Cat-Eye Sunglasses',NULL,NULL,'published','[\"fashion\\/products\\/product-1.png\"]','13-100-A1-A2',0,10,0,1,0,3,1,0,1346,NULL,NULL,NULL,17.00,14.00,14.00,900.00,NULL,0,'2024-05-10 02:10:54','2024-05-10 02:10:54','in_stock',NULL,0,'Botble\\ACL\\Models\\User',0,NULL,'physical',NULL,NULL,0,0,0),(79,'Retro Cat-Eye Sunglasses',NULL,NULL,'published','[\"fashion\\/products\\/product-2.png\"]','13-100-A1-A3',0,10,0,1,0,3,1,0,1346,NULL,NULL,NULL,17.00,14.00,14.00,900.00,NULL,0,'2024-05-10 02:10:54','2024-05-10 02:10:54','in_stock',NULL,0,'Botble\\ACL\\Models\\User',0,NULL,'physical',NULL,NULL,0,0,0),(80,'Retro Cat-Eye Sunglasses',NULL,NULL,'published','[\"fashion\\/products\\/product-4.png\"]','13-100-A1-A4',0,10,0,1,0,3,1,0,1346,NULL,NULL,NULL,17.00,14.00,14.00,900.00,NULL,0,'2024-05-10 02:10:54','2024-05-10 02:10:54','in_stock',NULL,0,'Botble\\ACL\\Models\\User',0,NULL,'physical',NULL,NULL,0,0,0),(81,'Faux Fur Trimmed Coat',NULL,NULL,'published','[\"fashion\\/products\\/product-6.png\"]','JF-115-A1',0,13,0,1,0,1,1,0,1046,NULL,NULL,NULL,17.00,15.00,14.00,575.00,NULL,0,'2024-05-10 02:10:54','2024-05-10 02:10:54','in_stock',NULL,0,'Botble\\ACL\\Models\\User',0,NULL,'physical',NULL,NULL,0,NULL,NULL),(82,'Faux Fur Trimmed Coat',NULL,NULL,'published','[\"fashion\\/products\\/product-4.png\"]','JF-115-A1-A2',0,13,0,1,0,1,1,0,1046,NULL,NULL,NULL,17.00,15.00,14.00,575.00,NULL,0,'2024-05-10 02:10:54','2024-05-10 02:10:54','in_stock',NULL,0,'Botble\\ACL\\Models\\User',0,NULL,'physical',NULL,NULL,0,0,0),(83,'Faux Fur Trimmed Coat',NULL,NULL,'published','[\"fashion\\/products\\/product-5.png\"]','JF-115-A1-A3',0,13,0,1,0,1,1,0,1046,NULL,NULL,NULL,17.00,15.00,14.00,575.00,NULL,0,'2024-05-10 02:10:54','2024-05-10 02:10:54','in_stock',NULL,0,'Botble\\ACL\\Models\\User',0,NULL,'physical',NULL,NULL,0,0,0),(84,'Faux Fur Trimmed Coat',NULL,NULL,'published','[\"fashion\\/products\\/product-1.png\"]','JF-115-A1-A4',0,13,0,1,0,1,1,0,1046,NULL,NULL,NULL,17.00,15.00,14.00,575.00,NULL,0,'2024-05-10 02:10:54','2024-05-10 02:10:54','in_stock',NULL,0,'Botble\\ACL\\Models\\User',0,NULL,'physical',NULL,NULL,0,0,0),(85,'Beaded Evening Clutch',NULL,NULL,'published','[\"fashion\\/products\\/product-3.png\"]','WG-188-A1',0,10,0,1,0,2,1,0,1084,NULL,NULL,NULL,19.00,19.00,14.00,540.00,NULL,0,'2024-05-10 02:10:54','2024-05-10 02:10:54','in_stock',NULL,0,'Botble\\ACL\\Models\\User',0,NULL,'physical',NULL,NULL,0,NULL,NULL),(86,'Beaded Evening Clutch',NULL,NULL,'published','[\"fashion\\/products\\/product-5.png\"]','WG-188-A1-A2',0,10,0,1,0,2,1,0,1084,NULL,NULL,NULL,19.00,19.00,14.00,540.00,NULL,0,'2024-05-10 02:10:54','2024-05-10 02:10:54','in_stock',NULL,0,'Botble\\ACL\\Models\\User',0,NULL,'physical',NULL,NULL,0,0,0),(87,'Beaded Evening Clutch',NULL,NULL,'published','[\"fashion\\/products\\/product-6.png\"]','WG-188-A1-A3',0,10,0,1,0,2,1,0,1084,NULL,NULL,NULL,19.00,19.00,14.00,540.00,NULL,0,'2024-05-10 02:10:54','2024-05-10 02:10:54','in_stock',NULL,0,'Botble\\ACL\\Models\\User',0,NULL,'physical',NULL,NULL,0,0,0),(88,'Beaded Evening Clutch',NULL,NULL,'published','[\"fashion\\/products\\/product-6.png\"]','WG-188-A1-A4',0,10,0,1,0,2,1,0,1084,NULL,NULL,NULL,19.00,19.00,14.00,540.00,NULL,0,'2024-05-10 02:10:54','2024-05-10 02:10:54','in_stock',NULL,0,'Botble\\ACL\\Models\\User',0,NULL,'physical',NULL,NULL,0,0,0),(89,'Wide Brim Floppy Hat',NULL,NULL,'published','[\"fashion\\/products\\/product-6.png\"]','IE-148-A1',0,15,0,1,0,1,1,0,445,NULL,NULL,NULL,18.00,13.00,18.00,900.00,NULL,0,'2024-05-10 02:10:54','2024-05-10 02:10:54','in_stock',NULL,0,'Botble\\ACL\\Models\\User',0,NULL,'physical',NULL,NULL,0,NULL,NULL),(90,'Wide Brim Floppy Hat',NULL,NULL,'published','[\"fashion\\/products\\/product-2.png\"]','IE-148-A1-A2',0,15,0,1,0,1,1,0,445,NULL,NULL,NULL,18.00,13.00,18.00,900.00,NULL,0,'2024-05-10 02:10:54','2024-05-10 02:10:54','in_stock',NULL,0,'Botble\\ACL\\Models\\User',0,NULL,'physical',NULL,NULL,0,0,0),(91,'Embellished Ballet Flats',NULL,NULL,'published','[\"fashion\\/products\\/product-5.png\"]','5F-125-A1',0,19,0,1,0,4,1,0,1293,NULL,NULL,NULL,18.00,19.00,11.00,864.00,NULL,0,'2024-05-10 02:10:54','2024-05-10 02:10:54','in_stock',NULL,0,'Botble\\ACL\\Models\\User',0,NULL,'physical',NULL,NULL,0,NULL,NULL),(92,'Pleated Midi Skirt',NULL,NULL,'published','[\"fashion\\/products\\/product-3.png\"]','G0-115-A1',0,15,0,1,0,1,1,0,881,NULL,NULL,NULL,17.00,17.00,13.00,636.00,NULL,0,'2024-05-10 02:10:54','2024-05-10 02:10:54','in_stock',NULL,0,'Botble\\ACL\\Models\\User',0,NULL,'physical',NULL,NULL,0,NULL,NULL),(93,'Pleated Midi Skirt',NULL,NULL,'published','[\"fashion\\/products\\/product-1.png\"]','G0-115-A1-A2',0,15,0,1,0,1,1,0,881,NULL,NULL,NULL,17.00,17.00,13.00,636.00,NULL,0,'2024-05-10 02:10:54','2024-05-10 02:10:54','in_stock',NULL,0,'Botble\\ACL\\Models\\User',0,NULL,'physical',NULL,NULL,0,0,0),(94,'Pleated Midi Skirt',NULL,NULL,'published','[\"fashion\\/products\\/product-8.png\"]','G0-115-A1-A3',0,15,0,1,0,1,1,0,881,NULL,NULL,NULL,17.00,17.00,13.00,636.00,NULL,0,'2024-05-10 02:10:54','2024-05-10 02:10:54','in_stock',NULL,0,'Botble\\ACL\\Models\\User',0,NULL,'physical',NULL,NULL,0,0,0),(95,'Pleated Midi Skirt',NULL,NULL,'published','[\"fashion\\/products\\/product-8.png\"]','G0-115-A1-A4',0,15,0,1,0,1,1,0,881,NULL,NULL,NULL,17.00,17.00,13.00,636.00,NULL,0,'2024-05-10 02:10:54','2024-05-10 02:10:54','in_stock',NULL,0,'Botble\\ACL\\Models\\User',0,NULL,'physical',NULL,NULL,0,0,0),(96,'Velour Tracksuit Set',NULL,NULL,'published','[\"fashion\\/products\\/product-6.png\"]','SX-169-A1',0,13,0,1,0,2,1,0,1351,NULL,NULL,NULL,15.00,11.00,10.00,767.00,NULL,0,'2024-05-10 02:10:54','2024-05-10 02:10:54','in_stock',NULL,0,'Botble\\ACL\\Models\\User',0,NULL,'physical',NULL,NULL,0,NULL,NULL),(97,'Velour Tracksuit Set',NULL,NULL,'published','[\"fashion\\/products\\/product-5.png\"]','SX-169-A1-A2',0,13,0,1,0,2,1,0,1351,NULL,NULL,NULL,15.00,11.00,10.00,767.00,NULL,0,'2024-05-10 02:10:54','2024-05-10 02:10:54','in_stock',NULL,0,'Botble\\ACL\\Models\\User',0,NULL,'physical',NULL,NULL,0,0,0),(98,'Buckle Detail Ankle Booties',NULL,NULL,'published','[\"fashion\\/products\\/product-6.png\"]','OF-101-A1',0,16,0,1,0,1,1,0,2137,NULL,NULL,NULL,11.00,10.00,19.00,693.00,NULL,0,'2024-05-10 02:10:54','2024-05-10 02:10:54','in_stock',NULL,0,'Botble\\ACL\\Models\\User',0,NULL,'physical',NULL,NULL,0,NULL,NULL),(99,'Buckle Detail Ankle Booties',NULL,NULL,'published','[\"fashion\\/products\\/product-8.png\"]','OF-101-A1-A2',0,16,0,1,0,1,1,0,2137,NULL,NULL,NULL,11.00,10.00,19.00,693.00,NULL,0,'2024-05-10 02:10:54','2024-05-10 02:10:54','in_stock',NULL,0,'Botble\\ACL\\Models\\User',0,NULL,'physical',NULL,NULL,0,0,0),(100,'Buckle Detail Ankle Booties',NULL,NULL,'published','[\"fashion\\/products\\/product-3.png\"]','OF-101-A1-A3',0,16,0,1,0,1,1,0,2137,NULL,NULL,NULL,11.00,10.00,19.00,693.00,NULL,0,'2024-05-10 02:10:54','2024-05-10 02:10:54','in_stock',NULL,0,'Botble\\ACL\\Models\\User',0,NULL,'physical',NULL,NULL,0,0,0),(101,'Embroidered Bomber Jacket',NULL,NULL,'published','[\"fashion\\/products\\/product-3.png\"]','DV-117-A1',0,13,0,1,0,1,1,0,897,NULL,NULL,NULL,11.00,14.00,15.00,588.00,NULL,0,'2024-05-10 02:10:54','2024-05-10 02:10:54','in_stock',NULL,0,'Botble\\ACL\\Models\\User',0,NULL,'physical',NULL,NULL,0,NULL,NULL),(102,'Chunky Knit Infinity Scarf (Digital)',NULL,NULL,'published','[\"fashion\\/products\\/product-6.png\"]','68-190-A1',0,16,0,1,0,3,1,0,2359,1698.48,NULL,NULL,18.00,15.00,14.00,572.00,NULL,0,'2024-05-10 02:10:54','2024-05-10 02:10:54','in_stock',NULL,0,'Botble\\ACL\\Models\\User',0,NULL,'digital',NULL,NULL,0,NULL,NULL),(103,'Chunky Knit Infinity Scarf (Digital)',NULL,NULL,'published','[\"fashion\\/products\\/product-3.png\"]','68-190-A1-A2',0,16,0,1,0,3,1,0,2359,1840.02,NULL,NULL,18.00,15.00,14.00,572.00,NULL,0,'2024-05-10 02:10:54','2024-05-10 02:10:54','in_stock',NULL,0,'Botble\\ACL\\Models\\User',0,NULL,'digital',NULL,NULL,0,0,0),(104,'Chunky Knit Infinity Scarf (Digital)',NULL,NULL,'published','[\"fashion\\/products\\/product-8.png\"]','68-190-A1-A3',0,16,0,1,0,3,1,0,2359,1887.2,NULL,NULL,18.00,15.00,14.00,572.00,NULL,0,'2024-05-10 02:10:54','2024-05-10 02:10:54','in_stock',NULL,0,'Botble\\ACL\\Models\\User',0,NULL,'digital',NULL,NULL,0,0,0);

--
