--
-- Host: 127.0.0.1    Database: shofy
-- ------------------------------------------------------


--
-- Table structure for table `activations`
--

CREATE TABLE `activations` (
  `id` bigint unsigned NOT NULL AUTO_INCREMENT,
  `user_id` bigint unsigned NOT NULL,
  `code` varchar(120) COLLATE utf8mb4_unicode_ci NOT NULL,
  `completed` tinyint(1) NOT NULL DEFAULT '0',
  `completed_at` timestamp NULL DEFAULT NULL,
  `created_at` timestamp NULL DEFAULT NULL,
  `updated_at` timestamp NULL DEFAULT NULL,
  PRIMARY KEY (`id`),
  KEY `activations_user_id_index` (`user_id`)
) ENGINE=InnoDB AUTO_INCREMENT=2 DEFAULT CHARSET=utf8mb4 COLLATE=utf8mb4_unicode_ci;

--
-- Dumping data for table `activations`
--

INSERT INTO `activations` VALUES (1,1,'g1gXCxeYtQV5L0hn9uqUFSVd1roHVQ9o',1,'2024-05-10 02:11:33','2024-05-10 02:11:33','2024-05-10 02:11:33');

--
-- Table structure for table `admin_notifications`
--

CREATE TABLE `admin_notifications` (
  `id` bigint unsigned NOT NULL AUTO_INCREMENT,
  `title` varchar(191) COLLATE utf8mb4_unicode_ci NOT NULL,
  `action_label` varchar(191) COLLATE utf8mb4_unicode_ci DEFAULT NULL,
  `action_url` varchar(191) COLLATE utf8mb4_unicode_ci DEFAULT NULL,
  `description` varchar(400) COLLATE utf8mb4_unicode_ci DEFAULT NULL,
  `read_at` timestamp NULL DEFAULT NULL,
  `created_at` timestamp NULL DEFAULT NULL,
  `updated_at` timestamp NULL DEFAULT NULL,
  `permission` varchar(191) COLLATE utf8mb4_unicode_ci DEFAULT NULL,
  PRIMARY KEY (`id`)
) ENGINE=InnoDB DEFAULT CHARSET=utf8mb4 COLLATE=utf8mb4_unicode_ci;

--
-- Dumping data for table `admin_notifications`
--


--
-- Table structure for table `ads_translations`
--

CREATE TABLE `ads_translations` (
  `lang_code` varchar(191) COLLATE utf8mb4_unicode_ci NOT NULL,
  `ads_id` bigint unsigned NOT NULL,
  `name` varchar(191) COLLATE utf8mb4_unicode_ci DEFAULT NULL,
  `image` varchar(191) COLLATE utf8mb4_unicode_ci DEFAULT NULL,
  `url` varchar(191) COLLATE utf8mb4_unicode_ci DEFAULT NULL,
  PRIMARY KEY (`lang_code`,`ads_id`)
) ENGINE=InnoDB DEFAULT CHARSET=utf8mb4 COLLATE=utf8mb4_unicode_ci;

--
-- Dumping data for table `ads_translations`
--


--
-- Table structure for table `announcements`
--

CREATE TABLE `announcements` (
  `id` bigint unsigned NOT NULL AUTO_INCREMENT,
  `name` varchar(191) COLLATE utf8mb4_unicode_ci NOT NULL,
  `content` text COLLATE utf8mb4_unicode_ci NOT NULL,
  `has_action` tinyint(1) NOT NULL DEFAULT '0',
  `action_label` varchar(60) COLLATE utf8mb4_unicode_ci DEFAULT NULL,
  `action_url` varchar(400) COLLATE utf8mb4_unicode_ci DEFAULT NULL,
  `action_open_new_tab` tinyint(1) NOT NULL DEFAULT '0',
  `dismissible` tinyint(1) NOT NULL DEFAULT '0',
  `start_date` datetime DEFAULT NULL,
  `end_date` datetime DEFAULT NULL,
  `is_active` tinyint(1) NOT NULL DEFAULT '1',
  `created_at` timestamp NULL DEFAULT NULL,
  `updated_at` timestamp NULL DEFAULT NULL,
  PRIMARY KEY (`id`)
) ENGINE=InnoDB AUTO_INCREMENT=4 DEFAULT CHARSET=utf8mb4 COLLATE=utf8mb4_unicode_ci;

--
-- Dumping data for table `announcements`
--

INSERT INTO `announcements` VALUES (1,'Announcement 1','🍇 Fresh arrivals just in! Shop now for quality groceries and elevate your meals!',0,NULL,NULL,0,1,'2024-05-10 09:11:41',NULL,1,'2024-05-10 02:11:41','2024-05-10 02:11:41'),(2,'Announcement 2','🚀 Explore new flavors hassle-free. Enjoy free delivery on orders over $50!',0,NULL,NULL,0,1,'2024-05-10 09:11:41',NULL,1,'2024-05-10 02:11:41','2024-05-10 02:11:41'),(3,'Announcement 3','🌽 Quality guaranteed! Hassle-free returns within 30 days for your peace of mind.',0,NULL,NULL,0,1,'2024-05-10 09:11:41',NULL,1,'2024-05-10 02:11:41','2024-05-10 02:11:41');

--
-- Table structure for table `announcements_translations`
--

CREATE TABLE `announcements_translations` (
  `lang_code` varchar(191) COLLATE utf8mb4_unicode_ci NOT NULL,
  `announcements_id` bigint unsigned NOT NULL,
  `content` text COLLATE utf8mb4_unicode_ci,
  PRIMARY KEY (`lang_code`,`announcements_id`)
) ENGINE=InnoDB DEFAULT CHARSET=utf8mb4 COLLATE=utf8mb4_unicode_ci;

--
-- Dumping data for table `announcements_translations`
--


--
-- Table structure for table `audit_histories`
--

CREATE TABLE `audit_histories` (
  `id` bigint unsigned NOT NULL AUTO_INCREMENT,
  `user_id` bigint unsigned NOT NULL,
  `module` varchar(60) COLLATE utf8mb4_unicode_ci NOT NULL,
  `request` longtext COLLATE utf8mb4_unicode_ci,
  `action` varchar(120) COLLATE utf8mb4_unicode_ci NOT NULL,
  `user_agent` text COLLATE utf8mb4_unicode_ci,
  `ip_address` varchar(45) COLLATE utf8mb4_unicode_ci DEFAULT NULL,
  `reference_user` bigint unsigned NOT NULL,
  `reference_id` bigint unsigned NOT NULL,
  `reference_name` varchar(191) COLLATE utf8mb4_unicode_ci NOT NULL,
  `type` varchar(20) COLLATE utf8mb4_unicode_ci NOT NULL,
  `created_at` timestamp NULL DEFAULT NULL,
  `updated_at` timestamp NULL DEFAULT NULL,
  PRIMARY KEY (`id`),
  KEY `audit_histories_user_id_index` (`user_id`),
  KEY `audit_histories_module_index` (`module`)
) ENGINE=InnoDB DEFAULT CHARSET=utf8mb4 COLLATE=utf8mb4_unicode_ci;

--
-- Dumping data for table `audit_histories`
--


--
-- Table structure for table `categories`
--

CREATE TABLE `categories` (
  `id` bigint unsigned NOT NULL AUTO_INCREMENT,
  `name` varchar(120) COLLATE utf8mb4_unicode_ci NOT NULL,
  `parent_id` bigint unsigned NOT NULL DEFAULT '0',
  `description` varchar(400) COLLATE utf8mb4_unicode_ci DEFAULT NULL,
  `status` varchar(60) COLLATE utf8mb4_unicode_ci NOT NULL DEFAULT 'published',
  `author_id` bigint unsigned DEFAULT NULL,
  `author_type` varchar(191) COLLATE utf8mb4_unicode_ci NOT NULL DEFAULT 'Botble\\ACL\\Models\\User',
  `icon` varchar(60) COLLATE utf8mb4_unicode_ci DEFAULT NULL,
  `order` tinyint NOT NULL DEFAULT '0',
  `is_featured` tinyint NOT NULL DEFAULT '0',
  `is_default` tinyint unsigned NOT NULL DEFAULT '0',
  `created_at` timestamp NULL DEFAULT NULL,
  `updated_at` timestamp NULL DEFAULT NULL,
  PRIMARY KEY (`id`),
  KEY `categories_parent_id_index` (`parent_id`),
  KEY `categories_status_index` (`status`),
  KEY `categories_created_at_index` (`created_at`)
) ENGINE=InnoDB AUTO_INCREMENT=7 DEFAULT CHARSET=utf8mb4 COLLATE=utf8mb4_unicode_ci;

--
-- Dumping data for table `categories`
--

INSERT INTO `categories` VALUES (1,'Crisp Bread &amp; Cake',0,'Porro quam inventore numquam vitae quis. Vero doloremque fuga est aut. Ut esse dolores nostrum et deserunt.','published',1,'Botble\\ACL\\Models\\User',NULL,0,0,0,'2024-05-10 02:11:38','2024-05-10 02:11:38'),(2,'Fashion',0,'Enim autem eos deleniti architecto eum numquam. Consectetur qui porro a aut exercitationem perferendis eum. Necessitatibus in expedita a aliquid ut.','published',1,'Botble\\ACL\\Models\\User',NULL,0,1,0,'2024-05-10 02:11:38','2024-05-10 02:11:38'),(3,'Electronic',0,'Voluptates non sint et consequatur optio. Ex cumque consequatur ab ea unde enim non placeat. Incidunt est quis possimus rerum eaque. Autem aut non qui voluptatem aliquid qui ut.','published',1,'Botble\\ACL\\Models\\User',NULL,0,1,0,'2024-05-10 02:11:38','2024-05-10 02:11:38'),(4,'Commercial',0,'Omnis minima quia perferendis fugiat eaque quam. Accusantium dignissimos quae a non. Praesentium ratione esse mollitia veritatis deleniti omnis. Nostrum aperiam voluptas ea.','published',1,'Botble\\ACL\\Models\\User',NULL,0,1,0,'2024-05-10 02:11:38','2024-05-10 02:11:38'),(5,'Organic Fruits',0,'Inventore non velit et libero harum illo ducimus. Officia expedita molestiae itaque ipsam culpa. Neque velit non voluptates voluptatem non similique.','published',1,'Botble\\ACL\\Models\\User',NULL,0,1,0,'2024-05-10 02:11:38','2024-05-10 02:11:38'),(6,'Ecological',0,'Voluptatem aliquam reprehenderit consequatur doloribus sint hic. Quos repellat soluta aut voluptatem repellendus quod. Dolorem rem dolor qui neque quae. Dolorem aut qui rerum et illum.','published',1,'Botble\\ACL\\Models\\User',NULL,0,1,0,'2024-05-10 02:11:38','2024-05-10 02:11:38');

--
-- Table structure for table `categories_translations`
--

CREATE TABLE `categories_translations` (
  `lang_code` varchar(20) COLLATE utf8mb4_unicode_ci NOT NULL,
  `categories_id` bigint unsigned NOT NULL,
  `name` varchar(191) COLLATE utf8mb4_unicode_ci DEFAULT NULL,
  `description` varchar(400) COLLATE utf8mb4_unicode_ci DEFAULT NULL,
  PRIMARY KEY (`lang_code`,`categories_id`)
) ENGINE=InnoDB DEFAULT CHARSET=utf8mb4 COLLATE=utf8mb4_unicode_ci;

--
-- Dumping data for table `categories_translations`
--


--
-- Table structure for table `cities`
--

CREATE TABLE `cities` (
  `id` bigint unsigned NOT NULL AUTO_INCREMENT,
  `name` varchar(120) COLLATE utf8mb4_unicode_ci NOT NULL,
  `slug` varchar(120) COLLATE utf8mb4_unicode_ci DEFAULT NULL,
  `state_id` bigint unsigned DEFAULT NULL,
  `country_id` bigint unsigned DEFAULT NULL,
  `record_id` varchar(40) COLLATE utf8mb4_unicode_ci DEFAULT NULL,
  `order` tinyint NOT NULL DEFAULT '0',
  `image` varchar(191) COLLATE utf8mb4_unicode_ci DEFAULT NULL,
  `is_default` tinyint unsigned NOT NULL DEFAULT '0',
  `status` varchar(60) COLLATE utf8mb4_unicode_ci NOT NULL DEFAULT 'published',
  `created_at` timestamp NULL DEFAULT NULL,
  `updated_at` timestamp NULL DEFAULT NULL,
  PRIMARY KEY (`id`),
  UNIQUE KEY `cities_slug_unique` (`slug`)
) ENGINE=InnoDB DEFAULT CHARSET=utf8mb4 COLLATE=utf8mb4_unicode_ci;

--
-- Dumping data for table `cities`
--


--
-- Table structure for table `cities_translations`
--

CREATE TABLE `cities_translations` (
  `lang_code` varchar(20) COLLATE utf8mb4_unicode_ci NOT NULL,
  `cities_id` bigint unsigned NOT NULL,
  `name` varchar(120) COLLATE utf8mb4_unicode_ci DEFAULT NULL,
  `slug` varchar(120) COLLATE utf8mb4_unicode_ci DEFAULT NULL,
  PRIMARY KEY (`lang_code`,`cities_id`)
) ENGINE=InnoDB DEFAULT CHARSET=utf8mb4 COLLATE=utf8mb4_unicode_ci;

--
-- Dumping data for table `cities_translations`
--


--
-- Table structure for table `contact_custom_field_options`
--

CREATE TABLE `contact_custom_field_options` (
  `id` bigint unsigned NOT NULL AUTO_INCREMENT,
  `custom_field_id` bigint unsigned NOT NULL,
  `label` varchar(191) COLLATE utf8mb4_unicode_ci DEFAULT NULL,
  `value` varchar(191) COLLATE utf8mb4_unicode_ci NOT NULL,
  `order` int NOT NULL DEFAULT '999',
  `created_at` timestamp NULL DEFAULT NULL,
  `updated_at` timestamp NULL DEFAULT NULL,
  PRIMARY KEY (`id`)
) ENGINE=InnoDB DEFAULT CHARSET=utf8mb4 COLLATE=utf8mb4_unicode_ci;

--
-- Dumping data for table `contact_custom_field_options`
--


--
-- Table structure for table `contact_custom_field_options_translations`
--

CREATE TABLE `contact_custom_field_options_translations` (
  `contact_custom_field_options_id` bigint unsigned NOT NULL,
  `lang_code` varchar(191) COLLATE utf8mb4_unicode_ci NOT NULL,
  `label` varchar(191) COLLATE utf8mb4_unicode_ci DEFAULT NULL,
  `value` varchar(191) COLLATE utf8mb4_unicode_ci DEFAULT NULL,
  PRIMARY KEY (`lang_code`,`contact_custom_field_options_id`)
) ENGINE=InnoDB DEFAULT CHARSET=utf8mb4 COLLATE=utf8mb4_unicode_ci;

--
-- Dumping data for table `contact_custom_field_options_translations`
--


--
-- Table structure for table `contact_custom_fields`
--

CREATE TABLE `contact_custom_fields` (
  `id` bigint unsigned NOT NULL AUTO_INCREMENT,
  `type` varchar(191) COLLATE utf8mb4_unicode_ci NOT NULL,
  `required` tinyint(1) NOT NULL DEFAULT '0',
  `name` varchar(191) COLLATE utf8mb4_unicode_ci NOT NULL,
  `placeholder` varchar(191) COLLATE utf8mb4_unicode_ci DEFAULT NULL,
  `order` int NOT NULL DEFAULT '999',
  `status` varchar(191) COLLATE utf8mb4_unicode_ci NOT NULL DEFAULT 'published',
  `created_at` timestamp NULL DEFAULT NULL,
  `updated_at` timestamp NULL DEFAULT NULL,
  PRIMARY KEY (`id`)
) ENGINE=InnoDB DEFAULT CHARSET=utf8mb4 COLLATE=utf8mb4_unicode_ci;

--
-- Dumping data for table `contact_custom_fields`
--


--
-- Table structure for table `contact_custom_fields_translations`
--

CREATE TABLE `contact_custom_fields_translations` (
  `contact_custom_fields_id` bigint unsigned NOT NULL,
  `lang_code` varchar(191) COLLATE utf8mb4_unicode_ci NOT NULL,
  `name` varchar(191) COLLATE utf8mb4_unicode_ci DEFAULT NULL,
  `placeholder` varchar(191) COLLATE utf8mb4_unicode_ci DEFAULT NULL,
  PRIMARY KEY (`lang_code`,`contact_custom_fields_id`)
) ENGINE=InnoDB DEFAULT CHARSET=utf8mb4 COLLATE=utf8mb4_unicode_ci;

--
-- Dumping data for table `contact_custom_fields_translations`
--


--
-- Table structure for table `contact_replies`
--

CREATE TABLE `contact_replies` (
  `id` bigint unsigned NOT NULL AUTO_INCREMENT,
  `message` longtext COLLATE utf8mb4_unicode_ci NOT NULL,
  `contact_id` bigint unsigned NOT NULL,
  `created_at` timestamp NULL DEFAULT NULL,
  `updated_at` timestamp NULL DEFAULT NULL,
  PRIMARY KEY (`id`)
) ENGINE=InnoDB DEFAULT CHARSET=utf8mb4 COLLATE=utf8mb4_unicode_ci;

--
-- Dumping data for table `contact_replies`
--


--
-- Table structure for table `contacts`
--

CREATE TABLE `contacts` (
  `id` bigint unsigned NOT NULL AUTO_INCREMENT,
  `name` varchar(60) COLLATE utf8mb4_unicode_ci NOT NULL,
  `email` varchar(60) COLLATE utf8mb4_unicode_ci DEFAULT NULL,
  `phone` varchar(60) COLLATE utf8mb4_unicode_ci DEFAULT NULL,
  `address` varchar(120) COLLATE utf8mb4_unicode_ci DEFAULT NULL,
  `subject` varchar(120) COLLATE utf8mb4_unicode_ci DEFAULT NULL,
  `content` longtext COLLATE utf8mb4_unicode_ci NOT NULL,
  `custom_fields` text COLLATE utf8mb4_unicode_ci,
  `status` varchar(60) COLLATE utf8mb4_unicode_ci NOT NULL DEFAULT 'unread',
  `created_at` timestamp NULL DEFAULT NULL,
  `updated_at` timestamp NULL DEFAULT NULL,
  PRIMARY KEY (`id`)
) ENGINE=InnoDB AUTO_INCREMENT=11 DEFAULT CHARSET=utf8mb4 COLLATE=utf8mb4_unicode_ci;

--
-- Dumping data for table `contacts`
--

INSERT INTO `contacts` VALUES (1,'Mrs. Kacie Mueller','dahlia68@example.com','(319) 944-2727','16655 Amani Lane\nNew Pedro, NY 38630','Aut commodi natus nobis necessitatibus.','Nam modi et et quis voluptatem distinctio qui. Porro harum dolore illum numquam. Voluptatem consequatur veniam enim ut. Accusamus sit impedit non eveniet ut ut atque. Possimus ut ducimus corporis. Sed fugiat velit et minus possimus id architecto. Quam et neque voluptatem animi. Impedit et odit voluptatibus unde omnis. Totam iusto harum ullam corrupti ad pariatur. Vel quo harum impedit eaque.',NULL,'unread','2024-05-10 02:11:37','2024-05-10 02:11:37'),(2,'Irwin Murray','kuhn.brendan@example.net','480-843-5685','44758 Kemmer Lock\nParisianstad, NV 97660','Natus consequatur architecto aut labore voluptas.','At sapiente nobis voluptatem explicabo explicabo cumque numquam. Tempore eos et quo adipisci quos est cumque. Corrupti esse et dolor odit numquam cum. Non rerum consequatur qui sit assumenda vel odio. Pariatur ab eius vel dolore. Est nihil sit sint nihil voluptate non accusantium. Ut assumenda laudantium et doloremque quo ipsam. Ut et nulla voluptatem eum sit. A amet vero in voluptas earum ut recusandae.',NULL,'unread','2024-05-10 02:11:37','2024-05-10 02:11:37'),(3,'Dr. Verlie Abbott IV','marisa.leuschke@example.org','1-828-558-8904','86679 Skyla Dale Apt. 321\nNorth Citlalli, OH 97720-2770','Nisi amet amet iusto omnis earum.','Eveniet sed aut officia quia autem. Quae autem quidem tenetur est itaque eum ipsa. Magni est consequatur eligendi ducimus. Neque ab autem dicta quo. Voluptatem dolorum iusto harum consectetur nisi alias ipsam. Laborum laborum et voluptates qui rerum eligendi error. Dolores repellendus maiores earum. Mollitia alias vero laudantium fugiat. Sit illum neque vel quos quo quis.',NULL,'unread','2024-05-10 02:11:37','2024-05-10 02:11:37'),(4,'Justina Hessel I','bernita48@example.net','(480) 975-0388','55068 Ephraim Mountain Apt. 776\nKuhicport, CO 65409-4083','Eius qui vero odit distinctio.','Quidem sunt consequuntur sapiente quod. Et accusamus qui sed corporis. Harum exercitationem quam et fugit qui atque aut. Voluptas pariatur voluptates architecto dolorem repellendus ullam voluptatibus quis. Magnam inventore ea error laboriosam dolorem. Est eligendi dolorum libero qui totam iusto. Qui ut neque fuga sed. Praesentium sint eligendi eos. Soluta dolorem explicabo et sint aut.',NULL,'read','2024-05-10 02:11:37','2024-05-10 02:11:37'),(5,'Jose Keeling','iryan@example.org','+1-504-333-9541','764 Reynolds Harbors Apt. 212\nMcKenzietown, ME 07010-5453','Unde quia aliquam nam magni.','Incidunt sed accusamus consequuntur fugiat voluptatem eveniet est. Dolorem similique rerum sint. Numquam amet ratione saepe ut. Et tenetur voluptate quo ut odit. Qui consectetur qui veritatis ut culpa et molestiae. Sed dolores fuga amet non dolorum ducimus quis. Et assumenda blanditiis in praesentium vero voluptas.',NULL,'unread','2024-05-10 02:11:37','2024-05-10 02:11:37'),(6,'Amanda Gerlach','kulas.lindsay@example.com','915-275-6033','8405 Tillman Wall Apt. 529\nPearlville, IL 12133','Quis recusandae voluptatem omnis.','Voluptas vitae reprehenderit ea quis mollitia corporis. Vitae porro placeat velit placeat sed voluptas debitis. Soluta laboriosam sapiente omnis est qui. Ipsum quia dolorem quaerat necessitatibus nihil et quia nostrum. Et quisquam fugit esse corporis rerum sed. Velit occaecati odit tenetur similique quam quidem nihil suscipit. In rem delectus quia illum aut. Repellendus qui architecto quaerat culpa ut fugiat.',NULL,'unread','2024-05-10 02:11:37','2024-05-10 02:11:37'),(7,'Morgan Hauck','frami.bernita@example.org','478.592.9346','64840 Metz Track Apt. 613\nPort Korbintown, MA 29953-0707','Fuga illo quo praesentium nihil molestiae vel.','Culpa illum totam voluptas provident. Id ut nemo assumenda tempore. Error id mollitia laborum qui perferendis officiis. Sequi eos omnis nostrum sed. Quidem tempore non non quo possimus quia nemo qui. Corrupti voluptatibus perspiciatis excepturi quisquam sed veritatis laudantium. Facere harum aut quidem est incidunt quia. Maxime consectetur odit voluptatibus et nihil aliquid eaque repudiandae. Aliquam ut rerum nemo recusandae.',NULL,'read','2024-05-10 02:11:37','2024-05-10 02:11:37'),(8,'Tatyana Krajcik I','hintz.titus@example.com','276.517.3328','3492 Jalen Village\nSouth Nicoleland, OR 86217','Ea possimus porro aliquam sint.','Sed velit quam expedita est. Nihil dolorem molestiae labore eum id. Pariatur ut omnis est velit. Eos ea nihil aliquam. Aut laudantium blanditiis laborum quos et ut aut sint. Minima consequatur recusandae cumque aut consequatur et excepturi. Debitis nisi voluptates sint enim aut ut quibusdam. Eum dolores et blanditiis voluptate numquam et quam. Illo odit et sit praesentium. Non aut repellendus aspernatur aut nisi aspernatur. Laborum et porro explicabo esse fuga odit. Est sit iste omnis et harum.',NULL,'read','2024-05-10 02:11:37','2024-05-10 02:11:37'),(9,'Nellie Abbott III','tillman.robb@example.org','+1.386.672.6724','792 Lily Bypass\nChelseamouth, ID 91448-9304','Quod velit omnis et distinctio assumenda.','Ea enim aliquid dignissimos error. Molestiae aspernatur consectetur ipsa id asperiores assumenda. Est in blanditiis quidem totam ut et. Minima minus ab non minima aspernatur id architecto. Ut id officiis possimus consequatur. Officiis voluptatem quisquam dolor vero dolorem neque. Aliquam officiis placeat labore quibusdam sit et.',NULL,'read','2024-05-10 02:11:37','2024-05-10 02:11:37'),(10,'Gerda Bradtke II','chad.luettgen@example.com','(817) 567-5655','8444 Anabelle Mall\nEast Amelia, ND 25257-0647','Perferendis sapiente quia ducimus fugiat.','Eligendi esse sint provident accusamus quod et. Reprehenderit rerum minima voluptatem consequuntur blanditiis doloribus. Aut voluptates architecto recusandae eos. Est ullam voluptatem vero provident iste quidem. Corrupti magnam suscipit deserunt harum iure sit. Quo pariatur dignissimos praesentium. Cumque enim provident perferendis ut ipsa occaecati.',NULL,'unread','2024-05-10 02:11:37','2024-05-10 02:11:37');

--
-- Table structure for table `countries`
--

CREATE TABLE `countries` (
  `id` bigint unsigned NOT NULL AUTO_INCREMENT,
  `name` varchar(120) COLLATE utf8mb4_unicode_ci NOT NULL,
  `nationality` varchar(120) COLLATE utf8mb4_unicode_ci DEFAULT NULL,
  `order` tinyint NOT NULL DEFAULT '0',
  `is_default` tinyint unsigned NOT NULL DEFAULT '0',
  `status` varchar(60) COLLATE utf8mb4_unicode_ci NOT NULL DEFAULT 'published',
  `created_at` timestamp NULL DEFAULT NULL,
  `updated_at` timestamp NULL DEFAULT NULL,
  `code` varchar(10) COLLATE utf8mb4_unicode_ci DEFAULT NULL,
  PRIMARY KEY (`id`)
) ENGINE=InnoDB DEFAULT CHARSET=utf8mb4 COLLATE=utf8mb4_unicode_ci;

--
-- Dumping data for table `countries`
--


--
-- Table structure for table `countries_translations`
--

CREATE TABLE `countries_translations` (
  `lang_code` varchar(20) COLLATE utf8mb4_unicode_ci NOT NULL,
  `countries_id` bigint unsigned NOT NULL,
  `name` varchar(120) COLLATE utf8mb4_unicode_ci DEFAULT NULL,
  `nationality` varchar(120) COLLATE utf8mb4_unicode_ci DEFAULT NULL,
  PRIMARY KEY (`lang_code`,`countries_id`)
) ENGINE=InnoDB DEFAULT CHARSET=utf8mb4 COLLATE=utf8mb4_unicode_ci;

--
-- Dumping data for table `countries_translations`
--


--
-- Table structure for table `dashboard_widget_settings`
--

CREATE TABLE `dashboard_widget_settings` (
  `id` bigint unsigned NOT NULL AUTO_INCREMENT,
  `settings` text COLLATE utf8mb4_unicode_ci,
  `user_id` bigint unsigned NOT NULL,
  `widget_id` bigint unsigned NOT NULL,
  `order` tinyint unsigned NOT NULL DEFAULT '0',
  `status` tinyint unsigned NOT NULL DEFAULT '1',
  `created_at` timestamp NULL DEFAULT NULL,
  `updated_at` timestamp NULL DEFAULT NULL,
  PRIMARY KEY (`id`),
  KEY `dashboard_widget_settings_user_id_index` (`user_id`),
  KEY `dashboard_widget_settings_widget_id_index` (`widget_id`)
) ENGINE=InnoDB DEFAULT CHARSET=utf8mb4 COLLATE=utf8mb4_unicode_ci;

--
-- Dumping data for table `dashboard_widget_settings`
--


--
-- Table structure for table `dashboard_widgets`
--

CREATE TABLE `dashboard_widgets` (
  `id` bigint unsigned NOT NULL AUTO_INCREMENT,
  `name` varchar(120) COLLATE utf8mb4_unicode_ci NOT NULL,
  `created_at` timestamp NULL DEFAULT NULL,
  `updated_at` timestamp NULL DEFAULT NULL,
  PRIMARY KEY (`id`)
) ENGINE=InnoDB DEFAULT CHARSET=utf8mb4 COLLATE=utf8mb4_unicode_ci;

--
-- Dumping data for table `dashboard_widgets`
--


--
-- Table structure for table `ec_brands`
--

CREATE TABLE `ec_brands` (
  `id` bigint unsigned NOT NULL AUTO_INCREMENT,
  `name` varchar(191) COLLATE utf8mb4_unicode_ci NOT NULL,
  `description` mediumtext COLLATE utf8mb4_unicode_ci,
  `website` varchar(191) COLLATE utf8mb4_unicode_ci DEFAULT NULL,
  `logo` varchar(191) COLLATE utf8mb4_unicode_ci DEFAULT NULL,
  `status` varchar(60) COLLATE utf8mb4_unicode_ci NOT NULL DEFAULT 'published',
  `order` tinyint unsigned NOT NULL DEFAULT '0',
  `is_featured` tinyint unsigned NOT NULL DEFAULT '0',
  `created_at` timestamp NULL DEFAULT NULL,
  `updated_at` timestamp NULL DEFAULT NULL,
  PRIMARY KEY (`id`)
) ENGINE=InnoDB AUTO_INCREMENT=6 DEFAULT CHARSET=utf8mb4 COLLATE=utf8mb4_unicode_ci;

--
-- Dumping data for table `ec_brands`
--

INSERT INTO `ec_brands` VALUES (1,'FoodPound','New Snacks Release',NULL,'main/brands/1.png','published',0,1,'2024-05-10 02:11:33','2024-05-10 02:11:33'),(2,'iTea JSC','Happy Tea 100% Organic. From $29.9',NULL,'main/brands/2.png','published',1,1,'2024-05-10 02:11:33','2024-05-10 02:11:33'),(3,'Soda Brand','Fresh Meat Sausage. BUY 2 GET 1!',NULL,'main/brands/3.png','published',2,1,'2024-05-10 02:11:33','2024-05-10 02:11:33'),(4,'Shofy','Fresh Meat Sausage. BUY 2 GET 1!',NULL,'main/brands/4.png','published',3,1,'2024-05-10 02:11:33','2024-05-10 02:11:33'),(5,'Soda Brand','Fresh Meat Sausage. BUY 2 GET 1!',NULL,'main/brands/5.png','published',4,1,'2024-05-10 02:11:33','2024-05-10 02:11:33');

--
-- Table structure for table `ec_brands_translations`
--

CREATE TABLE `ec_brands_translations` (
  `lang_code` varchar(191) COLLATE utf8mb4_unicode_ci NOT NULL,
  `ec_brands_id` bigint unsigned NOT NULL,
  `name` varchar(191) COLLATE utf8mb4_unicode_ci DEFAULT NULL,
  `description` mediumtext COLLATE utf8mb4_unicode_ci,
  PRIMARY KEY (`lang_code`,`ec_brands_id`)
) ENGINE=InnoDB DEFAULT CHARSET=utf8mb4 COLLATE=utf8mb4_unicode_ci;

--
-- Dumping data for table `ec_brands_translations`
--


--
-- Table structure for table `ec_cart`
--

CREATE TABLE `ec_cart` (
  `identifier` varchar(60) COLLATE utf8mb4_unicode_ci NOT NULL,
  `instance` varchar(60) COLLATE utf8mb4_unicode_ci NOT NULL,
  `content` longtext COLLATE utf8mb4_unicode_ci NOT NULL,
  `created_at` timestamp NULL DEFAULT NULL,
  `updated_at` timestamp NULL DEFAULT NULL,
  PRIMARY KEY (`identifier`,`instance`)
) ENGINE=InnoDB DEFAULT CHARSET=utf8mb4 COLLATE=utf8mb4_unicode_ci;

--
-- Dumping data for table `ec_cart`
--


--
-- Table structure for table `ec_currencies`
--

CREATE TABLE `ec_currencies` (
  `id` bigint unsigned NOT NULL AUTO_INCREMENT,
  `title` varchar(191) COLLATE utf8mb4_unicode_ci NOT NULL,
  `symbol` varchar(10) COLLATE utf8mb4_unicode_ci NOT NULL,
  `is_prefix_symbol` tinyint unsigned NOT NULL DEFAULT '0',
  `decimals` tinyint unsigned DEFAULT '0',
  `order` int unsigned DEFAULT '0',
  `is_default` tinyint NOT NULL DEFAULT '0',
  `exchange_rate` double NOT NULL DEFAULT '1',
  `created_at` timestamp NULL DEFAULT NULL,
  `updated_at` timestamp NULL DEFAULT NULL,
  PRIMARY KEY (`id`)
) ENGINE=InnoDB AUTO_INCREMENT=5 DEFAULT CHARSET=utf8mb4 COLLATE=utf8mb4_unicode_ci;

--
-- Dumping data for table `ec_currencies`
--

INSERT INTO `ec_currencies` VALUES (1,'USD','$',1,2,0,1,1,'2024-05-10 02:11:33','2024-05-10 02:11:33'),(2,'EUR','€',0,2,1,0,0.84,'2024-05-10 02:11:33','2024-05-10 02:11:33'),(3,'VND','₫',0,0,2,0,23203,'2024-05-10 02:11:33','2024-05-10 02:11:33'),(4,'NGN','₦',1,2,2,0,895.52,'2024-05-10 02:11:33','2024-05-10 02:11:33');

--
-- Table structure for table `ec_customer_addresses`
--

CREATE TABLE `ec_customer_addresses` (
  `id` bigint unsigned NOT NULL AUTO_INCREMENT,
  `name` varchar(191) COLLATE utf8mb4_unicode_ci NOT NULL,
  `email` varchar(60) COLLATE utf8mb4_unicode_ci DEFAULT NULL,
  `phone` varchar(20) COLLATE utf8mb4_unicode_ci DEFAULT NULL,
  `country` varchar(120) COLLATE utf8mb4_unicode_ci DEFAULT NULL,
  `state` varchar(120) COLLATE utf8mb4_unicode_ci DEFAULT NULL,
  `city` varchar(120) COLLATE utf8mb4_unicode_ci DEFAULT NULL,
  `address` varchar(191) COLLATE utf8mb4_unicode_ci DEFAULT NULL,
  `customer_id` bigint unsigned NOT NULL,
  `is_default` tinyint unsigned NOT NULL DEFAULT '0',
  `created_at` timestamp NULL DEFAULT NULL,
  `updated_at` timestamp NULL DEFAULT NULL,
  `zip_code` varchar(20) COLLATE utf8mb4_unicode_ci DEFAULT NULL,
  PRIMARY KEY (`id`)
) ENGINE=InnoDB AUTO_INCREMENT=13 DEFAULT CHARSET=utf8mb4 COLLATE=utf8mb4_unicode_ci;

--
-- Dumping data for table `ec_customer_addresses`
--

INSERT INTO `ec_customer_addresses` VALUES (1,'Estelle Eichmann','customer@botble.com','+15735506765','ME','New Hampshire','West Ella','534 Abbott Village Apt. 783',1,1,'2024-05-10 02:11:34','2024-05-10 02:11:34','62703-7336'),(2,'Estelle Eichmann','customer@botble.com','+16519575018','ES','West Virginia','Port Daynaborough','328 King Lodge',1,0,'2024-05-10 02:11:34','2024-05-10 02:11:34','42397-7941'),(3,'Prof. Ruth Sanford V','vendor@botble.com','+15172185051','GY','Minnesota','Evelineton','78420 Bernita Land Suite 459',2,1,'2024-05-10 02:11:34','2024-05-10 02:11:34','34322-7873'),(4,'Prof. Ruth Sanford V','vendor@botble.com','+17734262980','LA','Iowa','East Stacy','831 Elena Lake Apt. 972',2,0,'2024-05-10 02:11:34','2024-05-10 02:11:34','87121-1428'),(5,'Dr. Alvah Ratke MD','sreilly@example.org','+16782829076','CG','Arkansas','East Santiagoburgh','1625 Hannah Knolls',3,1,'2024-05-10 02:11:35','2024-05-10 02:11:35','48051'),(6,'Marlen Kozey','wisozk.chadd@example.net','+14803689087','SB','Oregon','Homenickland','747 Lynch Lodge Suite 908',4,1,'2024-05-10 02:11:35','2024-05-10 02:11:35','22017-9352'),(7,'Pat Bailey II','vsipes@example.net','+15206898876','TT','Michigan','North Trevorborough','15356 Koch Burg',5,1,'2024-05-10 02:11:35','2024-05-10 02:11:35','69276-6487'),(8,'Winnifred Aufderhar','kstroman@example.org','+19518963412','TL','Alabama','Gorczanyside','297 Skiles Brooks Apt. 855',6,1,'2024-05-10 02:11:35','2024-05-10 02:11:35','82015'),(9,'Bobbie Adams','arnulfo.dubuque@example.org','+19845283386','GE','Oregon','East Alexisbury','98621 Kunze Track',7,1,'2024-05-10 02:11:36','2024-05-10 02:11:36','01025'),(10,'Dr. David Daniel II','dedrick08@example.com','+16069290762','SR','Massachusetts','East Beryl','5084 Goyette Road',8,1,'2024-05-10 02:11:36','2024-05-10 02:11:36','24656'),(11,'Rosie Gibson','chester52@example.net','+15597649806','LB','Utah','New Stephan','71203 Hane Parkways Suite 281',9,1,'2024-05-10 02:11:36','2024-05-10 02:11:36','32647'),(12,'Prof. Berry Dickens','pherman@example.com','+16607922913','FI','Oklahoma','Schmelertown','18000 Aglae Track Suite 263',10,1,'2024-05-10 02:11:36','2024-05-10 02:11:36','92218');

--
-- Table structure for table `ec_customer_deletion_requests`
--

CREATE TABLE `ec_customer_deletion_requests` (
  `id` bigint unsigned NOT NULL AUTO_INCREMENT,
  `customer_id` bigint unsigned NOT NULL,
  `customer_name` varchar(191) COLLATE utf8mb4_unicode_ci DEFAULT NULL,
  `customer_phone` varchar(191) COLLATE utf8mb4_unicode_ci DEFAULT NULL,
  `customer_email` varchar(191) COLLATE utf8mb4_unicode_ci DEFAULT NULL,
  `token` varchar(191) COLLATE utf8mb4_unicode_ci NOT NULL,
  `status` varchar(50) COLLATE utf8mb4_unicode_ci NOT NULL DEFAULT 'waiting_for_confirmation',
  `reason` text COLLATE utf8mb4_unicode_ci,
  `confirmed_at` datetime DEFAULT NULL,
  `created_at` timestamp NULL DEFAULT NULL,
  `updated_at` timestamp NULL DEFAULT NULL,
  PRIMARY KEY (`id`),
  UNIQUE KEY `ec_customer_deletion_requests_token_unique` (`token`)
) ENGINE=InnoDB DEFAULT CHARSET=utf8mb4 COLLATE=utf8mb4_unicode_ci;

--
-- Dumping data for table `ec_customer_deletion_requests`
--


--
-- Table structure for table `ec_customer_password_resets`
--

CREATE TABLE `ec_customer_password_resets` (
  `email` varchar(191) COLLATE utf8mb4_unicode_ci NOT NULL,
  `token` varchar(191) COLLATE utf8mb4_unicode_ci NOT NULL,
  `created_at` timestamp NULL DEFAULT NULL,
  KEY `ec_customer_password_resets_email_index` (`email`),
  KEY `ec_customer_password_resets_token_index` (`token`)
) ENGINE=InnoDB DEFAULT CHARSET=utf8mb4 COLLATE=utf8mb4_unicode_ci;

--
-- Dumping data for table `ec_customer_password_resets`
--


--
-- Table structure for table `ec_customer_recently_viewed_products`
--

CREATE TABLE `ec_customer_recently_viewed_products` (
  `id` bigint unsigned NOT NULL AUTO_INCREMENT,
  `customer_id` bigint unsigned NOT NULL,
  `product_id` bigint unsigned NOT NULL,
  PRIMARY KEY (`id`)
) ENGINE=InnoDB DEFAULT CHARSET=utf8mb4 COLLATE=utf8mb4_unicode_ci;

--
-- Dumping data for table `ec_customer_recently_viewed_products`
--


--
-- Table structure for table `ec_customer_used_coupons`
--

CREATE TABLE `ec_customer_used_coupons` (
  `discount_id` bigint unsigned NOT NULL,
  `customer_id` bigint unsigned NOT NULL,
  PRIMARY KEY (`discount_id`,`customer_id`)
) ENGINE=InnoDB DEFAULT CHARSET=utf8mb4 COLLATE=utf8mb4_unicode_ci;

--
-- Dumping data for table `ec_customer_used_coupons`
--


--
-- Table structure for table `ec_discount_customers`
--

CREATE TABLE `ec_discount_customers` (
  `discount_id` bigint unsigned NOT NULL,
  `customer_id` bigint unsigned NOT NULL,
  PRIMARY KEY (`discount_id`,`customer_id`)
) ENGINE=InnoDB DEFAULT CHARSET=utf8mb4 COLLATE=utf8mb4_unicode_ci;

--
-- Dumping data for table `ec_discount_customers`
--


--
-- Table structure for table `ec_discount_product_categories`
--

CREATE TABLE `ec_discount_product_categories` (
  `discount_id` bigint unsigned NOT NULL,
  `product_category_id` bigint unsigned NOT NULL,
  PRIMARY KEY (`discount_id`,`product_category_id`)
) ENGINE=InnoDB DEFAULT CHARSET=utf8mb4 COLLATE=utf8mb4_unicode_ci;

--
-- Dumping data for table `ec_discount_product_categories`
--


--
-- Table structure for table `ec_discount_product_collections`
--

CREATE TABLE `ec_discount_product_collections` (
  `discount_id` bigint unsigned NOT NULL,
  `product_collection_id` bigint unsigned NOT NULL,
  PRIMARY KEY (`discount_id`,`product_collection_id`)
) ENGINE=InnoDB DEFAULT CHARSET=utf8mb4 COLLATE=utf8mb4_unicode_ci;

--
-- Dumping data for table `ec_discount_product_collections`
--


--
-- Table structure for table `ec_discount_products`
--

CREATE TABLE `ec_discount_products` (
  `discount_id` bigint unsigned NOT NULL,
  `product_id` bigint unsigned NOT NULL,
  PRIMARY KEY (`discount_id`,`product_id`)
) ENGINE=InnoDB DEFAULT CHARSET=utf8mb4 COLLATE=utf8mb4_unicode_ci;

--
-- Dumping data for table `ec_discount_products`
--


--
-- Table structure for table `ec_discounts`
--

CREATE TABLE `ec_discounts` (
  `id` bigint unsigned NOT NULL AUTO_INCREMENT,
  `title` varchar(120) COLLATE utf8mb4_unicode_ci DEFAULT NULL,
  `code` varchar(20) COLLATE utf8mb4_unicode_ci DEFAULT NULL,
  `start_date` datetime DEFAULT NULL,
  `end_date` datetime DEFAULT NULL,
  `quantity` int DEFAULT NULL,
  `total_used` int unsigned NOT NULL DEFAULT '0',
  `value` double DEFAULT NULL,
  `type` varchar(60) COLLATE utf8mb4_unicode_ci DEFAULT 'coupon',
  `can_use_with_promotion` tinyint(1) NOT NULL DEFAULT '0',
  `discount_on` varchar(20) COLLATE utf8mb4_unicode_ci DEFAULT NULL,
  `product_quantity` int unsigned DEFAULT NULL,
  `type_option` varchar(100) COLLATE utf8mb4_unicode_ci NOT NULL DEFAULT 'amount',
  `target` varchar(100) COLLATE utf8mb4_unicode_ci NOT NULL DEFAULT 'all-orders',
  `min_order_price` decimal(15,2) DEFAULT NULL,
  `apply_via_url` tinyint(1) NOT NULL DEFAULT '0',
  `display_at_checkout` tinyint(1) NOT NULL DEFAULT '0',
  `created_at` timestamp NULL DEFAULT NULL,
  `updated_at` timestamp NULL DEFAULT NULL,
  `store_id` bigint unsigned DEFAULT NULL,
  `description` varchar(400) COLLATE utf8mb4_unicode_ci DEFAULT NULL,
  PRIMARY KEY (`id`),
  UNIQUE KEY `ec_discounts_code_unique` (`code`)
) ENGINE=InnoDB AUTO_INCREMENT=11 DEFAULT CHARSET=utf8mb4 COLLATE=utf8mb4_unicode_ci;

--
-- Dumping data for table `ec_discounts`
--

INSERT INTO `ec_discounts` VALUES (1,'Discount 1','89UIAU7VNHUL','2024-05-09 09:11:38',NULL,NULL,0,767,'coupon',0,NULL,NULL,'amount','all-orders',NULL,0,1,'2024-05-10 02:11:38','2024-05-10 02:11:38',NULL,NULL),(2,'Discount 2','0MMXOBFMWJQ5','2024-05-09 09:11:38','2024-05-15 09:11:38',NULL,0,136,'coupon',0,NULL,NULL,'shipping','all-orders',NULL,0,1,'2024-05-10 02:11:38','2024-05-10 02:11:38',NULL,NULL),(3,'Discount 3','HB1MT3H4JSSH','2024-05-09 09:11:38','2024-06-04 09:11:38',NULL,0,20,'coupon',0,NULL,NULL,'percentage','all-orders',NULL,0,1,'2024-05-10 02:11:38','2024-05-10 02:11:38',NULL,NULL),(4,'Discount 4','4TQEACNIDWGR','2024-05-09 09:11:38','2024-05-17 09:11:38',NULL,0,71,'coupon',0,NULL,NULL,'shipping','all-orders',NULL,0,1,'2024-05-10 02:11:38','2024-05-10 02:11:38',NULL,NULL),(5,'Discount 5','SQECO7B5FHZA','2024-05-09 09:11:38',NULL,NULL,0,443,'coupon',0,NULL,NULL,'amount','all-orders',NULL,0,1,'2024-05-10 02:11:38','2024-05-10 02:11:38',NULL,NULL),(6,'Discount 6','NVYAWPCCXEIQ','2024-05-09 09:11:38','2024-05-27 09:11:38',NULL,0,936,'coupon',0,NULL,NULL,'amount','all-orders',NULL,0,1,'2024-05-10 02:11:38','2024-05-10 02:11:38',NULL,NULL),(7,'Discount 7','LU1TSYVZDI8U','2024-05-09 09:11:38','2024-06-04 09:11:38',NULL,0,545,'coupon',0,NULL,NULL,'shipping','all-orders',NULL,0,1,'2024-05-10 02:11:38','2024-05-10 02:11:38',NULL,NULL),(8,'Discount 8','CLOYFFZMMWE0','2024-05-09 09:11:38','2024-05-21 09:11:38',NULL,0,265,'coupon',0,NULL,NULL,'same-price','all-orders',NULL,0,1,'2024-05-10 02:11:38','2024-05-10 02:11:38',NULL,NULL),(9,'Discount 9','GZBNPY31KOCJ','2024-05-09 09:11:38',NULL,NULL,0,298,'coupon',0,NULL,NULL,'shipping','all-orders',NULL,0,1,'2024-05-10 02:11:38','2024-05-10 02:11:38',NULL,NULL),(10,'Discount 10','YYUZHHSWEBQJ','2024-05-09 09:11:38','2024-06-05 09:11:38',NULL,0,525,'coupon',0,NULL,NULL,'same-price','all-orders',NULL,0,1,'2024-05-10 02:11:38','2024-05-10 02:11:38',NULL,NULL);

--
-- Table structure for table `ec_flash_sale_products`
--

CREATE TABLE `ec_flash_sale_products` (
  `flash_sale_id` bigint unsigned NOT NULL,
  `product_id` bigint unsigned NOT NULL,
  `price` double unsigned DEFAULT NULL,
  `quantity` int unsigned DEFAULT NULL,
  `sold` int unsigned NOT NULL DEFAULT '0'
) ENGINE=InnoDB DEFAULT CHARSET=utf8mb4 COLLATE=utf8mb4_unicode_ci;

--
-- Dumping data for table `ec_flash_sale_products`
--

INSERT INTO `ec_flash_sale_products` VALUES (1,1,523.28,15,2),(1,2,103.68,14,4),(1,3,141.86,7,1),(1,4,120.35,14,4),(1,5,55.04,18,5),(1,6,655.54,18,4),(1,7,24.36,18,3),(1,8,980.278,8,4),(1,9,432.63,11,3),(1,10,378.56,12,5);

--
-- Table structure for table `ec_flash_sales`
--

CREATE TABLE `ec_flash_sales` (
  `id` bigint unsigned NOT NULL AUTO_INCREMENT,
  `name` varchar(191) COLLATE utf8mb4_unicode_ci NOT NULL,
  `end_date` datetime NOT NULL,
  `status` varchar(60) COLLATE utf8mb4_unicode_ci NOT NULL DEFAULT 'published',
  `created_at` timestamp NULL DEFAULT NULL,
  `updated_at` timestamp NULL DEFAULT NULL,
  PRIMARY KEY (`id`)
) ENGINE=InnoDB AUTO_INCREMENT=2 DEFAULT CHARSET=utf8mb4 COLLATE=utf8mb4_unicode_ci;

--
-- Dumping data for table `ec_flash_sales`
--

INSERT INTO `ec_flash_sales` VALUES (1,'Winter Sale','2024-06-05 00:00:00','published','2024-05-10 02:11:44','2024-05-10 02:11:44');

--
-- Table structure for table `ec_flash_sales_translations`
--

CREATE TABLE `ec_flash_sales_translations` (
  `lang_code` varchar(191) COLLATE utf8mb4_unicode_ci NOT NULL,
  `ec_flash_sales_id` bigint unsigned NOT NULL,
  `name` varchar(191) COLLATE utf8mb4_unicode_ci DEFAULT NULL,
  PRIMARY KEY (`lang_code`,`ec_flash_sales_id`)
) ENGINE=InnoDB DEFAULT CHARSET=utf8mb4 COLLATE=utf8mb4_unicode_ci;

--
-- Dumping data for table `ec_flash_sales_translations`
--


--
-- Table structure for table `ec_global_option_value`
--

CREATE TABLE `ec_global_option_value` (
  `option_id` bigint unsigned NOT NULL COMMENT 'option id',
  `id` bigint unsigned NOT NULL AUTO_INCREMENT,
  `option_value` tinytext COLLATE utf8mb4_unicode_ci COMMENT 'option value',
  `affect_price` double DEFAULT NULL COMMENT 'value of price of this option affect',
  `order` int NOT NULL DEFAULT '9999',
  `affect_type` tinyint NOT NULL DEFAULT '0' COMMENT '0. fixed 1. percent',
  `created_at` timestamp NULL DEFAULT NULL,
  `updated_at` timestamp NULL DEFAULT NULL,
  PRIMARY KEY (`id`)
) ENGINE=InnoDB AUTO_INCREMENT=13 DEFAULT CHARSET=utf8mb4 COLLATE=utf8mb4_unicode_ci;

--
-- Dumping data for table `ec_global_option_value`
--

INSERT INTO `ec_global_option_value` VALUES (1,1,'1 Year',0,9999,0,'2024-05-10 02:11:38','2024-05-10 02:11:38'),(1,2,'2 Year',10,9999,0,'2024-05-10 02:11:38','2024-05-10 02:11:38'),(1,3,'3 Year',20,9999,0,'2024-05-10 02:11:38','2024-05-10 02:11:38'),(2,4,'4GB',0,9999,0,'2024-05-10 02:11:38','2024-05-10 02:11:38'),(2,5,'8GB',10,9999,0,'2024-05-10 02:11:38','2024-05-10 02:11:38'),(2,6,'16GB',20,9999,0,'2024-05-10 02:11:38','2024-05-10 02:11:38'),(3,7,'Core i5',0,9999,0,'2024-05-10 02:11:38','2024-05-10 02:11:38'),(3,8,'Core i7',10,9999,0,'2024-05-10 02:11:38','2024-05-10 02:11:38'),(3,9,'Core i9',20,9999,0,'2024-05-10 02:11:38','2024-05-10 02:11:38'),(4,10,'128GB',0,9999,0,'2024-05-10 02:11:38','2024-05-10 02:11:38'),(4,11,'256GB',10,9999,0,'2024-05-10 02:11:38','2024-05-10 02:11:38'),(4,12,'512GB',20,9999,0,'2024-05-10 02:11:38','2024-05-10 02:11:38');

--
-- Table structure for table `ec_global_option_value_translations`
--

CREATE TABLE `ec_global_option_value_translations` (
  `lang_code` varchar(191) COLLATE utf8mb4_unicode_ci NOT NULL,
  `ec_global_option_value_id` bigint unsigned NOT NULL,
  `option_value` varchar(191) COLLATE utf8mb4_unicode_ci DEFAULT NULL,
  PRIMARY KEY (`lang_code`,`ec_global_option_value_id`)
) ENGINE=InnoDB DEFAULT CHARSET=utf8mb4 COLLATE=utf8mb4_unicode_ci;

--
-- Dumping data for table `ec_global_option_value_translations`
--


--
-- Table structure for table `ec_global_options`
--

CREATE TABLE `ec_global_options` (
  `id` bigint unsigned NOT NULL AUTO_INCREMENT,
  `name` varchar(191) COLLATE utf8mb4_unicode_ci NOT NULL COMMENT 'Name of options',
  `option_type` varchar(191) COLLATE utf8mb4_unicode_ci NOT NULL COMMENT 'option type',
  `required` tinyint(1) NOT NULL DEFAULT '0' COMMENT 'Checked if this option is required',
  `created_at` timestamp NULL DEFAULT NULL,
  `updated_at` timestamp NULL DEFAULT NULL,
  PRIMARY KEY (`id`)
) ENGINE=InnoDB AUTO_INCREMENT=5 DEFAULT CHARSET=utf8mb4 COLLATE=utf8mb4_unicode_ci;

--
-- Dumping data for table `ec_global_options`
--

INSERT INTO `ec_global_options` VALUES (1,'Warranty','Botble\\Ecommerce\\Option\\OptionType\\RadioButton',1,'2024-05-10 02:11:38','2024-05-10 02:11:38'),(2,'RAM','Botble\\Ecommerce\\Option\\OptionType\\RadioButton',1,'2024-05-10 02:11:38','2024-05-10 02:11:38'),(3,'CPU','Botble\\Ecommerce\\Option\\OptionType\\RadioButton',1,'2024-05-10 02:11:38','2024-05-10 02:11:38'),(4,'HDD','Botble\\Ecommerce\\Option\\OptionType\\Dropdown',0,'2024-05-10 02:11:38','2024-05-10 02:11:38');

--
-- Table structure for table `ec_global_options_translations`
--

CREATE TABLE `ec_global_options_translations` (
  `lang_code` varchar(191) COLLATE utf8mb4_unicode_ci NOT NULL,
  `ec_global_options_id` bigint unsigned NOT NULL,
  `name` varchar(191) COLLATE utf8mb4_unicode_ci DEFAULT NULL,
  PRIMARY KEY (`lang_code`,`ec_global_options_id`)
) ENGINE=InnoDB DEFAULT CHARSET=utf8mb4 COLLATE=utf8mb4_unicode_ci;

--
-- Dumping data for table `ec_global_options_translations`
--


--
-- Table structure for table `ec_grouped_products`
--

CREATE TABLE `ec_grouped_products` (
  `id` bigint unsigned NOT NULL AUTO_INCREMENT,
  `parent_product_id` bigint unsigned NOT NULL,
  `product_id` bigint unsigned NOT NULL,
  `fixed_qty` int NOT NULL DEFAULT '1',
  PRIMARY KEY (`id`)
) ENGINE=InnoDB DEFAULT CHARSET=utf8mb4 COLLATE=utf8mb4_unicode_ci;

--
-- Dumping data for table `ec_grouped_products`
--


--
-- Table structure for table `ec_invoice_items`
--

CREATE TABLE `ec_invoice_items` (
  `id` bigint unsigned NOT NULL AUTO_INCREMENT,
  `invoice_id` bigint unsigned NOT NULL,
  `reference_type` varchar(191) COLLATE utf8mb4_unicode_ci NOT NULL,
  `reference_id` bigint unsigned NOT NULL,
  `name` varchar(191) COLLATE utf8mb4_unicode_ci NOT NULL,
  `description` varchar(400) COLLATE utf8mb4_unicode_ci DEFAULT NULL,
  `image` varchar(191) COLLATE utf8mb4_unicode_ci DEFAULT NULL,
  `qty` int unsigned NOT NULL,
  `price` decimal(15,2) NOT NULL DEFAULT '0.00',
  `sub_total` decimal(15,2) unsigned NOT NULL,
  `tax_amount` decimal(15,2) unsigned NOT NULL DEFAULT '0.00',
  `discount_amount` decimal(15,2) unsigned NOT NULL DEFAULT '0.00',
  `amount` decimal(15,2) unsigned NOT NULL,
  `options` text COLLATE utf8mb4_unicode_ci,
  `created_at` timestamp NULL DEFAULT NULL,
  `updated_at` timestamp NULL DEFAULT NULL,
  PRIMARY KEY (`id`),
  KEY `ec_invoice_items_reference_type_reference_id_index` (`reference_type`,`reference_id`)
) ENGINE=InnoDB DEFAULT CHARSET=utf8mb4 COLLATE=utf8mb4_unicode_ci;

--
-- Dumping data for table `ec_invoice_items`
--


--
-- Table structure for table `ec_invoices`
--

CREATE TABLE `ec_invoices` (
  `id` bigint unsigned NOT NULL AUTO_INCREMENT,
  `reference_type` varchar(191) COLLATE utf8mb4_unicode_ci NOT NULL,
  `reference_id` bigint unsigned NOT NULL,
  `code` varchar(191) COLLATE utf8mb4_unicode_ci NOT NULL,
  `customer_name` varchar(191) COLLATE utf8mb4_unicode_ci DEFAULT NULL,
  `company_name` varchar(191) COLLATE utf8mb4_unicode_ci DEFAULT NULL,
  `company_logo` varchar(191) COLLATE utf8mb4_unicode_ci DEFAULT NULL,
  `customer_email` varchar(191) COLLATE utf8mb4_unicode_ci DEFAULT NULL,
  `customer_phone` varchar(191) COLLATE utf8mb4_unicode_ci DEFAULT NULL,
  `customer_address` varchar(191) COLLATE utf8mb4_unicode_ci DEFAULT NULL,
  `customer_tax_id` varchar(191) COLLATE utf8mb4_unicode_ci DEFAULT NULL,
  `sub_total` decimal(15,2) unsigned NOT NULL,
  `tax_amount` decimal(15,2) unsigned NOT NULL DEFAULT '0.00',
  `shipping_amount` decimal(15,2) unsigned NOT NULL DEFAULT '0.00',
  `discount_amount` decimal(15,2) unsigned NOT NULL DEFAULT '0.00',
  `shipping_option` varchar(60) COLLATE utf8mb4_unicode_ci DEFAULT NULL,
  `shipping_method` varchar(60) COLLATE utf8mb4_unicode_ci NOT NULL DEFAULT 'default',
  `coupon_code` varchar(120) COLLATE utf8mb4_unicode_ci DEFAULT NULL,
  `discount_description` varchar(191) COLLATE utf8mb4_unicode_ci DEFAULT NULL,
  `amount` decimal(15,2) unsigned NOT NULL,
  `description` text COLLATE utf8mb4_unicode_ci,
  `payment_id` bigint unsigned DEFAULT NULL,
  `status` varchar(191) COLLATE utf8mb4_unicode_ci NOT NULL DEFAULT 'pending',
  `paid_at` timestamp NULL DEFAULT NULL,
  `created_at` timestamp NULL DEFAULT NULL,
  `updated_at` timestamp NULL DEFAULT NULL,
  PRIMARY KEY (`id`),
  UNIQUE KEY `ec_invoices_code_unique` (`code`),
  KEY `ec_invoices_reference_type_reference_id_index` (`reference_type`,`reference_id`),
  KEY `ec_invoices_payment_id_index` (`payment_id`),
  KEY `ec_invoices_status_index` (`status`)
) ENGINE=InnoDB DEFAULT CHARSET=utf8mb4 COLLATE=utf8mb4_unicode_ci;

--
-- Dumping data for table `ec_invoices`
--


--
-- Table structure for table `ec_option_value`
--

CREATE TABLE `ec_option_value` (
  `option_id` bigint unsigned NOT NULL COMMENT 'option id',
  `id` bigint unsigned NOT NULL AUTO_INCREMENT,
  `option_value` tinytext COLLATE utf8mb4_unicode_ci COMMENT 'option value',
  `affect_price` double DEFAULT NULL COMMENT 'value of price of this option affect',
  `order` int NOT NULL DEFAULT '9999',
  `affect_type` tinyint NOT NULL DEFAULT '0' COMMENT '0. fixed 1. percent',
  `created_at` timestamp NULL DEFAULT NULL,
  `updated_at` timestamp NULL DEFAULT NULL,
  PRIMARY KEY (`id`)
) ENGINE=InnoDB DEFAULT CHARSET=utf8mb4 COLLATE=utf8mb4_unicode_ci;

--
-- Dumping data for table `ec_option_value`
--


--
-- Table structure for table `ec_option_value_translations`
--

CREATE TABLE `ec_option_value_translations` (
  `lang_code` varchar(191) COLLATE utf8mb4_unicode_ci NOT NULL,
  `ec_option_value_id` bigint unsigned NOT NULL,
  `option_value` varchar(191) COLLATE utf8mb4_unicode_ci DEFAULT NULL,
  PRIMARY KEY (`lang_code`,`ec_option_value_id`)
) ENGINE=InnoDB DEFAULT CHARSET=utf8mb4 COLLATE=utf8mb4_unicode_ci;

--
-- Dumping data for table `ec_option_value_translations`
--


--
-- Table structure for table `ec_options`
--

CREATE TABLE `ec_options` (
  `id` bigint unsigned NOT NULL AUTO_INCREMENT,
  `name` varchar(191) COLLATE utf8mb4_unicode_ci NOT NULL COMMENT 'Name of options',
  `option_type` varchar(191) COLLATE utf8mb4_unicode_ci DEFAULT NULL COMMENT 'option type',
  `product_id` bigint unsigned NOT NULL DEFAULT '0',
  `order` int NOT NULL DEFAULT '9999',
  `required` tinyint(1) NOT NULL DEFAULT '0' COMMENT 'Checked if this option is required',
  `created_at` timestamp NULL DEFAULT NULL,
  `updated_at` timestamp NULL DEFAULT NULL,
  PRIMARY KEY (`id`)
) ENGINE=InnoDB DEFAULT CHARSET=utf8mb4 COLLATE=utf8mb4_unicode_ci;

--
-- Dumping data for table `ec_options`
--


--
-- Table structure for table `ec_options_translations`
--

CREATE TABLE `ec_options_translations` (
  `lang_code` varchar(191) COLLATE utf8mb4_unicode_ci NOT NULL,
  `ec_options_id` bigint unsigned NOT NULL,
  `name` varchar(191) COLLATE utf8mb4_unicode_ci DEFAULT NULL,
  PRIMARY KEY (`lang_code`,`ec_options_id`)
) ENGINE=InnoDB DEFAULT CHARSET=utf8mb4 COLLATE=utf8mb4_unicode_ci;

--
-- Dumping data for table `ec_options_translations`
--


--
-- Table structure for table `ec_order_addresses`
--

CREATE TABLE `ec_order_addresses` (
  `id` bigint unsigned NOT NULL AUTO_INCREMENT,
  `name` varchar(191) COLLATE utf8mb4_unicode_ci NOT NULL,
  `phone` varchar(20) COLLATE utf8mb4_unicode_ci DEFAULT NULL,
  `email` varchar(191) COLLATE utf8mb4_unicode_ci DEFAULT NULL,
  `country` varchar(120) COLLATE utf8mb4_unicode_ci DEFAULT NULL,
  `state` varchar(120) COLLATE utf8mb4_unicode_ci DEFAULT NULL,
  `city` varchar(120) COLLATE utf8mb4_unicode_ci DEFAULT NULL,
  `address` varchar(191) COLLATE utf8mb4_unicode_ci DEFAULT NULL,
  `order_id` bigint unsigned NOT NULL,
  `zip_code` varchar(20) COLLATE utf8mb4_unicode_ci DEFAULT NULL,
  `type` varchar(60) COLLATE utf8mb4_unicode_ci NOT NULL DEFAULT 'shipping_address',
  PRIMARY KEY (`id`)
) ENGINE=InnoDB DEFAULT CHARSET=utf8mb4 COLLATE=utf8mb4_unicode_ci;

--
-- Dumping data for table `ec_order_addresses`
--


--
-- Table structure for table `ec_order_histories`
--

CREATE TABLE `ec_order_histories` (
  `id` bigint unsigned NOT NULL AUTO_INCREMENT,
  `action` varchar(120) COLLATE utf8mb4_unicode_ci NOT NULL,
  `description` varchar(400) COLLATE utf8mb4_unicode_ci DEFAULT NULL,
  `user_id` bigint unsigned DEFAULT NULL,
  `order_id` bigint unsigned NOT NULL,
  `extras` text COLLATE utf8mb4_unicode_ci,
  `created_at` timestamp NULL DEFAULT NULL,
  `updated_at` timestamp NULL DEFAULT NULL,
  PRIMARY KEY (`id`)
) ENGINE=InnoDB DEFAULT CHARSET=utf8mb4 COLLATE=utf8mb4_unicode_ci;

--
-- Dumping data for table `ec_order_histories`
--


--
-- Table structure for table `ec_order_product`
--

CREATE TABLE `ec_order_product` (
  `id` bigint unsigned NOT NULL AUTO_INCREMENT,
  `order_id` bigint unsigned NOT NULL,
  `qty` int NOT NULL,
  `price` decimal(15,2) NOT NULL,
  `tax_amount` decimal(15,2) NOT NULL,
  `options` text COLLATE utf8mb4_unicode_ci,
  `product_options` text COLLATE utf8mb4_unicode_ci COMMENT 'product option data',
  `product_id` bigint unsigned DEFAULT NULL,
  `product_name` varchar(191) COLLATE utf8mb4_unicode_ci NOT NULL,
  `product_image` varchar(191) COLLATE utf8mb4_unicode_ci DEFAULT NULL,
  `weight` double(8,2) DEFAULT '0.00',
  `restock_quantity` int unsigned DEFAULT '0',
  `created_at` timestamp NULL DEFAULT NULL,
  `updated_at` timestamp NULL DEFAULT NULL,
  `product_type` varchar(60) COLLATE utf8mb4_unicode_ci NOT NULL DEFAULT 'physical',
  `times_downloaded` int NOT NULL DEFAULT '0',
  `license_code` char(36) COLLATE utf8mb4_unicode_ci DEFAULT NULL,
  PRIMARY KEY (`id`)
) ENGINE=InnoDB DEFAULT CHARSET=utf8mb4 COLLATE=utf8mb4_unicode_ci;

--
-- Dumping data for table `ec_order_product`
--


--
-- Table structure for table `ec_order_referrals`
--

CREATE TABLE `ec_order_referrals` (
  `id` bigint unsigned NOT NULL AUTO_INCREMENT,
  `ip` varchar(39) COLLATE utf8mb4_unicode_ci DEFAULT NULL,
  `landing_domain` varchar(191) COLLATE utf8mb4_unicode_ci DEFAULT NULL,
  `landing_page` varchar(191) COLLATE utf8mb4_unicode_ci DEFAULT NULL,
  `landing_params` varchar(191) COLLATE utf8mb4_unicode_ci DEFAULT NULL,
  `referral` varchar(191) COLLATE utf8mb4_unicode_ci DEFAULT NULL,
  `gclid` varchar(191) COLLATE utf8mb4_unicode_ci DEFAULT NULL,
  `fclid` varchar(191) COLLATE utf8mb4_unicode_ci DEFAULT NULL,
  `utm_source` varchar(191) COLLATE utf8mb4_unicode_ci DEFAULT NULL,
  `utm_campaign` varchar(191) COLLATE utf8mb4_unicode_ci DEFAULT NULL,
  `utm_medium` varchar(191) COLLATE utf8mb4_unicode_ci DEFAULT NULL,
  `utm_term` varchar(191) COLLATE utf8mb4_unicode_ci DEFAULT NULL,
  `utm_content` varchar(191) COLLATE utf8mb4_unicode_ci DEFAULT NULL,
  `referrer_url` text COLLATE utf8mb4_unicode_ci,
  `referrer_domain` varchar(191) COLLATE utf8mb4_unicode_ci DEFAULT NULL,
  `order_id` bigint unsigned DEFAULT NULL,
  `created_at` timestamp NULL DEFAULT NULL,
  `updated_at` timestamp NULL DEFAULT NULL,
  PRIMARY KEY (`id`),
  KEY `ec_order_referrals_order_id_index` (`order_id`)
) ENGINE=InnoDB DEFAULT CHARSET=utf8mb4 COLLATE=utf8mb4_unicode_ci;

--
-- Dumping data for table `ec_order_referrals`
--


--
-- Table structure for table `ec_order_return_histories`
--

CREATE TABLE `ec_order_return_histories` (
  `id` bigint unsigned NOT NULL AUTO_INCREMENT,
  `user_id` bigint unsigned DEFAULT NULL,
  `order_return_id` bigint unsigned NOT NULL,
  `action` varchar(191) COLLATE utf8mb4_unicode_ci NOT NULL,
  `description` varchar(400) COLLATE utf8mb4_unicode_ci DEFAULT NULL,
  `reason` varchar(191) COLLATE utf8mb4_unicode_ci DEFAULT NULL,
  `created_at` timestamp NULL DEFAULT NULL,
  `updated_at` timestamp NULL DEFAULT NULL,
  PRIMARY KEY (`id`)
) ENGINE=InnoDB DEFAULT CHARSET=utf8mb4 COLLATE=utf8mb4_unicode_ci;

--
-- Dumping data for table `ec_order_return_histories`
--


--
-- Table structure for table `ec_order_return_items`
--

CREATE TABLE `ec_order_return_items` (
  `id` bigint unsigned NOT NULL AUTO_INCREMENT,
  `order_return_id` bigint unsigned NOT NULL COMMENT 'Order return id',
  `order_product_id` bigint unsigned NOT NULL COMMENT 'Order product id',
  `product_id` bigint unsigned NOT NULL COMMENT 'Product id',
  `product_name` varchar(191) COLLATE utf8mb4_unicode_ci NOT NULL,
  `product_image` varchar(191) COLLATE utf8mb4_unicode_ci DEFAULT NULL,
  `qty` int NOT NULL COMMENT 'Quantity return',
  `price` decimal(15,2) NOT NULL COMMENT 'Price Product',
  `reason` text COLLATE utf8mb4_unicode_ci,
  `created_at` timestamp NULL DEFAULT NULL,
  `updated_at` timestamp NULL DEFAULT NULL,
  `refund_amount` decimal(12,2) DEFAULT '0.00',
  PRIMARY KEY (`id`)
) ENGINE=InnoDB DEFAULT CHARSET=utf8mb4 COLLATE=utf8mb4_unicode_ci;

--
-- Dumping data for table `ec_order_return_items`
--


--
-- Table structure for table `ec_order_returns`
--

CREATE TABLE `ec_order_returns` (
  `id` bigint unsigned NOT NULL AUTO_INCREMENT,
  `code` varchar(191) COLLATE utf8mb4_unicode_ci DEFAULT NULL,
  `order_id` bigint unsigned NOT NULL COMMENT 'Order ID',
  `store_id` bigint unsigned DEFAULT NULL COMMENT 'Store ID',
  `user_id` bigint unsigned NOT NULL COMMENT 'Customer ID',
  `reason` text COLLATE utf8mb4_unicode_ci COMMENT 'Reason return order',
  `order_status` varchar(191) COLLATE utf8mb4_unicode_ci DEFAULT NULL COMMENT 'Order current status',
  `return_status` varchar(191) COLLATE utf8mb4_unicode_ci NOT NULL COMMENT 'Return status',
  `created_at` timestamp NULL DEFAULT NULL,
  `updated_at` timestamp NULL DEFAULT NULL,
  PRIMARY KEY (`id`),
  UNIQUE KEY `ec_order_returns_code_unique` (`code`)
) ENGINE=InnoDB DEFAULT CHARSET=utf8mb4 COLLATE=utf8mb4_unicode_ci;

--
-- Dumping data for table `ec_order_returns`
--


--
-- Table structure for table `ec_order_tax_information`
--

CREATE TABLE `ec_order_tax_information` (
  `id` bigint unsigned NOT NULL AUTO_INCREMENT,
  `order_id` bigint unsigned NOT NULL,
  `company_name` varchar(120) COLLATE utf8mb4_unicode_ci NOT NULL,
  `company_address` varchar(191) COLLATE utf8mb4_unicode_ci NOT NULL,
  `company_tax_code` varchar(20) COLLATE utf8mb4_unicode_ci NOT NULL,
  `company_email` varchar(60) COLLATE utf8mb4_unicode_ci NOT NULL,
  `created_at` timestamp NULL DEFAULT NULL,
  `updated_at` timestamp NULL DEFAULT NULL,
  PRIMARY KEY (`id`),
  KEY `ec_order_tax_information_order_id_index` (`order_id`)
) ENGINE=InnoDB DEFAULT CHARSET=utf8mb4 COLLATE=utf8mb4_unicode_ci;

--
-- Dumping data for table `ec_order_tax_information`
--


--
-- Table structure for table `ec_orders`
--

CREATE TABLE `ec_orders` (
  `id` bigint unsigned NOT NULL AUTO_INCREMENT,
  `code` varchar(191) COLLATE utf8mb4_unicode_ci DEFAULT NULL,
  `user_id` bigint unsigned NOT NULL,
  `shipping_option` varchar(60) COLLATE utf8mb4_unicode_ci DEFAULT NULL,
  `shipping_method` varchar(60) COLLATE utf8mb4_unicode_ci NOT NULL DEFAULT 'default',
  `status` varchar(120) COLLATE utf8mb4_unicode_ci NOT NULL DEFAULT 'pending',
  `amount` decimal(15,2) NOT NULL,
  `tax_amount` decimal(15,2) DEFAULT NULL,
  `shipping_amount` decimal(15,2) DEFAULT NULL,
  `description` text COLLATE utf8mb4_unicode_ci,
  `coupon_code` varchar(120) COLLATE utf8mb4_unicode_ci DEFAULT NULL,
  `discount_amount` decimal(15,2) DEFAULT NULL,
  `sub_total` decimal(15,2) NOT NULL,
  `is_confirmed` tinyint(1) NOT NULL DEFAULT '0',
  `discount_description` varchar(191) COLLATE utf8mb4_unicode_ci DEFAULT NULL,
  `is_finished` tinyint(1) DEFAULT '0',
  `cancellation_reason` varchar(191) COLLATE utf8mb4_unicode_ci DEFAULT NULL,
  `cancellation_reason_description` varchar(191) COLLATE utf8mb4_unicode_ci DEFAULT NULL,
  `completed_at` timestamp NULL DEFAULT NULL,
  `token` varchar(120) COLLATE utf8mb4_unicode_ci DEFAULT NULL,
  `payment_id` bigint unsigned DEFAULT NULL,
  `created_at` timestamp NULL DEFAULT NULL,
  `updated_at` timestamp NULL DEFAULT NULL,
  `store_id` bigint unsigned DEFAULT NULL,
  `proof_file` varchar(191) COLLATE utf8mb4_unicode_ci DEFAULT NULL,
  PRIMARY KEY (`id`),
  UNIQUE KEY `ec_orders_code_unique` (`code`),
  KEY `ec_orders_user_id_status_created_at_index` (`user_id`,`status`,`created_at`)
) ENGINE=InnoDB DEFAULT CHARSET=utf8mb4 COLLATE=utf8mb4_unicode_ci;

--
-- Dumping data for table `ec_orders`
--


--
-- Table structure for table `ec_product_attribute_sets`
--

CREATE TABLE `ec_product_attribute_sets` (
  `id` bigint unsigned NOT NULL AUTO_INCREMENT,
  `title` varchar(120) COLLATE utf8mb4_unicode_ci NOT NULL,
  `slug` varchar(120) COLLATE utf8mb4_unicode_ci DEFAULT NULL,
  `display_layout` varchar(191) COLLATE utf8mb4_unicode_ci NOT NULL DEFAULT 'swatch_dropdown',
  `is_searchable` tinyint unsigned NOT NULL DEFAULT '1',
  `is_comparable` tinyint unsigned NOT NULL DEFAULT '1',
  `is_use_in_product_listing` tinyint unsigned NOT NULL DEFAULT '0',
  `status` varchar(60) COLLATE utf8mb4_unicode_ci NOT NULL DEFAULT 'published',
  `order` tinyint unsigned NOT NULL DEFAULT '0',
  `created_at` timestamp NULL DEFAULT NULL,
  `updated_at` timestamp NULL DEFAULT NULL,
  `use_image_from_product_variation` tinyint unsigned NOT NULL DEFAULT '0',
  PRIMARY KEY (`id`)
) ENGINE=InnoDB AUTO_INCREMENT=5 DEFAULT CHARSET=utf8mb4 COLLATE=utf8mb4_unicode_ci;

--
-- Dumping data for table `ec_product_attribute_sets`
--

INSERT INTO `ec_product_attribute_sets` VALUES (1,'Color','color','visual',1,1,1,'published',0,'2024-05-10 02:11:33','2024-05-10 02:11:33',0),(2,'Size','size','text',1,1,1,'published',1,'2024-05-10 02:11:33','2024-05-10 02:11:33',0),(3,'Weight','weight','text',1,1,1,'published',0,'2024-05-10 02:11:33','2024-05-10 02:11:33',0),(4,'Boxes','boxes','text',1,1,1,'published',1,'2024-05-10 02:11:33','2024-05-10 02:11:33',0);

--
-- Table structure for table `ec_product_attribute_sets_translations`
--

CREATE TABLE `ec_product_attribute_sets_translations` (
  `lang_code` varchar(191) COLLATE utf8mb4_unicode_ci NOT NULL,
  `ec_product_attribute_sets_id` bigint unsigned NOT NULL,
  `title` varchar(191) COLLATE utf8mb4_unicode_ci DEFAULT NULL,
  PRIMARY KEY (`lang_code`,`ec_product_attribute_sets_id`)
) ENGINE=InnoDB DEFAULT CHARSET=utf8mb4 COLLATE=utf8mb4_unicode_ci;

--
-- Dumping data for table `ec_product_attribute_sets_translations`
--


--
-- Table structure for table `ec_product_attributes`
--

CREATE TABLE `ec_product_attributes` (
  `id` bigint unsigned NOT NULL AUTO_INCREMENT,
  `attribute_set_id` bigint unsigned NOT NULL,
  `title` varchar(120) COLLATE utf8mb4_unicode_ci NOT NULL,
  `slug` varchar(120) COLLATE utf8mb4_unicode_ci DEFAULT NULL,
  `color` varchar(50) COLLATE utf8mb4_unicode_ci DEFAULT NULL,
  `image` varchar(191) COLLATE utf8mb4_unicode_ci DEFAULT NULL,
  `is_default` tinyint unsigned NOT NULL DEFAULT '0',
  `order` tinyint unsigned NOT NULL DEFAULT '0',
  `created_at` timestamp NULL DEFAULT NULL,
  `updated_at` timestamp NULL DEFAULT NULL,
  PRIMARY KEY (`id`),
  KEY `attribute_set_status_index` (`attribute_set_id`)
) ENGINE=InnoDB AUTO_INCREMENT=21 DEFAULT CHARSET=utf8mb4 COLLATE=utf8mb4_unicode_ci;

--
-- Dumping data for table `ec_product_attributes`
--

INSERT INTO `ec_product_attributes` VALUES (1,1,'Green','green','#5FB7D4',NULL,1,1,'2024-05-10 02:11:33','2024-05-10 02:11:33'),(2,1,'Blue','blue','#333333',NULL,0,2,'2024-05-10 02:11:33','2024-05-10 02:11:33'),(3,1,'Red','red','#DA323F',NULL,0,3,'2024-05-10 02:11:33','2024-05-10 02:11:33'),(4,1,'Black','black','#2F366C',NULL,0,4,'2024-05-10 02:11:33','2024-05-10 02:11:33'),(5,1,'Brown','brown','#87554B',NULL,0,5,'2024-05-10 02:11:33','2024-05-10 02:11:33'),(6,2,'S','s',NULL,NULL,1,1,'2024-05-10 02:11:33','2024-05-10 02:11:33'),(7,2,'M','m',NULL,NULL,0,2,'2024-05-10 02:11:33','2024-05-10 02:11:33'),(8,2,'L','l',NULL,NULL,0,3,'2024-05-10 02:11:33','2024-05-10 02:11:33'),(9,2,'XL','xl',NULL,NULL,0,4,'2024-05-10 02:11:33','2024-05-10 02:11:33'),(10,2,'XXL','xxl',NULL,NULL,0,5,'2024-05-10 02:11:33','2024-05-10 02:11:33'),(11,3,'1KG','1kg',NULL,NULL,1,1,'2024-05-10 02:11:33','2024-05-10 02:11:33'),(12,3,'2KG','2kg',NULL,NULL,0,2,'2024-05-10 02:11:33','2024-05-10 02:11:33'),(13,3,'3KG','3kg',NULL,NULL,0,3,'2024-05-10 02:11:33','2024-05-10 02:11:33'),(14,3,'4KG','4kg',NULL,NULL,0,4,'2024-05-10 02:11:33','2024-05-10 02:11:33'),(15,3,'5KG','5kg',NULL,NULL,0,5,'2024-05-10 02:11:33','2024-05-10 02:11:33'),(16,4,'1 Box','1-box',NULL,NULL,1,1,'2024-05-10 02:11:33','2024-05-10 02:11:33'),(17,4,'2 Boxes','2-boxes',NULL,NULL,0,2,'2024-05-10 02:11:33','2024-05-10 02:11:33'),(18,4,'3 Boxes','3-boxes',NULL,NULL,0,3,'2024-05-10 02:11:33','2024-05-10 02:11:33'),(19,4,'4 Boxes','4-boxes',NULL,NULL,0,4,'2024-05-10 02:11:33','2024-05-10 02:11:33'),(20,4,'5 Boxes','5-boxes',NULL,NULL,0,5,'2024-05-10 02:11:33','2024-05-10 02:11:33');

--
-- Table structure for table `ec_product_attributes_translations`
--

CREATE TABLE `ec_product_attributes_translations` (
  `lang_code` varchar(191) COLLATE utf8mb4_unicode_ci NOT NULL,
  `ec_product_attributes_id` bigint unsigned NOT NULL,
  `title` varchar(191) COLLATE utf8mb4_unicode_ci DEFAULT NULL,
  PRIMARY KEY (`lang_code`,`ec_product_attributes_id`)
) ENGINE=InnoDB DEFAULT CHARSET=utf8mb4 COLLATE=utf8mb4_unicode_ci;

--
-- Dumping data for table `ec_product_attributes_translations`
--


--
-- Table structure for table `ec_product_categories`
--

CREATE TABLE `ec_product_categories` (
  `id` bigint unsigned NOT NULL AUTO_INCREMENT,
  `name` varchar(191) COLLATE utf8mb4_unicode_ci NOT NULL,
  `parent_id` bigint unsigned NOT NULL DEFAULT '0',
  `description` mediumtext COLLATE utf8mb4_unicode_ci,
  `status` varchar(60) COLLATE utf8mb4_unicode_ci NOT NULL DEFAULT 'published',
  `order` int unsigned NOT NULL DEFAULT '0',
  `image` varchar(191) COLLATE utf8mb4_unicode_ci DEFAULT NULL,
  `is_featured` tinyint unsigned NOT NULL DEFAULT '0',
  `created_at` timestamp NULL DEFAULT NULL,
  `updated_at` timestamp NULL DEFAULT NULL,
  `icon` varchar(191) COLLATE utf8mb4_unicode_ci DEFAULT NULL,
  `icon_image` varchar(191) COLLATE utf8mb4_unicode_ci DEFAULT NULL,
  PRIMARY KEY (`id`),
  KEY `ec_product_categories_parent_id_status_created_at_index` (`parent_id`,`status`,`created_at`),
  KEY `ec_product_categories_parent_id_status_index` (`parent_id`,`status`)
) ENGINE=InnoDB AUTO_INCREMENT=21 DEFAULT CHARSET=utf8mb4 COLLATE=utf8mb4_unicode_ci;

--
-- Dumping data for table `ec_product_categories`
--

INSERT INTO `ec_product_categories` VALUES (1,'Frozen Food',0,NULL,'published',0,'grocery/product-categories/1.jpg',1,'2024-05-10 02:11:42','2024-05-10 02:11:42',NULL,NULL),(2,'Baby Food',1,NULL,'published',0,NULL,0,'2024-05-10 02:11:42','2024-05-10 02:11:42',NULL,NULL),(3,'Strawberry',1,NULL,'published',1,NULL,0,'2024-05-10 02:11:42','2024-05-10 02:11:42',NULL,NULL),(4,'Ice Cream',1,NULL,'published',2,NULL,0,'2024-05-10 02:11:42','2024-05-10 02:11:42',NULL,NULL),(5,'Meat & Seafood',0,NULL,'published',1,'grocery/product-categories/2.jpg',1,'2024-05-10 02:11:42','2024-05-10 02:11:42',NULL,NULL),(6,'Chicken',5,NULL,'published',0,NULL,0,'2024-05-10 02:11:42','2024-05-10 02:11:42',NULL,NULL),(7,'Fish',5,NULL,'published',1,NULL,0,'2024-05-10 02:11:42','2024-05-10 02:11:42',NULL,NULL),(8,'Beef',5,NULL,'published',2,NULL,0,'2024-05-10 02:11:42','2024-05-10 02:11:42',NULL,NULL),(9,'Milk & Dairy',0,NULL,'published',2,'grocery/product-categories/3.jpg',1,'2024-05-10 02:11:42','2024-05-10 02:11:42',NULL,NULL),(10,'Milk',9,NULL,'published',0,NULL,0,'2024-05-10 02:11:42','2024-05-10 02:11:42',NULL,NULL),(11,'Cheese',9,NULL,'published',1,NULL,0,'2024-05-10 02:11:42','2024-05-10 02:11:42',NULL,NULL),(12,'Yogurt',9,NULL,'published',2,NULL,0,'2024-05-10 02:11:42','2024-05-10 02:11:42',NULL,NULL),(13,'Beverages',0,NULL,'published',3,'grocery/product-categories/4.jpg',1,'2024-05-10 02:11:42','2024-05-10 02:11:42',NULL,NULL),(14,'Vegetables',0,NULL,'published',4,'grocery/product-categories/5.jpg',1,'2024-05-10 02:11:42','2024-05-10 02:11:42',NULL,NULL),(15,'Carrot',14,NULL,'published',0,NULL,0,'2024-05-10 02:11:42','2024-05-10 02:11:42',NULL,NULL),(16,'Tomato',14,NULL,'published',1,NULL,0,'2024-05-10 02:11:42','2024-05-10 02:11:42',NULL,NULL),(17,'Potato',14,NULL,'published',2,NULL,0,'2024-05-10 02:11:42','2024-05-10 02:11:42',NULL,NULL),(18,'Fruits',0,NULL,'published',5,'grocery/product-categories/6.jpg',1,'2024-05-10 02:11:42','2024-05-10 02:11:42',NULL,NULL),(19,'Banana',18,NULL,'published',0,NULL,0,'2024-05-10 02:11:42','2024-05-10 02:11:42',NULL,NULL),(20,'Mango',18,NULL,'published',1,NULL,0,'2024-05-10 02:11:42','2024-05-10 02:11:42',NULL,NULL);

--
-- Table structure for table `ec_product_categories_translations`
--

CREATE TABLE `ec_product_categories_translations` (
  `lang_code` varchar(191) COLLATE utf8mb4_unicode_ci NOT NULL,
  `ec_product_categories_id` bigint unsigned NOT NULL,
  `name` varchar(191) COLLATE utf8mb4_unicode_ci DEFAULT NULL,
  `description` mediumtext COLLATE utf8mb4_unicode_ci,
  PRIMARY KEY (`lang_code`,`ec_product_categories_id`)
) ENGINE=InnoDB DEFAULT CHARSET=utf8mb4 COLLATE=utf8mb4_unicode_ci;

--
-- Dumping data for table `ec_product_categories_translations`
--


--
-- Table structure for table `ec_product_categorizables`
--

CREATE TABLE `ec_product_categorizables` (
  `category_id` bigint unsigned NOT NULL,
  `reference_id` bigint unsigned NOT NULL,
  `reference_type` varchar(120) COLLATE utf8mb4_unicode_ci NOT NULL,
  PRIMARY KEY (`category_id`,`reference_id`,`reference_type`),
  KEY `ec_product_categorizables_category_id_index` (`category_id`),
  KEY `ec_product_categorizables_reference_id_index` (`reference_id`),
  KEY `ec_product_categorizables_reference_type_index` (`reference_type`)
) ENGINE=InnoDB DEFAULT CHARSET=utf8mb4 COLLATE=utf8mb4_unicode_ci;

--
-- Dumping data for table `ec_product_categorizables`
--


--
-- Table structure for table `ec_product_category_product`
--

CREATE TABLE `ec_product_category_product` (
  `category_id` bigint unsigned NOT NULL,
  `product_id` bigint unsigned NOT NULL,
  PRIMARY KEY (`product_id`,`category_id`),
  KEY `ec_product_category_product_category_id_index` (`category_id`),
  KEY `ec_product_category_product_product_id_index` (`product_id`)
) ENGINE=InnoDB DEFAULT CHARSET=utf8mb4 COLLATE=utf8mb4_unicode_ci;

--
-- Dumping data for table `ec_product_category_product`
--

INSERT INTO `ec_product_category_product` VALUES (1,18),(1,25),(1,29),(2,1),(2,4),(2,5),(2,6),(2,9),(2,13),(2,16),(2,19),(2,29),(2,30),(3,1),(3,3),(3,7),(3,8),(3,14),(3,18),(3,23),(3,28),(4,3),(4,5),(4,7),(4,11),(4,20),(4,24),(4,29),(5,3),(5,6),(5,8),(5,11),(5,12),(5,14),(5,25),(5,27),(5,28),(5,30),(6,4),(6,7),(6,8),(6,13),(6,21),(6,24),(6,26),(6,29),(7,4),(7,8),(7,14),(7,18),(8,2),(8,9),(8,19),(8,21),(8,23),(8,26),(9,2),(9,5),(9,6),(9,17),(9,20),(9,30),(10,4),(10,15),(10,16),(10,18),(10,19),(10,21),(10,24),(11,10),(11,13),(11,15),(11,16),(11,27),(12,9),(12,22),(12,27),(12,28),(13,10),(13,17),(13,23),(14,1),(14,2),(14,6),(14,11),(14,25),(14,27),(15,7),(15,16),(15,17),(15,19),(15,22),(15,30),(16,2),(16,9),(16,10),(16,20),(16,25),(17,1),(17,5),(17,12),(17,14),(17,21),(17,28),(18,12),(18,15),(18,22),(18,26),(19,10),(19,11),(19,12),(19,13),(19,17),(19,24),(20,3),(20,15),(20,20),(20,22),(20,23),(20,26);

--
-- Table structure for table `ec_product_collection_products`
--

CREATE TABLE `ec_product_collection_products` (
  `product_collection_id` bigint unsigned NOT NULL,
  `product_id` bigint unsigned NOT NULL,
  PRIMARY KEY (`product_id`,`product_collection_id`),
  KEY `ec_product_collection_products_product_collection_id_index` (`product_collection_id`),
  KEY `ec_product_collection_products_product_id_index` (`product_id`)
) ENGINE=InnoDB DEFAULT CHARSET=utf8mb4 COLLATE=utf8mb4_unicode_ci;

--
-- Dumping data for table `ec_product_collection_products`
--

INSERT INTO `ec_product_collection_products` VALUES (1,3),(1,5),(1,14),(1,16),(1,17),(1,20),(1,29),(1,30),(2,2),(2,9),(2,10),(2,21),(2,23),(2,24),(2,26),(2,28),(3,1),(3,6),(3,7),(3,8),(3,13),(3,19),(3,22),(3,27),(4,4),(4,11),(4,12),(4,15),(4,18),(4,25);

--
-- Table structure for table `ec_product_collections`
--

CREATE TABLE `ec_product_collections` (
  `id` bigint unsigned NOT NULL AUTO_INCREMENT,
  `name` varchar(191) COLLATE utf8mb4_unicode_ci NOT NULL,
  `slug` varchar(191) COLLATE utf8mb4_unicode_ci NOT NULL,
  `description` varchar(400) COLLATE utf8mb4_unicode_ci DEFAULT NULL,
  `image` varchar(191) COLLATE utf8mb4_unicode_ci DEFAULT NULL,
  `status` varchar(60) COLLATE utf8mb4_unicode_ci NOT NULL DEFAULT 'published',
  `created_at` timestamp NULL DEFAULT NULL,
  `updated_at` timestamp NULL DEFAULT NULL,
  `is_featured` tinyint unsigned NOT NULL DEFAULT '0',
  PRIMARY KEY (`id`)
) ENGINE=InnoDB AUTO_INCREMENT=5 DEFAULT CHARSET=utf8mb4 COLLATE=utf8mb4_unicode_ci;

--
-- Dumping data for table `ec_product_collections`
--

INSERT INTO `ec_product_collections` VALUES (1,'Weekly Gadget Spotlight','weekly-gadget-spotlight',NULL,NULL,'published','2024-05-10 02:11:42','2024-05-10 02:11:42',0),(2,'Electronics Trendsetters','electronics-trendsetters',NULL,NULL,'published','2024-05-10 02:11:42','2024-05-10 02:11:42',0),(3,'Digital Workspace Gear','digital-workspace-gear',NULL,NULL,'published','2024-05-10 02:11:42','2024-05-10 02:11:42',0),(4,'Cutting-Edge Tech Showcase','cutting-edge-tech-showcase',NULL,NULL,'published','2024-05-10 02:11:42','2024-05-10 02:11:42',0);

--
-- Table structure for table `ec_product_collections_translations`
--

CREATE TABLE `ec_product_collections_translations` (
  `lang_code` varchar(191) COLLATE utf8mb4_unicode_ci NOT NULL,
  `ec_product_collections_id` bigint unsigned NOT NULL,
  `name` varchar(191) COLLATE utf8mb4_unicode_ci DEFAULT NULL,
  `description` varchar(400) COLLATE utf8mb4_unicode_ci DEFAULT NULL,
  PRIMARY KEY (`lang_code`,`ec_product_collections_id`)
) ENGINE=InnoDB DEFAULT CHARSET=utf8mb4 COLLATE=utf8mb4_unicode_ci;

--
-- Dumping data for table `ec_product_collections_translations`
--


--
-- Table structure for table `ec_product_cross_sale_relations`
--

CREATE TABLE `ec_product_cross_sale_relations` (
  `from_product_id` bigint unsigned NOT NULL,
  `to_product_id` bigint unsigned NOT NULL,
  `is_variant` tinyint(1) NOT NULL DEFAULT '0',
  `price` decimal(15,2) DEFAULT '0.00',
  `price_type` varchar(191) COLLATE utf8mb4_unicode_ci NOT NULL DEFAULT 'fixed',
  `apply_to_all_variations` tinyint(1) NOT NULL DEFAULT '1',
  PRIMARY KEY (`from_product_id`,`to_product_id`),
  KEY `ec_product_cross_sale_relations_from_product_id_index` (`from_product_id`),
  KEY `ec_product_cross_sale_relations_to_product_id_index` (`to_product_id`)
) ENGINE=InnoDB DEFAULT CHARSET=utf8mb4 COLLATE=utf8mb4_unicode_ci;

--
-- Dumping data for table `ec_product_cross_sale_relations`
--

INSERT INTO `ec_product_cross_sale_relations` VALUES (1,2,0,0.00,'fixed',1),(1,3,0,0.00,'fixed',1),(1,5,0,0.00,'fixed',1),(1,19,0,0.00,'fixed',1),(1,20,0,0.00,'fixed',1),(1,30,0,0.00,'fixed',1),(2,4,0,0.00,'fixed',1),(2,6,0,0.00,'fixed',1),(2,8,0,0.00,'fixed',1),(2,12,0,0.00,'fixed',1),(2,22,0,0.00,'fixed',1),(2,23,0,0.00,'fixed',1),(2,29,0,0.00,'fixed',1),(3,1,0,0.00,'fixed',1),(3,4,0,0.00,'fixed',1),(3,7,0,0.00,'fixed',1),(3,10,0,0.00,'fixed',1),(3,16,0,0.00,'fixed',1),(3,23,0,0.00,'fixed',1),(4,12,0,0.00,'fixed',1),(4,15,0,0.00,'fixed',1),(4,20,0,0.00,'fixed',1),(4,25,0,0.00,'fixed',1),(4,26,0,0.00,'fixed',1),(4,30,0,0.00,'fixed',1),(5,17,0,0.00,'fixed',1),(5,18,0,0.00,'fixed',1),(5,20,0,0.00,'fixed',1),(5,23,0,0.00,'fixed',1),(5,26,0,0.00,'fixed',1),(5,28,0,0.00,'fixed',1),(5,30,0,0.00,'fixed',1),(6,2,0,0.00,'fixed',1),(6,16,0,0.00,'fixed',1),(6,17,0,0.00,'fixed',1),(6,21,0,0.00,'fixed',1),(6,24,0,0.00,'fixed',1),(6,29,0,0.00,'fixed',1),(7,3,0,0.00,'fixed',1),(7,4,0,0.00,'fixed',1),(7,13,0,0.00,'fixed',1),(7,15,0,0.00,'fixed',1),(7,18,0,0.00,'fixed',1),(7,24,0,0.00,'fixed',1),(7,30,0,0.00,'fixed',1),(8,4,0,0.00,'fixed',1),(8,6,0,0.00,'fixed',1),(8,9,0,0.00,'fixed',1),(8,12,0,0.00,'fixed',1),(8,13,0,0.00,'fixed',1),(8,20,0,0.00,'fixed',1),(8,30,0,0.00,'fixed',1),(9,5,0,0.00,'fixed',1),(9,10,0,0.00,'fixed',1),(9,16,0,0.00,'fixed',1),(9,24,0,0.00,'fixed',1),(9,25,0,0.00,'fixed',1),(9,29,0,0.00,'fixed',1),(10,4,0,0.00,'fixed',1),(10,9,0,0.00,'fixed',1),(10,11,0,0.00,'fixed',1),(10,16,0,0.00,'fixed',1),(10,18,0,0.00,'fixed',1),(10,19,0,0.00,'fixed',1),(10,21,0,0.00,'fixed',1),(11,3,0,0.00,'fixed',1),(11,7,0,0.00,'fixed',1),(11,9,0,0.00,'fixed',1),(11,13,0,0.00,'fixed',1),(11,21,0,0.00,'fixed',1),(11,30,0,0.00,'fixed',1),(12,2,0,0.00,'fixed',1),(12,6,0,0.00,'fixed',1),(12,8,0,0.00,'fixed',1),(12,10,0,0.00,'fixed',1),(12,15,0,0.00,'fixed',1),(12,16,0,0.00,'fixed',1),(12,18,0,0.00,'fixed',1),(13,2,0,0.00,'fixed',1),(13,3,0,0.00,'fixed',1),(13,8,0,0.00,'fixed',1),(13,10,0,0.00,'fixed',1),(13,11,0,0.00,'fixed',1),(13,17,0,0.00,'fixed',1),(13,29,0,0.00,'fixed',1),(14,1,0,0.00,'fixed',1),(14,9,0,0.00,'fixed',1),(14,11,0,0.00,'fixed',1),(14,20,0,0.00,'fixed',1),(14,22,0,0.00,'fixed',1),(14,25,0,0.00,'fixed',1),(15,7,0,0.00,'fixed',1),(15,14,0,0.00,'fixed',1),(15,16,0,0.00,'fixed',1),(15,21,0,0.00,'fixed',1),(15,27,0,0.00,'fixed',1),(16,4,0,0.00,'fixed',1),(16,8,0,0.00,'fixed',1),(16,11,0,0.00,'fixed',1),(16,18,0,0.00,'fixed',1),(16,21,0,0.00,'fixed',1),(16,22,0,0.00,'fixed',1),(16,26,0,0.00,'fixed',1),(17,11,0,0.00,'fixed',1),(17,14,0,0.00,'fixed',1),(17,15,0,0.00,'fixed',1),(17,23,0,0.00,'fixed',1),(17,29,0,0.00,'fixed',1),(17,30,0,0.00,'fixed',1),(18,5,0,0.00,'fixed',1),(18,7,0,0.00,'fixed',1),(18,9,0,0.00,'fixed',1),(18,11,0,0.00,'fixed',1),(18,13,0,0.00,'fixed',1),(18,29,0,0.00,'fixed',1),(19,8,0,0.00,'fixed',1),(19,12,0,0.00,'fixed',1),(19,15,0,0.00,'fixed',1),(19,16,0,0.00,'fixed',1),(19,21,0,0.00,'fixed',1),(19,24,0,0.00,'fixed',1),(19,27,0,0.00,'fixed',1),(20,7,0,0.00,'fixed',1),(20,8,0,0.00,'fixed',1),(20,9,0,0.00,'fixed',1),(20,11,0,0.00,'fixed',1),(20,19,0,0.00,'fixed',1),(20,30,0,0.00,'fixed',1),(21,3,0,0.00,'fixed',1),(21,4,0,0.00,'fixed',1),(21,5,0,0.00,'fixed',1),(21,10,0,0.00,'fixed',1),(21,11,0,0.00,'fixed',1),(21,23,0,0.00,'fixed',1),(22,7,0,0.00,'fixed',1),(22,9,0,0.00,'fixed',1),(22,12,0,0.00,'fixed',1),(22,15,0,0.00,'fixed',1),(22,16,0,0.00,'fixed',1),(22,19,0,0.00,'fixed',1),(22,25,0,0.00,'fixed',1),(23,4,0,0.00,'fixed',1),(23,5,0,0.00,'fixed',1),(23,8,0,0.00,'fixed',1),(23,15,0,0.00,'fixed',1),(23,16,0,0.00,'fixed',1),(23,26,0,0.00,'fixed',1),(24,2,0,0.00,'fixed',1),(24,5,0,0.00,'fixed',1),(24,8,0,0.00,'fixed',1),(24,9,0,0.00,'fixed',1),(24,15,0,0.00,'fixed',1),(24,25,0,0.00,'fixed',1),(24,28,0,0.00,'fixed',1),(25,2,0,0.00,'fixed',1),(25,9,0,0.00,'fixed',1),(25,11,0,0.00,'fixed',1),(25,13,0,0.00,'fixed',1),(25,19,0,0.00,'fixed',1),(25,28,0,0.00,'fixed',1),(26,6,0,0.00,'fixed',1),(26,8,0,0.00,'fixed',1),(26,11,0,0.00,'fixed',1),(26,19,0,0.00,'fixed',1),(26,22,0,0.00,'fixed',1),(26,27,0,0.00,'fixed',1),(26,29,0,0.00,'fixed',1),(27,1,0,0.00,'fixed',1),(27,4,0,0.00,'fixed',1),(27,7,0,0.00,'fixed',1),(27,10,0,0.00,'fixed',1),(27,13,0,0.00,'fixed',1),(27,18,0,0.00,'fixed',1),(27,19,0,0.00,'fixed',1),(28,3,0,0.00,'fixed',1),(28,5,0,0.00,'fixed',1),(28,19,0,0.00,'fixed',1),(28,20,0,0.00,'fixed',1),(28,24,0,0.00,'fixed',1),(29,4,0,0.00,'fixed',1),(29,5,0,0.00,'fixed',1),(29,18,0,0.00,'fixed',1),(29,24,0,0.00,'fixed',1),(29,25,0,0.00,'fixed',1),(29,27,0,0.00,'fixed',1),(30,3,0,0.00,'fixed',1),(30,12,0,0.00,'fixed',1),(30,16,0,0.00,'fixed',1),(30,17,0,0.00,'fixed',1),(30,18,0,0.00,'fixed',1),(30,19,0,0.00,'fixed',1);

--
-- Table structure for table `ec_product_files`
--

CREATE TABLE `ec_product_files` (
  `id` bigint unsigned NOT NULL AUTO_INCREMENT,
  `product_id` bigint unsigned DEFAULT NULL,
  `url` varchar(400) COLLATE utf8mb4_unicode_ci DEFAULT NULL,
  `extras` mediumtext COLLATE utf8mb4_unicode_ci,
  `created_at` timestamp NULL DEFAULT NULL,
  `updated_at` timestamp NULL DEFAULT NULL,
  PRIMARY KEY (`id`),
  KEY `ec_product_files_product_id_index` (`product_id`)
) ENGINE=InnoDB AUTO_INCREMENT=24 DEFAULT CHARSET=utf8mb4 COLLATE=utf8mb4_unicode_ci;

--
-- Dumping data for table `ec_product_files`
--

INSERT INTO `ec_product_files` VALUES (1,4,'ecommerce/digital-product-files/product-5.jpg','{\"filename\":\"product-5.jpg\",\"url\":\"ecommerce\\/digital-product-files\\/product-5.jpg\",\"mime_type\":\"image\\/jpeg\",\"size\":9803,\"modified\":\"2024-05-10 09:11:43\",\"name\":\"product-5\",\"extension\":\"jpg\"}','2024-05-10 02:11:43','2024-05-10 02:11:43'),(2,4,'ecommerce/digital-product-files/product-3.jpg','{\"filename\":\"product-3.jpg\",\"url\":\"ecommerce\\/digital-product-files\\/product-3.jpg\",\"mime_type\":\"image\\/jpeg\",\"size\":9803,\"modified\":\"2024-05-10 09:11:43\",\"name\":\"product-3\",\"extension\":\"jpg\"}','2024-05-10 02:11:43','2024-05-10 02:11:43'),(3,8,'ecommerce/digital-product-files/product-6.jpg','{\"filename\":\"product-6.jpg\",\"url\":\"ecommerce\\/digital-product-files\\/product-6.jpg\",\"mime_type\":\"image\\/jpeg\",\"size\":9803,\"modified\":\"2024-05-10 09:11:43\",\"name\":\"product-6\",\"extension\":\"jpg\"}','2024-05-10 02:11:43','2024-05-10 02:11:43'),(4,8,'ecommerce/digital-product-files/product-1.jpg','{\"filename\":\"product-1.jpg\",\"url\":\"ecommerce\\/digital-product-files\\/product-1.jpg\",\"mime_type\":\"image\\/jpeg\",\"size\":9803,\"modified\":\"2024-05-10 09:11:43\",\"name\":\"product-1\",\"extension\":\"jpg\"}','2024-05-10 02:11:43','2024-05-10 02:11:43'),(5,12,'ecommerce/digital-product-files/product-9.jpg','{\"filename\":\"product-9.jpg\",\"url\":\"ecommerce\\/digital-product-files\\/product-9.jpg\",\"mime_type\":\"image\\/jpeg\",\"size\":9803,\"modified\":\"2024-05-10 09:11:43\",\"name\":\"product-9\",\"extension\":\"jpg\"}','2024-05-10 02:11:43','2024-05-10 02:11:43'),(6,12,'ecommerce/digital-product-files/product-4.jpg','{\"filename\":\"product-4.jpg\",\"url\":\"ecommerce\\/digital-product-files\\/product-4.jpg\",\"mime_type\":\"image\\/jpeg\",\"size\":9803,\"modified\":\"2024-05-10 09:11:43\",\"name\":\"product-4\",\"extension\":\"jpg\"}','2024-05-10 02:11:43','2024-05-10 02:11:43'),(7,16,'ecommerce/digital-product-files/product-11.jpg','{\"filename\":\"product-11.jpg\",\"url\":\"ecommerce\\/digital-product-files\\/product-11.jpg\",\"mime_type\":\"image\\/jpeg\",\"size\":9803,\"modified\":\"2024-05-10 09:11:43\",\"name\":\"product-11\",\"extension\":\"jpg\"}','2024-05-10 02:11:43','2024-05-10 02:11:43'),(8,16,'ecommerce/digital-product-files/product-5.jpg','{\"filename\":\"product-5.jpg\",\"url\":\"ecommerce\\/digital-product-files\\/product-5.jpg\",\"mime_type\":\"image\\/jpeg\",\"size\":9803,\"modified\":\"2024-05-10 09:11:43\",\"name\":\"product-5\",\"extension\":\"jpg\"}','2024-05-10 02:11:43','2024-05-10 02:11:43'),(9,20,'ecommerce/digital-product-files/product-10.jpg','{\"filename\":\"product-10.jpg\",\"url\":\"ecommerce\\/digital-product-files\\/product-10.jpg\",\"mime_type\":\"image\\/jpeg\",\"size\":9803,\"modified\":\"2024-05-10 09:11:43\",\"name\":\"product-10\",\"extension\":\"jpg\"}','2024-05-10 02:11:43','2024-05-10 02:11:43'),(10,20,'ecommerce/digital-product-files/product-7.jpg','{\"filename\":\"product-7.jpg\",\"url\":\"ecommerce\\/digital-product-files\\/product-7.jpg\",\"mime_type\":\"image\\/jpeg\",\"size\":9803,\"modified\":\"2024-05-10 09:11:43\",\"name\":\"product-7\",\"extension\":\"jpg\"}','2024-05-10 02:11:43','2024-05-10 02:11:43'),(11,24,'ecommerce/digital-product-files/product-5.jpg','{\"filename\":\"product-5.jpg\",\"url\":\"ecommerce\\/digital-product-files\\/product-5.jpg\",\"mime_type\":\"image\\/jpeg\",\"size\":9803,\"modified\":\"2024-05-10 09:11:43\",\"name\":\"product-5\",\"extension\":\"jpg\"}','2024-05-10 02:11:43','2024-05-10 02:11:43'),(12,24,'ecommerce/digital-product-files/product-7.jpg','{\"filename\":\"product-7.jpg\",\"url\":\"ecommerce\\/digital-product-files\\/product-7.jpg\",\"mime_type\":\"image\\/jpeg\",\"size\":9803,\"modified\":\"2024-05-10 09:11:43\",\"name\":\"product-7\",\"extension\":\"jpg\"}','2024-05-10 02:11:43','2024-05-10 02:11:43'),(13,28,'ecommerce/digital-product-files/product-7.jpg','{\"filename\":\"product-7.jpg\",\"url\":\"ecommerce\\/digital-product-files\\/product-7.jpg\",\"mime_type\":\"image\\/jpeg\",\"size\":9803,\"modified\":\"2024-05-10 09:11:43\",\"name\":\"product-7\",\"extension\":\"jpg\"}','2024-05-10 02:11:43','2024-05-10 02:11:43'),(14,28,'ecommerce/digital-product-files/product-6.jpg','{\"filename\":\"product-6.jpg\",\"url\":\"ecommerce\\/digital-product-files\\/product-6.jpg\",\"mime_type\":\"image\\/jpeg\",\"size\":9803,\"modified\":\"2024-05-10 09:11:43\",\"name\":\"product-6\",\"extension\":\"jpg\"}','2024-05-10 02:11:43','2024-05-10 02:11:43'),(15,35,'ecommerce/digital-product-files/product-1.jpg','{\"filename\":\"product-1.jpg\",\"url\":\"ecommerce\\/digital-product-files\\/product-1.jpg\",\"mime_type\":\"image\\/jpeg\",\"size\":9803,\"modified\":\"2024-05-10 09:11:43\",\"name\":\"product-1\",\"extension\":\"jpg\"}','2024-05-10 02:11:43','2024-05-10 02:11:43'),(16,36,'ecommerce/digital-product-files/product-9.jpg','{\"filename\":\"product-9.jpg\",\"url\":\"ecommerce\\/digital-product-files\\/product-9.jpg\",\"mime_type\":\"image\\/jpeg\",\"size\":9803,\"modified\":\"2024-05-10 09:11:43\",\"name\":\"product-9\",\"extension\":\"jpg\"}','2024-05-10 02:11:43','2024-05-10 02:11:43'),(17,37,'ecommerce/digital-product-files/product-5.jpg','{\"filename\":\"product-5.jpg\",\"url\":\"ecommerce\\/digital-product-files\\/product-5.jpg\",\"mime_type\":\"image\\/jpeg\",\"size\":9803,\"modified\":\"2024-05-10 09:11:43\",\"name\":\"product-5\",\"extension\":\"jpg\"}','2024-05-10 02:11:43','2024-05-10 02:11:43'),(18,40,'ecommerce/digital-product-files/product-5.jpg','{\"filename\":\"product-5.jpg\",\"url\":\"ecommerce\\/digital-product-files\\/product-5.jpg\",\"mime_type\":\"image\\/jpeg\",\"size\":9803,\"modified\":\"2024-05-10 09:11:43\",\"name\":\"product-5\",\"extension\":\"jpg\"}','2024-05-10 02:11:43','2024-05-10 02:11:43'),(19,41,'ecommerce/digital-product-files/product-4.jpg','{\"filename\":\"product-4.jpg\",\"url\":\"ecommerce\\/digital-product-files\\/product-4.jpg\",\"mime_type\":\"image\\/jpeg\",\"size\":9803,\"modified\":\"2024-05-10 09:11:43\",\"name\":\"product-4\",\"extension\":\"jpg\"}','2024-05-10 02:11:43','2024-05-10 02:11:43'),(20,42,'ecommerce/digital-product-files/product-3.jpg','{\"filename\":\"product-3.jpg\",\"url\":\"ecommerce\\/digital-product-files\\/product-3.jpg\",\"mime_type\":\"image\\/jpeg\",\"size\":9803,\"modified\":\"2024-05-10 09:11:43\",\"name\":\"product-3\",\"extension\":\"jpg\"}','2024-05-10 02:11:43','2024-05-10 02:11:43'),(21,53,'ecommerce/digital-product-files/product-7.jpg','{\"filename\":\"product-7.jpg\",\"url\":\"ecommerce\\/digital-product-files\\/product-7.jpg\",\"mime_type\":\"image\\/jpeg\",\"size\":9803,\"modified\":\"2024-05-10 09:11:43\",\"name\":\"product-7\",\"extension\":\"jpg\"}','2024-05-10 02:11:43','2024-05-10 02:11:43'),(22,54,'ecommerce/digital-product-files/product-11.jpg','{\"filename\":\"product-11.jpg\",\"url\":\"ecommerce\\/digital-product-files\\/product-11.jpg\",\"mime_type\":\"image\\/jpeg\",\"size\":9803,\"modified\":\"2024-05-10 09:11:43\",\"name\":\"product-11\",\"extension\":\"jpg\"}','2024-05-10 02:11:43','2024-05-10 02:11:43'),(23,55,'ecommerce/digital-product-files/product-6.jpg','{\"filename\":\"product-6.jpg\",\"url\":\"ecommerce\\/digital-product-files\\/product-6.jpg\",\"mime_type\":\"image\\/jpeg\",\"size\":9803,\"modified\":\"2024-05-10 09:11:43\",\"name\":\"product-6\",\"extension\":\"jpg\"}','2024-05-10 02:11:43','2024-05-10 02:11:43');

--
-- Table structure for table `ec_product_label_products`
--

CREATE TABLE `ec_product_label_products` (
  `product_label_id` bigint unsigned NOT NULL,
  `product_id` bigint unsigned NOT NULL,
  PRIMARY KEY (`product_label_id`,`product_id`),
  KEY `ec_product_label_products_product_label_id_index` (`product_label_id`),
  KEY `ec_product_label_products_product_id_index` (`product_id`)
) ENGINE=InnoDB DEFAULT CHARSET=utf8mb4 COLLATE=utf8mb4_unicode_ci;

--
-- Dumping data for table `ec_product_label_products`
--

INSERT INTO `ec_product_label_products` VALUES (1,3),(1,15),(1,18),(1,21),(1,30),(2,9),(2,12),(3,6),(3,24),(3,27);

--
-- Table structure for table `ec_product_labels`
--

CREATE TABLE `ec_product_labels` (
  `id` bigint unsigned NOT NULL AUTO_INCREMENT,
  `name` varchar(191) COLLATE utf8mb4_unicode_ci NOT NULL,
  `color` varchar(120) COLLATE utf8mb4_unicode_ci DEFAULT NULL,
  `status` varchar(60) COLLATE utf8mb4_unicode_ci NOT NULL DEFAULT 'published',
  `created_at` timestamp NULL DEFAULT NULL,
  `updated_at` timestamp NULL DEFAULT NULL,
  PRIMARY KEY (`id`)
) ENGINE=InnoDB AUTO_INCREMENT=4 DEFAULT CHARSET=utf8mb4 COLLATE=utf8mb4_unicode_ci;

--
-- Dumping data for table `ec_product_labels`
--

INSERT INTO `ec_product_labels` VALUES (1,'Hot','#AC2200','published','2024-05-10 02:11:33','2024-05-10 02:11:33'),(2,'New','#006554','published','2024-05-10 02:11:33','2024-05-10 02:11:33'),(3,'Sale','#9A3B00','published','2024-05-10 02:11:33','2024-05-10 02:11:33');

--
-- Table structure for table `ec_product_labels_translations`
--

CREATE TABLE `ec_product_labels_translations` (
  `lang_code` varchar(191) COLLATE utf8mb4_unicode_ci NOT NULL,
  `ec_product_labels_id` bigint unsigned NOT NULL,
  `name` varchar(191) COLLATE utf8mb4_unicode_ci DEFAULT NULL,
  `description` varchar(400) COLLATE utf8mb4_unicode_ci DEFAULT NULL,
  PRIMARY KEY (`lang_code`,`ec_product_labels_id`)
) ENGINE=InnoDB DEFAULT CHARSET=utf8mb4 COLLATE=utf8mb4_unicode_ci;

--
-- Dumping data for table `ec_product_labels_translations`
--


--
-- Table structure for table `ec_product_related_relations`
--

CREATE TABLE `ec_product_related_relations` (
  `from_product_id` bigint unsigned NOT NULL,
  `to_product_id` bigint unsigned NOT NULL,
  PRIMARY KEY (`from_product_id`,`to_product_id`),
  KEY `ec_product_related_relations_from_product_id_index` (`from_product_id`),
  KEY `ec_product_related_relations_to_product_id_index` (`to_product_id`)
) ENGINE=InnoDB DEFAULT CHARSET=utf8mb4 COLLATE=utf8mb4_unicode_ci;

--
-- Dumping data for table `ec_product_related_relations`
--


--
-- Table structure for table `ec_product_tag_product`
--

CREATE TABLE `ec_product_tag_product` (
  `product_id` bigint unsigned NOT NULL,
  `tag_id` bigint unsigned NOT NULL,
  PRIMARY KEY (`product_id`,`tag_id`),
  KEY `ec_product_tag_product_product_id_index` (`product_id`),
  KEY `ec_product_tag_product_tag_id_index` (`tag_id`)
) ENGINE=InnoDB DEFAULT CHARSET=utf8mb4 COLLATE=utf8mb4_unicode_ci;

--
-- Dumping data for table `ec_product_tag_product`
--

INSERT INTO `ec_product_tag_product` VALUES (1,1),(1,3),(1,6),(2,1),(2,4),(2,6),(3,1),(3,4),(3,6),(4,2),(4,3),(4,5),(5,1),(5,2),(5,6),(6,1),(6,5),(6,6),(7,1),(7,4),(7,6),(8,4),(8,5),(8,6),(9,1),(9,2),(9,6),(10,1),(10,2),(10,4),(11,2),(11,3),(11,4),(12,3),(12,4),(12,5),(13,1),(13,4),(13,6),(14,3),(14,4),(14,5),(15,2),(15,3),(15,6),(16,1),(16,4),(16,5),(17,3),(17,4),(17,5),(18,1),(18,3),(18,5),(19,1),(19,2),(19,6),(20,3),(20,4),(20,5),(21,1),(21,2),(21,3),(22,1),(22,5),(22,6),(23,1),(23,2),(23,4),(24,1),(24,3),(24,5),(25,1),(25,4),(25,6),(26,1),(26,2),(26,4),(27,3),(27,4),(27,6),(28,2),(28,3),(28,6),(29,2),(29,3),(29,5),(30,1),(30,2),(30,5);

--
-- Table structure for table `ec_product_tags`
--

CREATE TABLE `ec_product_tags` (
  `id` bigint unsigned NOT NULL AUTO_INCREMENT,
  `name` varchar(120) COLLATE utf8mb4_unicode_ci NOT NULL,
  `description` varchar(400) COLLATE utf8mb4_unicode_ci DEFAULT NULL,
  `status` varchar(60) COLLATE utf8mb4_unicode_ci NOT NULL DEFAULT 'published',
  `created_at` timestamp NULL DEFAULT NULL,
  `updated_at` timestamp NULL DEFAULT NULL,
  PRIMARY KEY (`id`)
) ENGINE=InnoDB AUTO_INCREMENT=7 DEFAULT CHARSET=utf8mb4 COLLATE=utf8mb4_unicode_ci;

--
-- Dumping data for table `ec_product_tags`
--

INSERT INTO `ec_product_tags` VALUES (1,'Electronic',NULL,'published','2024-05-10 02:11:37','2024-05-10 02:11:37'),(2,'Mobile',NULL,'published','2024-05-10 02:11:37','2024-05-10 02:11:37'),(3,'Iphone',NULL,'published','2024-05-10 02:11:37','2024-05-10 02:11:37'),(4,'Printer',NULL,'published','2024-05-10 02:11:37','2024-05-10 02:11:37'),(5,'Office',NULL,'published','2024-05-10 02:11:37','2024-05-10 02:11:37'),(6,'IT',NULL,'published','2024-05-10 02:11:37','2024-05-10 02:11:37');

--
-- Table structure for table `ec_product_tags_translations`
--

CREATE TABLE `ec_product_tags_translations` (
  `lang_code` varchar(191) COLLATE utf8mb4_unicode_ci NOT NULL,
  `ec_product_tags_id` bigint unsigned NOT NULL,
  `name` varchar(191) COLLATE utf8mb4_unicode_ci DEFAULT NULL,
  PRIMARY KEY (`lang_code`,`ec_product_tags_id`)
) ENGINE=InnoDB DEFAULT CHARSET=utf8mb4 COLLATE=utf8mb4_unicode_ci;

--
-- Dumping data for table `ec_product_tags_translations`
--


--
-- Table structure for table `ec_product_up_sale_relations`
--

CREATE TABLE `ec_product_up_sale_relations` (
  `from_product_id` bigint unsigned NOT NULL,
  `to_product_id` bigint unsigned NOT NULL,
  PRIMARY KEY (`from_product_id`,`to_product_id`),
  KEY `ec_product_up_sale_relations_from_product_id_index` (`from_product_id`),
  KEY `ec_product_up_sale_relations_to_product_id_index` (`to_product_id`)
) ENGINE=InnoDB DEFAULT CHARSET=utf8mb4 COLLATE=utf8mb4_unicode_ci;

--
-- Dumping data for table `ec_product_up_sale_relations`
--


--
-- Table structure for table `ec_product_variation_items`
--

CREATE TABLE `ec_product_variation_items` (
  `id` bigint unsigned NOT NULL AUTO_INCREMENT,
  `attribute_id` bigint unsigned NOT NULL,
  `variation_id` bigint unsigned NOT NULL,
  PRIMARY KEY (`id`),
  UNIQUE KEY `ec_product_variation_items_attribute_id_variation_id_unique` (`attribute_id`,`variation_id`),
  KEY `attribute_variation_index` (`attribute_id`,`variation_id`)
) ENGINE=InnoDB AUTO_INCREMENT=67 DEFAULT CHARSET=utf8mb4 COLLATE=utf8mb4_unicode_ci;

--
-- Dumping data for table `ec_product_variation_items`
--

INSERT INTO `ec_product_variation_items` VALUES (17,1,9),(3,2,2),(7,2,4),(9,2,5),(13,2,7),(15,2,8),(11,3,6),(1,5,1),(5,5,3),(2,6,1),(4,7,2),(16,7,8),(8,8,4),(10,8,5),(6,9,3),(14,9,7),(18,9,9),(12,10,6),(27,11,14),(31,11,16),(53,11,27),(55,11,28),(61,11,31),(65,11,33),(25,12,13),(35,12,18),(43,12,22),(45,12,23),(49,12,25),(51,12,26),(57,12,29),(59,12,30),(19,13,10),(21,13,11),(23,14,12),(29,14,15),(33,14,17),(39,14,20),(41,14,21),(47,14,24),(37,15,19),(63,15,32),(54,16,27),(20,17,10),(26,17,13),(32,17,16),(34,17,17),(46,17,23),(48,17,24),(56,17,28),(30,18,15),(42,18,21),(50,18,25),(62,18,31),(66,18,33),(24,19,12),(36,19,18),(22,20,11),(28,20,14),(38,20,19),(40,20,20),(44,20,22),(52,20,26),(58,20,29),(60,20,30),(64,20,32);

--
-- Table structure for table `ec_product_variations`
--

CREATE TABLE `ec_product_variations` (
  `id` bigint unsigned NOT NULL AUTO_INCREMENT,
  `product_id` bigint unsigned DEFAULT NULL,
  `configurable_product_id` bigint unsigned NOT NULL,
  `is_default` tinyint NOT NULL DEFAULT '0',
  PRIMARY KEY (`id`),
  UNIQUE KEY `ec_product_variations_product_id_configurable_product_id_unique` (`product_id`,`configurable_product_id`),
  KEY `configurable_product_index` (`product_id`,`configurable_product_id`)
) ENGINE=InnoDB AUTO_INCREMENT=34 DEFAULT CHARSET=utf8mb4 COLLATE=utf8mb4_unicode_ci;

--
-- Dumping data for table `ec_product_variations`
--

INSERT INTO `ec_product_variations` VALUES (1,31,1,1),(2,32,1,0),(3,33,2,1),(4,34,2,0),(5,35,8,1),(6,36,8,0),(7,37,8,0),(8,38,14,1),(9,39,14,0),(10,40,16,1),(11,41,16,0),(12,42,16,0),(13,43,17,1),(14,44,17,0),(15,45,17,0),(16,46,17,0),(17,47,18,1),(18,48,18,0),(19,49,19,1),(20,50,19,0),(21,51,19,0),(22,52,19,0),(23,53,20,1),(24,54,20,0),(25,55,20,0),(26,56,21,1),(27,57,21,0),(28,58,21,0),(29,59,22,1),(30,60,22,0),(31,61,23,1),(32,62,29,1),(33,63,29,0);

--
-- Table structure for table `ec_product_views`
--

CREATE TABLE `ec_product_views` (
  `id` bigint unsigned NOT NULL AUTO_INCREMENT,
  `product_id` bigint unsigned NOT NULL,
  `views` int NOT NULL DEFAULT '1',
  `date` date NOT NULL DEFAULT '2024-05-10',
  PRIMARY KEY (`id`),
  UNIQUE KEY `ec_product_views_product_id_date_unique` (`product_id`,`date`),
  KEY `ec_product_views_product_id_index` (`product_id`)
) ENGINE=InnoDB DEFAULT CHARSET=utf8mb4 COLLATE=utf8mb4_unicode_ci;

--
-- Dumping data for table `ec_product_views`
--


--
-- Table structure for table `ec_product_with_attribute_set`
--

CREATE TABLE `ec_product_with_attribute_set` (
  `attribute_set_id` bigint unsigned NOT NULL,
  `product_id` bigint unsigned NOT NULL,
  `order` tinyint unsigned NOT NULL DEFAULT '0',
  PRIMARY KEY (`product_id`,`attribute_set_id`)
) ENGINE=InnoDB DEFAULT CHARSET=utf8mb4 COLLATE=utf8mb4_unicode_ci;

--
-- Dumping data for table `ec_product_with_attribute_set`
--

INSERT INTO `ec_product_with_attribute_set` VALUES (1,1,0),(2,1,0),(1,2,0),(2,2,0),(1,8,0),(2,8,0),(1,14,0),(2,14,0),(3,16,0),(4,16,0),(3,17,0),(4,17,0),(3,18,0),(4,18,0),(3,19,0),(4,19,0),(3,20,0),(4,20,0),(3,21,0),(4,21,0),(3,22,0),(4,22,0),(3,23,0),(4,23,0),(3,29,0),(4,29,0);

--
-- Table structure for table `ec_products`
--

CREATE TABLE `ec_products` (
  `id` bigint unsigned NOT NULL AUTO_INCREMENT,
  `name` varchar(191) COLLATE utf8mb4_unicode_ci NOT NULL,
  `description` text COLLATE utf8mb4_unicode_ci,
  `content` longtext COLLATE utf8mb4_unicode_ci,
  `status` varchar(60) COLLATE utf8mb4_unicode_ci NOT NULL DEFAULT 'published',
  `images` text COLLATE utf8mb4_unicode_ci,
  `sku` varchar(191) COLLATE utf8mb4_unicode_ci DEFAULT NULL,
  `order` int unsigned NOT NULL DEFAULT '0',
  `quantity` int unsigned DEFAULT NULL,
  `allow_checkout_when_out_of_stock` tinyint unsigned NOT NULL DEFAULT '0',
  `with_storehouse_management` tinyint unsigned NOT NULL DEFAULT '0',
  `is_featured` tinyint unsigned NOT NULL DEFAULT '0',
  `brand_id` bigint unsigned DEFAULT NULL,
  `is_variation` tinyint NOT NULL DEFAULT '0',
  `sale_type` tinyint NOT NULL DEFAULT '0',
  `price` double unsigned DEFAULT NULL,
  `sale_price` double unsigned DEFAULT NULL,
  `start_date` timestamp NULL DEFAULT NULL,
  `end_date` timestamp NULL DEFAULT NULL,
  `length` double(8,2) DEFAULT NULL,
  `wide` double(8,2) DEFAULT NULL,
  `height` double(8,2) DEFAULT NULL,
  `weight` double(8,2) DEFAULT NULL,
  `tax_id` bigint unsigned DEFAULT NULL,
  `views` bigint NOT NULL DEFAULT '0',
  `created_at` timestamp NULL DEFAULT NULL,
  `updated_at` timestamp NULL DEFAULT NULL,
  `stock_status` varchar(191) COLLATE utf8mb4_unicode_ci DEFAULT 'in_stock',
  `store_id` bigint unsigned DEFAULT NULL,
  `created_by_id` bigint unsigned DEFAULT '0',
  `created_by_type` varchar(191) COLLATE utf8mb4_unicode_ci NOT NULL DEFAULT 'Botble\\ACL\\Models\\User',
  `approved_by` bigint unsigned DEFAULT '0',
  `image` varchar(191) COLLATE utf8mb4_unicode_ci DEFAULT NULL,
  `product_type` varchar(60) COLLATE utf8mb4_unicode_ci DEFAULT 'physical',
  `barcode` varchar(50) COLLATE utf8mb4_unicode_ci DEFAULT NULL,
  `cost_per_item` double DEFAULT NULL,
  `generate_license_code` tinyint(1) NOT NULL DEFAULT '0',
  `minimum_order_quantity` int unsigned DEFAULT '0',
  `maximum_order_quantity` int unsigned DEFAULT '0',
  PRIMARY KEY (`id`),
  KEY `ec_products_brand_id_status_is_variation_created_at_index` (`brand_id`,`status`,`is_variation`,`created_at`),
  KEY `sale_type_index` (`sale_type`),
  KEY `start_date_index` (`start_date`),
  KEY `end_date_index` (`end_date`),
  KEY `sale_price_index` (`sale_price`),
  KEY `is_variation_index` (`is_variation`),
  KEY `ec_products_sku_index` (`sku`)
) ENGINE=InnoDB AUTO_INCREMENT=64 DEFAULT CHARSET=utf8mb4 COLLATE=utf8mb4_unicode_ci;

--
-- Dumping data for table `ec_products`
--

INSERT INTO `ec_products` VALUES (1,'Organic Apples','Sweet corn, a delicious and versatile vegetable.','<div class=\"row justify-content-center\">\n    <div class=\"col-xl-10\">\n        <div class=\"tp-product-details-desc-item pb-105\">\n            <div class=\"row\">\n                <div class=\"col-lg-6\">\n                    <div class=\"pt-25\">\n                        <span>Organic Avocado</span>\n                        <h3 class=\"tp-product-details-desc-title\">Freshness You Can Taste</h3>\n                        <p>\n                            Indulge in the rich, creamy texture and vibrant flavor of our organic avocados. Sourced from sustainable farms, each avocado is handpicked to ensure peak ripeness and quality. Whether sliced on toast or mashed into guacamole, our avocados are the perfect addition to any meal.\n                        </p>\n                    </div>\n                    <div>\n                        <h3 class=\"tp-product-details-desc-title\">Nutrient-Rich Goodness</h3>\n                        <p>\n                            Packed with essential vitamins and minerals, our organic avocados are not only delicious but also incredibly nutritious. High in heart-healthy fats and fiber, they\'re an excellent choice for grocerytaining a balanced diet. Add them to salads, smoothies, or sandwiches for a nutritious boost.\n                        </p>\n                    </div>\n                </div>\n                <div class=\"col-lg-6\">\n                    <div class=\"tp-product-details-desc-thumb\">\n                        <img src=\"/storage/grocery/products/product-1.jpg\" alt=\"Organic Avocado\">\n                    </div>\n                </div>\n            </div>\n        </div>\n        <div class=\"tp-product-details-desc-item pb-75\">\n            <div class=\"row\">\n                <div class=\"col-lg-7\">\n                    <div class=\"tp-product-details-desc-thumb\">\n                        <img src=\"/storage/grocery/products/product-2.jpg\" alt=\"Sliced Avocado\">\n                    </div>\n                </div>\n\n                <div class=\"col-lg-5 order-first order-lg-last\">\n                    <div class=\"des-content-2 pl-40\">\n                        <h3 class=\"tp-product-details-desc-title\">\n                            Convenient Packaging\n                        </h3>\n                        <p>\n                            Our organic avocados come carefully packaged to preserve their freshness. Each avocado is nestled in eco-friendly padding to prevent bruising during transit. Rest assured that when you open your package, you\'ll find perfectly ripe avocados ready to enjoy.\n                        </p>\n                    </div>\n                </div>\n            </div>\n        </div>\n        <div class=\"tp-product-details-desc-item\">\n            <div class=\"row\">\n                <div class=\"col-xl-12\">\n                    <div class=\"tp-product-details-desc-banner text-center m-img\">\n                        <h3 class=\"tp-product-details-desc-banner-title tp-product-details-desc-title\">Grown with Care</h3>\n                        <img src=\"/storage/grocery/products/product-3.jpg\" alt=\"Avocado Farm\">\n                    </div>\n                </div>\n            </div>\n        </div>\n    </div>\n</div>\n','published','[\"grocery\\/products\\/product-1.jpg\",\"grocery\\/products\\/product-5.jpg\",\"grocery\\/products\\/product-6.jpg\",\"grocery\\/products\\/product-7.jpg\",\"grocery\\/products\\/product-8.jpg\"]','EZ-124-A1',0,17,0,1,1,5,0,0,1688,NULL,NULL,NULL,10.00,10.00,14.00,599.00,NULL,64287,'2024-05-10 02:11:42','2024-05-10 02:11:43','in_stock',6,0,'Botble\\ACL\\Models\\User',0,NULL,'physical',NULL,NULL,0,0,0),(2,'Whole Grain Bread','Green tea bags for a soothing and antioxidant-rich beverage.','<div class=\"row justify-content-center\">\n    <div class=\"col-xl-10\">\n        <div class=\"tp-product-details-desc-item pb-105\">\n            <div class=\"row\">\n                <div class=\"col-lg-6\">\n                    <div class=\"pt-25\">\n                        <span>Organic Avocado</span>\n                        <h3 class=\"tp-product-details-desc-title\">Freshness You Can Taste</h3>\n                        <p>\n                            Indulge in the rich, creamy texture and vibrant flavor of our organic avocados. Sourced from sustainable farms, each avocado is handpicked to ensure peak ripeness and quality. Whether sliced on toast or mashed into guacamole, our avocados are the perfect addition to any meal.\n                        </p>\n                    </div>\n                    <div>\n                        <h3 class=\"tp-product-details-desc-title\">Nutrient-Rich Goodness</h3>\n                        <p>\n                            Packed with essential vitamins and minerals, our organic avocados are not only delicious but also incredibly nutritious. High in heart-healthy fats and fiber, they\'re an excellent choice for grocerytaining a balanced diet. Add them to salads, smoothies, or sandwiches for a nutritious boost.\n                        </p>\n                    </div>\n                </div>\n                <div class=\"col-lg-6\">\n                    <div class=\"tp-product-details-desc-thumb\">\n                        <img src=\"/storage/grocery/products/product-1.jpg\" alt=\"Organic Avocado\">\n                    </div>\n                </div>\n            </div>\n        </div>\n        <div class=\"tp-product-details-desc-item pb-75\">\n            <div class=\"row\">\n                <div class=\"col-lg-7\">\n                    <div class=\"tp-product-details-desc-thumb\">\n                        <img src=\"/storage/grocery/products/product-2.jpg\" alt=\"Sliced Avocado\">\n                    </div>\n                </div>\n\n                <div class=\"col-lg-5 order-first order-lg-last\">\n                    <div class=\"des-content-2 pl-40\">\n                        <h3 class=\"tp-product-details-desc-title\">\n                            Convenient Packaging\n                        </h3>\n                        <p>\n                            Our organic avocados come carefully packaged to preserve their freshness. Each avocado is nestled in eco-friendly padding to prevent bruising during transit. Rest assured that when you open your package, you\'ll find perfectly ripe avocados ready to enjoy.\n                        </p>\n                    </div>\n                </div>\n            </div>\n        </div>\n        <div class=\"tp-product-details-desc-item\">\n            <div class=\"row\">\n                <div class=\"col-xl-12\">\n                    <div class=\"tp-product-details-desc-banner text-center m-img\">\n                        <h3 class=\"tp-product-details-desc-banner-title tp-product-details-desc-title\">Grown with Care</h3>\n                        <img src=\"/storage/grocery/products/product-3.jpg\" alt=\"Avocado Farm\">\n                    </div>\n                </div>\n            </div>\n        </div>\n    </div>\n</div>\n','published','[\"grocery\\/products\\/product-2.jpg\",\"grocery\\/products\\/product-11.jpg\",\"grocery\\/products\\/product-5.jpg\",\"grocery\\/products\\/product-4.jpg\",\"grocery\\/products\\/product-3.jpg\",\"grocery\\/products\\/product-7.jpg\",\"grocery\\/products\\/product-9.jpg\",\"grocery\\/products\\/product-1.jpg\"]','PR-182-A1',0,17,0,1,0,2,0,0,288,NULL,NULL,NULL,10.00,10.00,19.00,889.00,NULL,173771,'2024-05-10 02:11:42','2024-05-10 02:11:43','in_stock',4,0,'Botble\\ACL\\Models\\User',0,NULL,'physical',NULL,NULL,0,0,0),(3,'Free-Range Eggs','Organic baby kale, a nutrient-packed green for salads and smoothies.','<div class=\"row justify-content-center\">\n    <div class=\"col-xl-10\">\n        <div class=\"tp-product-details-desc-item pb-105\">\n            <div class=\"row\">\n                <div class=\"col-lg-6\">\n                    <div class=\"pt-25\">\n                        <span>Organic Avocado</span>\n                        <h3 class=\"tp-product-details-desc-title\">Freshness You Can Taste</h3>\n                        <p>\n                            Indulge in the rich, creamy texture and vibrant flavor of our organic avocados. Sourced from sustainable farms, each avocado is handpicked to ensure peak ripeness and quality. Whether sliced on toast or mashed into guacamole, our avocados are the perfect addition to any meal.\n                        </p>\n                    </div>\n                    <div>\n                        <h3 class=\"tp-product-details-desc-title\">Nutrient-Rich Goodness</h3>\n                        <p>\n                            Packed with essential vitamins and minerals, our organic avocados are not only delicious but also incredibly nutritious. High in heart-healthy fats and fiber, they\'re an excellent choice for grocerytaining a balanced diet. Add them to salads, smoothies, or sandwiches for a nutritious boost.\n                        </p>\n                    </div>\n                </div>\n                <div class=\"col-lg-6\">\n                    <div class=\"tp-product-details-desc-thumb\">\n                        <img src=\"/storage/grocery/products/product-1.jpg\" alt=\"Organic Avocado\">\n                    </div>\n                </div>\n            </div>\n        </div>\n        <div class=\"tp-product-details-desc-item pb-75\">\n            <div class=\"row\">\n                <div class=\"col-lg-7\">\n                    <div class=\"tp-product-details-desc-thumb\">\n                        <img src=\"/storage/grocery/products/product-2.jpg\" alt=\"Sliced Avocado\">\n                    </div>\n                </div>\n\n                <div class=\"col-lg-5 order-first order-lg-last\">\n                    <div class=\"des-content-2 pl-40\">\n                        <h3 class=\"tp-product-details-desc-title\">\n                            Convenient Packaging\n                        </h3>\n                        <p>\n                            Our organic avocados come carefully packaged to preserve their freshness. Each avocado is nestled in eco-friendly padding to prevent bruising during transit. Rest assured that when you open your package, you\'ll find perfectly ripe avocados ready to enjoy.\n                        </p>\n                    </div>\n                </div>\n            </div>\n        </div>\n        <div class=\"tp-product-details-desc-item\">\n            <div class=\"row\">\n                <div class=\"col-xl-12\">\n                    <div class=\"tp-product-details-desc-banner text-center m-img\">\n                        <h3 class=\"tp-product-details-desc-banner-title tp-product-details-desc-title\">Grown with Care</h3>\n                        <img src=\"/storage/grocery/products/product-3.jpg\" alt=\"Avocado Farm\">\n                    </div>\n                </div>\n            </div>\n        </div>\n    </div>\n</div>\n','published','[\"grocery\\/products\\/product-2.jpg\",\"grocery\\/products\\/product-8.jpg\",\"grocery\\/products\\/product-9.jpg\",\"grocery\\/products\\/product-6.jpg\"]','B4-162',0,11,0,1,1,5,0,0,2042,173,NULL,NULL,12.00,11.00,11.00,583.00,NULL,1063,'2024-05-10 02:11:42','2024-05-10 02:11:42','in_stock',8,0,'Botble\\ACL\\Models\\User',0,NULL,'physical',NULL,NULL,0,0,0),(4,'Fresh Salmon Fillet (Digital)','A mix of nuts for a tasty and energy-boosting trail mix.','<div class=\"row justify-content-center\">\n    <div class=\"col-xl-10\">\n        <div class=\"tp-product-details-desc-item pb-105\">\n            <div class=\"row\">\n                <div class=\"col-lg-6\">\n                    <div class=\"pt-25\">\n                        <span>Organic Avocado</span>\n                        <h3 class=\"tp-product-details-desc-title\">Freshness You Can Taste</h3>\n                        <p>\n                            Indulge in the rich, creamy texture and vibrant flavor of our organic avocados. Sourced from sustainable farms, each avocado is handpicked to ensure peak ripeness and quality. Whether sliced on toast or mashed into guacamole, our avocados are the perfect addition to any meal.\n                        </p>\n                    </div>\n                    <div>\n                        <h3 class=\"tp-product-details-desc-title\">Nutrient-Rich Goodness</h3>\n                        <p>\n                            Packed with essential vitamins and minerals, our organic avocados are not only delicious but also incredibly nutritious. High in heart-healthy fats and fiber, they\'re an excellent choice for grocerytaining a balanced diet. Add them to salads, smoothies, or sandwiches for a nutritious boost.\n                        </p>\n                    </div>\n                </div>\n                <div class=\"col-lg-6\">\n                    <div class=\"tp-product-details-desc-thumb\">\n                        <img src=\"/storage/grocery/products/product-1.jpg\" alt=\"Organic Avocado\">\n                    </div>\n                </div>\n            </div>\n        </div>\n        <div class=\"tp-product-details-desc-item pb-75\">\n            <div class=\"row\">\n                <div class=\"col-lg-7\">\n                    <div class=\"tp-product-details-desc-thumb\">\n                        <img src=\"/storage/grocery/products/product-2.jpg\" alt=\"Sliced Avocado\">\n                    </div>\n                </div>\n\n                <div class=\"col-lg-5 order-first order-lg-last\">\n                    <div class=\"des-content-2 pl-40\">\n                        <h3 class=\"tp-product-details-desc-title\">\n                            Convenient Packaging\n                        </h3>\n                        <p>\n                            Our organic avocados come carefully packaged to preserve their freshness. Each avocado is nestled in eco-friendly padding to prevent bruising during transit. Rest assured that when you open your package, you\'ll find perfectly ripe avocados ready to enjoy.\n                        </p>\n                    </div>\n                </div>\n            </div>\n        </div>\n        <div class=\"tp-product-details-desc-item\">\n            <div class=\"row\">\n                <div class=\"col-xl-12\">\n                    <div class=\"tp-product-details-desc-banner text-center m-img\">\n                        <h3 class=\"tp-product-details-desc-banner-title tp-product-details-desc-title\">Grown with Care</h3>\n                        <img src=\"/storage/grocery/products/product-3.jpg\" alt=\"Avocado Farm\">\n                    </div>\n                </div>\n            </div>\n        </div>\n    </div>\n</div>\n','published','[\"grocery\\/products\\/product-5.jpg\",\"grocery\\/products\\/product-3.jpg\",\"grocery\\/products\\/product-8.jpg\",\"grocery\\/products\\/product-4.jpg\",\"grocery\\/products\\/product-7.jpg\",\"grocery\\/products\\/product-11.jpg\"]','AN-166',0,11,0,1,1,5,0,0,290,145,NULL,NULL,12.00,18.00,14.00,525.00,NULL,143777,'2024-05-10 02:11:42','2024-05-10 02:11:42','in_stock',6,0,'Botble\\ACL\\Models\\User',0,NULL,'digital',NULL,NULL,0,0,0),(5,'Organic Spinach','Creamy almond butter for a tasty and nutritious spread.','<div class=\"row justify-content-center\">\n    <div class=\"col-xl-10\">\n        <div class=\"tp-product-details-desc-item pb-105\">\n            <div class=\"row\">\n                <div class=\"col-lg-6\">\n                    <div class=\"pt-25\">\n                        <span>Organic Avocado</span>\n                        <h3 class=\"tp-product-details-desc-title\">Freshness You Can Taste</h3>\n                        <p>\n                            Indulge in the rich, creamy texture and vibrant flavor of our organic avocados. Sourced from sustainable farms, each avocado is handpicked to ensure peak ripeness and quality. Whether sliced on toast or mashed into guacamole, our avocados are the perfect addition to any meal.\n                        </p>\n                    </div>\n                    <div>\n                        <h3 class=\"tp-product-details-desc-title\">Nutrient-Rich Goodness</h3>\n                        <p>\n                            Packed with essential vitamins and minerals, our organic avocados are not only delicious but also incredibly nutritious. High in heart-healthy fats and fiber, they\'re an excellent choice for grocerytaining a balanced diet. Add them to salads, smoothies, or sandwiches for a nutritious boost.\n                        </p>\n                    </div>\n                </div>\n                <div class=\"col-lg-6\">\n                    <div class=\"tp-product-details-desc-thumb\">\n                        <img src=\"/storage/grocery/products/product-1.jpg\" alt=\"Organic Avocado\">\n                    </div>\n                </div>\n            </div>\n        </div>\n        <div class=\"tp-product-details-desc-item pb-75\">\n            <div class=\"row\">\n                <div class=\"col-lg-7\">\n                    <div class=\"tp-product-details-desc-thumb\">\n                        <img src=\"/storage/grocery/products/product-2.jpg\" alt=\"Sliced Avocado\">\n                    </div>\n                </div>\n\n                <div class=\"col-lg-5 order-first order-lg-last\">\n                    <div class=\"des-content-2 pl-40\">\n                        <h3 class=\"tp-product-details-desc-title\">\n                            Convenient Packaging\n                        </h3>\n                        <p>\n                            Our organic avocados come carefully packaged to preserve their freshness. Each avocado is nestled in eco-friendly padding to prevent bruising during transit. Rest assured that when you open your package, you\'ll find perfectly ripe avocados ready to enjoy.\n                        </p>\n                    </div>\n                </div>\n            </div>\n        </div>\n        <div class=\"tp-product-details-desc-item\">\n            <div class=\"row\">\n                <div class=\"col-xl-12\">\n                    <div class=\"tp-product-details-desc-banner text-center m-img\">\n                        <h3 class=\"tp-product-details-desc-banner-title tp-product-details-desc-title\">Grown with Care</h3>\n                        <img src=\"/storage/grocery/products/product-3.jpg\" alt=\"Avocado Farm\">\n                    </div>\n                </div>\n            </div>\n        </div>\n    </div>\n</div>\n','published','[\"grocery\\/products\\/product-2.jpg\",\"grocery\\/products\\/product-1.jpg\",\"grocery\\/products\\/product-3.jpg\",\"grocery\\/products\\/product-10.jpg\",\"grocery\\/products\\/product-6.jpg\",\"grocery\\/products\\/product-11.jpg\",\"grocery\\/products\\/product-8.jpg\",\"grocery\\/products\\/product-9.jpg\"]','NC-138',0,14,0,1,0,4,0,0,1371,64,NULL,NULL,11.00,11.00,20.00,561.00,NULL,179246,'2024-05-10 02:11:42','2024-05-10 02:11:42','in_stock',4,0,'Botble\\ACL\\Models\\User',0,NULL,'physical',NULL,NULL,0,0,0),(6,'Grass-Fed Ground Beef','Quinoa flour, a gluten-free alternative for baking.','<div class=\"row justify-content-center\">\n    <div class=\"col-xl-10\">\n        <div class=\"tp-product-details-desc-item pb-105\">\n            <div class=\"row\">\n                <div class=\"col-lg-6\">\n                    <div class=\"pt-25\">\n                        <span>Organic Avocado</span>\n                        <h3 class=\"tp-product-details-desc-title\">Freshness You Can Taste</h3>\n                        <p>\n                            Indulge in the rich, creamy texture and vibrant flavor of our organic avocados. Sourced from sustainable farms, each avocado is handpicked to ensure peak ripeness and quality. Whether sliced on toast or mashed into guacamole, our avocados are the perfect addition to any meal.\n                        </p>\n                    </div>\n                    <div>\n                        <h3 class=\"tp-product-details-desc-title\">Nutrient-Rich Goodness</h3>\n                        <p>\n                            Packed with essential vitamins and minerals, our organic avocados are not only delicious but also incredibly nutritious. High in heart-healthy fats and fiber, they\'re an excellent choice for grocerytaining a balanced diet. Add them to salads, smoothies, or sandwiches for a nutritious boost.\n                        </p>\n                    </div>\n                </div>\n                <div class=\"col-lg-6\">\n                    <div class=\"tp-product-details-desc-thumb\">\n                        <img src=\"/storage/grocery/products/product-1.jpg\" alt=\"Organic Avocado\">\n                    </div>\n                </div>\n            </div>\n        </div>\n        <div class=\"tp-product-details-desc-item pb-75\">\n            <div class=\"row\">\n                <div class=\"col-lg-7\">\n                    <div class=\"tp-product-details-desc-thumb\">\n                        <img src=\"/storage/grocery/products/product-2.jpg\" alt=\"Sliced Avocado\">\n                    </div>\n                </div>\n\n                <div class=\"col-lg-5 order-first order-lg-last\">\n                    <div class=\"des-content-2 pl-40\">\n                        <h3 class=\"tp-product-details-desc-title\">\n                            Convenient Packaging\n                        </h3>\n                        <p>\n                            Our organic avocados come carefully packaged to preserve their freshness. Each avocado is nestled in eco-friendly padding to prevent bruising during transit. Rest assured that when you open your package, you\'ll find perfectly ripe avocados ready to enjoy.\n                        </p>\n                    </div>\n                </div>\n            </div>\n        </div>\n        <div class=\"tp-product-details-desc-item\">\n            <div class=\"row\">\n                <div class=\"col-xl-12\">\n                    <div class=\"tp-product-details-desc-banner text-center m-img\">\n                        <h3 class=\"tp-product-details-desc-banner-title tp-product-details-desc-title\">Grown with Care</h3>\n                        <img src=\"/storage/grocery/products/product-3.jpg\" alt=\"Avocado Farm\">\n                    </div>\n                </div>\n            </div>\n        </div>\n    </div>\n</div>\n','published','[\"grocery\\/products\\/product-11.jpg\",\"grocery\\/products\\/product-1.jpg\",\"grocery\\/products\\/product-2.jpg\",\"grocery\\/products\\/product-10.jpg\",\"grocery\\/products\\/product-6.jpg\"]','MX-107',0,16,0,1,1,1,0,0,1901,898,NULL,NULL,12.00,18.00,17.00,853.00,NULL,51415,'2024-05-10 02:11:42','2024-05-10 02:11:42','in_stock',3,0,'Botble\\ACL\\Models\\User',0,NULL,'physical',NULL,NULL,0,0,0),(7,'Almond Milk','Balsamic salad dressing to enhance the flavor of your salads.','<div class=\"row justify-content-center\">\n    <div class=\"col-xl-10\">\n        <div class=\"tp-product-details-desc-item pb-105\">\n            <div class=\"row\">\n                <div class=\"col-lg-6\">\n                    <div class=\"pt-25\">\n                        <span>Organic Avocado</span>\n                        <h3 class=\"tp-product-details-desc-title\">Freshness You Can Taste</h3>\n                        <p>\n                            Indulge in the rich, creamy texture and vibrant flavor of our organic avocados. Sourced from sustainable farms, each avocado is handpicked to ensure peak ripeness and quality. Whether sliced on toast or mashed into guacamole, our avocados are the perfect addition to any meal.\n                        </p>\n                    </div>\n                    <div>\n                        <h3 class=\"tp-product-details-desc-title\">Nutrient-Rich Goodness</h3>\n                        <p>\n                            Packed with essential vitamins and minerals, our organic avocados are not only delicious but also incredibly nutritious. High in heart-healthy fats and fiber, they\'re an excellent choice for grocerytaining a balanced diet. Add them to salads, smoothies, or sandwiches for a nutritious boost.\n                        </p>\n                    </div>\n                </div>\n                <div class=\"col-lg-6\">\n                    <div class=\"tp-product-details-desc-thumb\">\n                        <img src=\"/storage/grocery/products/product-1.jpg\" alt=\"Organic Avocado\">\n                    </div>\n                </div>\n            </div>\n        </div>\n        <div class=\"tp-product-details-desc-item pb-75\">\n            <div class=\"row\">\n                <div class=\"col-lg-7\">\n                    <div class=\"tp-product-details-desc-thumb\">\n                        <img src=\"/storage/grocery/products/product-2.jpg\" alt=\"Sliced Avocado\">\n                    </div>\n                </div>\n\n                <div class=\"col-lg-5 order-first order-lg-last\">\n                    <div class=\"des-content-2 pl-40\">\n                        <h3 class=\"tp-product-details-desc-title\">\n                            Convenient Packaging\n                        </h3>\n                        <p>\n                            Our organic avocados come carefully packaged to preserve their freshness. Each avocado is nestled in eco-friendly padding to prevent bruising during transit. Rest assured that when you open your package, you\'ll find perfectly ripe avocados ready to enjoy.\n                        </p>\n                    </div>\n                </div>\n            </div>\n        </div>\n        <div class=\"tp-product-details-desc-item\">\n            <div class=\"row\">\n                <div class=\"col-xl-12\">\n                    <div class=\"tp-product-details-desc-banner text-center m-img\">\n                        <h3 class=\"tp-product-details-desc-banner-title tp-product-details-desc-title\">Grown with Care</h3>\n                        <img src=\"/storage/grocery/products/product-3.jpg\" alt=\"Avocado Farm\">\n                    </div>\n                </div>\n            </div>\n        </div>\n    </div>\n</div>\n','published','[\"grocery\\/products\\/product-3.jpg\",\"grocery\\/products\\/product-6.jpg\",\"grocery\\/products\\/product-4.jpg\",\"grocery\\/products\\/product-11.jpg\",\"grocery\\/products\\/product-1.jpg\",\"grocery\\/products\\/product-8.jpg\"]','LR-149',0,20,0,1,1,3,0,0,995,28,NULL,NULL,16.00,16.00,15.00,828.00,NULL,22797,'2024-05-10 02:11:42','2024-05-10 02:11:42','in_stock',2,0,'Botble\\ACL\\Models\\User',0,NULL,'physical',NULL,NULL,0,0,0),(8,'Quinoa (Digital)','Green tea bags for a soothing and antioxidant-rich beverage.','<div class=\"row justify-content-center\">\n    <div class=\"col-xl-10\">\n        <div class=\"tp-product-details-desc-item pb-105\">\n            <div class=\"row\">\n                <div class=\"col-lg-6\">\n                    <div class=\"pt-25\">\n                        <span>Organic Avocado</span>\n                        <h3 class=\"tp-product-details-desc-title\">Freshness You Can Taste</h3>\n                        <p>\n                            Indulge in the rich, creamy texture and vibrant flavor of our organic avocados. Sourced from sustainable farms, each avocado is handpicked to ensure peak ripeness and quality. Whether sliced on toast or mashed into guacamole, our avocados are the perfect addition to any meal.\n                        </p>\n                    </div>\n                    <div>\n                        <h3 class=\"tp-product-details-desc-title\">Nutrient-Rich Goodness</h3>\n                        <p>\n                            Packed with essential vitamins and minerals, our organic avocados are not only delicious but also incredibly nutritious. High in heart-healthy fats and fiber, they\'re an excellent choice for grocerytaining a balanced diet. Add them to salads, smoothies, or sandwiches for a nutritious boost.\n                        </p>\n                    </div>\n                </div>\n                <div class=\"col-lg-6\">\n                    <div class=\"tp-product-details-desc-thumb\">\n                        <img src=\"/storage/grocery/products/product-1.jpg\" alt=\"Organic Avocado\">\n                    </div>\n                </div>\n            </div>\n        </div>\n        <div class=\"tp-product-details-desc-item pb-75\">\n            <div class=\"row\">\n                <div class=\"col-lg-7\">\n                    <div class=\"tp-product-details-desc-thumb\">\n                        <img src=\"/storage/grocery/products/product-2.jpg\" alt=\"Sliced Avocado\">\n                    </div>\n                </div>\n\n                <div class=\"col-lg-5 order-first order-lg-last\">\n                    <div class=\"des-content-2 pl-40\">\n                        <h3 class=\"tp-product-details-desc-title\">\n                            Convenient Packaging\n                        </h3>\n                        <p>\n                            Our organic avocados come carefully packaged to preserve their freshness. Each avocado is nestled in eco-friendly padding to prevent bruising during transit. Rest assured that when you open your package, you\'ll find perfectly ripe avocados ready to enjoy.\n                        </p>\n                    </div>\n                </div>\n            </div>\n        </div>\n        <div class=\"tp-product-details-desc-item\">\n            <div class=\"row\">\n                <div class=\"col-xl-12\">\n                    <div class=\"tp-product-details-desc-banner text-center m-img\">\n                        <h3 class=\"tp-product-details-desc-banner-title tp-product-details-desc-title\">Grown with Care</h3>\n                        <img src=\"/storage/grocery/products/product-3.jpg\" alt=\"Avocado Farm\">\n                    </div>\n                </div>\n            </div>\n        </div>\n    </div>\n</div>\n','published','[\"grocery\\/products\\/product-6.jpg\",\"grocery\\/products\\/product-1.jpg\",\"grocery\\/products\\/product-9.jpg\",\"grocery\\/products\\/product-5.jpg\",\"grocery\\/products\\/product-7.jpg\",\"grocery\\/products\\/product-11.jpg\",\"grocery\\/products\\/product-4.jpg\"]','GE-126-A1',0,19,0,1,1,5,0,0,2038,1508.12,NULL,NULL,20.00,20.00,20.00,728.00,NULL,164739,'2024-05-10 02:11:42','2024-05-10 02:11:43','in_stock',8,0,'Botble\\ACL\\Models\\User',0,NULL,'digital',NULL,NULL,0,0,0),(9,'Avocado','Whole wheat pasta, a healthier alternative with a nutty flavor.','<div class=\"row justify-content-center\">\n    <div class=\"col-xl-10\">\n        <div class=\"tp-product-details-desc-item pb-105\">\n            <div class=\"row\">\n                <div class=\"col-lg-6\">\n                    <div class=\"pt-25\">\n                        <span>Organic Avocado</span>\n                        <h3 class=\"tp-product-details-desc-title\">Freshness You Can Taste</h3>\n                        <p>\n                            Indulge in the rich, creamy texture and vibrant flavor of our organic avocados. Sourced from sustainable farms, each avocado is handpicked to ensure peak ripeness and quality. Whether sliced on toast or mashed into guacamole, our avocados are the perfect addition to any meal.\n                        </p>\n                    </div>\n                    <div>\n                        <h3 class=\"tp-product-details-desc-title\">Nutrient-Rich Goodness</h3>\n                        <p>\n                            Packed with essential vitamins and minerals, our organic avocados are not only delicious but also incredibly nutritious. High in heart-healthy fats and fiber, they\'re an excellent choice for grocerytaining a balanced diet. Add them to salads, smoothies, or sandwiches for a nutritious boost.\n                        </p>\n                    </div>\n                </div>\n                <div class=\"col-lg-6\">\n                    <div class=\"tp-product-details-desc-thumb\">\n                        <img src=\"/storage/grocery/products/product-1.jpg\" alt=\"Organic Avocado\">\n                    </div>\n                </div>\n            </div>\n        </div>\n        <div class=\"tp-product-details-desc-item pb-75\">\n            <div class=\"row\">\n                <div class=\"col-lg-7\">\n                    <div class=\"tp-product-details-desc-thumb\">\n                        <img src=\"/storage/grocery/products/product-2.jpg\" alt=\"Sliced Avocado\">\n                    </div>\n                </div>\n\n                <div class=\"col-lg-5 order-first order-lg-last\">\n                    <div class=\"des-content-2 pl-40\">\n                        <h3 class=\"tp-product-details-desc-title\">\n                            Convenient Packaging\n                        </h3>\n                        <p>\n                            Our organic avocados come carefully packaged to preserve their freshness. Each avocado is nestled in eco-friendly padding to prevent bruising during transit. Rest assured that when you open your package, you\'ll find perfectly ripe avocados ready to enjoy.\n                        </p>\n                    </div>\n                </div>\n            </div>\n        </div>\n        <div class=\"tp-product-details-desc-item\">\n            <div class=\"row\">\n                <div class=\"col-xl-12\">\n                    <div class=\"tp-product-details-desc-banner text-center m-img\">\n                        <h3 class=\"tp-product-details-desc-banner-title tp-product-details-desc-title\">Grown with Care</h3>\n                        <img src=\"/storage/grocery/products/product-3.jpg\" alt=\"Avocado Farm\">\n                    </div>\n                </div>\n            </div>\n        </div>\n    </div>\n</div>\n','published','[\"grocery\\/products\\/product-6.jpg\",\"grocery\\/products\\/product-1.jpg\",\"grocery\\/products\\/product-10.jpg\",\"grocery\\/products\\/product-9.jpg\",\"grocery\\/products\\/product-2.jpg\",\"grocery\\/products\\/product-5.jpg\",\"grocery\\/products\\/product-8.jpg\"]','RU-115',0,17,0,1,0,3,0,0,1679,759,NULL,NULL,17.00,11.00,15.00,881.00,NULL,194088,'2024-05-10 02:11:42','2024-05-10 02:11:42','in_stock',7,0,'Botble\\ACL\\Models\\User',0,NULL,'physical',NULL,NULL,0,0,0),(10,'Greek Yogurt','Balsamic salad dressing to enhance the flavor of your salads.','<div class=\"row justify-content-center\">\n    <div class=\"col-xl-10\">\n        <div class=\"tp-product-details-desc-item pb-105\">\n            <div class=\"row\">\n                <div class=\"col-lg-6\">\n                    <div class=\"pt-25\">\n                        <span>Organic Avocado</span>\n                        <h3 class=\"tp-product-details-desc-title\">Freshness You Can Taste</h3>\n                        <p>\n                            Indulge in the rich, creamy texture and vibrant flavor of our organic avocados. Sourced from sustainable farms, each avocado is handpicked to ensure peak ripeness and quality. Whether sliced on toast or mashed into guacamole, our avocados are the perfect addition to any meal.\n                        </p>\n                    </div>\n                    <div>\n                        <h3 class=\"tp-product-details-desc-title\">Nutrient-Rich Goodness</h3>\n                        <p>\n                            Packed with essential vitamins and minerals, our organic avocados are not only delicious but also incredibly nutritious. High in heart-healthy fats and fiber, they\'re an excellent choice for grocerytaining a balanced diet. Add them to salads, smoothies, or sandwiches for a nutritious boost.\n                        </p>\n                    </div>\n                </div>\n                <div class=\"col-lg-6\">\n                    <div class=\"tp-product-details-desc-thumb\">\n                        <img src=\"/storage/grocery/products/product-1.jpg\" alt=\"Organic Avocado\">\n                    </div>\n                </div>\n            </div>\n        </div>\n        <div class=\"tp-product-details-desc-item pb-75\">\n            <div class=\"row\">\n                <div class=\"col-lg-7\">\n                    <div class=\"tp-product-details-desc-thumb\">\n                        <img src=\"/storage/grocery/products/product-2.jpg\" alt=\"Sliced Avocado\">\n                    </div>\n                </div>\n\n                <div class=\"col-lg-5 order-first order-lg-last\">\n                    <div class=\"des-content-2 pl-40\">\n                        <h3 class=\"tp-product-details-desc-title\">\n                            Convenient Packaging\n                        </h3>\n                        <p>\n                            Our organic avocados come carefully packaged to preserve their freshness. Each avocado is nestled in eco-friendly padding to prevent bruising during transit. Rest assured that when you open your package, you\'ll find perfectly ripe avocados ready to enjoy.\n                        </p>\n                    </div>\n                </div>\n            </div>\n        </div>\n        <div class=\"tp-product-details-desc-item\">\n            <div class=\"row\">\n                <div class=\"col-xl-12\">\n                    <div class=\"tp-product-details-desc-banner text-center m-img\">\n                        <h3 class=\"tp-product-details-desc-banner-title tp-product-details-desc-title\">Grown with Care</h3>\n                        <img src=\"/storage/grocery/products/product-3.jpg\" alt=\"Avocado Farm\">\n                    </div>\n                </div>\n            </div>\n        </div>\n    </div>\n</div>\n','published','[\"grocery\\/products\\/product-1.jpg\",\"grocery\\/products\\/product-11.jpg\",\"grocery\\/products\\/product-6.jpg\",\"grocery\\/products\\/product-9.jpg\",\"grocery\\/products\\/product-7.jpg\",\"grocery\\/products\\/product-8.jpg\",\"grocery\\/products\\/product-5.jpg\",\"grocery\\/products\\/product-10.jpg\"]','JP-116',0,18,0,1,0,2,0,0,1215,1183,NULL,NULL,10.00,14.00,19.00,588.00,NULL,182456,'2024-05-10 02:11:42','2024-05-10 02:11:42','in_stock',8,0,'Botble\\ACL\\Models\\User',0,NULL,'physical',NULL,NULL,0,0,0),(11,'Sweet Potatoes','Balsamic salad dressing to enhance the flavor of your salads.','<div class=\"row justify-content-center\">\n    <div class=\"col-xl-10\">\n        <div class=\"tp-product-details-desc-item pb-105\">\n            <div class=\"row\">\n                <div class=\"col-lg-6\">\n                    <div class=\"pt-25\">\n                        <span>Organic Avocado</span>\n                        <h3 class=\"tp-product-details-desc-title\">Freshness You Can Taste</h3>\n                        <p>\n                            Indulge in the rich, creamy texture and vibrant flavor of our organic avocados. Sourced from sustainable farms, each avocado is handpicked to ensure peak ripeness and quality. Whether sliced on toast or mashed into guacamole, our avocados are the perfect addition to any meal.\n                        </p>\n                    </div>\n                    <div>\n                        <h3 class=\"tp-product-details-desc-title\">Nutrient-Rich Goodness</h3>\n                        <p>\n                            Packed with essential vitamins and minerals, our organic avocados are not only delicious but also incredibly nutritious. High in heart-healthy fats and fiber, they\'re an excellent choice for grocerytaining a balanced diet. Add them to salads, smoothies, or sandwiches for a nutritious boost.\n                        </p>\n                    </div>\n                </div>\n                <div class=\"col-lg-6\">\n                    <div class=\"tp-product-details-desc-thumb\">\n                        <img src=\"/storage/grocery/products/product-1.jpg\" alt=\"Organic Avocado\">\n                    </div>\n                </div>\n            </div>\n        </div>\n        <div class=\"tp-product-details-desc-item pb-75\">\n            <div class=\"row\">\n                <div class=\"col-lg-7\">\n                    <div class=\"tp-product-details-desc-thumb\">\n                        <img src=\"/storage/grocery/products/product-2.jpg\" alt=\"Sliced Avocado\">\n                    </div>\n                </div>\n\n                <div class=\"col-lg-5 order-first order-lg-last\">\n                    <div class=\"des-content-2 pl-40\">\n                        <h3 class=\"tp-product-details-desc-title\">\n                            Convenient Packaging\n                        </h3>\n                        <p>\n                            Our organic avocados come carefully packaged to preserve their freshness. Each avocado is nestled in eco-friendly padding to prevent bruising during transit. Rest assured that when you open your package, you\'ll find perfectly ripe avocados ready to enjoy.\n                        </p>\n                    </div>\n                </div>\n            </div>\n        </div>\n        <div class=\"tp-product-details-desc-item\">\n            <div class=\"row\">\n                <div class=\"col-xl-12\">\n                    <div class=\"tp-product-details-desc-banner text-center m-img\">\n                        <h3 class=\"tp-product-details-desc-banner-title tp-product-details-desc-title\">Grown with Care</h3>\n                        <img src=\"/storage/grocery/products/product-3.jpg\" alt=\"Avocado Farm\">\n                    </div>\n                </div>\n            </div>\n        </div>\n    </div>\n</div>\n','published','[\"grocery\\/products\\/product-1.jpg\",\"grocery\\/products\\/product-11.jpg\",\"grocery\\/products\\/product-4.jpg\",\"grocery\\/products\\/product-6.jpg\"]','DK-179',0,16,0,1,0,1,0,0,1807,231,NULL,NULL,14.00,17.00,20.00,860.00,NULL,95595,'2024-05-10 02:11:42','2024-05-10 02:11:42','in_stock',7,0,'Botble\\ACL\\Models\\User',0,NULL,'physical',NULL,NULL,0,0,0),(12,'Organic Cherry Tomatoes (Digital)','Cottage cheese, a protein-rich and versatile dairy product.','<div class=\"row justify-content-center\">\n    <div class=\"col-xl-10\">\n        <div class=\"tp-product-details-desc-item pb-105\">\n            <div class=\"row\">\n                <div class=\"col-lg-6\">\n                    <div class=\"pt-25\">\n                        <span>Organic Avocado</span>\n                        <h3 class=\"tp-product-details-desc-title\">Freshness You Can Taste</h3>\n                        <p>\n                            Indulge in the rich, creamy texture and vibrant flavor of our organic avocados. Sourced from sustainable farms, each avocado is handpicked to ensure peak ripeness and quality. Whether sliced on toast or mashed into guacamole, our avocados are the perfect addition to any meal.\n                        </p>\n                    </div>\n                    <div>\n                        <h3 class=\"tp-product-details-desc-title\">Nutrient-Rich Goodness</h3>\n                        <p>\n                            Packed with essential vitamins and minerals, our organic avocados are not only delicious but also incredibly nutritious. High in heart-healthy fats and fiber, they\'re an excellent choice for grocerytaining a balanced diet. Add them to salads, smoothies, or sandwiches for a nutritious boost.\n                        </p>\n                    </div>\n                </div>\n                <div class=\"col-lg-6\">\n                    <div class=\"tp-product-details-desc-thumb\">\n                        <img src=\"/storage/grocery/products/product-1.jpg\" alt=\"Organic Avocado\">\n                    </div>\n                </div>\n            </div>\n        </div>\n        <div class=\"tp-product-details-desc-item pb-75\">\n            <div class=\"row\">\n                <div class=\"col-lg-7\">\n                    <div class=\"tp-product-details-desc-thumb\">\n                        <img src=\"/storage/grocery/products/product-2.jpg\" alt=\"Sliced Avocado\">\n                    </div>\n                </div>\n\n                <div class=\"col-lg-5 order-first order-lg-last\">\n                    <div class=\"des-content-2 pl-40\">\n                        <h3 class=\"tp-product-details-desc-title\">\n                            Convenient Packaging\n                        </h3>\n                        <p>\n                            Our organic avocados come carefully packaged to preserve their freshness. Each avocado is nestled in eco-friendly padding to prevent bruising during transit. Rest assured that when you open your package, you\'ll find perfectly ripe avocados ready to enjoy.\n                        </p>\n                    </div>\n                </div>\n            </div>\n        </div>\n        <div class=\"tp-product-details-desc-item\">\n            <div class=\"row\">\n                <div class=\"col-xl-12\">\n                    <div class=\"tp-product-details-desc-banner text-center m-img\">\n                        <h3 class=\"tp-product-details-desc-banner-title tp-product-details-desc-title\">Grown with Care</h3>\n                        <img src=\"/storage/grocery/products/product-3.jpg\" alt=\"Avocado Farm\">\n                    </div>\n                </div>\n            </div>\n        </div>\n    </div>\n</div>\n','published','[\"grocery\\/products\\/product-9.jpg\",\"grocery\\/products\\/product-4.jpg\",\"grocery\\/products\\/product-11.jpg\"]','JI-188',0,12,0,1,0,3,0,0,1939,685,NULL,NULL,16.00,16.00,20.00,802.00,NULL,142755,'2024-05-10 02:11:42','2024-05-10 02:11:42','in_stock',5,0,'Botble\\ACL\\Models\\User',0,NULL,'digital',NULL,NULL,0,0,0),(13,'Honeycrisp Apples','Quinoa flour, a gluten-free alternative for baking.','<div class=\"row justify-content-center\">\n    <div class=\"col-xl-10\">\n        <div class=\"tp-product-details-desc-item pb-105\">\n            <div class=\"row\">\n                <div class=\"col-lg-6\">\n                    <div class=\"pt-25\">\n                        <span>Organic Avocado</span>\n                        <h3 class=\"tp-product-details-desc-title\">Freshness You Can Taste</h3>\n                        <p>\n                            Indulge in the rich, creamy texture and vibrant flavor of our organic avocados. Sourced from sustainable farms, each avocado is handpicked to ensure peak ripeness and quality. Whether sliced on toast or mashed into guacamole, our avocados are the perfect addition to any meal.\n                        </p>\n                    </div>\n                    <div>\n                        <h3 class=\"tp-product-details-desc-title\">Nutrient-Rich Goodness</h3>\n                        <p>\n                            Packed with essential vitamins and minerals, our organic avocados are not only delicious but also incredibly nutritious. High in heart-healthy fats and fiber, they\'re an excellent choice for grocerytaining a balanced diet. Add them to salads, smoothies, or sandwiches for a nutritious boost.\n                        </p>\n                    </div>\n                </div>\n                <div class=\"col-lg-6\">\n                    <div class=\"tp-product-details-desc-thumb\">\n                        <img src=\"/storage/grocery/products/product-1.jpg\" alt=\"Organic Avocado\">\n                    </div>\n                </div>\n            </div>\n        </div>\n        <div class=\"tp-product-details-desc-item pb-75\">\n            <div class=\"row\">\n                <div class=\"col-lg-7\">\n                    <div class=\"tp-product-details-desc-thumb\">\n                        <img src=\"/storage/grocery/products/product-2.jpg\" alt=\"Sliced Avocado\">\n                    </div>\n                </div>\n\n                <div class=\"col-lg-5 order-first order-lg-last\">\n                    <div class=\"des-content-2 pl-40\">\n                        <h3 class=\"tp-product-details-desc-title\">\n                            Convenient Packaging\n                        </h3>\n                        <p>\n                            Our organic avocados come carefully packaged to preserve their freshness. Each avocado is nestled in eco-friendly padding to prevent bruising during transit. Rest assured that when you open your package, you\'ll find perfectly ripe avocados ready to enjoy.\n                        </p>\n                    </div>\n                </div>\n            </div>\n        </div>\n        <div class=\"tp-product-details-desc-item\">\n            <div class=\"row\">\n                <div class=\"col-xl-12\">\n                    <div class=\"tp-product-details-desc-banner text-center m-img\">\n                        <h3 class=\"tp-product-details-desc-banner-title tp-product-details-desc-title\">Grown with Care</h3>\n                        <img src=\"/storage/grocery/products/product-3.jpg\" alt=\"Avocado Farm\">\n                    </div>\n                </div>\n            </div>\n        </div>\n    </div>\n</div>\n','published','[\"grocery\\/products\\/product-10.jpg\",\"grocery\\/products\\/product-11.jpg\",\"grocery\\/products\\/product-6.jpg\"]','QY-143',0,12,0,1,0,3,0,0,1879,678,NULL,NULL,20.00,20.00,16.00,763.00,NULL,36292,'2024-05-10 02:11:42','2024-05-10 02:11:42','in_stock',3,0,'Botble\\ACL\\Models\\User',0,NULL,'physical',NULL,NULL,0,0,0),(14,'Brown Rice','Fresh and crisp organic apples for a healthy snack or delicious recipes.','<div class=\"row justify-content-center\">\n    <div class=\"col-xl-10\">\n        <div class=\"tp-product-details-desc-item pb-105\">\n            <div class=\"row\">\n                <div class=\"col-lg-6\">\n                    <div class=\"pt-25\">\n                        <span>Organic Avocado</span>\n                        <h3 class=\"tp-product-details-desc-title\">Freshness You Can Taste</h3>\n                        <p>\n                            Indulge in the rich, creamy texture and vibrant flavor of our organic avocados. Sourced from sustainable farms, each avocado is handpicked to ensure peak ripeness and quality. Whether sliced on toast or mashed into guacamole, our avocados are the perfect addition to any meal.\n                        </p>\n                    </div>\n                    <div>\n                        <h3 class=\"tp-product-details-desc-title\">Nutrient-Rich Goodness</h3>\n                        <p>\n                            Packed with essential vitamins and minerals, our organic avocados are not only delicious but also incredibly nutritious. High in heart-healthy fats and fiber, they\'re an excellent choice for grocerytaining a balanced diet. Add them to salads, smoothies, or sandwiches for a nutritious boost.\n                        </p>\n                    </div>\n                </div>\n                <div class=\"col-lg-6\">\n                    <div class=\"tp-product-details-desc-thumb\">\n                        <img src=\"/storage/grocery/products/product-1.jpg\" alt=\"Organic Avocado\">\n                    </div>\n                </div>\n            </div>\n        </div>\n        <div class=\"tp-product-details-desc-item pb-75\">\n            <div class=\"row\">\n                <div class=\"col-lg-7\">\n                    <div class=\"tp-product-details-desc-thumb\">\n                        <img src=\"/storage/grocery/products/product-2.jpg\" alt=\"Sliced Avocado\">\n                    </div>\n                </div>\n\n                <div class=\"col-lg-5 order-first order-lg-last\">\n                    <div class=\"des-content-2 pl-40\">\n                        <h3 class=\"tp-product-details-desc-title\">\n                            Convenient Packaging\n                        </h3>\n                        <p>\n                            Our organic avocados come carefully packaged to preserve their freshness. Each avocado is nestled in eco-friendly padding to prevent bruising during transit. Rest assured that when you open your package, you\'ll find perfectly ripe avocados ready to enjoy.\n                        </p>\n                    </div>\n                </div>\n            </div>\n        </div>\n        <div class=\"tp-product-details-desc-item\">\n            <div class=\"row\">\n                <div class=\"col-xl-12\">\n                    <div class=\"tp-product-details-desc-banner text-center m-img\">\n                        <h3 class=\"tp-product-details-desc-banner-title tp-product-details-desc-title\">Grown with Care</h3>\n                        <img src=\"/storage/grocery/products/product-3.jpg\" alt=\"Avocado Farm\">\n                    </div>\n                </div>\n            </div>\n        </div>\n    </div>\n</div>\n','published','[\"grocery\\/products\\/product-4.jpg\",\"grocery\\/products\\/product-6.jpg\",\"grocery\\/products\\/product-7.jpg\",\"grocery\\/products\\/product-3.jpg\",\"grocery\\/products\\/product-1.jpg\"]','2G-178-A1',0,15,0,1,0,2,0,0,294,NULL,NULL,NULL,15.00,15.00,10.00,764.00,NULL,102769,'2024-05-10 02:11:42','2024-05-10 02:11:43','in_stock',4,0,'Botble\\ACL\\Models\\User',0,NULL,'physical',NULL,NULL,0,0,0),(15,'Organic Chicken Breast','Green tea bags for a soothing and antioxidant-rich beverage.','<div class=\"row justify-content-center\">\n    <div class=\"col-xl-10\">\n        <div class=\"tp-product-details-desc-item pb-105\">\n            <div class=\"row\">\n                <div class=\"col-lg-6\">\n                    <div class=\"pt-25\">\n                        <span>Organic Avocado</span>\n                        <h3 class=\"tp-product-details-desc-title\">Freshness You Can Taste</h3>\n                        <p>\n                            Indulge in the rich, creamy texture and vibrant flavor of our organic avocados. Sourced from sustainable farms, each avocado is handpicked to ensure peak ripeness and quality. Whether sliced on toast or mashed into guacamole, our avocados are the perfect addition to any meal.\n                        </p>\n                    </div>\n                    <div>\n                        <h3 class=\"tp-product-details-desc-title\">Nutrient-Rich Goodness</h3>\n                        <p>\n                            Packed with essential vitamins and minerals, our organic avocados are not only delicious but also incredibly nutritious. High in heart-healthy fats and fiber, they\'re an excellent choice for grocerytaining a balanced diet. Add them to salads, smoothies, or sandwiches for a nutritious boost.\n                        </p>\n                    </div>\n                </div>\n                <div class=\"col-lg-6\">\n                    <div class=\"tp-product-details-desc-thumb\">\n                        <img src=\"/storage/grocery/products/product-1.jpg\" alt=\"Organic Avocado\">\n                    </div>\n                </div>\n            </div>\n        </div>\n        <div class=\"tp-product-details-desc-item pb-75\">\n            <div class=\"row\">\n                <div class=\"col-lg-7\">\n                    <div class=\"tp-product-details-desc-thumb\">\n                        <img src=\"/storage/grocery/products/product-2.jpg\" alt=\"Sliced Avocado\">\n                    </div>\n                </div>\n\n                <div class=\"col-lg-5 order-first order-lg-last\">\n                    <div class=\"des-content-2 pl-40\">\n                        <h3 class=\"tp-product-details-desc-title\">\n                            Convenient Packaging\n                        </h3>\n                        <p>\n                            Our organic avocados come carefully packaged to preserve their freshness. Each avocado is nestled in eco-friendly padding to prevent bruising during transit. Rest assured that when you open your package, you\'ll find perfectly ripe avocados ready to enjoy.\n                        </p>\n                    </div>\n                </div>\n            </div>\n        </div>\n        <div class=\"tp-product-details-desc-item\">\n            <div class=\"row\">\n                <div class=\"col-xl-12\">\n                    <div class=\"tp-product-details-desc-banner text-center m-img\">\n                        <h3 class=\"tp-product-details-desc-banner-title tp-product-details-desc-title\">Grown with Care</h3>\n                        <img src=\"/storage/grocery/products/product-3.jpg\" alt=\"Avocado Farm\">\n                    </div>\n                </div>\n            </div>\n        </div>\n    </div>\n</div>\n','published','[\"grocery\\/products\\/product-10.jpg\",\"grocery\\/products\\/product-4.jpg\",\"grocery\\/products\\/product-6.jpg\",\"grocery\\/products\\/product-8.jpg\",\"grocery\\/products\\/product-11.jpg\",\"grocery\\/products\\/product-3.jpg\"]','DI-116',0,13,0,1,0,3,0,0,795,550,NULL,NULL,11.00,19.00,13.00,763.00,NULL,54123,'2024-05-10 02:11:42','2024-05-10 02:11:42','in_stock',4,0,'Botble\\ACL\\Models\\User',0,NULL,'physical',NULL,NULL,0,0,0),(16,'Extra Virgin Olive Oil (Digital)','Whole pineapple for a tropical and refreshing treat.','<div class=\"row justify-content-center\">\n    <div class=\"col-xl-10\">\n        <div class=\"tp-product-details-desc-item pb-105\">\n            <div class=\"row\">\n                <div class=\"col-lg-6\">\n                    <div class=\"pt-25\">\n                        <span>Organic Avocado</span>\n                        <h3 class=\"tp-product-details-desc-title\">Freshness You Can Taste</h3>\n                        <p>\n                            Indulge in the rich, creamy texture and vibrant flavor of our organic avocados. Sourced from sustainable farms, each avocado is handpicked to ensure peak ripeness and quality. Whether sliced on toast or mashed into guacamole, our avocados are the perfect addition to any meal.\n                        </p>\n                    </div>\n                    <div>\n                        <h3 class=\"tp-product-details-desc-title\">Nutrient-Rich Goodness</h3>\n                        <p>\n                            Packed with essential vitamins and minerals, our organic avocados are not only delicious but also incredibly nutritious. High in heart-healthy fats and fiber, they\'re an excellent choice for grocerytaining a balanced diet. Add them to salads, smoothies, or sandwiches for a nutritious boost.\n                        </p>\n                    </div>\n                </div>\n                <div class=\"col-lg-6\">\n                    <div class=\"tp-product-details-desc-thumb\">\n                        <img src=\"/storage/grocery/products/product-1.jpg\" alt=\"Organic Avocado\">\n                    </div>\n                </div>\n            </div>\n        </div>\n        <div class=\"tp-product-details-desc-item pb-75\">\n            <div class=\"row\">\n                <div class=\"col-lg-7\">\n                    <div class=\"tp-product-details-desc-thumb\">\n                        <img src=\"/storage/grocery/products/product-2.jpg\" alt=\"Sliced Avocado\">\n                    </div>\n                </div>\n\n                <div class=\"col-lg-5 order-first order-lg-last\">\n                    <div class=\"des-content-2 pl-40\">\n                        <h3 class=\"tp-product-details-desc-title\">\n                            Convenient Packaging\n                        </h3>\n                        <p>\n                            Our organic avocados come carefully packaged to preserve their freshness. Each avocado is nestled in eco-friendly padding to prevent bruising during transit. Rest assured that when you open your package, you\'ll find perfectly ripe avocados ready to enjoy.\n                        </p>\n                    </div>\n                </div>\n            </div>\n        </div>\n        <div class=\"tp-product-details-desc-item\">\n            <div class=\"row\">\n                <div class=\"col-xl-12\">\n                    <div class=\"tp-product-details-desc-banner text-center m-img\">\n                        <h3 class=\"tp-product-details-desc-banner-title tp-product-details-desc-title\">Grown with Care</h3>\n                        <img src=\"/storage/grocery/products/product-3.jpg\" alt=\"Avocado Farm\">\n                    </div>\n                </div>\n            </div>\n        </div>\n    </div>\n</div>\n','published','[\"grocery\\/products\\/product-11.jpg\",\"grocery\\/products\\/product-5.jpg\",\"grocery\\/products\\/product-4.jpg\",\"grocery\\/products\\/product-3.jpg\",\"grocery\\/products\\/product-8.jpg\",\"grocery\\/products\\/product-1.jpg\"]','MN-122-A1',0,19,0,1,1,2,0,0,651,468.72,NULL,NULL,11.00,20.00,20.00,673.00,NULL,186044,'2024-05-10 02:11:42','2024-05-10 02:11:43','in_stock',1,0,'Botble\\ACL\\Models\\User',0,NULL,'digital',NULL,NULL,0,0,0),(17,'Cucumber','Quinoa flour, a gluten-free alternative for baking.','<div class=\"row justify-content-center\">\n    <div class=\"col-xl-10\">\n        <div class=\"tp-product-details-desc-item pb-105\">\n            <div class=\"row\">\n                <div class=\"col-lg-6\">\n                    <div class=\"pt-25\">\n                        <span>Organic Avocado</span>\n                        <h3 class=\"tp-product-details-desc-title\">Freshness You Can Taste</h3>\n                        <p>\n                            Indulge in the rich, creamy texture and vibrant flavor of our organic avocados. Sourced from sustainable farms, each avocado is handpicked to ensure peak ripeness and quality. Whether sliced on toast or mashed into guacamole, our avocados are the perfect addition to any meal.\n                        </p>\n                    </div>\n                    <div>\n                        <h3 class=\"tp-product-details-desc-title\">Nutrient-Rich Goodness</h3>\n                        <p>\n                            Packed with essential vitamins and minerals, our organic avocados are not only delicious but also incredibly nutritious. High in heart-healthy fats and fiber, they\'re an excellent choice for grocerytaining a balanced diet. Add them to salads, smoothies, or sandwiches for a nutritious boost.\n                        </p>\n                    </div>\n                </div>\n                <div class=\"col-lg-6\">\n                    <div class=\"tp-product-details-desc-thumb\">\n                        <img src=\"/storage/grocery/products/product-1.jpg\" alt=\"Organic Avocado\">\n                    </div>\n                </div>\n            </div>\n        </div>\n        <div class=\"tp-product-details-desc-item pb-75\">\n            <div class=\"row\">\n                <div class=\"col-lg-7\">\n                    <div class=\"tp-product-details-desc-thumb\">\n                        <img src=\"/storage/grocery/products/product-2.jpg\" alt=\"Sliced Avocado\">\n                    </div>\n                </div>\n\n                <div class=\"col-lg-5 order-first order-lg-last\">\n                    <div class=\"des-content-2 pl-40\">\n                        <h3 class=\"tp-product-details-desc-title\">\n                            Convenient Packaging\n                        </h3>\n                        <p>\n                            Our organic avocados come carefully packaged to preserve their freshness. Each avocado is nestled in eco-friendly padding to prevent bruising during transit. Rest assured that when you open your package, you\'ll find perfectly ripe avocados ready to enjoy.\n                        </p>\n                    </div>\n                </div>\n            </div>\n        </div>\n        <div class=\"tp-product-details-desc-item\">\n            <div class=\"row\">\n                <div class=\"col-xl-12\">\n                    <div class=\"tp-product-details-desc-banner text-center m-img\">\n                        <h3 class=\"tp-product-details-desc-banner-title tp-product-details-desc-title\">Grown with Care</h3>\n                        <img src=\"/storage/grocery/products/product-3.jpg\" alt=\"Avocado Farm\">\n                    </div>\n                </div>\n            </div>\n        </div>\n    </div>\n</div>\n','published','[\"grocery\\/products\\/product-1.jpg\",\"grocery\\/products\\/product-10.jpg\",\"grocery\\/products\\/product-11.jpg\"]','P4-198-A1',0,13,0,1,0,3,0,0,1617,NULL,NULL,NULL,14.00,10.00,13.00,504.00,NULL,46594,'2024-05-10 02:11:42','2024-05-10 02:11:43','in_stock',2,0,'Botble\\ACL\\Models\\User',0,NULL,'physical',NULL,NULL,0,0,0),(18,'Black Beans','Whole wheat pasta, a healthier alternative with a nutty flavor.','<div class=\"row justify-content-center\">\n    <div class=\"col-xl-10\">\n        <div class=\"tp-product-details-desc-item pb-105\">\n            <div class=\"row\">\n                <div class=\"col-lg-6\">\n                    <div class=\"pt-25\">\n                        <span>Organic Avocado</span>\n                        <h3 class=\"tp-product-details-desc-title\">Freshness You Can Taste</h3>\n                        <p>\n                            Indulge in the rich, creamy texture and vibrant flavor of our organic avocados. Sourced from sustainable farms, each avocado is handpicked to ensure peak ripeness and quality. Whether sliced on toast or mashed into guacamole, our avocados are the perfect addition to any meal.\n                        </p>\n                    </div>\n                    <div>\n                        <h3 class=\"tp-product-details-desc-title\">Nutrient-Rich Goodness</h3>\n                        <p>\n                            Packed with essential vitamins and minerals, our organic avocados are not only delicious but also incredibly nutritious. High in heart-healthy fats and fiber, they\'re an excellent choice for grocerytaining a balanced diet. Add them to salads, smoothies, or sandwiches for a nutritious boost.\n                        </p>\n                    </div>\n                </div>\n                <div class=\"col-lg-6\">\n                    <div class=\"tp-product-details-desc-thumb\">\n                        <img src=\"/storage/grocery/products/product-1.jpg\" alt=\"Organic Avocado\">\n                    </div>\n                </div>\n            </div>\n        </div>\n        <div class=\"tp-product-details-desc-item pb-75\">\n            <div class=\"row\">\n                <div class=\"col-lg-7\">\n                    <div class=\"tp-product-details-desc-thumb\">\n                        <img src=\"/storage/grocery/products/product-2.jpg\" alt=\"Sliced Avocado\">\n                    </div>\n                </div>\n\n                <div class=\"col-lg-5 order-first order-lg-last\">\n                    <div class=\"des-content-2 pl-40\">\n                        <h3 class=\"tp-product-details-desc-title\">\n                            Convenient Packaging\n                        </h3>\n                        <p>\n                            Our organic avocados come carefully packaged to preserve their freshness. Each avocado is nestled in eco-friendly padding to prevent bruising during transit. Rest assured that when you open your package, you\'ll find perfectly ripe avocados ready to enjoy.\n                        </p>\n                    </div>\n                </div>\n            </div>\n        </div>\n        <div class=\"tp-product-details-desc-item\">\n            <div class=\"row\">\n                <div class=\"col-xl-12\">\n                    <div class=\"tp-product-details-desc-banner text-center m-img\">\n                        <h3 class=\"tp-product-details-desc-banner-title tp-product-details-desc-title\">Grown with Care</h3>\n                        <img src=\"/storage/grocery/products/product-3.jpg\" alt=\"Avocado Farm\">\n                    </div>\n                </div>\n            </div>\n        </div>\n    </div>\n</div>\n','published','[\"grocery\\/products\\/product-5.jpg\",\"grocery\\/products\\/product-2.jpg\",\"grocery\\/products\\/product-10.jpg\",\"grocery\\/products\\/product-7.jpg\",\"grocery\\/products\\/product-3.jpg\",\"grocery\\/products\\/product-6.jpg\",\"grocery\\/products\\/product-8.jpg\"]','EP-111-A1',0,20,0,1,1,4,0,0,695,NULL,NULL,NULL,20.00,19.00,15.00,602.00,NULL,79262,'2024-05-10 02:11:42','2024-05-10 02:11:43','in_stock',1,0,'Botble\\ACL\\Models\\User',0,NULL,'physical',NULL,NULL,0,0,0),(19,'Chia Seeds','Cottage cheese, a protein-rich and versatile dairy product.','<div class=\"row justify-content-center\">\n    <div class=\"col-xl-10\">\n        <div class=\"tp-product-details-desc-item pb-105\">\n            <div class=\"row\">\n                <div class=\"col-lg-6\">\n                    <div class=\"pt-25\">\n                        <span>Organic Avocado</span>\n                        <h3 class=\"tp-product-details-desc-title\">Freshness You Can Taste</h3>\n                        <p>\n                            Indulge in the rich, creamy texture and vibrant flavor of our organic avocados. Sourced from sustainable farms, each avocado is handpicked to ensure peak ripeness and quality. Whether sliced on toast or mashed into guacamole, our avocados are the perfect addition to any meal.\n                        </p>\n                    </div>\n                    <div>\n                        <h3 class=\"tp-product-details-desc-title\">Nutrient-Rich Goodness</h3>\n                        <p>\n                            Packed with essential vitamins and minerals, our organic avocados are not only delicious but also incredibly nutritious. High in heart-healthy fats and fiber, they\'re an excellent choice for grocerytaining a balanced diet. Add them to salads, smoothies, or sandwiches for a nutritious boost.\n                        </p>\n                    </div>\n                </div>\n                <div class=\"col-lg-6\">\n                    <div class=\"tp-product-details-desc-thumb\">\n                        <img src=\"/storage/grocery/products/product-1.jpg\" alt=\"Organic Avocado\">\n                    </div>\n                </div>\n            </div>\n        </div>\n        <div class=\"tp-product-details-desc-item pb-75\">\n            <div class=\"row\">\n                <div class=\"col-lg-7\">\n                    <div class=\"tp-product-details-desc-thumb\">\n                        <img src=\"/storage/grocery/products/product-2.jpg\" alt=\"Sliced Avocado\">\n                    </div>\n                </div>\n\n                <div class=\"col-lg-5 order-first order-lg-last\">\n                    <div class=\"des-content-2 pl-40\">\n                        <h3 class=\"tp-product-details-desc-title\">\n                            Convenient Packaging\n                        </h3>\n                        <p>\n                            Our organic avocados come carefully packaged to preserve their freshness. Each avocado is nestled in eco-friendly padding to prevent bruising during transit. Rest assured that when you open your package, you\'ll find perfectly ripe avocados ready to enjoy.\n                        </p>\n                    </div>\n                </div>\n            </div>\n        </div>\n        <div class=\"tp-product-details-desc-item\">\n            <div class=\"row\">\n                <div class=\"col-xl-12\">\n                    <div class=\"tp-product-details-desc-banner text-center m-img\">\n                        <h3 class=\"tp-product-details-desc-banner-title tp-product-details-desc-title\">Grown with Care</h3>\n                        <img src=\"/storage/grocery/products/product-3.jpg\" alt=\"Avocado Farm\">\n                    </div>\n                </div>\n            </div>\n        </div>\n    </div>\n</div>\n','published','[\"grocery\\/products\\/product-3.jpg\",\"grocery\\/products\\/product-5.jpg\",\"grocery\\/products\\/product-10.jpg\"]','8V-128-A1',0,15,0,1,0,2,0,0,758,NULL,NULL,NULL,10.00,19.00,20.00,637.00,NULL,49617,'2024-05-10 02:11:42','2024-05-10 02:11:43','in_stock',2,0,'Botble\\ACL\\Models\\User',0,NULL,'physical',NULL,NULL,0,0,0),(20,'Whole Wheat Pasta (Digital)','Sweet and juicy organic strawberries for a delightful treat.','<div class=\"row justify-content-center\">\n    <div class=\"col-xl-10\">\n        <div class=\"tp-product-details-desc-item pb-105\">\n            <div class=\"row\">\n                <div class=\"col-lg-6\">\n                    <div class=\"pt-25\">\n                        <span>Organic Avocado</span>\n                        <h3 class=\"tp-product-details-desc-title\">Freshness You Can Taste</h3>\n                        <p>\n                            Indulge in the rich, creamy texture and vibrant flavor of our organic avocados. Sourced from sustainable farms, each avocado is handpicked to ensure peak ripeness and quality. Whether sliced on toast or mashed into guacamole, our avocados are the perfect addition to any meal.\n                        </p>\n                    </div>\n                    <div>\n                        <h3 class=\"tp-product-details-desc-title\">Nutrient-Rich Goodness</h3>\n                        <p>\n                            Packed with essential vitamins and minerals, our organic avocados are not only delicious but also incredibly nutritious. High in heart-healthy fats and fiber, they\'re an excellent choice for grocerytaining a balanced diet. Add them to salads, smoothies, or sandwiches for a nutritious boost.\n                        </p>\n                    </div>\n                </div>\n                <div class=\"col-lg-6\">\n                    <div class=\"tp-product-details-desc-thumb\">\n                        <img src=\"/storage/grocery/products/product-1.jpg\" alt=\"Organic Avocado\">\n                    </div>\n                </div>\n            </div>\n        </div>\n        <div class=\"tp-product-details-desc-item pb-75\">\n            <div class=\"row\">\n                <div class=\"col-lg-7\">\n                    <div class=\"tp-product-details-desc-thumb\">\n                        <img src=\"/storage/grocery/products/product-2.jpg\" alt=\"Sliced Avocado\">\n                    </div>\n                </div>\n\n                <div class=\"col-lg-5 order-first order-lg-last\">\n                    <div class=\"des-content-2 pl-40\">\n                        <h3 class=\"tp-product-details-desc-title\">\n                            Convenient Packaging\n                        </h3>\n                        <p>\n                            Our organic avocados come carefully packaged to preserve their freshness. Each avocado is nestled in eco-friendly padding to prevent bruising during transit. Rest assured that when you open your package, you\'ll find perfectly ripe avocados ready to enjoy.\n                        </p>\n                    </div>\n                </div>\n            </div>\n        </div>\n        <div class=\"tp-product-details-desc-item\">\n            <div class=\"row\">\n                <div class=\"col-xl-12\">\n                    <div class=\"tp-product-details-desc-banner text-center m-img\">\n                        <h3 class=\"tp-product-details-desc-banner-title tp-product-details-desc-title\">Grown with Care</h3>\n                        <img src=\"/storage/grocery/products/product-3.jpg\" alt=\"Avocado Farm\">\n                    </div>\n                </div>\n            </div>\n        </div>\n    </div>\n</div>\n','published','[\"grocery\\/products\\/product-10.jpg\",\"grocery\\/products\\/product-7.jpg\",\"grocery\\/products\\/product-11.jpg\",\"grocery\\/products\\/product-6.jpg\",\"grocery\\/products\\/product-1.jpg\"]','ZZ-172-A1',0,15,0,1,1,4,0,0,550,390.5,NULL,NULL,18.00,13.00,11.00,609.00,NULL,195989,'2024-05-10 02:11:43','2024-05-10 02:11:43','in_stock',1,0,'Botble\\ACL\\Models\\User',0,NULL,'digital',NULL,NULL,0,0,0),(21,'Mixed Nuts','Whole pineapple for a tropical and refreshing treat.','<div class=\"row justify-content-center\">\n    <div class=\"col-xl-10\">\n        <div class=\"tp-product-details-desc-item pb-105\">\n            <div class=\"row\">\n                <div class=\"col-lg-6\">\n                    <div class=\"pt-25\">\n                        <span>Organic Avocado</span>\n                        <h3 class=\"tp-product-details-desc-title\">Freshness You Can Taste</h3>\n                        <p>\n                            Indulge in the rich, creamy texture and vibrant flavor of our organic avocados. Sourced from sustainable farms, each avocado is handpicked to ensure peak ripeness and quality. Whether sliced on toast or mashed into guacamole, our avocados are the perfect addition to any meal.\n                        </p>\n                    </div>\n                    <div>\n                        <h3 class=\"tp-product-details-desc-title\">Nutrient-Rich Goodness</h3>\n                        <p>\n                            Packed with essential vitamins and minerals, our organic avocados are not only delicious but also incredibly nutritious. High in heart-healthy fats and fiber, they\'re an excellent choice for grocerytaining a balanced diet. Add them to salads, smoothies, or sandwiches for a nutritious boost.\n                        </p>\n                    </div>\n                </div>\n                <div class=\"col-lg-6\">\n                    <div class=\"tp-product-details-desc-thumb\">\n                        <img src=\"/storage/grocery/products/product-1.jpg\" alt=\"Organic Avocado\">\n                    </div>\n                </div>\n            </div>\n        </div>\n        <div class=\"tp-product-details-desc-item pb-75\">\n            <div class=\"row\">\n                <div class=\"col-lg-7\">\n                    <div class=\"tp-product-details-desc-thumb\">\n                        <img src=\"/storage/grocery/products/product-2.jpg\" alt=\"Sliced Avocado\">\n                    </div>\n                </div>\n\n                <div class=\"col-lg-5 order-first order-lg-last\">\n                    <div class=\"des-content-2 pl-40\">\n                        <h3 class=\"tp-product-details-desc-title\">\n                            Convenient Packaging\n                        </h3>\n                        <p>\n                            Our organic avocados come carefully packaged to preserve their freshness. Each avocado is nestled in eco-friendly padding to prevent bruising during transit. Rest assured that when you open your package, you\'ll find perfectly ripe avocados ready to enjoy.\n                        </p>\n                    </div>\n                </div>\n            </div>\n        </div>\n        <div class=\"tp-product-details-desc-item\">\n            <div class=\"row\">\n                <div class=\"col-xl-12\">\n                    <div class=\"tp-product-details-desc-banner text-center m-img\">\n                        <h3 class=\"tp-product-details-desc-banner-title tp-product-details-desc-title\">Grown with Care</h3>\n                        <img src=\"/storage/grocery/products/product-3.jpg\" alt=\"Avocado Farm\">\n                    </div>\n                </div>\n            </div>\n        </div>\n    </div>\n</div>\n','published','[\"grocery\\/products\\/product-8.jpg\",\"grocery\\/products\\/product-9.jpg\",\"grocery\\/products\\/product-11.jpg\",\"grocery\\/products\\/product-7.jpg\",\"grocery\\/products\\/product-2.jpg\",\"grocery\\/products\\/product-5.jpg\",\"grocery\\/products\\/product-4.jpg\",\"grocery\\/products\\/product-1.jpg\"]','FM-132-A1',0,18,0,1,1,1,0,0,1002,NULL,NULL,NULL,11.00,20.00,13.00,773.00,NULL,57103,'2024-05-10 02:11:43','2024-05-10 02:11:43','in_stock',3,0,'Botble\\ACL\\Models\\User',0,NULL,'physical',NULL,NULL,0,0,0),(22,'Green Tea Bags','Fresh and crisp organic apples for a healthy snack or delicious recipes.','<div class=\"row justify-content-center\">\n    <div class=\"col-xl-10\">\n        <div class=\"tp-product-details-desc-item pb-105\">\n            <div class=\"row\">\n                <div class=\"col-lg-6\">\n                    <div class=\"pt-25\">\n                        <span>Organic Avocado</span>\n                        <h3 class=\"tp-product-details-desc-title\">Freshness You Can Taste</h3>\n                        <p>\n                            Indulge in the rich, creamy texture and vibrant flavor of our organic avocados. Sourced from sustainable farms, each avocado is handpicked to ensure peak ripeness and quality. Whether sliced on toast or mashed into guacamole, our avocados are the perfect addition to any meal.\n                        </p>\n                    </div>\n                    <div>\n                        <h3 class=\"tp-product-details-desc-title\">Nutrient-Rich Goodness</h3>\n                        <p>\n                            Packed with essential vitamins and minerals, our organic avocados are not only delicious but also incredibly nutritious. High in heart-healthy fats and fiber, they\'re an excellent choice for grocerytaining a balanced diet. Add them to salads, smoothies, or sandwiches for a nutritious boost.\n                        </p>\n                    </div>\n                </div>\n                <div class=\"col-lg-6\">\n                    <div class=\"tp-product-details-desc-thumb\">\n                        <img src=\"/storage/grocery/products/product-1.jpg\" alt=\"Organic Avocado\">\n                    </div>\n                </div>\n            </div>\n        </div>\n        <div class=\"tp-product-details-desc-item pb-75\">\n            <div class=\"row\">\n                <div class=\"col-lg-7\">\n                    <div class=\"tp-product-details-desc-thumb\">\n                        <img src=\"/storage/grocery/products/product-2.jpg\" alt=\"Sliced Avocado\">\n                    </div>\n                </div>\n\n                <div class=\"col-lg-5 order-first order-lg-last\">\n                    <div class=\"des-content-2 pl-40\">\n                        <h3 class=\"tp-product-details-desc-title\">\n                            Convenient Packaging\n                        </h3>\n                        <p>\n                            Our organic avocados come carefully packaged to preserve their freshness. Each avocado is nestled in eco-friendly padding to prevent bruising during transit. Rest assured that when you open your package, you\'ll find perfectly ripe avocados ready to enjoy.\n                        </p>\n                    </div>\n                </div>\n            </div>\n        </div>\n        <div class=\"tp-product-details-desc-item\">\n            <div class=\"row\">\n                <div class=\"col-xl-12\">\n                    <div class=\"tp-product-details-desc-banner text-center m-img\">\n                        <h3 class=\"tp-product-details-desc-banner-title tp-product-details-desc-title\">Grown with Care</h3>\n                        <img src=\"/storage/grocery/products/product-3.jpg\" alt=\"Avocado Farm\">\n                    </div>\n                </div>\n            </div>\n        </div>\n    </div>\n</div>\n','published','[\"grocery\\/products\\/product-9.jpg\",\"grocery\\/products\\/product-5.jpg\",\"grocery\\/products\\/product-6.jpg\",\"grocery\\/products\\/product-2.jpg\",\"grocery\\/products\\/product-8.jpg\",\"grocery\\/products\\/product-3.jpg\",\"grocery\\/products\\/product-4.jpg\",\"grocery\\/products\\/product-10.jpg\"]','D8-182-A1',0,14,0,1,0,2,0,0,693,NULL,NULL,NULL,14.00,19.00,14.00,559.00,NULL,81879,'2024-05-10 02:11:43','2024-05-10 02:11:43','in_stock',1,0,'Botble\\ACL\\Models\\User',0,NULL,'physical',NULL,NULL,0,0,0),(23,'Organic Strawberries','A mix of nuts for a tasty and energy-boosting trail mix.','<div class=\"row justify-content-center\">\n    <div class=\"col-xl-10\">\n        <div class=\"tp-product-details-desc-item pb-105\">\n            <div class=\"row\">\n                <div class=\"col-lg-6\">\n                    <div class=\"pt-25\">\n                        <span>Organic Avocado</span>\n                        <h3 class=\"tp-product-details-desc-title\">Freshness You Can Taste</h3>\n                        <p>\n                            Indulge in the rich, creamy texture and vibrant flavor of our organic avocados. Sourced from sustainable farms, each avocado is handpicked to ensure peak ripeness and quality. Whether sliced on toast or mashed into guacamole, our avocados are the perfect addition to any meal.\n                        </p>\n                    </div>\n                    <div>\n                        <h3 class=\"tp-product-details-desc-title\">Nutrient-Rich Goodness</h3>\n                        <p>\n                            Packed with essential vitamins and minerals, our organic avocados are not only delicious but also incredibly nutritious. High in heart-healthy fats and fiber, they\'re an excellent choice for grocerytaining a balanced diet. Add them to salads, smoothies, or sandwiches for a nutritious boost.\n                        </p>\n                    </div>\n                </div>\n                <div class=\"col-lg-6\">\n                    <div class=\"tp-product-details-desc-thumb\">\n                        <img src=\"/storage/grocery/products/product-1.jpg\" alt=\"Organic Avocado\">\n                    </div>\n                </div>\n            </div>\n        </div>\n        <div class=\"tp-product-details-desc-item pb-75\">\n            <div class=\"row\">\n                <div class=\"col-lg-7\">\n                    <div class=\"tp-product-details-desc-thumb\">\n                        <img src=\"/storage/grocery/products/product-2.jpg\" alt=\"Sliced Avocado\">\n                    </div>\n                </div>\n\n                <div class=\"col-lg-5 order-first order-lg-last\">\n                    <div class=\"des-content-2 pl-40\">\n                        <h3 class=\"tp-product-details-desc-title\">\n                            Convenient Packaging\n                        </h3>\n                        <p>\n                            Our organic avocados come carefully packaged to preserve their freshness. Each avocado is nestled in eco-friendly padding to prevent bruising during transit. Rest assured that when you open your package, you\'ll find perfectly ripe avocados ready to enjoy.\n                        </p>\n                    </div>\n                </div>\n            </div>\n        </div>\n        <div class=\"tp-product-details-desc-item\">\n            <div class=\"row\">\n                <div class=\"col-xl-12\">\n                    <div class=\"tp-product-details-desc-banner text-center m-img\">\n                        <h3 class=\"tp-product-details-desc-banner-title tp-product-details-desc-title\">Grown with Care</h3>\n                        <img src=\"/storage/grocery/products/product-3.jpg\" alt=\"Avocado Farm\">\n                    </div>\n                </div>\n            </div>\n        </div>\n    </div>\n</div>\n','published','[\"grocery\\/products\\/product-5.jpg\",\"grocery\\/products\\/product-2.jpg\",\"grocery\\/products\\/product-1.jpg\",\"grocery\\/products\\/product-10.jpg\"]','ZJ-140-A1',0,18,0,1,1,5,0,0,1902,NULL,NULL,NULL,20.00,20.00,18.00,704.00,NULL,121527,'2024-05-10 02:11:43','2024-05-10 02:11:43','in_stock',4,0,'Botble\\ACL\\Models\\User',0,NULL,'physical',NULL,NULL,0,0,0),(24,'Quinoa Flour (Digital)','Quinoa flour, a gluten-free alternative for baking.','<div class=\"row justify-content-center\">\n    <div class=\"col-xl-10\">\n        <div class=\"tp-product-details-desc-item pb-105\">\n            <div class=\"row\">\n                <div class=\"col-lg-6\">\n                    <div class=\"pt-25\">\n                        <span>Organic Avocado</span>\n                        <h3 class=\"tp-product-details-desc-title\">Freshness You Can Taste</h3>\n                        <p>\n                            Indulge in the rich, creamy texture and vibrant flavor of our organic avocados. Sourced from sustainable farms, each avocado is handpicked to ensure peak ripeness and quality. Whether sliced on toast or mashed into guacamole, our avocados are the perfect addition to any meal.\n                        </p>\n                    </div>\n                    <div>\n                        <h3 class=\"tp-product-details-desc-title\">Nutrient-Rich Goodness</h3>\n                        <p>\n                            Packed with essential vitamins and minerals, our organic avocados are not only delicious but also incredibly nutritious. High in heart-healthy fats and fiber, they\'re an excellent choice for grocerytaining a balanced diet. Add them to salads, smoothies, or sandwiches for a nutritious boost.\n                        </p>\n                    </div>\n                </div>\n                <div class=\"col-lg-6\">\n                    <div class=\"tp-product-details-desc-thumb\">\n                        <img src=\"/storage/grocery/products/product-1.jpg\" alt=\"Organic Avocado\">\n                    </div>\n                </div>\n            </div>\n        </div>\n        <div class=\"tp-product-details-desc-item pb-75\">\n            <div class=\"row\">\n                <div class=\"col-lg-7\">\n                    <div class=\"tp-product-details-desc-thumb\">\n                        <img src=\"/storage/grocery/products/product-2.jpg\" alt=\"Sliced Avocado\">\n                    </div>\n                </div>\n\n                <div class=\"col-lg-5 order-first order-lg-last\">\n                    <div class=\"des-content-2 pl-40\">\n                        <h3 class=\"tp-product-details-desc-title\">\n                            Convenient Packaging\n                        </h3>\n                        <p>\n                            Our organic avocados come carefully packaged to preserve their freshness. Each avocado is nestled in eco-friendly padding to prevent bruising during transit. Rest assured that when you open your package, you\'ll find perfectly ripe avocados ready to enjoy.\n                        </p>\n                    </div>\n                </div>\n            </div>\n        </div>\n        <div class=\"tp-product-details-desc-item\">\n            <div class=\"row\">\n                <div class=\"col-xl-12\">\n                    <div class=\"tp-product-details-desc-banner text-center m-img\">\n                        <h3 class=\"tp-product-details-desc-banner-title tp-product-details-desc-title\">Grown with Care</h3>\n                        <img src=\"/storage/grocery/products/product-3.jpg\" alt=\"Avocado Farm\">\n                    </div>\n                </div>\n            </div>\n        </div>\n    </div>\n</div>\n','published','[\"grocery\\/products\\/product-5.jpg\",\"grocery\\/products\\/product-7.jpg\",\"grocery\\/products\\/product-4.jpg\",\"grocery\\/products\\/product-8.jpg\"]','5U-176',0,19,0,1,1,2,0,0,1693,1557,NULL,NULL,15.00,13.00,10.00,555.00,NULL,198912,'2024-05-10 02:11:43','2024-05-10 02:11:43','in_stock',2,0,'Botble\\ACL\\Models\\User',0,NULL,'digital',NULL,NULL,0,0,0),(25,'Organic Baby Kale','Cottage cheese, a protein-rich and versatile dairy product.','<div class=\"row justify-content-center\">\n    <div class=\"col-xl-10\">\n        <div class=\"tp-product-details-desc-item pb-105\">\n            <div class=\"row\">\n                <div class=\"col-lg-6\">\n                    <div class=\"pt-25\">\n                        <span>Organic Avocado</span>\n                        <h3 class=\"tp-product-details-desc-title\">Freshness You Can Taste</h3>\n                        <p>\n                            Indulge in the rich, creamy texture and vibrant flavor of our organic avocados. Sourced from sustainable farms, each avocado is handpicked to ensure peak ripeness and quality. Whether sliced on toast or mashed into guacamole, our avocados are the perfect addition to any meal.\n                        </p>\n                    </div>\n                    <div>\n                        <h3 class=\"tp-product-details-desc-title\">Nutrient-Rich Goodness</h3>\n                        <p>\n                            Packed with essential vitamins and minerals, our organic avocados are not only delicious but also incredibly nutritious. High in heart-healthy fats and fiber, they\'re an excellent choice for grocerytaining a balanced diet. Add them to salads, smoothies, or sandwiches for a nutritious boost.\n                        </p>\n                    </div>\n                </div>\n                <div class=\"col-lg-6\">\n                    <div class=\"tp-product-details-desc-thumb\">\n                        <img src=\"/storage/grocery/products/product-1.jpg\" alt=\"Organic Avocado\">\n                    </div>\n                </div>\n            </div>\n        </div>\n        <div class=\"tp-product-details-desc-item pb-75\">\n            <div class=\"row\">\n                <div class=\"col-lg-7\">\n                    <div class=\"tp-product-details-desc-thumb\">\n                        <img src=\"/storage/grocery/products/product-2.jpg\" alt=\"Sliced Avocado\">\n                    </div>\n                </div>\n\n                <div class=\"col-lg-5 order-first order-lg-last\">\n                    <div class=\"des-content-2 pl-40\">\n                        <h3 class=\"tp-product-details-desc-title\">\n                            Convenient Packaging\n                        </h3>\n                        <p>\n                            Our organic avocados come carefully packaged to preserve their freshness. Each avocado is nestled in eco-friendly padding to prevent bruising during transit. Rest assured that when you open your package, you\'ll find perfectly ripe avocados ready to enjoy.\n                        </p>\n                    </div>\n                </div>\n            </div>\n        </div>\n        <div class=\"tp-product-details-desc-item\">\n            <div class=\"row\">\n                <div class=\"col-xl-12\">\n                    <div class=\"tp-product-details-desc-banner text-center m-img\">\n                        <h3 class=\"tp-product-details-desc-banner-title tp-product-details-desc-title\">Grown with Care</h3>\n                        <img src=\"/storage/grocery/products/product-3.jpg\" alt=\"Avocado Farm\">\n                    </div>\n                </div>\n            </div>\n        </div>\n    </div>\n</div>\n','published','[\"grocery\\/products\\/product-4.jpg\",\"grocery\\/products\\/product-11.jpg\",\"grocery\\/products\\/product-3.jpg\"]','6S-141',0,12,0,1,0,4,0,0,1229,677,NULL,NULL,19.00,12.00,12.00,713.00,NULL,16002,'2024-05-10 02:11:43','2024-05-10 02:11:43','in_stock',3,0,'Botble\\ACL\\Models\\User',0,NULL,'physical',NULL,NULL,0,0,0),(26,'Salad Dressing','Balsamic salad dressing to enhance the flavor of your salads.','<div class=\"row justify-content-center\">\n    <div class=\"col-xl-10\">\n        <div class=\"tp-product-details-desc-item pb-105\">\n            <div class=\"row\">\n                <div class=\"col-lg-6\">\n                    <div class=\"pt-25\">\n                        <span>Organic Avocado</span>\n                        <h3 class=\"tp-product-details-desc-title\">Freshness You Can Taste</h3>\n                        <p>\n                            Indulge in the rich, creamy texture and vibrant flavor of our organic avocados. Sourced from sustainable farms, each avocado is handpicked to ensure peak ripeness and quality. Whether sliced on toast or mashed into guacamole, our avocados are the perfect addition to any meal.\n                        </p>\n                    </div>\n                    <div>\n                        <h3 class=\"tp-product-details-desc-title\">Nutrient-Rich Goodness</h3>\n                        <p>\n                            Packed with essential vitamins and minerals, our organic avocados are not only delicious but also incredibly nutritious. High in heart-healthy fats and fiber, they\'re an excellent choice for grocerytaining a balanced diet. Add them to salads, smoothies, or sandwiches for a nutritious boost.\n                        </p>\n                    </div>\n                </div>\n                <div class=\"col-lg-6\">\n                    <div class=\"tp-product-details-desc-thumb\">\n                        <img src=\"/storage/grocery/products/product-1.jpg\" alt=\"Organic Avocado\">\n                    </div>\n                </div>\n            </div>\n        </div>\n        <div class=\"tp-product-details-desc-item pb-75\">\n            <div class=\"row\">\n                <div class=\"col-lg-7\">\n                    <div class=\"tp-product-details-desc-thumb\">\n                        <img src=\"/storage/grocery/products/product-2.jpg\" alt=\"Sliced Avocado\">\n                    </div>\n                </div>\n\n                <div class=\"col-lg-5 order-first order-lg-last\">\n                    <div class=\"des-content-2 pl-40\">\n                        <h3 class=\"tp-product-details-desc-title\">\n                            Convenient Packaging\n                        </h3>\n                        <p>\n                            Our organic avocados come carefully packaged to preserve their freshness. Each avocado is nestled in eco-friendly padding to prevent bruising during transit. Rest assured that when you open your package, you\'ll find perfectly ripe avocados ready to enjoy.\n                        </p>\n                    </div>\n                </div>\n            </div>\n        </div>\n        <div class=\"tp-product-details-desc-item\">\n            <div class=\"row\">\n                <div class=\"col-xl-12\">\n                    <div class=\"tp-product-details-desc-banner text-center m-img\">\n                        <h3 class=\"tp-product-details-desc-banner-title tp-product-details-desc-title\">Grown with Care</h3>\n                        <img src=\"/storage/grocery/products/product-3.jpg\" alt=\"Avocado Farm\">\n                    </div>\n                </div>\n            </div>\n        </div>\n    </div>\n</div>\n','published','[\"grocery\\/products\\/product-7.jpg\",\"grocery\\/products\\/product-6.jpg\",\"grocery\\/products\\/product-8.jpg\",\"grocery\\/products\\/product-11.jpg\"]','FO-174',0,20,0,1,0,3,0,0,2387,883,NULL,NULL,16.00,14.00,10.00,735.00,NULL,164219,'2024-05-10 02:11:43','2024-05-10 02:11:43','in_stock',2,0,'Botble\\ACL\\Models\\User',0,NULL,'physical',NULL,NULL,0,0,0),(27,'Sweet Corn','Balsamic salad dressing to enhance the flavor of your salads.','<div class=\"row justify-content-center\">\n    <div class=\"col-xl-10\">\n        <div class=\"tp-product-details-desc-item pb-105\">\n            <div class=\"row\">\n                <div class=\"col-lg-6\">\n                    <div class=\"pt-25\">\n                        <span>Organic Avocado</span>\n                        <h3 class=\"tp-product-details-desc-title\">Freshness You Can Taste</h3>\n                        <p>\n                            Indulge in the rich, creamy texture and vibrant flavor of our organic avocados. Sourced from sustainable farms, each avocado is handpicked to ensure peak ripeness and quality. Whether sliced on toast or mashed into guacamole, our avocados are the perfect addition to any meal.\n                        </p>\n                    </div>\n                    <div>\n                        <h3 class=\"tp-product-details-desc-title\">Nutrient-Rich Goodness</h3>\n                        <p>\n                            Packed with essential vitamins and minerals, our organic avocados are not only delicious but also incredibly nutritious. High in heart-healthy fats and fiber, they\'re an excellent choice for grocerytaining a balanced diet. Add them to salads, smoothies, or sandwiches for a nutritious boost.\n                        </p>\n                    </div>\n                </div>\n                <div class=\"col-lg-6\">\n                    <div class=\"tp-product-details-desc-thumb\">\n                        <img src=\"/storage/grocery/products/product-1.jpg\" alt=\"Organic Avocado\">\n                    </div>\n                </div>\n            </div>\n        </div>\n        <div class=\"tp-product-details-desc-item pb-75\">\n            <div class=\"row\">\n                <div class=\"col-lg-7\">\n                    <div class=\"tp-product-details-desc-thumb\">\n                        <img src=\"/storage/grocery/products/product-2.jpg\" alt=\"Sliced Avocado\">\n                    </div>\n                </div>\n\n                <div class=\"col-lg-5 order-first order-lg-last\">\n                    <div class=\"des-content-2 pl-40\">\n                        <h3 class=\"tp-product-details-desc-title\">\n                            Convenient Packaging\n                        </h3>\n                        <p>\n                            Our organic avocados come carefully packaged to preserve their freshness. Each avocado is nestled in eco-friendly padding to prevent bruising during transit. Rest assured that when you open your package, you\'ll find perfectly ripe avocados ready to enjoy.\n                        </p>\n                    </div>\n                </div>\n            </div>\n        </div>\n        <div class=\"tp-product-details-desc-item\">\n            <div class=\"row\">\n                <div class=\"col-xl-12\">\n                    <div class=\"tp-product-details-desc-banner text-center m-img\">\n                        <h3 class=\"tp-product-details-desc-banner-title tp-product-details-desc-title\">Grown with Care</h3>\n                        <img src=\"/storage/grocery/products/product-3.jpg\" alt=\"Avocado Farm\">\n                    </div>\n                </div>\n            </div>\n        </div>\n    </div>\n</div>\n','published','[\"grocery\\/products\\/product-8.jpg\",\"grocery\\/products\\/product-6.jpg\",\"grocery\\/products\\/product-3.jpg\",\"grocery\\/products\\/product-9.jpg\",\"grocery\\/products\\/product-5.jpg\",\"grocery\\/products\\/product-1.jpg\"]','RQ-171',0,18,0,1,1,5,0,0,1422,1142,NULL,NULL,20.00,17.00,20.00,678.00,NULL,170934,'2024-05-10 02:11:43','2024-05-10 02:11:43','in_stock',1,0,'Botble\\ACL\\Models\\User',0,NULL,'physical',NULL,NULL,0,0,0),(28,'Almond Butter (Digital)','A mix of nuts for a tasty and energy-boosting trail mix.','<div class=\"row justify-content-center\">\n    <div class=\"col-xl-10\">\n        <div class=\"tp-product-details-desc-item pb-105\">\n            <div class=\"row\">\n                <div class=\"col-lg-6\">\n                    <div class=\"pt-25\">\n                        <span>Organic Avocado</span>\n                        <h3 class=\"tp-product-details-desc-title\">Freshness You Can Taste</h3>\n                        <p>\n                            Indulge in the rich, creamy texture and vibrant flavor of our organic avocados. Sourced from sustainable farms, each avocado is handpicked to ensure peak ripeness and quality. Whether sliced on toast or mashed into guacamole, our avocados are the perfect addition to any meal.\n                        </p>\n                    </div>\n                    <div>\n                        <h3 class=\"tp-product-details-desc-title\">Nutrient-Rich Goodness</h3>\n                        <p>\n                            Packed with essential vitamins and minerals, our organic avocados are not only delicious but also incredibly nutritious. High in heart-healthy fats and fiber, they\'re an excellent choice for grocerytaining a balanced diet. Add them to salads, smoothies, or sandwiches for a nutritious boost.\n                        </p>\n                    </div>\n                </div>\n                <div class=\"col-lg-6\">\n                    <div class=\"tp-product-details-desc-thumb\">\n                        <img src=\"/storage/grocery/products/product-1.jpg\" alt=\"Organic Avocado\">\n                    </div>\n                </div>\n            </div>\n        </div>\n        <div class=\"tp-product-details-desc-item pb-75\">\n            <div class=\"row\">\n                <div class=\"col-lg-7\">\n                    <div class=\"tp-product-details-desc-thumb\">\n                        <img src=\"/storage/grocery/products/product-2.jpg\" alt=\"Sliced Avocado\">\n                    </div>\n                </div>\n\n                <div class=\"col-lg-5 order-first order-lg-last\">\n                    <div class=\"des-content-2 pl-40\">\n                        <h3 class=\"tp-product-details-desc-title\">\n                            Convenient Packaging\n                        </h3>\n                        <p>\n                            Our organic avocados come carefully packaged to preserve their freshness. Each avocado is nestled in eco-friendly padding to prevent bruising during transit. Rest assured that when you open your package, you\'ll find perfectly ripe avocados ready to enjoy.\n                        </p>\n                    </div>\n                </div>\n            </div>\n        </div>\n        <div class=\"tp-product-details-desc-item\">\n            <div class=\"row\">\n                <div class=\"col-xl-12\">\n                    <div class=\"tp-product-details-desc-banner text-center m-img\">\n                        <h3 class=\"tp-product-details-desc-banner-title tp-product-details-desc-title\">Grown with Care</h3>\n                        <img src=\"/storage/grocery/products/product-3.jpg\" alt=\"Avocado Farm\">\n                    </div>\n                </div>\n            </div>\n        </div>\n    </div>\n</div>\n','published','[\"grocery\\/products\\/product-7.jpg\",\"grocery\\/products\\/product-6.jpg\",\"grocery\\/products\\/product-9.jpg\"]','93-196',0,11,0,1,1,1,0,0,1183,1068,NULL,NULL,16.00,15.00,12.00,656.00,NULL,37362,'2024-05-10 02:11:43','2024-05-10 02:11:43','in_stock',6,0,'Botble\\ACL\\Models\\User',0,NULL,'digital',NULL,NULL,0,0,0),(29,'Whole Pineapple','Quinoa flour, a gluten-free alternative for baking.','<div class=\"row justify-content-center\">\n    <div class=\"col-xl-10\">\n        <div class=\"tp-product-details-desc-item pb-105\">\n            <div class=\"row\">\n                <div class=\"col-lg-6\">\n                    <div class=\"pt-25\">\n                        <span>Organic Avocado</span>\n                        <h3 class=\"tp-product-details-desc-title\">Freshness You Can Taste</h3>\n                        <p>\n                            Indulge in the rich, creamy texture and vibrant flavor of our organic avocados. Sourced from sustainable farms, each avocado is handpicked to ensure peak ripeness and quality. Whether sliced on toast or mashed into guacamole, our avocados are the perfect addition to any meal.\n                        </p>\n                    </div>\n                    <div>\n                        <h3 class=\"tp-product-details-desc-title\">Nutrient-Rich Goodness</h3>\n                        <p>\n                            Packed with essential vitamins and minerals, our organic avocados are not only delicious but also incredibly nutritious. High in heart-healthy fats and fiber, they\'re an excellent choice for grocerytaining a balanced diet. Add them to salads, smoothies, or sandwiches for a nutritious boost.\n                        </p>\n                    </div>\n                </div>\n                <div class=\"col-lg-6\">\n                    <div class=\"tp-product-details-desc-thumb\">\n                        <img src=\"/storage/grocery/products/product-1.jpg\" alt=\"Organic Avocado\">\n                    </div>\n                </div>\n            </div>\n        </div>\n        <div class=\"tp-product-details-desc-item pb-75\">\n            <div class=\"row\">\n                <div class=\"col-lg-7\">\n                    <div class=\"tp-product-details-desc-thumb\">\n                        <img src=\"/storage/grocery/products/product-2.jpg\" alt=\"Sliced Avocado\">\n                    </div>\n                </div>\n\n                <div class=\"col-lg-5 order-first order-lg-last\">\n                    <div class=\"des-content-2 pl-40\">\n                        <h3 class=\"tp-product-details-desc-title\">\n                            Convenient Packaging\n                        </h3>\n                        <p>\n                            Our organic avocados come carefully packaged to preserve their freshness. Each avocado is nestled in eco-friendly padding to prevent bruising during transit. Rest assured that when you open your package, you\'ll find perfectly ripe avocados ready to enjoy.\n                        </p>\n                    </div>\n                </div>\n            </div>\n        </div>\n        <div class=\"tp-product-details-desc-item\">\n            <div class=\"row\">\n                <div class=\"col-xl-12\">\n                    <div class=\"tp-product-details-desc-banner text-center m-img\">\n                        <h3 class=\"tp-product-details-desc-banner-title tp-product-details-desc-title\">Grown with Care</h3>\n                        <img src=\"/storage/grocery/products/product-3.jpg\" alt=\"Avocado Farm\">\n                    </div>\n                </div>\n            </div>\n        </div>\n    </div>\n</div>\n','published','[\"grocery\\/products\\/product-2.jpg\",\"grocery\\/products\\/product-11.jpg\",\"grocery\\/products\\/product-9.jpg\",\"grocery\\/products\\/product-6.jpg\"]','D7-107-A1',0,16,0,1,0,2,0,0,2119,NULL,NULL,NULL,12.00,20.00,15.00,580.00,NULL,193810,'2024-05-10 02:11:43','2024-05-10 02:11:43','in_stock',8,0,'Botble\\ACL\\Models\\User',0,NULL,'physical',NULL,NULL,0,0,0),(30,'Cottage Cheese','A mix of nuts for a tasty and energy-boosting trail mix.','<div class=\"row justify-content-center\">\n    <div class=\"col-xl-10\">\n        <div class=\"tp-product-details-desc-item pb-105\">\n            <div class=\"row\">\n                <div class=\"col-lg-6\">\n                    <div class=\"pt-25\">\n                        <span>Organic Avocado</span>\n                        <h3 class=\"tp-product-details-desc-title\">Freshness You Can Taste</h3>\n                        <p>\n                            Indulge in the rich, creamy texture and vibrant flavor of our organic avocados. Sourced from sustainable farms, each avocado is handpicked to ensure peak ripeness and quality. Whether sliced on toast or mashed into guacamole, our avocados are the perfect addition to any meal.\n                        </p>\n                    </div>\n                    <div>\n                        <h3 class=\"tp-product-details-desc-title\">Nutrient-Rich Goodness</h3>\n                        <p>\n                            Packed with essential vitamins and minerals, our organic avocados are not only delicious but also incredibly nutritious. High in heart-healthy fats and fiber, they\'re an excellent choice for grocerytaining a balanced diet. Add them to salads, smoothies, or sandwiches for a nutritious boost.\n                        </p>\n                    </div>\n                </div>\n                <div class=\"col-lg-6\">\n                    <div class=\"tp-product-details-desc-thumb\">\n                        <img src=\"/storage/grocery/products/product-1.jpg\" alt=\"Organic Avocado\">\n                    </div>\n                </div>\n            </div>\n        </div>\n        <div class=\"tp-product-details-desc-item pb-75\">\n            <div class=\"row\">\n                <div class=\"col-lg-7\">\n                    <div class=\"tp-product-details-desc-thumb\">\n                        <img src=\"/storage/grocery/products/product-2.jpg\" alt=\"Sliced Avocado\">\n                    </div>\n                </div>\n\n                <div class=\"col-lg-5 order-first order-lg-last\">\n                    <div class=\"des-content-2 pl-40\">\n                        <h3 class=\"tp-product-details-desc-title\">\n                            Convenient Packaging\n                        </h3>\n                        <p>\n                            Our organic avocados come carefully packaged to preserve their freshness. Each avocado is nestled in eco-friendly padding to prevent bruising during transit. Rest assured that when you open your package, you\'ll find perfectly ripe avocados ready to enjoy.\n                        </p>\n                    </div>\n                </div>\n            </div>\n        </div>\n        <div class=\"tp-product-details-desc-item\">\n            <div class=\"row\">\n                <div class=\"col-xl-12\">\n                    <div class=\"tp-product-details-desc-banner text-center m-img\">\n                        <h3 class=\"tp-product-details-desc-banner-title tp-product-details-desc-title\">Grown with Care</h3>\n                        <img src=\"/storage/grocery/products/product-3.jpg\" alt=\"Avocado Farm\">\n                    </div>\n                </div>\n            </div>\n        </div>\n    </div>\n</div>\n','published','[\"grocery\\/products\\/product-2.jpg\",\"grocery\\/products\\/product-6.jpg\",\"grocery\\/products\\/product-5.jpg\",\"grocery\\/products\\/product-9.jpg\"]','RF-184',0,17,0,1,1,4,0,0,469,155,NULL,NULL,14.00,14.00,13.00,580.00,NULL,65681,'2024-05-10 02:11:43','2024-05-10 02:11:43','in_stock',4,0,'Botble\\ACL\\Models\\User',0,NULL,'physical',NULL,NULL,0,0,0),(31,'Organic Apples',NULL,NULL,'published','[\"grocery\\/products\\/product-5.jpg\"]','EZ-124-A1',0,17,0,1,0,5,1,0,1688,NULL,NULL,NULL,10.00,10.00,14.00,599.00,NULL,0,'2024-05-10 02:11:43','2024-05-10 02:11:43','in_stock',NULL,0,'Botble\\ACL\\Models\\User',0,NULL,'physical',NULL,NULL,0,NULL,NULL),(32,'Organic Apples',NULL,NULL,'published','[\"grocery\\/products\\/product-6.jpg\"]','EZ-124-A1-A2',0,17,0,1,0,5,1,0,1688,NULL,NULL,NULL,10.00,10.00,14.00,599.00,NULL,0,'2024-05-10 02:11:43','2024-05-10 02:11:43','in_stock',NULL,0,'Botble\\ACL\\Models\\User',0,NULL,'physical',NULL,NULL,0,0,0),(33,'Whole Grain Bread',NULL,NULL,'published','[\"grocery\\/products\\/product-11.jpg\"]','PR-182-A1',0,17,0,1,0,2,1,0,288,NULL,NULL,NULL,10.00,10.00,19.00,889.00,NULL,0,'2024-05-10 02:11:43','2024-05-10 02:11:43','in_stock',NULL,0,'Botble\\ACL\\Models\\User',0,NULL,'physical',NULL,NULL,0,NULL,NULL),(34,'Whole Grain Bread',NULL,NULL,'published','[\"grocery\\/products\\/product-5.jpg\"]','PR-182-A1-A2',0,17,0,1,0,2,1,0,288,NULL,NULL,NULL,10.00,10.00,19.00,889.00,NULL,0,'2024-05-10 02:11:43','2024-05-10 02:11:43','in_stock',NULL,0,'Botble\\ACL\\Models\\User',0,NULL,'physical',NULL,NULL,0,0,0),(35,'Quinoa (Digital)',NULL,NULL,'published','[\"grocery\\/products\\/product-1.jpg\"]','GE-126-A1',0,19,0,1,0,5,1,0,2038,1508.12,NULL,NULL,20.00,20.00,20.00,728.00,NULL,0,'2024-05-10 02:11:43','2024-05-10 02:11:43','in_stock',NULL,0,'Botble\\ACL\\Models\\User',0,NULL,'digital',NULL,NULL,0,NULL,NULL),(36,'Quinoa (Digital)',NULL,NULL,'published','[\"grocery\\/products\\/product-9.jpg\"]','GE-126-A1-A2',0,19,0,1,0,5,1,0,2038,1691.54,NULL,NULL,20.00,20.00,20.00,728.00,NULL,0,'2024-05-10 02:11:43','2024-05-10 02:11:43','in_stock',NULL,0,'Botble\\ACL\\Models\\User',0,NULL,'digital',NULL,NULL,0,0,0),(37,'Quinoa (Digital)',NULL,NULL,'published','[\"grocery\\/products\\/product-5.jpg\"]','GE-126-A1-A3',0,19,0,1,0,5,1,0,2038,1487.74,NULL,NULL,20.00,20.00,20.00,728.00,NULL,0,'2024-05-10 02:11:43','2024-05-10 02:11:43','in_stock',NULL,0,'Botble\\ACL\\Models\\User',0,NULL,'digital',NULL,NULL,0,0,0),(38,'Brown Rice',NULL,NULL,'published','[\"grocery\\/products\\/product-6.jpg\"]','2G-178-A1',0,15,0,1,0,2,1,0,294,NULL,NULL,NULL,15.00,15.00,10.00,764.00,NULL,0,'2024-05-10 02:11:43','2024-05-10 02:11:43','in_stock',NULL,0,'Botble\\ACL\\Models\\User',0,NULL,'physical',NULL,NULL,0,NULL,NULL),(39,'Brown Rice',NULL,NULL,'published','[\"grocery\\/products\\/product-7.jpg\"]','2G-178-A1-A2',0,15,0,1,0,2,1,0,294,NULL,NULL,NULL,15.00,15.00,10.00,764.00,NULL,0,'2024-05-10 02:11:43','2024-05-10 02:11:43','in_stock',NULL,0,'Botble\\ACL\\Models\\User',0,NULL,'physical',NULL,NULL,0,0,0),(40,'Extra Virgin Olive Oil (Digital)',NULL,NULL,'published','[\"grocery\\/products\\/product-5.jpg\"]','MN-122-A1',0,19,0,1,0,2,1,0,651,468.72,NULL,NULL,11.00,20.00,20.00,673.00,NULL,0,'2024-05-10 02:11:43','2024-05-10 02:11:43','in_stock',NULL,0,'Botble\\ACL\\Models\\User',0,NULL,'digital',NULL,NULL,0,NULL,NULL),(41,'Extra Virgin Olive Oil (Digital)',NULL,NULL,'published','[\"grocery\\/products\\/product-4.jpg\"]','MN-122-A1-A2',0,19,0,1,0,2,1,0,651,475.23,NULL,NULL,11.00,20.00,20.00,673.00,NULL,0,'2024-05-10 02:11:43','2024-05-10 02:11:43','in_stock',NULL,0,'Botble\\ACL\\Models\\User',0,NULL,'digital',NULL,NULL,0,0,0),(42,'Extra Virgin Olive Oil (Digital)',NULL,NULL,'published','[\"grocery\\/products\\/product-3.jpg\"]','MN-122-A1-A3',0,19,0,1,0,2,1,0,651,566.37,NULL,NULL,11.00,20.00,20.00,673.00,NULL,0,'2024-05-10 02:11:43','2024-05-10 02:11:43','in_stock',NULL,0,'Botble\\ACL\\Models\\User',0,NULL,'digital',NULL,NULL,0,0,0),(43,'Cucumber',NULL,NULL,'published','[\"grocery\\/products\\/product-10.jpg\"]','P4-198-A1',0,13,0,1,0,3,1,0,1617,NULL,NULL,NULL,14.00,10.00,13.00,504.00,NULL,0,'2024-05-10 02:11:43','2024-05-10 02:11:43','in_stock',NULL,0,'Botble\\ACL\\Models\\User',0,NULL,'physical',NULL,NULL,0,NULL,NULL),(44,'Cucumber',NULL,NULL,'published','[\"grocery\\/products\\/product-11.jpg\"]','P4-198-A1-A2',0,13,0,1,0,3,1,0,1617,NULL,NULL,NULL,14.00,10.00,13.00,504.00,NULL,0,'2024-05-10 02:11:43','2024-05-10 02:11:43','in_stock',NULL,0,'Botble\\ACL\\Models\\User',0,NULL,'physical',NULL,NULL,0,0,0),(45,'Cucumber',NULL,NULL,'published','[\"grocery\\/products\\/product-1.jpg\"]','P4-198-A1-A3',0,13,0,1,0,3,1,0,1617,NULL,NULL,NULL,14.00,10.00,13.00,504.00,NULL,0,'2024-05-10 02:11:43','2024-05-10 02:11:43','in_stock',NULL,0,'Botble\\ACL\\Models\\User',0,NULL,'physical',NULL,NULL,0,0,0),(46,'Cucumber',NULL,NULL,'published','[\"grocery\\/products\\/product-1.jpg\"]','P4-198-A1-A4',0,13,0,1,0,3,1,0,1617,NULL,NULL,NULL,14.00,10.00,13.00,504.00,NULL,0,'2024-05-10 02:11:43','2024-05-10 02:11:43','in_stock',NULL,0,'Botble\\ACL\\Models\\User',0,NULL,'physical',NULL,NULL,0,0,0),(47,'Black Beans',NULL,NULL,'published','[\"grocery\\/products\\/product-2.jpg\"]','EP-111-A1',0,20,0,1,0,4,1,0,695,NULL,NULL,NULL,20.00,19.00,15.00,602.00,NULL,0,'2024-05-10 02:11:43','2024-05-10 02:11:43','in_stock',NULL,0,'Botble\\ACL\\Models\\User',0,NULL,'physical',NULL,NULL,0,NULL,NULL),(48,'Black Beans',NULL,NULL,'published','[\"grocery\\/products\\/product-10.jpg\"]','EP-111-A1-A2',0,20,0,1,0,4,1,0,695,NULL,NULL,NULL,20.00,19.00,15.00,602.00,NULL,0,'2024-05-10 02:11:43','2024-05-10 02:11:43','in_stock',NULL,0,'Botble\\ACL\\Models\\User',0,NULL,'physical',NULL,NULL,0,0,0),(49,'Chia Seeds',NULL,NULL,'published','[\"grocery\\/products\\/product-5.jpg\"]','8V-128-A1',0,15,0,1,0,2,1,0,758,NULL,NULL,NULL,10.00,19.00,20.00,637.00,NULL,0,'2024-05-10 02:11:43','2024-05-10 02:11:43','in_stock',NULL,0,'Botble\\ACL\\Models\\User',0,NULL,'physical',NULL,NULL,0,NULL,NULL),(50,'Chia Seeds',NULL,NULL,'published','[\"grocery\\/products\\/product-10.jpg\"]','8V-128-A1-A2',0,15,0,1,0,2,1,0,758,NULL,NULL,NULL,10.00,19.00,20.00,637.00,NULL,0,'2024-05-10 02:11:43','2024-05-10 02:11:43','in_stock',NULL,0,'Botble\\ACL\\Models\\User',0,NULL,'physical',NULL,NULL,0,0,0),(51,'Chia Seeds',NULL,NULL,'published','[\"grocery\\/products\\/product-3.jpg\"]','8V-128-A1-A3',0,15,0,1,0,2,1,0,758,NULL,NULL,NULL,10.00,19.00,20.00,637.00,NULL,0,'2024-05-10 02:11:43','2024-05-10 02:11:43','in_stock',NULL,0,'Botble\\ACL\\Models\\User',0,NULL,'physical',NULL,NULL,0,0,0),(52,'Chia Seeds',NULL,NULL,'published','[\"grocery\\/products\\/product-3.jpg\"]','8V-128-A1-A4',0,15,0,1,0,2,1,0,758,NULL,NULL,NULL,10.00,19.00,20.00,637.00,NULL,0,'2024-05-10 02:11:43','2024-05-10 02:11:43','in_stock',NULL,0,'Botble\\ACL\\Models\\User',0,NULL,'physical',NULL,NULL,0,0,0),(53,'Whole Wheat Pasta (Digital)',NULL,NULL,'published','[\"grocery\\/products\\/product-7.jpg\"]','ZZ-172-A1',0,15,0,1,0,4,1,0,550,390.5,NULL,NULL,18.00,13.00,11.00,609.00,NULL,0,'2024-05-10 02:11:43','2024-05-10 02:11:43','in_stock',NULL,0,'Botble\\ACL\\Models\\User',0,NULL,'digital',NULL,NULL,0,NULL,NULL),(54,'Whole Wheat Pasta (Digital)',NULL,NULL,'published','[\"grocery\\/products\\/product-11.jpg\"]','ZZ-172-A1-A2',0,15,0,1,0,4,1,0,550,467.5,NULL,NULL,18.00,13.00,11.00,609.00,NULL,0,'2024-05-10 02:11:43','2024-05-10 02:11:43','in_stock',NULL,0,'Botble\\ACL\\Models\\User',0,NULL,'digital',NULL,NULL,0,0,0),(55,'Whole Wheat Pasta (Digital)',NULL,NULL,'published','[\"grocery\\/products\\/product-6.jpg\"]','ZZ-172-A1-A3',0,15,0,1,0,4,1,0,550,385,NULL,NULL,18.00,13.00,11.00,609.00,NULL,0,'2024-05-10 02:11:43','2024-05-10 02:11:43','in_stock',NULL,0,'Botble\\ACL\\Models\\User',0,NULL,'digital',NULL,NULL,0,0,0),(56,'Mixed Nuts',NULL,NULL,'published','[\"grocery\\/products\\/product-9.jpg\"]','FM-132-A1',0,18,0,1,0,1,1,0,1002,NULL,NULL,NULL,11.00,20.00,13.00,773.00,NULL,0,'2024-05-10 02:11:43','2024-05-10 02:11:43','in_stock',NULL,0,'Botble\\ACL\\Models\\User',0,NULL,'physical',NULL,NULL,0,NULL,NULL),(57,'Mixed Nuts',NULL,NULL,'published','[\"grocery\\/products\\/product-11.jpg\"]','FM-132-A1-A2',0,18,0,1,0,1,1,0,1002,NULL,NULL,NULL,11.00,20.00,13.00,773.00,NULL,0,'2024-05-10 02:11:43','2024-05-10 02:11:43','in_stock',NULL,0,'Botble\\ACL\\Models\\User',0,NULL,'physical',NULL,NULL,0,0,0),(58,'Mixed Nuts',NULL,NULL,'published','[\"grocery\\/products\\/product-7.jpg\"]','FM-132-A1-A3',0,18,0,1,0,1,1,0,1002,NULL,NULL,NULL,11.00,20.00,13.00,773.00,NULL,0,'2024-05-10 02:11:43','2024-05-10 02:11:43','in_stock',NULL,0,'Botble\\ACL\\Models\\User',0,NULL,'physical',NULL,NULL,0,0,0),(59,'Green Tea Bags',NULL,NULL,'published','[\"grocery\\/products\\/product-5.jpg\"]','D8-182-A1',0,14,0,1,0,2,1,0,693,NULL,NULL,NULL,14.00,19.00,14.00,559.00,NULL,0,'2024-05-10 02:11:43','2024-05-10 02:11:43','in_stock',NULL,0,'Botble\\ACL\\Models\\User',0,NULL,'physical',NULL,NULL,0,NULL,NULL),(60,'Green Tea Bags',NULL,NULL,'published','[\"grocery\\/products\\/product-6.jpg\"]','D8-182-A1-A2',0,14,0,1,0,2,1,0,693,NULL,NULL,NULL,14.00,19.00,14.00,559.00,NULL,0,'2024-05-10 02:11:43','2024-05-10 02:11:43','in_stock',NULL,0,'Botble\\ACL\\Models\\User',0,NULL,'physical',NULL,NULL,0,0,0),(61,'Organic Strawberries',NULL,NULL,'published','[\"grocery\\/products\\/product-2.jpg\"]','ZJ-140-A1',0,18,0,1,0,5,1,0,1902,NULL,NULL,NULL,20.00,20.00,18.00,704.00,NULL,0,'2024-05-10 02:11:43','2024-05-10 02:11:43','in_stock',NULL,0,'Botble\\ACL\\Models\\User',0,NULL,'physical',NULL,NULL,0,NULL,NULL),(62,'Whole Pineapple',NULL,NULL,'published','[\"grocery\\/products\\/product-11.jpg\"]','D7-107-A1',0,16,0,1,0,2,1,0,2119,NULL,NULL,NULL,12.00,20.00,15.00,580.00,NULL,0,'2024-05-10 02:11:43','2024-05-10 02:11:43','in_stock',NULL,0,'Botble\\ACL\\Models\\User',0,NULL,'physical',NULL,NULL,0,NULL,NULL),(63,'Whole Pineapple',NULL,NULL,'published','[\"grocery\\/products\\/product-9.jpg\"]','D7-107-A1-A2',0,16,0,1,0,2,1,0,2119,NULL,NULL,NULL,12.00,20.00,15.00,580.00,NULL,0,'2024-05-10 02:11:43','2024-05-10 02:11:43','in_stock',NULL,0,'Botble\\ACL\\Models\\User',0,NULL,'physical',NULL,NULL,0,0,0);

--
-- Table structure for table `ec_products_translations`
--

CREATE TABLE `ec_products_translations` (
  `lang_code` varchar(191) COLLATE utf8mb4_unicode_ci NOT NULL,
  `ec_products_id` bigint unsigned NOT NULL,
  `name` varchar(191) COLLATE utf8mb4_unicode_ci DEFAULT NULL,
  `description` text COLLATE utf8mb4_unicode_ci,
  `content` text COLLATE utf8mb4_unicode_ci,
  PRIMARY KEY (`lang_code`,`ec_products_id`)
) ENGINE=InnoDB DEFAULT CHARSET=utf8mb4 COLLATE=utf8mb4_unicode_ci;

--
-- Dumping data for table `ec_products_translations`
--


--
-- Table structure for table `ec_review_replies`
--

CREATE TABLE `ec_review_replies` (
  `id` bigint unsigned NOT NULL AUTO_INCREMENT,
  `user_id` bigint unsigned NOT NULL,
  `review_id` bigint unsigned NOT NULL,
  `message` text COLLATE utf8mb4_unicode_ci NOT NULL,
  `created_at` timestamp NULL DEFAULT NULL,
  `updated_at` timestamp NULL DEFAULT NULL,
  PRIMARY KEY (`id`),
  UNIQUE KEY `ec_review_replies_review_id_user_id_unique` (`review_id`,`user_id`)
) ENGINE=InnoDB DEFAULT CHARSET=utf8mb4 COLLATE=utf8mb4_unicode_ci;

--
-- Dumping data for table `ec_review_replies`
--


--
-- Table structure for table `ec_reviews`
--

CREATE TABLE `ec_reviews` (
  `id` bigint unsigned NOT NULL AUTO_INCREMENT,
  `customer_id` bigint unsigned DEFAULT NULL,
  `customer_name` varchar(191) COLLATE utf8mb4_unicode_ci DEFAULT NULL,
  `customer_email` varchar(191) COLLATE utf8mb4_unicode_ci DEFAULT NULL,
  `product_id` bigint unsigned NOT NULL,
  `star` double(8,2) NOT NULL,
  `comment` text COLLATE utf8mb4_unicode_ci NOT NULL,
  `status` varchar(60) COLLATE utf8mb4_unicode_ci NOT NULL DEFAULT 'published',
  `created_at` timestamp NULL DEFAULT NULL,
  `updated_at` timestamp NULL DEFAULT NULL,
  `images` text COLLATE utf8mb4_unicode_ci,
  PRIMARY KEY (`id`),
  UNIQUE KEY `ec_reviews_product_id_customer_id_unique` (`product_id`,`customer_id`),
  KEY `ec_reviews_product_id_customer_id_status_created_at_index` (`product_id`,`customer_id`,`status`,`created_at`),
  KEY `review_relation_index` (`product_id`,`customer_id`,`status`)
) ENGINE=InnoDB AUTO_INCREMENT=1001 DEFAULT CHARSET=utf8mb4 COLLATE=utf8mb4_unicode_ci;

--
-- Dumping data for table `ec_reviews`
--

INSERT INTO `ec_reviews` VALUES (1,9,NULL,NULL,16,5.00,'Cool template. Excellent code quality. The support responds very quickly, which is very rare on themeforest and codecanyon.net, I buy a lot of templates, and everyone will have a response from technical support for two or three days. Thanks to tech support. I recommend to buy.','published','2024-05-10 02:11:46','2024-05-10 02:11:46','[\"grocery\\/products\\/product-3.jpg\",\"grocery\\/products\\/product-4.jpg\",\"grocery\\/products\\/product-6.jpg\",\"grocery\\/products\\/product-10.jpg\"]'),(2,9,NULL,NULL,26,2.00,'I Love this Script. I also found how to add other fees. Now I just wait the BIG update for the Marketplace with the Bulk Import. Just do not forget to make it to be Multi-language for us the Botble Fans.','published','2024-05-10 02:11:46','2024-05-10 02:11:46','[\"grocery\\/products\\/product-3.jpg\",\"grocery\\/products\\/product-6.jpg\",\"grocery\\/products\\/product-11.jpg\"]'),(3,4,NULL,NULL,27,2.00,'Great system, great support, good job Botble. I\'m looking forward to more great functional plugins.','published','2024-05-10 02:11:46','2024-05-10 02:11:46','[\"grocery\\/products\\/product-2.jpg\",\"grocery\\/products\\/product-9.jpg\"]'),(4,5,NULL,NULL,23,5.00,'As a developer I reviewed this script. This is really awesome ecommerce script. I have convinced when I noticed that it\'s built on fully WordPress concept.','published','2024-05-10 02:11:46','2024-05-10 02:11:46','[\"grocery\\/products\\/product-1.jpg\",\"grocery\\/products\\/product-2.jpg\"]'),(5,9,NULL,NULL,13,4.00,'Customer Support are grade (A*), however the code is a way too over engineered for it\'s purpose.','published','2024-05-10 02:11:46','2024-05-10 02:11:46','[\"grocery\\/products\\/product-2.jpg\",\"grocery\\/products\\/product-3.jpg\",\"grocery\\/products\\/product-10.jpg\",\"grocery\\/products\\/product-11.jpg\"]'),(6,8,NULL,NULL,3,1.00,'The best store template! Excellent coding! Very good support! Thank you so much for all the help, I really appreciated.','published','2024-05-10 02:11:46','2024-05-10 02:11:46','[\"grocery\\/products\\/product-1.jpg\",\"grocery\\/products\\/product-2.jpg\",\"grocery\\/products\\/product-8.jpg\",\"grocery\\/products\\/product-10.jpg\"]'),(7,9,NULL,NULL,9,1.00,'Perfect +++++++++ i love it really also i get to fast ticket answers... Thanks Lot BOTBLE Teams','published','2024-05-10 02:11:46','2024-05-10 02:11:46','[\"grocery\\/products\\/product-2.jpg\",\"grocery\\/products\\/product-6.jpg\",\"grocery\\/products\\/product-8.jpg\",\"grocery\\/products\\/product-11.jpg\"]'),(8,6,NULL,NULL,11,1.00,'We have received brilliant service support and will be expanding the features with the developer. Nice product!','published','2024-05-10 02:11:46','2024-05-10 02:11:46','[\"grocery\\/products\\/product-3.jpg\"]'),(9,5,NULL,NULL,16,5.00,'The best store template! Excellent coding! Very good support! Thank you so much for all the help, I really appreciated.','published','2024-05-10 02:11:46','2024-05-10 02:11:46','[\"grocery\\/products\\/product-3.jpg\",\"grocery\\/products\\/product-9.jpg\"]'),(10,6,NULL,NULL,21,2.00,'The best store template! Excellent coding! Very good support! Thank you so much for all the help, I really appreciated.','published','2024-05-10 02:11:46','2024-05-10 02:11:46','[\"grocery\\/products\\/product-1.jpg\",\"grocery\\/products\\/product-2.jpg\",\"grocery\\/products\\/product-7.jpg\",\"grocery\\/products\\/product-9.jpg\"]'),(11,6,NULL,NULL,9,1.00,'Clean & perfect source code','published','2024-05-10 02:11:46','2024-05-10 02:11:46','[\"grocery\\/products\\/product-2.jpg\",\"grocery\\/products\\/product-6.jpg\",\"grocery\\/products\\/product-8.jpg\"]'),(12,5,NULL,NULL,21,4.00,'Best ecommerce CMS online store!','published','2024-05-10 02:11:46','2024-05-10 02:11:46','[\"grocery\\/products\\/product-1.jpg\"]'),(13,3,NULL,NULL,30,5.00,'I Love this Script. I also found how to add other fees. Now I just wait the BIG update for the Marketplace with the Bulk Import. Just do not forget to make it to be Multi-language for us the Botble Fans.','published','2024-05-10 02:11:46','2024-05-10 02:11:46','[\"grocery\\/products\\/product-2.jpg\",\"grocery\\/products\\/product-7.jpg\",\"grocery\\/products\\/product-10.jpg\"]'),(14,4,NULL,NULL,2,1.00,'Great E-commerce system. And much more : Wonderful Customer Support.','published','2024-05-10 02:11:46','2024-05-10 02:11:46','[\"grocery\\/products\\/product-1.jpg\",\"grocery\\/products\\/product-2.jpg\",\"grocery\\/products\\/product-5.jpg\",\"grocery\\/products\\/product-7.jpg\"]'),(16,3,NULL,NULL,26,5.00,'For me the best eCommerce script on Envato at this moment: modern, clean code, a lot of great features. The customer support is great too: I always get an answer within hours!','published','2024-05-10 02:11:46','2024-05-10 02:11:46','[\"grocery\\/products\\/product-2.jpg\",\"grocery\\/products\\/product-6.jpg\",\"grocery\\/products\\/product-10.jpg\"]'),(17,5,NULL,NULL,1,5.00,'Best ecommerce CMS online store!','published','2024-05-10 02:11:46','2024-05-10 02:11:46','[\"grocery\\/products\\/product-7.jpg\",\"grocery\\/products\\/product-9.jpg\",\"grocery\\/products\\/product-10.jpg\"]'),(18,3,NULL,NULL,4,3.00,'This script is well coded and is super fast. The support is pretty quick. Very patient and helpful team. I strongly recommend it and they deserve more than 5 stars.','published','2024-05-10 02:11:46','2024-05-10 02:11:46','[\"grocery\\/products\\/product-7.jpg\"]'),(19,4,NULL,NULL,22,3.00,'Great E-commerce system. And much more : Wonderful Customer Support.','published','2024-05-10 02:11:46','2024-05-10 02:11:46','[\"grocery\\/products\\/product-4.jpg\",\"grocery\\/products\\/product-9.jpg\",\"grocery\\/products\\/product-11.jpg\"]'),(20,1,NULL,NULL,5,2.00,'We have received brilliant service support and will be expanding the features with the developer. Nice product!','published','2024-05-10 02:11:46','2024-05-10 02:11:46','[\"grocery\\/products\\/product-4.jpg\",\"grocery\\/products\\/product-6.jpg\",\"grocery\\/products\\/product-7.jpg\",\"grocery\\/products\\/product-8.jpg\"]'),(21,7,NULL,NULL,9,4.00,'Great E-commerce system. And much more : Wonderful Customer Support.','published','2024-05-10 02:11:46','2024-05-10 02:11:46','[\"grocery\\/products\\/product-1.jpg\",\"grocery\\/products\\/product-8.jpg\"]'),(22,8,NULL,NULL,25,4.00,'Perfect +++++++++ i love it really also i get to fast ticket answers... Thanks Lot BOTBLE Teams','published','2024-05-10 02:11:46','2024-05-10 02:11:46','[\"grocery\\/products\\/product-8.jpg\"]'),(23,1,NULL,NULL,3,4.00,'Ok good product. I have some issues in customizations. But its not correct to blame the developer. The product is good. Good luck for your business.','published','2024-05-10 02:11:46','2024-05-10 02:11:46','[\"grocery\\/products\\/product-6.jpg\"]'),(24,5,NULL,NULL,22,3.00,'We have received brilliant service support and will be expanding the features with the developer. Nice product!','published','2024-05-10 02:11:46','2024-05-10 02:11:46','[\"grocery\\/products\\/product-5.jpg\",\"grocery\\/products\\/product-9.jpg\",\"grocery\\/products\\/product-11.jpg\"]'),(25,4,NULL,NULL,23,5.00,'Very enthusiastic support! Excellent code is written. It\'s a true pleasure working with.','published','2024-05-10 02:11:46','2024-05-10 02:11:46','[\"grocery\\/products\\/product-4.jpg\",\"grocery\\/products\\/product-6.jpg\",\"grocery\\/products\\/product-9.jpg\"]'),(26,5,NULL,NULL,13,2.00,'Perfect +++++++++ i love it really also i get to fast ticket answers... Thanks Lot BOTBLE Teams','published','2024-05-10 02:11:46','2024-05-10 02:11:46','[\"grocery\\/products\\/product-1.jpg\"]'),(27,9,NULL,NULL,5,5.00,'These guys are amazing! Responses immediately, amazing support and help... I immediately feel at ease after Purchasing..','published','2024-05-10 02:11:46','2024-05-10 02:11:46','[\"grocery\\/products\\/product-10.jpg\"]'),(28,9,NULL,NULL,18,5.00,'Clean & perfect source code','published','2024-05-10 02:11:46','2024-05-10 02:11:46','[\"grocery\\/products\\/product-4.jpg\",\"grocery\\/products\\/product-6.jpg\",\"grocery\\/products\\/product-7.jpg\",\"grocery\\/products\\/product-11.jpg\"]'),(30,9,NULL,NULL,23,2.00,'This web app is really good in design, code quality & features. Besides, the customer support provided by the Botble team was really fast & helpful. You guys are awesome!','published','2024-05-10 02:11:46','2024-05-10 02:11:46','[\"grocery\\/products\\/product-2.jpg\",\"grocery\\/products\\/product-10.jpg\"]'),(31,6,NULL,NULL,28,3.00,'This script is well coded and is super fast. The support is pretty quick. Very patient and helpful team. I strongly recommend it and they deserve more than 5 stars.','published','2024-05-10 02:11:46','2024-05-10 02:11:46','[\"grocery\\/products\\/product-1.jpg\",\"grocery\\/products\\/product-3.jpg\",\"grocery\\/products\\/product-7.jpg\",\"grocery\\/products\\/product-8.jpg\"]'),(32,9,NULL,NULL,30,3.00,'For me the best eCommerce script on Envato at this moment: modern, clean code, a lot of great features. The customer support is great too: I always get an answer within hours!','published','2024-05-10 02:11:46','2024-05-10 02:11:46','[\"grocery\\/products\\/product-1.jpg\",\"grocery\\/products\\/product-2.jpg\"]'),(33,5,NULL,NULL,30,2.00,'I Love this Script. I also found how to add other fees. Now I just wait the BIG update for the Marketplace with the Bulk Import. Just do not forget to make it to be Multi-language for us the Botble Fans.','published','2024-05-10 02:11:46','2024-05-10 02:11:46','[\"grocery\\/products\\/product-5.jpg\",\"grocery\\/products\\/product-6.jpg\"]'),(34,5,NULL,NULL,10,3.00,'The script is the best of its class, fast, easy to implement and work with , and the most important thing is the great support team , Recommend with no doubt.','published','2024-05-10 02:11:46','2024-05-10 02:11:46','[\"grocery\\/products\\/product-7.jpg\",\"grocery\\/products\\/product-8.jpg\"]'),(35,1,NULL,NULL,7,3.00,'Perfect +++++++++ i love it really also i get to fast ticket answers... Thanks Lot BOTBLE Teams','published','2024-05-10 02:11:46','2024-05-10 02:11:46','[\"grocery\\/products\\/product-3.jpg\",\"grocery\\/products\\/product-5.jpg\",\"grocery\\/products\\/product-10.jpg\"]'),(36,8,NULL,NULL,7,1.00,'Those guys now what they are doing, the release such a good product that it\'s a pleasure to work with ! Even when I was stuck on the project, I created a ticket and the next day it was replied by the team. GOOD JOB guys. I love working with them :)','published','2024-05-10 02:11:46','2024-05-10 02:11:46','[\"grocery\\/products\\/product-6.jpg\",\"grocery\\/products\\/product-11.jpg\"]'),(37,2,NULL,NULL,8,4.00,'The code is good, in general, if you like it, can you give it 5 stars?','published','2024-05-10 02:11:46','2024-05-10 02:11:46','[\"grocery\\/products\\/product-2.jpg\",\"grocery\\/products\\/product-3.jpg\"]'),(38,5,NULL,NULL,4,1.00,'Perfect +++++++++ i love it really also i get to fast ticket answers... Thanks Lot BOTBLE Teams','published','2024-05-10 02:11:46','2024-05-10 02:11:46','[\"grocery\\/products\\/product-2.jpg\",\"grocery\\/products\\/product-4.jpg\"]'),(39,6,NULL,NULL,6,2.00,'It\'s not my first experience here on Codecanyon and I can honestly tell you all that Botble puts a LOT of effort into the support. They answer so fast, they helped me tons of times. REALLY by far THE BEST EXPERIENCE on Codecanyon. Those guys at Botble are so good that they deserve 5 stars. I recommend them, I trust them and I can\'t wait to see what they will sell in a near future. Thank you Botble :)','published','2024-05-10 02:11:46','2024-05-10 02:11:46','[\"grocery\\/products\\/product-3.jpg\",\"grocery\\/products\\/product-9.jpg\"]'),(40,1,NULL,NULL,14,5.00,'Cool template. Excellent code quality. The support responds very quickly, which is very rare on themeforest and codecanyon.net, I buy a lot of templates, and everyone will have a response from technical support for two or three days. Thanks to tech support. I recommend to buy.','published','2024-05-10 02:11:46','2024-05-10 02:11:46','[\"grocery\\/products\\/product-7.jpg\"]'),(41,1,NULL,NULL,23,2.00,'Very enthusiastic support! Excellent code is written. It\'s a true pleasure working with.','published','2024-05-10 02:11:46','2024-05-10 02:11:46','[\"grocery\\/products\\/product-7.jpg\",\"grocery\\/products\\/product-9.jpg\"]'),(42,8,NULL,NULL,18,2.00,'Great E-commerce system. And much more : Wonderful Customer Support.','published','2024-05-10 02:11:46','2024-05-10 02:11:46','[\"grocery\\/products\\/product-2.jpg\",\"grocery\\/products\\/product-3.jpg\",\"grocery\\/products\\/product-6.jpg\"]'),(43,1,NULL,NULL,1,1.00,'These guys are amazing! Responses immediately, amazing support and help... I immediately feel at ease after Purchasing..','published','2024-05-10 02:11:46','2024-05-10 02:11:46','[\"grocery\\/products\\/product-1.jpg\",\"grocery\\/products\\/product-3.jpg\",\"grocery\\/products\\/product-10.jpg\"]'),(44,10,NULL,NULL,29,3.00,'Great system, great support, good job Botble. I\'m looking forward to more great functional plugins.','published','2024-05-10 02:11:46','2024-05-10 02:11:46','[\"grocery\\/products\\/product-4.jpg\",\"grocery\\/products\\/product-6.jpg\",\"grocery\\/products\\/product-9.jpg\"]'),(45,2,NULL,NULL,24,4.00,'Good app, good backup service and support. Good documentation.','published','2024-05-10 02:11:46','2024-05-10 02:11:46','[\"grocery\\/products\\/product-2.jpg\",\"grocery\\/products\\/product-3.jpg\",\"grocery\\/products\\/product-5.jpg\",\"grocery\\/products\\/product-7.jpg\"]'),(46,2,NULL,NULL,22,3.00,'Those guys now what they are doing, the release such a good product that it\'s a pleasure to work with ! Even when I was stuck on the project, I created a ticket and the next day it was replied by the team. GOOD JOB guys. I love working with them :)','published','2024-05-10 02:11:46','2024-05-10 02:11:46','[\"grocery\\/products\\/product-3.jpg\"]'),(47,10,NULL,NULL,23,5.00,'Very enthusiastic support! Excellent code is written. It\'s a true pleasure working with.','published','2024-05-10 02:11:46','2024-05-10 02:11:46','[\"grocery\\/products\\/product-1.jpg\",\"grocery\\/products\\/product-2.jpg\",\"grocery\\/products\\/product-5.jpg\",\"grocery\\/products\\/product-10.jpg\"]'),(48,6,NULL,NULL,15,4.00,'These guys are amazing! Responses immediately, amazing support and help... I immediately feel at ease after Purchasing..','published','2024-05-10 02:11:46','2024-05-10 02:11:46','[\"grocery\\/products\\/product-3.jpg\",\"grocery\\/products\\/product-5.jpg\",\"grocery\\/products\\/product-7.jpg\",\"grocery\\/products\\/product-9.jpg\"]'),(49,3,NULL,NULL,28,2.00,'The code is good, in general, if you like it, can you give it 5 stars?','published','2024-05-10 02:11:46','2024-05-10 02:11:46','[\"grocery\\/products\\/product-5.jpg\",\"grocery\\/products\\/product-10.jpg\"]'),(50,7,NULL,NULL,14,4.00,'It\'s not my first experience here on Codecanyon and I can honestly tell you all that Botble puts a LOT of effort into the support. They answer so fast, they helped me tons of times. REALLY by far THE BEST EXPERIENCE on Codecanyon. Those guys at Botble are so good that they deserve 5 stars. I recommend them, I trust them and I can\'t wait to see what they will sell in a near future. Thank you Botble :)','published','2024-05-10 02:11:46','2024-05-10 02:11:46','[\"grocery\\/products\\/product-1.jpg\",\"grocery\\/products\\/product-2.jpg\",\"grocery\\/products\\/product-5.jpg\",\"grocery\\/products\\/product-9.jpg\"]'),(51,7,NULL,NULL,8,4.00,'Cool template. Excellent code quality. The support responds very quickly, which is very rare on themeforest and codecanyon.net, I buy a lot of templates, and everyone will have a response from technical support for two or three days. Thanks to tech support. I recommend to buy.','published','2024-05-10 02:11:46','2024-05-10 02:11:46','[\"grocery\\/products\\/product-1.jpg\",\"grocery\\/products\\/product-9.jpg\"]'),(52,2,NULL,NULL,3,5.00,'As a developer I reviewed this script. This is really awesome ecommerce script. I have convinced when I noticed that it\'s built on fully WordPress concept.','published','2024-05-10 02:11:46','2024-05-10 02:11:46','[\"grocery\\/products\\/product-9.jpg\",\"grocery\\/products\\/product-10.jpg\"]'),(53,3,NULL,NULL,22,5.00,'As a developer I reviewed this script. This is really awesome ecommerce script. I have convinced when I noticed that it\'s built on fully WordPress concept.','published','2024-05-10 02:11:46','2024-05-10 02:11:46','[\"grocery\\/products\\/product-6.jpg\",\"grocery\\/products\\/product-9.jpg\"]'),(54,2,NULL,NULL,12,2.00,'As a developer I reviewed this script. This is really awesome ecommerce script. I have convinced when I noticed that it\'s built on fully WordPress concept.','published','2024-05-10 02:11:46','2024-05-10 02:11:46','[\"grocery\\/products\\/product-2.jpg\",\"grocery\\/products\\/product-3.jpg\",\"grocery\\/products\\/product-6.jpg\"]'),(55,2,NULL,NULL,7,3.00,'Amazing code, amazing support. Overall, im really confident in Botble and im happy I made the right choice! Thank you so much guys for coding this masterpiece','published','2024-05-10 02:11:46','2024-05-10 02:11:46','[\"grocery\\/products\\/product-5.jpg\",\"grocery\\/products\\/product-6.jpg\",\"grocery\\/products\\/product-7.jpg\",\"grocery\\/products\\/product-9.jpg\"]'),(56,9,NULL,NULL,10,2.00,'Ok good product. I have some issues in customizations. But its not correct to blame the developer. The product is good. Good luck for your business.','published','2024-05-10 02:11:46','2024-05-10 02:11:46','[\"grocery\\/products\\/product-4.jpg\",\"grocery\\/products\\/product-7.jpg\",\"grocery\\/products\\/product-8.jpg\",\"grocery\\/products\\/product-9.jpg\"]'),(57,8,NULL,NULL,14,3.00,'Customer Support are grade (A*), however the code is a way too over engineered for it\'s purpose.','published','2024-05-10 02:11:46','2024-05-10 02:11:46','[\"grocery\\/products\\/product-10.jpg\",\"grocery\\/products\\/product-11.jpg\"]'),(58,7,NULL,NULL,3,1.00,'The code is good, in general, if you like it, can you give it 5 stars?','published','2024-05-10 02:11:46','2024-05-10 02:11:46','[\"grocery\\/products\\/product-6.jpg\",\"grocery\\/products\\/product-9.jpg\"]'),(59,2,NULL,NULL,23,2.00,'It\'s not my first experience here on Codecanyon and I can honestly tell you all that Botble puts a LOT of effort into the support. They answer so fast, they helped me tons of times. REALLY by far THE BEST EXPERIENCE on Codecanyon. Those guys at Botble are so good that they deserve 5 stars. I recommend them, I trust them and I can\'t wait to see what they will sell in a near future. Thank you Botble :)','published','2024-05-10 02:11:46','2024-05-10 02:11:46','[\"grocery\\/products\\/product-3.jpg\",\"grocery\\/products\\/product-8.jpg\",\"grocery\\/products\\/product-11.jpg\"]'),(60,10,NULL,NULL,9,1.00,'Best ecommerce CMS online store!','published','2024-05-10 02:11:46','2024-05-10 02:11:46','[\"grocery\\/products\\/product-1.jpg\",\"grocery\\/products\\/product-2.jpg\",\"grocery\\/products\\/product-5.jpg\",\"grocery\\/products\\/product-10.jpg\"]'),(61,4,NULL,NULL,30,5.00,'Cool template. Excellent code quality. The support responds very quickly, which is very rare on themeforest and codecanyon.net, I buy a lot of templates, and everyone will have a response from technical support for two or three days. Thanks to tech support. I recommend to buy.','published','2024-05-10 02:11:46','2024-05-10 02:11:46','[\"grocery\\/products\\/product-1.jpg\",\"grocery\\/products\\/product-7.jpg\",\"grocery\\/products\\/product-8.jpg\",\"grocery\\/products\\/product-9.jpg\"]'),(62,3,NULL,NULL,15,1.00,'Customer Support are grade (A*), however the code is a way too over engineered for it\'s purpose.','published','2024-05-10 02:11:46','2024-05-10 02:11:46','[\"grocery\\/products\\/product-6.jpg\",\"grocery\\/products\\/product-8.jpg\"]'),(63,3,NULL,NULL,17,2.00,'Good app, good backup service and support. Good documentation.','published','2024-05-10 02:11:46','2024-05-10 02:11:46','[\"grocery\\/products\\/product-2.jpg\",\"grocery\\/products\\/product-3.jpg\",\"grocery\\/products\\/product-10.jpg\"]'),(64,8,NULL,NULL,19,4.00,'The best ecommerce CMS! Excellent coding! best support service! Thank you so much..... I really like your hard work.','published','2024-05-10 02:11:46','2024-05-10 02:11:46','[\"grocery\\/products\\/product-5.jpg\",\"grocery\\/products\\/product-7.jpg\"]'),(66,6,NULL,NULL,13,4.00,'The best store template! Excellent coding! Very good support! Thank you so much for all the help, I really appreciated.','published','2024-05-10 02:11:46','2024-05-10 02:11:46','[\"grocery\\/products\\/product-7.jpg\"]'),(67,2,NULL,NULL,20,1.00,'As a developer I reviewed this script. This is really awesome ecommerce script. I have convinced when I noticed that it\'s built on fully WordPress concept.','published','2024-05-10 02:11:46','2024-05-10 02:11:46','[\"grocery\\/products\\/product-3.jpg\",\"grocery\\/products\\/product-8.jpg\"]'),(68,4,NULL,NULL,25,5.00,'Perfect +++++++++ i love it really also i get to fast ticket answers... Thanks Lot BOTBLE Teams','published','2024-05-10 02:11:46','2024-05-10 02:11:46','[\"grocery\\/products\\/product-6.jpg\"]'),(69,3,NULL,NULL,20,3.00,'Customer Support are grade (A*), however the code is a way too over engineered for it\'s purpose.','published','2024-05-10 02:11:46','2024-05-10 02:11:46','[\"grocery\\/products\\/product-11.jpg\"]'),(70,10,NULL,NULL,12,2.00,'The script is the best of its class, fast, easy to implement and work with , and the most important thing is the great support team , Recommend with no doubt.','published','2024-05-10 02:11:46','2024-05-10 02:11:46','[\"grocery\\/products\\/product-1.jpg\",\"grocery\\/products\\/product-2.jpg\",\"grocery\\/products\\/product-8.jpg\",\"grocery\\/products\\/product-11.jpg\"]'),(71,7,NULL,NULL,25,5.00,'It\'s not my first experience here on Codecanyon and I can honestly tell you all that Botble puts a LOT of effort into the support. They answer so fast, they helped me tons of times. REALLY by far THE BEST EXPERIENCE on Codecanyon. Those guys at Botble are so good that they deserve 5 stars. I recommend them, I trust them and I can\'t wait to see what they will sell in a near future. Thank you Botble :)','published','2024-05-10 02:11:46','2024-05-10 02:11:46','[\"grocery\\/products\\/product-3.jpg\"]'),(73,1,NULL,NULL,8,3.00,'Second or third time that I buy a Botble product, happy with the products and support. You guys do a good job :)','published','2024-05-10 02:11:46','2024-05-10 02:11:46','[\"grocery\\/products\\/product-7.jpg\"]'),(74,8,NULL,NULL,17,4.00,'Customer Support are grade (A*), however the code is a way too over engineered for it\'s purpose.','published','2024-05-10 02:11:46','2024-05-10 02:11:46','[\"grocery\\/products\\/product-2.jpg\",\"grocery\\/products\\/product-9.jpg\"]'),(79,6,NULL,NULL,20,4.00,'Solution is too robust for our purpose so we didn\'t use it at the end. But I appreciate customer support during initial configuration.','published','2024-05-10 02:11:46','2024-05-10 02:11:46','[\"grocery\\/products\\/product-7.jpg\"]'),(80,6,NULL,NULL,5,1.00,'For me the best eCommerce script on Envato at this moment: modern, clean code, a lot of great features. The customer support is great too: I always get an answer within hours!','published','2024-05-10 02:11:46','2024-05-10 02:11:46','[\"grocery\\/products\\/product-3.jpg\",\"grocery\\/products\\/product-4.jpg\",\"grocery\\/products\\/product-11.jpg\"]'),(81,9,NULL,NULL,17,4.00,'Perfect +++++++++ i love it really also i get to fast ticket answers... Thanks Lot BOTBLE Teams','published','2024-05-10 02:11:46','2024-05-10 02:11:46','[\"grocery\\/products\\/product-4.jpg\"]'),(83,9,NULL,NULL,3,1.00,'Perfect +++++++++ i love it really also i get to fast ticket answers... Thanks Lot BOTBLE Teams','published','2024-05-10 02:11:46','2024-05-10 02:11:46','[\"grocery\\/products\\/product-3.jpg\",\"grocery\\/products\\/product-5.jpg\",\"grocery\\/products\\/product-11.jpg\"]'),(85,5,NULL,NULL,14,4.00,'Solution is too robust for our purpose so we didn\'t use it at the end. But I appreciate customer support during initial configuration.','published','2024-05-10 02:11:46','2024-05-10 02:11:46','[\"grocery\\/products\\/product-2.jpg\",\"grocery\\/products\\/product-3.jpg\",\"grocery\\/products\\/product-5.jpg\",\"grocery\\/products\\/product-8.jpg\"]'),(86,4,NULL,NULL,28,3.00,'Solution is too robust for our purpose so we didn\'t use it at the end. But I appreciate customer support during initial configuration.','published','2024-05-10 02:11:46','2024-05-10 02:11:46','[\"grocery\\/products\\/product-5.jpg\"]'),(87,6,NULL,NULL,18,3.00,'Cool template. Excellent code quality. The support responds very quickly, which is very rare on themeforest and codecanyon.net, I buy a lot of templates, and everyone will have a response from technical support for two or three days. Thanks to tech support. I recommend to buy.','published','2024-05-10 02:11:46','2024-05-10 02:11:46','[\"grocery\\/products\\/product-4.jpg\",\"grocery\\/products\\/product-5.jpg\",\"grocery\\/products\\/product-8.jpg\",\"grocery\\/products\\/product-10.jpg\"]'),(90,4,NULL,NULL,13,1.00,'Customer Support are grade (A*), however the code is a way too over engineered for it\'s purpose.','published','2024-05-10 02:11:46','2024-05-10 02:11:46','[\"grocery\\/products\\/product-8.jpg\",\"grocery\\/products\\/product-10.jpg\",\"grocery\\/products\\/product-11.jpg\"]'),(92,4,NULL,NULL,9,2.00,'It\'s not my first experience here on Codecanyon and I can honestly tell you all that Botble puts a LOT of effort into the support. They answer so fast, they helped me tons of times. REALLY by far THE BEST EXPERIENCE on Codecanyon. Those guys at Botble are so good that they deserve 5 stars. I recommend them, I trust them and I can\'t wait to see what they will sell in a near future. Thank you Botble :)','published','2024-05-10 02:11:46','2024-05-10 02:11:46','[\"grocery\\/products\\/product-1.jpg\"]'),(93,6,NULL,NULL,7,2.00,'Customer Support are grade (A*), however the code is a way too over engineered for it\'s purpose.','published','2024-05-10 02:11:46','2024-05-10 02:11:46','[\"grocery\\/products\\/product-9.jpg\"]'),(94,2,NULL,NULL,14,5.00,'These guys are amazing! Responses immediately, amazing support and help... I immediately feel at ease after Purchasing..','published','2024-05-10 02:11:46','2024-05-10 02:11:46','[\"grocery\\/products\\/product-9.jpg\",\"grocery\\/products\\/product-10.jpg\"]'),(95,7,NULL,NULL,27,3.00,'This web app is really good in design, code quality & features. Besides, the customer support provided by the Botble team was really fast & helpful. You guys are awesome!','published','2024-05-10 02:11:46','2024-05-10 02:11:46','[\"grocery\\/products\\/product-1.jpg\",\"grocery\\/products\\/product-5.jpg\",\"grocery\\/products\\/product-10.jpg\",\"grocery\\/products\\/product-11.jpg\"]'),(98,4,NULL,NULL,19,1.00,'The script is the best of its class, fast, easy to implement and work with , and the most important thing is the great support team , Recommend with no doubt.','published','2024-05-10 02:11:46','2024-05-10 02:11:46','[\"grocery\\/products\\/product-3.jpg\"]'),(99,4,NULL,NULL,18,5.00,'Cool template. Excellent code quality. The support responds very quickly, which is very rare on themeforest and codecanyon.net, I buy a lot of templates, and everyone will have a response from technical support for two or three days. Thanks to tech support. I recommend to buy.','published','2024-05-10 02:11:46','2024-05-10 02:11:46','[\"grocery\\/products\\/product-7.jpg\",\"grocery\\/products\\/product-10.jpg\",\"grocery\\/products\\/product-11.jpg\"]'),(100,7,NULL,NULL,1,2.00,'Great system, great support, good job Botble. I\'m looking forward to more great functional plugins.','published','2024-05-10 02:11:46','2024-05-10 02:11:46','[\"grocery\\/products\\/product-4.jpg\",\"grocery\\/products\\/product-8.jpg\"]'),(102,8,NULL,NULL,27,4.00,'For me the best eCommerce script on Envato at this moment: modern, clean code, a lot of great features. The customer support is great too: I always get an answer within hours!','published','2024-05-10 02:11:46','2024-05-10 02:11:46','[\"grocery\\/products\\/product-3.jpg\",\"grocery\\/products\\/product-4.jpg\",\"grocery\\/products\\/product-5.jpg\",\"grocery\\/products\\/product-10.jpg\"]'),(103,8,NULL,NULL,4,2.00,'This script is well coded and is super fast. The support is pretty quick. Very patient and helpful team. I strongly recommend it and they deserve more than 5 stars.','published','2024-05-10 02:11:46','2024-05-10 02:11:46','[\"grocery\\/products\\/product-8.jpg\"]'),(104,5,NULL,NULL,20,3.00,'I Love this Script. I also found how to add other fees. Now I just wait the BIG update for the Marketplace with the Bulk Import. Just do not forget to make it to be Multi-language for us the Botble Fans.','published','2024-05-10 02:11:46','2024-05-10 02:11:46','[\"grocery\\/products\\/product-3.jpg\",\"grocery\\/products\\/product-9.jpg\"]'),(110,9,NULL,NULL,15,4.00,'Very enthusiastic support! Excellent code is written. It\'s a true pleasure working with.','published','2024-05-10 02:11:46','2024-05-10 02:11:46','[\"grocery\\/products\\/product-9.jpg\"]'),(111,2,NULL,NULL,16,2.00,'Cool template. Excellent code quality. The support responds very quickly, which is very rare on themeforest and codecanyon.net, I buy a lot of templates, and everyone will have a response from technical support for two or three days. Thanks to tech support. I recommend to buy.','published','2024-05-10 02:11:46','2024-05-10 02:11:46','[\"grocery\\/products\\/product-5.jpg\",\"grocery\\/products\\/product-8.jpg\",\"grocery\\/products\\/product-11.jpg\"]'),(113,7,NULL,NULL,4,2.00,'Clean & perfect source code','published','2024-05-10 02:11:46','2024-05-10 02:11:46','[\"grocery\\/products\\/product-1.jpg\",\"grocery\\/products\\/product-4.jpg\",\"grocery\\/products\\/product-8.jpg\",\"grocery\\/products\\/product-11.jpg\"]'),(114,10,NULL,NULL,22,4.00,'I Love this Script. I also found how to add other fees. Now I just wait the BIG update for the Marketplace with the Bulk Import. Just do not forget to make it to be Multi-language for us the Botble Fans.','published','2024-05-10 02:11:46','2024-05-10 02:11:46','[\"grocery\\/products\\/product-11.jpg\"]'),(115,8,NULL,NULL,9,5.00,'Clean & perfect source code','published','2024-05-10 02:11:46','2024-05-10 02:11:46','[\"grocery\\/products\\/product-6.jpg\",\"grocery\\/products\\/product-10.jpg\"]'),(116,1,NULL,NULL,9,2.00,'I Love this Script. I also found how to add other fees. Now I just wait the BIG update for the Marketplace with the Bulk Import. Just do not forget to make it to be Multi-language for us the Botble Fans.','published','2024-05-10 02:11:46','2024-05-10 02:11:46','[\"grocery\\/products\\/product-1.jpg\",\"grocery\\/products\\/product-2.jpg\",\"grocery\\/products\\/product-5.jpg\",\"grocery\\/products\\/product-9.jpg\"]'),(117,8,NULL,NULL,1,5.00,'Those guys now what they are doing, the release such a good product that it\'s a pleasure to work with ! Even when I was stuck on the project, I created a ticket and the next day it was replied by the team. GOOD JOB guys. I love working with them :)','published','2024-05-10 02:11:46','2024-05-10 02:11:46','[\"grocery\\/products\\/product-1.jpg\",\"grocery\\/products\\/product-4.jpg\",\"grocery\\/products\\/product-5.jpg\",\"grocery\\/products\\/product-9.jpg\"]'),(118,3,NULL,NULL,6,5.00,'Those guys now what they are doing, the release such a good product that it\'s a pleasure to work with ! Even when I was stuck on the project, I created a ticket and the next day it was replied by the team. GOOD JOB guys. I love working with them :)','published','2024-05-10 02:11:46','2024-05-10 02:11:46','[\"grocery\\/products\\/product-2.jpg\",\"grocery\\/products\\/product-8.jpg\",\"grocery\\/products\\/product-10.jpg\",\"grocery\\/products\\/product-11.jpg\"]'),(119,9,NULL,NULL,27,3.00,'As a developer I reviewed this script. This is really awesome ecommerce script. I have convinced when I noticed that it\'s built on fully WordPress concept.','published','2024-05-10 02:11:46','2024-05-10 02:11:46','[\"grocery\\/products\\/product-1.jpg\",\"grocery\\/products\\/product-4.jpg\",\"grocery\\/products\\/product-8.jpg\",\"grocery\\/products\\/product-9.jpg\"]'),(120,1,NULL,NULL,24,3.00,'These guys are amazing! Responses immediately, amazing support and help... I immediately feel at ease after Purchasing..','published','2024-05-10 02:11:46','2024-05-10 02:11:46','[\"grocery\\/products\\/product-9.jpg\"]'),(121,7,NULL,NULL,16,3.00,'It\'s not my first experience here on Codecanyon and I can honestly tell you all that Botble puts a LOT of effort into the support. They answer so fast, they helped me tons of times. REALLY by far THE BEST EXPERIENCE on Codecanyon. Those guys at Botble are so good that they deserve 5 stars. I recommend them, I trust them and I can\'t wait to see what they will sell in a near future. Thank you Botble :)','published','2024-05-10 02:11:46','2024-05-10 02:11:46','[\"grocery\\/products\\/product-1.jpg\",\"grocery\\/products\\/product-7.jpg\",\"grocery\\/products\\/product-8.jpg\",\"grocery\\/products\\/product-10.jpg\"]'),(122,10,NULL,NULL,24,2.00,'Clean & perfect source code','published','2024-05-10 02:11:46','2024-05-10 02:11:46','[\"grocery\\/products\\/product-3.jpg\",\"grocery\\/products\\/product-5.jpg\"]'),(123,9,NULL,NULL,19,5.00,'Customer Support are grade (A*), however the code is a way too over engineered for it\'s purpose.','published','2024-05-10 02:11:46','2024-05-10 02:11:46','[\"grocery\\/products\\/product-8.jpg\"]'),(125,5,NULL,NULL,5,4.00,'This script is well coded and is super fast. The support is pretty quick. Very patient and helpful team. I strongly recommend it and they deserve more than 5 stars.','published','2024-05-10 02:11:46','2024-05-10 02:11:46','[\"grocery\\/products\\/product-2.jpg\",\"grocery\\/products\\/product-4.jpg\",\"grocery\\/products\\/product-5.jpg\",\"grocery\\/products\\/product-10.jpg\"]'),(126,5,NULL,NULL,3,1.00,'Great system, great support, good job Botble. I\'m looking forward to more great functional plugins.','published','2024-05-10 02:11:46','2024-05-10 02:11:46','[\"grocery\\/products\\/product-1.jpg\"]'),(129,8,NULL,NULL,10,1.00,'Second or third time that I buy a Botble product, happy with the products and support. You guys do a good job :)','published','2024-05-10 02:11:46','2024-05-10 02:11:46','[\"grocery\\/products\\/product-8.jpg\"]'),(133,6,NULL,NULL,24,4.00,'Perfect +++++++++ i love it really also i get to fast ticket answers... Thanks Lot BOTBLE Teams','published','2024-05-10 02:11:46','2024-05-10 02:11:46','[\"grocery\\/products\\/product-10.jpg\"]'),(135,7,NULL,NULL,7,1.00,'Clean & perfect source code','published','2024-05-10 02:11:46','2024-05-10 02:11:46','[\"grocery\\/products\\/product-2.jpg\",\"grocery\\/products\\/product-6.jpg\"]'),(138,3,NULL,NULL,23,4.00,'It\'s not my first experience here on Codecanyon and I can honestly tell you all that Botble puts a LOT of effort into the support. They answer so fast, they helped me tons of times. REALLY by far THE BEST EXPERIENCE on Codecanyon. Those guys at Botble are so good that they deserve 5 stars. I recommend them, I trust them and I can\'t wait to see what they will sell in a near future. Thank you Botble :)','published','2024-05-10 02:11:46','2024-05-10 02:11:46','[\"grocery\\/products\\/product-4.jpg\",\"grocery\\/products\\/product-10.jpg\",\"grocery\\/products\\/product-11.jpg\"]'),(139,4,NULL,NULL,11,1.00,'Ok good product. I have some issues in customizations. But its not correct to blame the developer. The product is good. Good luck for your business.','published','2024-05-10 02:11:46','2024-05-10 02:11:46','[\"grocery\\/products\\/product-1.jpg\"]'),(140,4,NULL,NULL,5,1.00,'As a developer I reviewed this script. This is really awesome ecommerce script. I have convinced when I noticed that it\'s built on fully WordPress concept.','published','2024-05-10 02:11:46','2024-05-10 02:11:46','[\"grocery\\/products\\/product-3.jpg\",\"grocery\\/products\\/product-5.jpg\",\"grocery\\/products\\/product-6.jpg\",\"grocery\\/products\\/product-11.jpg\"]'),(141,2,NULL,NULL,2,1.00,'Great E-commerce system. And much more : Wonderful Customer Support.','published','2024-05-10 02:11:46','2024-05-10 02:11:46','[\"grocery\\/products\\/product-5.jpg\",\"grocery\\/products\\/product-7.jpg\",\"grocery\\/products\\/product-10.jpg\",\"grocery\\/products\\/product-11.jpg\"]'),(142,9,NULL,NULL,24,4.00,'Ok good product. I have some issues in customizations. But its not correct to blame the developer. The product is good. Good luck for your business.','published','2024-05-10 02:11:46','2024-05-10 02:11:46','[\"grocery\\/products\\/product-1.jpg\",\"grocery\\/products\\/product-4.jpg\",\"grocery\\/products\\/product-5.jpg\"]'),(143,3,NULL,NULL,7,2.00,'This web app is really good in design, code quality & features. Besides, the customer support provided by the Botble team was really fast & helpful. You guys are awesome!','published','2024-05-10 02:11:46','2024-05-10 02:11:46','[\"grocery\\/products\\/product-2.jpg\"]'),(144,10,NULL,NULL,6,1.00,'Amazing code, amazing support. Overall, im really confident in Botble and im happy I made the right choice! Thank you so much guys for coding this masterpiece','published','2024-05-10 02:11:46','2024-05-10 02:11:46','[\"grocery\\/products\\/product-3.jpg\",\"grocery\\/products\\/product-7.jpg\",\"grocery\\/products\\/product-9.jpg\"]'),(145,5,NULL,NULL,26,3.00,'The best store template! Excellent coding! Very good support! Thank you so much for all the help, I really appreciated.','published','2024-05-10 02:11:46','2024-05-10 02:11:46','[\"grocery\\/products\\/product-2.jpg\",\"grocery\\/products\\/product-5.jpg\",\"grocery\\/products\\/product-8.jpg\"]'),(148,2,NULL,NULL,18,1.00,'I Love this Script. I also found how to add other fees. Now I just wait the BIG update for the Marketplace with the Bulk Import. Just do not forget to make it to be Multi-language for us the Botble Fans.','published','2024-05-10 02:11:46','2024-05-10 02:11:46','[\"grocery\\/products\\/product-7.jpg\"]'),(149,7,NULL,NULL,18,2.00,'Those guys now what they are doing, the release such a good product that it\'s a pleasure to work with ! Even when I was stuck on the project, I created a ticket and the next day it was replied by the team. GOOD JOB guys. I love working with them :)','published','2024-05-10 02:11:46','2024-05-10 02:11:46','[\"grocery\\/products\\/product-10.jpg\",\"grocery\\/products\\/product-11.jpg\"]'),(153,6,NULL,NULL,17,1.00,'As a developer I reviewed this script. This is really awesome ecommerce script. I have convinced when I noticed that it\'s built on fully WordPress concept.','published','2024-05-10 02:11:46','2024-05-10 02:11:46','[\"grocery\\/products\\/product-2.jpg\",\"grocery\\/products\\/product-3.jpg\"]'),(154,9,NULL,NULL,4,5.00,'Good app, good backup service and support. Good documentation.','published','2024-05-10 02:11:46','2024-05-10 02:11:46','[\"grocery\\/products\\/product-3.jpg\",\"grocery\\/products\\/product-4.jpg\",\"grocery\\/products\\/product-6.jpg\"]'),(155,1,NULL,NULL,6,2.00,'Good app, good backup service and support. Good documentation.','published','2024-05-10 02:11:46','2024-05-10 02:11:46','[\"grocery\\/products\\/product-10.jpg\"]'),(156,8,NULL,NULL,13,3.00,'These guys are amazing! Responses immediately, amazing support and help... I immediately feel at ease after Purchasing..','published','2024-05-10 02:11:46','2024-05-10 02:11:46','[\"grocery\\/products\\/product-4.jpg\",\"grocery\\/products\\/product-5.jpg\",\"grocery\\/products\\/product-6.jpg\",\"grocery\\/products\\/product-8.jpg\"]'),(157,4,NULL,NULL,16,2.00,'The script is the best of its class, fast, easy to implement and work with , and the most important thing is the great support team , Recommend with no doubt.','published','2024-05-10 02:11:46','2024-05-10 02:11:46','[\"grocery\\/products\\/product-10.jpg\"]'),(158,8,NULL,NULL,6,1.00,'The script is the best of its class, fast, easy to implement and work with , and the most important thing is the great support team , Recommend with no doubt.','published','2024-05-10 02:11:46','2024-05-10 02:11:46','[\"grocery\\/products\\/product-5.jpg\"]'),(159,1,NULL,NULL,4,3.00,'This script is well coded and is super fast. The support is pretty quick. Very patient and helpful team. I strongly recommend it and they deserve more than 5 stars.','published','2024-05-10 02:11:46','2024-05-10 02:11:46','[\"grocery\\/products\\/product-5.jpg\",\"grocery\\/products\\/product-8.jpg\",\"grocery\\/products\\/product-11.jpg\"]'),(160,4,NULL,NULL,3,1.00,'Great system, great support, good job Botble. I\'m looking forward to more great functional plugins.','published','2024-05-10 02:11:46','2024-05-10 02:11:46','[\"grocery\\/products\\/product-10.jpg\",\"grocery\\/products\\/product-11.jpg\"]'),(166,1,NULL,NULL,28,4.00,'These guys are amazing! Responses immediately, amazing support and help... I immediately feel at ease after Purchasing..','published','2024-05-10 02:11:46','2024-05-10 02:11:46','[\"grocery\\/products\\/product-1.jpg\",\"grocery\\/products\\/product-2.jpg\",\"grocery\\/products\\/product-5.jpg\",\"grocery\\/products\\/product-9.jpg\"]'),(167,3,NULL,NULL,5,2.00,'I Love this Script. I also found how to add other fees. Now I just wait the BIG update for the Marketplace with the Bulk Import. Just do not forget to make it to be Multi-language for us the Botble Fans.','published','2024-05-10 02:11:46','2024-05-10 02:11:46','[\"grocery\\/products\\/product-4.jpg\",\"grocery\\/products\\/product-8.jpg\",\"grocery\\/products\\/product-11.jpg\"]'),(168,6,NULL,NULL,29,5.00,'Clean & perfect source code','published','2024-05-10 02:11:46','2024-05-10 02:11:46','[\"grocery\\/products\\/product-2.jpg\",\"grocery\\/products\\/product-4.jpg\",\"grocery\\/products\\/product-6.jpg\",\"grocery\\/products\\/product-11.jpg\"]'),(169,2,NULL,NULL,29,5.00,'I Love this Script. I also found how to add other fees. Now I just wait the BIG update for the Marketplace with the Bulk Import. Just do not forget to make it to be Multi-language for us the Botble Fans.','published','2024-05-10 02:11:46','2024-05-10 02:11:46','[\"grocery\\/products\\/product-6.jpg\"]'),(171,5,NULL,NULL,29,3.00,'The best ecommerce CMS! Excellent coding! best support service! Thank you so much..... I really like your hard work.','published','2024-05-10 02:11:46','2024-05-10 02:11:46','[\"grocery\\/products\\/product-1.jpg\",\"grocery\\/products\\/product-3.jpg\",\"grocery\\/products\\/product-9.jpg\",\"grocery\\/products\\/product-11.jpg\"]'),(173,6,NULL,NULL,19,2.00,'As a developer I reviewed this script. This is really awesome ecommerce script. I have convinced when I noticed that it\'s built on fully WordPress concept.','published','2024-05-10 02:11:46','2024-05-10 02:11:46','[\"grocery\\/products\\/product-4.jpg\",\"grocery\\/products\\/product-11.jpg\"]'),(176,10,NULL,NULL,15,4.00,'Amazing code, amazing support. Overall, im really confident in Botble and im happy I made the right choice! Thank you so much guys for coding this masterpiece','published','2024-05-10 02:11:46','2024-05-10 02:11:46','[\"grocery\\/products\\/product-6.jpg\",\"grocery\\/products\\/product-9.jpg\",\"grocery\\/products\\/product-10.jpg\"]'),(177,10,NULL,NULL,3,3.00,'Very enthusiastic support! Excellent code is written. It\'s a true pleasure working with.','published','2024-05-10 02:11:46','2024-05-10 02:11:46','[\"grocery\\/products\\/product-1.jpg\",\"grocery\\/products\\/product-2.jpg\",\"grocery\\/products\\/product-3.jpg\",\"grocery\\/products\\/product-9.jpg\"]'),(183,5,NULL,NULL,6,5.00,'The code is good, in general, if you like it, can you give it 5 stars?','published','2024-05-10 02:11:46','2024-05-10 02:11:46','[\"grocery\\/products\\/product-2.jpg\",\"grocery\\/products\\/product-3.jpg\",\"grocery\\/products\\/product-8.jpg\"]'),(186,6,NULL,NULL,25,1.00,'Great system, great support, good job Botble. I\'m looking forward to more great functional plugins.','published','2024-05-10 02:11:46','2024-05-10 02:11:46','[\"grocery\\/products\\/product-6.jpg\"]'),(187,4,NULL,NULL,17,3.00,'We have received brilliant service support and will be expanding the features with the developer. Nice product!','published','2024-05-10 02:11:46','2024-05-10 02:11:46','[\"grocery\\/products\\/product-3.jpg\",\"grocery\\/products\\/product-5.jpg\",\"grocery\\/products\\/product-6.jpg\",\"grocery\\/products\\/product-11.jpg\"]'),(189,1,NULL,NULL,20,4.00,'Good app, good backup service and support. Good documentation.','published','2024-05-10 02:11:46','2024-05-10 02:11:46','[\"grocery\\/products\\/product-6.jpg\",\"grocery\\/products\\/product-8.jpg\"]'),(190,8,NULL,NULL,16,3.00,'Perfect +++++++++ i love it really also i get to fast ticket answers... Thanks Lot BOTBLE Teams','published','2024-05-10 02:11:46','2024-05-10 02:11:46','[\"grocery\\/products\\/product-1.jpg\",\"grocery\\/products\\/product-5.jpg\"]'),(191,4,NULL,NULL,12,2.00,'The script is the best of its class, fast, easy to implement and work with , and the most important thing is the great support team , Recommend with no doubt.','published','2024-05-10 02:11:46','2024-05-10 02:11:46','[\"grocery\\/products\\/product-1.jpg\",\"grocery\\/products\\/product-6.jpg\"]'),(193,1,NULL,NULL,11,1.00,'The code is good, in general, if you like it, can you give it 5 stars?','published','2024-05-10 02:11:46','2024-05-10 02:11:46','[\"grocery\\/products\\/product-5.jpg\",\"grocery\\/products\\/product-11.jpg\"]'),(194,2,NULL,NULL,13,1.00,'The best store template! Excellent coding! Very good support! Thank you so much for all the help, I really appreciated.','published','2024-05-10 02:11:46','2024-05-10 02:11:46','[\"grocery\\/products\\/product-6.jpg\"]'),(200,7,NULL,NULL,13,5.00,'The best store template! Excellent coding! Very good support! Thank you so much for all the help, I really appreciated.','published','2024-05-10 02:11:46','2024-05-10 02:11:46','[\"grocery\\/products\\/product-1.jpg\",\"grocery\\/products\\/product-6.jpg\",\"grocery\\/products\\/product-9.jpg\"]'),(202,3,NULL,NULL,18,2.00,'Cool template. Excellent code quality. The support responds very quickly, which is very rare on themeforest and codecanyon.net, I buy a lot of templates, and everyone will have a response from technical support for two or three days. Thanks to tech support. I recommend to buy.','published','2024-05-10 02:11:46','2024-05-10 02:11:46','[\"grocery\\/products\\/product-2.jpg\",\"grocery\\/products\\/product-4.jpg\",\"grocery\\/products\\/product-6.jpg\"]'),(203,2,NULL,NULL,6,1.00,'Amazing code, amazing support. Overall, im really confident in Botble and im happy I made the right choice! Thank you so much guys for coding this masterpiece','published','2024-05-10 02:11:46','2024-05-10 02:11:46','[\"grocery\\/products\\/product-6.jpg\",\"grocery\\/products\\/product-8.jpg\",\"grocery\\/products\\/product-9.jpg\"]'),(204,5,NULL,NULL,9,3.00,'These guys are amazing! Responses immediately, amazing support and help... I immediately feel at ease after Purchasing..','published','2024-05-10 02:11:46','2024-05-10 02:11:46','[\"grocery\\/products\\/product-2.jpg\",\"grocery\\/products\\/product-6.jpg\",\"grocery\\/products\\/product-8.jpg\"]'),(205,8,NULL,NULL,8,3.00,'Solution is too robust for our purpose so we didn\'t use it at the end. But I appreciate customer support during initial configuration.','published','2024-05-10 02:11:46','2024-05-10 02:11:46','[\"grocery\\/products\\/product-2.jpg\",\"grocery\\/products\\/product-8.jpg\",\"grocery\\/products\\/product-10.jpg\",\"grocery\\/products\\/product-11.jpg\"]'),(206,8,NULL,NULL,15,5.00,'Solution is too robust for our purpose so we didn\'t use it at the end. But I appreciate customer support during initial configuration.','published','2024-05-10 02:11:46','2024-05-10 02:11:46','[\"grocery\\/products\\/product-1.jpg\",\"grocery\\/products\\/product-6.jpg\"]'),(209,6,NULL,NULL,23,4.00,'Second or third time that I buy a Botble product, happy with the products and support. You guys do a good job :)','published','2024-05-10 02:11:46','2024-05-10 02:11:46','[\"grocery\\/products\\/product-2.jpg\",\"grocery\\/products\\/product-4.jpg\",\"grocery\\/products\\/product-9.jpg\"]'),(211,8,NULL,NULL,30,1.00,'Customer Support are grade (A*), however the code is a way too over engineered for it\'s purpose.','published','2024-05-10 02:11:46','2024-05-10 02:11:46','[\"grocery\\/products\\/product-2.jpg\",\"grocery\\/products\\/product-6.jpg\",\"grocery\\/products\\/product-7.jpg\"]'),(214,1,NULL,NULL,21,5.00,'Best ecommerce CMS online store!','published','2024-05-10 02:11:46','2024-05-10 02:11:46','[\"grocery\\/products\\/product-1.jpg\",\"grocery\\/products\\/product-5.jpg\"]'),(216,1,NULL,NULL,12,5.00,'We have received brilliant service support and will be expanding the features with the developer. Nice product!','published','2024-05-10 02:11:46','2024-05-10 02:11:46','[\"grocery\\/products\\/product-4.jpg\",\"grocery\\/products\\/product-5.jpg\",\"grocery\\/products\\/product-8.jpg\"]'),(217,5,NULL,NULL,28,5.00,'The best ecommerce CMS! Excellent coding! best support service! Thank you so much..... I really like your hard work.','published','2024-05-10 02:11:46','2024-05-10 02:11:46','[\"grocery\\/products\\/product-3.jpg\",\"grocery\\/products\\/product-4.jpg\",\"grocery\\/products\\/product-6.jpg\"]'),(218,10,NULL,NULL,2,3.00,'The script is the best of its class, fast, easy to implement and work with , and the most important thing is the great support team , Recommend with no doubt.','published','2024-05-10 02:11:46','2024-05-10 02:11:46','[\"grocery\\/products\\/product-2.jpg\",\"grocery\\/products\\/product-3.jpg\",\"grocery\\/products\\/product-5.jpg\"]'),(223,7,NULL,NULL,12,3.00,'It\'s not my first experience here on Codecanyon and I can honestly tell you all that Botble puts a LOT of effort into the support. They answer so fast, they helped me tons of times. REALLY by far THE BEST EXPERIENCE on Codecanyon. Those guys at Botble are so good that they deserve 5 stars. I recommend them, I trust them and I can\'t wait to see what they will sell in a near future. Thank you Botble :)','published','2024-05-10 02:11:46','2024-05-10 02:11:46','[\"grocery\\/products\\/product-1.jpg\",\"grocery\\/products\\/product-4.jpg\",\"grocery\\/products\\/product-10.jpg\"]'),(224,4,NULL,NULL,15,4.00,'As a developer I reviewed this script. This is really awesome ecommerce script. I have convinced when I noticed that it\'s built on fully WordPress concept.','published','2024-05-10 02:11:46','2024-05-10 02:11:46','[\"grocery\\/products\\/product-5.jpg\"]'),(226,6,NULL,NULL,2,5.00,'Customer Support are grade (A*), however the code is a way too over engineered for it\'s purpose.','published','2024-05-10 02:11:46','2024-05-10 02:11:46','[\"grocery\\/products\\/product-1.jpg\",\"grocery\\/products\\/product-2.jpg\",\"grocery\\/products\\/product-4.jpg\"]'),(228,10,NULL,NULL,4,3.00,'The best store template! Excellent coding! Very good support! Thank you so much for all the help, I really appreciated.','published','2024-05-10 02:11:46','2024-05-10 02:11:46','[\"grocery\\/products\\/product-11.jpg\"]'),(229,6,NULL,NULL,3,3.00,'Great E-commerce system. And much more : Wonderful Customer Support.','published','2024-05-10 02:11:46','2024-05-10 02:11:46','[\"grocery\\/products\\/product-1.jpg\",\"grocery\\/products\\/product-8.jpg\",\"grocery\\/products\\/product-9.jpg\",\"grocery\\/products\\/product-10.jpg\"]'),(230,10,NULL,NULL,10,3.00,'This web app is really good in design, code quality & features. Besides, the customer support provided by the Botble team was really fast & helpful. You guys are awesome!','published','2024-05-10 02:11:46','2024-05-10 02:11:46','[\"grocery\\/products\\/product-2.jpg\",\"grocery\\/products\\/product-9.jpg\",\"grocery\\/products\\/product-10.jpg\",\"grocery\\/products\\/product-11.jpg\"]'),(238,5,NULL,NULL,12,1.00,'I Love this Script. I also found how to add other fees. Now I just wait the BIG update for the Marketplace with the Bulk Import. Just do not forget to make it to be Multi-language for us the Botble Fans.','published','2024-05-10 02:11:46','2024-05-10 02:11:46','[\"grocery\\/products\\/product-3.jpg\",\"grocery\\/products\\/product-6.jpg\",\"grocery\\/products\\/product-9.jpg\",\"grocery\\/products\\/product-11.jpg\"]'),(239,10,NULL,NULL,8,5.00,'As a developer I reviewed this script. This is really awesome ecommerce script. I have convinced when I noticed that it\'s built on fully WordPress concept.','published','2024-05-10 02:11:46','2024-05-10 02:11:46','[\"grocery\\/products\\/product-1.jpg\",\"grocery\\/products\\/product-5.jpg\"]'),(241,10,NULL,NULL,16,4.00,'Perfect +++++++++ i love it really also i get to fast ticket answers... Thanks Lot BOTBLE Teams','published','2024-05-10 02:11:46','2024-05-10 02:11:46','[\"grocery\\/products\\/product-6.jpg\"]'),(242,7,NULL,NULL,15,5.00,'Best ecommerce CMS online store!','published','2024-05-10 02:11:46','2024-05-10 02:11:46','[\"grocery\\/products\\/product-10.jpg\"]'),(243,1,NULL,NULL,30,4.00,'Great E-commerce system. And much more : Wonderful Customer Support.','published','2024-05-10 02:11:46','2024-05-10 02:11:46','[\"grocery\\/products\\/product-4.jpg\",\"grocery\\/products\\/product-9.jpg\",\"grocery\\/products\\/product-11.jpg\"]'),(244,8,NULL,NULL,29,3.00,'Customer Support are grade (A*), however the code is a way too over engineered for it\'s purpose.','published','2024-05-10 02:11:46','2024-05-10 02:11:46','[\"grocery\\/products\\/product-8.jpg\"]'),(252,3,NULL,NULL,11,5.00,'Ok good product. I have some issues in customizations. But its not correct to blame the developer. The product is good. Good luck for your business.','published','2024-05-10 02:11:46','2024-05-10 02:11:46','[\"grocery\\/products\\/product-8.jpg\"]'),(255,9,NULL,NULL,7,4.00,'The best store template! Excellent coding! Very good support! Thank you so much for all the help, I really appreciated.','published','2024-05-10 02:11:46','2024-05-10 02:11:46','[\"grocery\\/products\\/product-1.jpg\",\"grocery\\/products\\/product-10.jpg\"]'),(257,3,NULL,NULL,21,4.00,'As a developer I reviewed this script. This is really awesome ecommerce script. I have convinced when I noticed that it\'s built on fully WordPress concept.','published','2024-05-10 02:11:46','2024-05-10 02:11:46','[\"grocery\\/products\\/product-3.jpg\",\"grocery\\/products\\/product-5.jpg\",\"grocery\\/products\\/product-8.jpg\"]'),(263,4,NULL,NULL,20,4.00,'Great system, great support, good job Botble. I\'m looking forward to more great functional plugins.','published','2024-05-10 02:11:46','2024-05-10 02:11:46','[\"grocery\\/products\\/product-8.jpg\"]'),(264,4,NULL,NULL,7,5.00,'The best ecommerce CMS! Excellent coding! best support service! Thank you so much..... I really like your hard work.','published','2024-05-10 02:11:46','2024-05-10 02:11:46','[\"grocery\\/products\\/product-2.jpg\",\"grocery\\/products\\/product-5.jpg\",\"grocery\\/products\\/product-9.jpg\",\"grocery\\/products\\/product-10.jpg\"]'),(265,9,NULL,NULL,2,1.00,'Clean & perfect source code','published','2024-05-10 02:11:46','2024-05-10 02:11:46','[\"grocery\\/products\\/product-7.jpg\",\"grocery\\/products\\/product-10.jpg\",\"grocery\\/products\\/product-11.jpg\"]'),(266,8,NULL,NULL,21,2.00,'This script is well coded and is super fast. The support is pretty quick. Very patient and helpful team. I strongly recommend it and they deserve more than 5 stars.','published','2024-05-10 02:11:46','2024-05-10 02:11:46','[\"grocery\\/products\\/product-7.jpg\"]'),(267,5,NULL,NULL,24,4.00,'Ok good product. I have some issues in customizations. But its not correct to blame the developer. The product is good. Good luck for your business.','published','2024-05-10 02:11:46','2024-05-10 02:11:46','[\"grocery\\/products\\/product-3.jpg\",\"grocery\\/products\\/product-7.jpg\",\"grocery\\/products\\/product-11.jpg\"]'),(271,3,NULL,NULL,8,4.00,'Great system, great support, good job Botble. I\'m looking forward to more great functional plugins.','published','2024-05-10 02:11:46','2024-05-10 02:11:46','[\"grocery\\/products\\/product-4.jpg\"]'),(272,7,NULL,NULL,10,2.00,'Amazing code, amazing support. Overall, im really confident in Botble and im happy I made the right choice! Thank you so much guys for coding this masterpiece','published','2024-05-10 02:11:46','2024-05-10 02:11:46','[\"grocery\\/products\\/product-8.jpg\",\"grocery\\/products\\/product-11.jpg\"]'),(274,10,NULL,NULL,7,2.00,'For me the best eCommerce script on Envato at this moment: modern, clean code, a lot of great features. The customer support is great too: I always get an answer within hours!','published','2024-05-10 02:11:46','2024-05-10 02:11:46','[\"grocery\\/products\\/product-2.jpg\",\"grocery\\/products\\/product-5.jpg\",\"grocery\\/products\\/product-9.jpg\"]'),(275,10,NULL,NULL,30,4.00,'I Love this Script. I also found how to add other fees. Now I just wait the BIG update for the Marketplace with the Bulk Import. Just do not forget to make it to be Multi-language for us the Botble Fans.','published','2024-05-10 02:11:46','2024-05-10 02:11:46','[\"grocery\\/products\\/product-7.jpg\"]'),(276,4,NULL,NULL,29,2.00,'Amazing code, amazing support. Overall, im really confident in Botble and im happy I made the right choice! Thank you so much guys for coding this masterpiece','published','2024-05-10 02:11:46','2024-05-10 02:11:46','[\"grocery\\/products\\/product-4.jpg\",\"grocery\\/products\\/product-6.jpg\"]'),(281,2,NULL,NULL,1,4.00,'Very enthusiastic support! Excellent code is written. It\'s a true pleasure working with.','published','2024-05-10 02:11:46','2024-05-10 02:11:46','[\"grocery\\/products\\/product-3.jpg\",\"grocery\\/products\\/product-5.jpg\",\"grocery\\/products\\/product-6.jpg\"]'),(282,4,NULL,NULL,24,2.00,'As a developer I reviewed this script. This is really awesome ecommerce script. I have convinced when I noticed that it\'s built on fully WordPress concept.','published','2024-05-10 02:11:46','2024-05-10 02:11:46','[\"grocery\\/products\\/product-7.jpg\",\"grocery\\/products\\/product-9.jpg\",\"grocery\\/products\\/product-10.jpg\"]'),(283,9,NULL,NULL,28,2.00,'As a developer I reviewed this script. This is really awesome ecommerce script. I have convinced when I noticed that it\'s built on fully WordPress concept.','published','2024-05-10 02:11:46','2024-05-10 02:11:46','[\"grocery\\/products\\/product-8.jpg\",\"grocery\\/products\\/product-11.jpg\"]'),(287,9,NULL,NULL,22,4.00,'This web app is really good in design, code quality & features. Besides, the customer support provided by the Botble team was really fast & helpful. You guys are awesome!','published','2024-05-10 02:11:46','2024-05-10 02:11:46','[\"grocery\\/products\\/product-1.jpg\",\"grocery\\/products\\/product-5.jpg\",\"grocery\\/products\\/product-8.jpg\"]'),(299,1,NULL,NULL,19,1.00,'Cool template. Excellent code quality. The support responds very quickly, which is very rare on themeforest and codecanyon.net, I buy a lot of templates, and everyone will have a response from technical support for two or three days. Thanks to tech support. I recommend to buy.','published','2024-05-10 02:11:46','2024-05-10 02:11:46','[\"grocery\\/products\\/product-5.jpg\",\"grocery\\/products\\/product-6.jpg\"]'),(303,8,NULL,NULL,12,3.00,'These guys are amazing! Responses immediately, amazing support and help... I immediately feel at ease after Purchasing..','published','2024-05-10 02:11:46','2024-05-10 02:11:46','[\"grocery\\/products\\/product-3.jpg\",\"grocery\\/products\\/product-9.jpg\"]'),(305,5,NULL,NULL,7,1.00,'Solution is too robust for our purpose so we didn\'t use it at the end. But I appreciate customer support during initial configuration.','published','2024-05-10 02:11:46','2024-05-10 02:11:46','[\"grocery\\/products\\/product-4.jpg\",\"grocery\\/products\\/product-9.jpg\",\"grocery\\/products\\/product-11.jpg\"]'),(312,8,NULL,NULL,2,4.00,'Clean & perfect source code','published','2024-05-10 02:11:46','2024-05-10 02:11:46','[\"grocery\\/products\\/product-7.jpg\",\"grocery\\/products\\/product-9.jpg\",\"grocery\\/products\\/product-11.jpg\"]'),(313,6,NULL,NULL,30,1.00,'Those guys now what they are doing, the release such a good product that it\'s a pleasure to work with ! Even when I was stuck on the project, I created a ticket and the next day it was replied by the team. GOOD JOB guys. I love working with them :)','published','2024-05-10 02:11:46','2024-05-10 02:11:46','[\"grocery\\/products\\/product-2.jpg\",\"grocery\\/products\\/product-10.jpg\"]'),(316,1,NULL,NULL,25,4.00,'This web app is really good in design, code quality & features. Besides, the customer support provided by the Botble team was really fast & helpful. You guys are awesome!','published','2024-05-10 02:11:46','2024-05-10 02:11:46','[\"grocery\\/products\\/product-1.jpg\",\"grocery\\/products\\/product-3.jpg\",\"grocery\\/products\\/product-10.jpg\",\"grocery\\/products\\/product-11.jpg\"]'),(317,3,NULL,NULL,3,1.00,'Those guys now what they are doing, the release such a good product that it\'s a pleasure to work with ! Even when I was stuck on the project, I created a ticket and the next day it was replied by the team. GOOD JOB guys. I love working with them :)','published','2024-05-10 02:11:46','2024-05-10 02:11:46','[\"grocery\\/products\\/product-2.jpg\",\"grocery\\/products\\/product-3.jpg\",\"grocery\\/products\\/product-7.jpg\",\"grocery\\/products\\/product-11.jpg\"]'),(318,1,NULL,NULL,15,3.00,'Great system, great support, good job Botble. I\'m looking forward to more great functional plugins.','published','2024-05-10 02:11:46','2024-05-10 02:11:46','[\"grocery\\/products\\/product-5.jpg\",\"grocery\\/products\\/product-6.jpg\"]'),(320,2,NULL,NULL,30,3.00,'Cool template. Excellent code quality. The support responds very quickly, which is very rare on themeforest and codecanyon.net, I buy a lot of templates, and everyone will have a response from technical support for two or three days. Thanks to tech support. I recommend to buy.','published','2024-05-10 02:11:46','2024-05-10 02:11:46','[\"grocery\\/products\\/product-1.jpg\",\"grocery\\/products\\/product-5.jpg\",\"grocery\\/products\\/product-9.jpg\",\"grocery\\/products\\/product-11.jpg\"]'),(321,9,NULL,NULL,29,2.00,'The code is good, in general, if you like it, can you give it 5 stars?','published','2024-05-10 02:11:46','2024-05-10 02:11:46','[\"grocery\\/products\\/product-2.jpg\",\"grocery\\/products\\/product-3.jpg\",\"grocery\\/products\\/product-4.jpg\",\"grocery\\/products\\/product-11.jpg\"]'),(324,1,NULL,NULL,22,4.00,'The best store template! Excellent coding! Very good support! Thank you so much for all the help, I really appreciated.','published','2024-05-10 02:11:46','2024-05-10 02:11:46','[\"grocery\\/products\\/product-2.jpg\",\"grocery\\/products\\/product-4.jpg\",\"grocery\\/products\\/product-5.jpg\",\"grocery\\/products\\/product-10.jpg\"]'),(328,7,NULL,NULL,17,2.00,'Clean & perfect source code','published','2024-05-10 02:11:46','2024-05-10 02:11:46','[\"grocery\\/products\\/product-2.jpg\",\"grocery\\/products\\/product-5.jpg\",\"grocery\\/products\\/product-7.jpg\",\"grocery\\/products\\/product-10.jpg\"]'),(331,2,NULL,NULL,21,1.00,'Second or third time that I buy a Botble product, happy with the products and support. You guys do a good job :)','published','2024-05-10 02:11:46','2024-05-10 02:11:46','[\"grocery\\/products\\/product-9.jpg\"]'),(338,8,NULL,NULL,22,2.00,'Second or third time that I buy a Botble product, happy with the products and support. You guys do a good job :)','published','2024-05-10 02:11:46','2024-05-10 02:11:46','[\"grocery\\/products\\/product-2.jpg\",\"grocery\\/products\\/product-4.jpg\"]'),(340,3,NULL,NULL,14,3.00,'Ok good product. I have some issues in customizations. But its not correct to blame the developer. The product is good. Good luck for your business.','published','2024-05-10 02:11:46','2024-05-10 02:11:46','[\"grocery\\/products\\/product-2.jpg\",\"grocery\\/products\\/product-9.jpg\",\"grocery\\/products\\/product-11.jpg\"]'),(341,6,NULL,NULL,14,1.00,'Great E-commerce system. And much more : Wonderful Customer Support.','published','2024-05-10 02:11:46','2024-05-10 02:11:46','[\"grocery\\/products\\/product-3.jpg\",\"grocery\\/products\\/product-11.jpg\"]'),(342,1,NULL,NULL,18,3.00,'Customer Support are grade (A*), however the code is a way too over engineered for it\'s purpose.','published','2024-05-10 02:11:46','2024-05-10 02:11:46','[\"grocery\\/products\\/product-2.jpg\",\"grocery\\/products\\/product-3.jpg\",\"grocery\\/products\\/product-8.jpg\",\"grocery\\/products\\/product-11.jpg\"]'),(345,7,NULL,NULL,29,3.00,'The best store template! Excellent coding! Very good support! Thank you so much for all the help, I really appreciated.','published','2024-05-10 02:11:46','2024-05-10 02:11:46','[\"grocery\\/products\\/product-2.jpg\",\"grocery\\/products\\/product-4.jpg\",\"grocery\\/products\\/product-9.jpg\",\"grocery\\/products\\/product-10.jpg\"]'),(347,7,NULL,NULL,5,4.00,'Good app, good backup service and support. Good documentation.','published','2024-05-10 02:11:46','2024-05-10 02:11:46','[\"grocery\\/products\\/product-2.jpg\"]'),(348,7,NULL,NULL,23,1.00,'It\'s not my first experience here on Codecanyon and I can honestly tell you all that Botble puts a LOT of effort into the support. They answer so fast, they helped me tons of times. REALLY by far THE BEST EXPERIENCE on Codecanyon. Those guys at Botble are so good that they deserve 5 stars. I recommend them, I trust them and I can\'t wait to see what they will sell in a near future. Thank you Botble :)','published','2024-05-10 02:11:46','2024-05-10 02:11:46','[\"grocery\\/products\\/product-3.jpg\",\"grocery\\/products\\/product-10.jpg\"]'),(350,6,NULL,NULL,26,1.00,'Good app, good backup service and support. Good documentation.','published','2024-05-10 02:11:46','2024-05-10 02:11:46','[\"grocery\\/products\\/product-1.jpg\",\"grocery\\/products\\/product-4.jpg\",\"grocery\\/products\\/product-7.jpg\"]'),(351,3,NULL,NULL,29,4.00,'As a developer I reviewed this script. This is really awesome ecommerce script. I have convinced when I noticed that it\'s built on fully WordPress concept.','published','2024-05-10 02:11:46','2024-05-10 02:11:46','[\"grocery\\/products\\/product-4.jpg\"]'),(353,1,NULL,NULL,10,1.00,'I Love this Script. I also found how to add other fees. Now I just wait the BIG update for the Marketplace with the Bulk Import. Just do not forget to make it to be Multi-language for us the Botble Fans.','published','2024-05-10 02:11:46','2024-05-10 02:11:46','[\"grocery\\/products\\/product-1.jpg\"]'),(356,10,NULL,NULL,1,1.00,'Second or third time that I buy a Botble product, happy with the products and support. You guys do a good job :)','published','2024-05-10 02:11:46','2024-05-10 02:11:46','[\"grocery\\/products\\/product-4.jpg\",\"grocery\\/products\\/product-6.jpg\"]'),(358,1,NULL,NULL,17,5.00,'Good app, good backup service and support. Good documentation.','published','2024-05-10 02:11:46','2024-05-10 02:11:46','[\"grocery\\/products\\/product-1.jpg\",\"grocery\\/products\\/product-2.jpg\",\"grocery\\/products\\/product-11.jpg\"]'),(359,2,NULL,NULL,11,5.00,'Perfect +++++++++ i love it really also i get to fast ticket answers... Thanks Lot BOTBLE Teams','published','2024-05-10 02:11:46','2024-05-10 02:11:46','[\"grocery\\/products\\/product-3.jpg\"]'),(364,10,NULL,NULL,19,1.00,'I Love this Script. I also found how to add other fees. Now I just wait the BIG update for the Marketplace with the Bulk Import. Just do not forget to make it to be Multi-language for us the Botble Fans.','published','2024-05-10 02:11:46','2024-05-10 02:11:46','[\"grocery\\/products\\/product-3.jpg\",\"grocery\\/products\\/product-4.jpg\"]'),(376,3,NULL,NULL,10,2.00,'As a developer I reviewed this script. This is really awesome ecommerce script. I have convinced when I noticed that it\'s built on fully WordPress concept.','published','2024-05-10 02:11:46','2024-05-10 02:11:46','[\"grocery\\/products\\/product-4.jpg\",\"grocery\\/products\\/product-5.jpg\",\"grocery\\/products\\/product-10.jpg\"]'),(378,6,NULL,NULL,10,4.00,'Solution is too robust for our purpose so we didn\'t use it at the end. But I appreciate customer support during initial configuration.','published','2024-05-10 02:11:46','2024-05-10 02:11:46','[\"grocery\\/products\\/product-7.jpg\"]'),(379,9,NULL,NULL,14,2.00,'Good app, good backup service and support. Good documentation.','published','2024-05-10 02:11:46','2024-05-10 02:11:46','[\"grocery\\/products\\/product-1.jpg\",\"grocery\\/products\\/product-8.jpg\"]'),(384,10,NULL,NULL,14,4.00,'Best ecommerce CMS online store!','published','2024-05-10 02:11:46','2024-05-10 02:11:46','[\"grocery\\/products\\/product-8.jpg\"]'),(386,1,NULL,NULL,26,1.00,'These guys are amazing! Responses immediately, amazing support and help... I immediately feel at ease after Purchasing..','published','2024-05-10 02:11:46','2024-05-10 02:11:46','[\"grocery\\/products\\/product-1.jpg\",\"grocery\\/products\\/product-4.jpg\",\"grocery\\/products\\/product-10.jpg\",\"grocery\\/products\\/product-11.jpg\"]'),(387,7,NULL,NULL,2,1.00,'Best ecommerce CMS online store!','published','2024-05-10 02:11:46','2024-05-10 02:11:46','[\"grocery\\/products\\/product-3.jpg\",\"grocery\\/products\\/product-6.jpg\",\"grocery\\/products\\/product-9.jpg\",\"grocery\\/products\\/product-10.jpg\"]'),(392,7,NULL,NULL,30,2.00,'The best ecommerce CMS! Excellent coding! best support service! Thank you so much..... I really like your hard work.','published','2024-05-10 02:11:46','2024-05-10 02:11:46','[\"grocery\\/products\\/product-4.jpg\",\"grocery\\/products\\/product-5.jpg\",\"grocery\\/products\\/product-9.jpg\"]'),(395,8,NULL,NULL,26,3.00,'Ok good product. I have some issues in customizations. But its not correct to blame the developer. The product is good. Good luck for your business.','published','2024-05-10 02:11:46','2024-05-10 02:11:46','[\"grocery\\/products\\/product-1.jpg\",\"grocery\\/products\\/product-7.jpg\"]'),(398,7,NULL,NULL,21,4.00,'The code is good, in general, if you like it, can you give it 5 stars?','published','2024-05-10 02:11:46','2024-05-10 02:11:46','[\"grocery\\/products\\/product-1.jpg\"]'),(402,1,NULL,NULL,27,2.00,'Great system, great support, good job Botble. I\'m looking forward to more great functional plugins.','published','2024-05-10 02:11:46','2024-05-10 02:11:46','[\"grocery\\/products\\/product-7.jpg\",\"grocery\\/products\\/product-8.jpg\",\"grocery\\/products\\/product-10.jpg\"]'),(403,9,NULL,NULL,12,5.00,'Customer Support are grade (A*), however the code is a way too over engineered for it\'s purpose.','published','2024-05-10 02:11:46','2024-05-10 02:11:46','[\"grocery\\/products\\/product-4.jpg\",\"grocery\\/products\\/product-7.jpg\"]'),(405,5,NULL,NULL,15,5.00,'Very enthusiastic support! Excellent code is written. It\'s a true pleasure working with.','published','2024-05-10 02:11:46','2024-05-10 02:11:46','[\"grocery\\/products\\/product-3.jpg\",\"grocery\\/products\\/product-9.jpg\"]'),(408,2,NULL,NULL,25,2.00,'As a developer I reviewed this script. This is really awesome ecommerce script. I have convinced when I noticed that it\'s built on fully WordPress concept.','published','2024-05-10 02:11:46','2024-05-10 02:11:46','[\"grocery\\/products\\/product-1.jpg\",\"grocery\\/products\\/product-2.jpg\"]'),(411,4,NULL,NULL,26,3.00,'Best ecommerce CMS online store!','published','2024-05-10 02:11:46','2024-05-10 02:11:46','[\"grocery\\/products\\/product-2.jpg\",\"grocery\\/products\\/product-5.jpg\",\"grocery\\/products\\/product-6.jpg\"]'),(412,7,NULL,NULL,22,5.00,'Cool template. Excellent code quality. The support responds very quickly, which is very rare on themeforest and codecanyon.net, I buy a lot of templates, and everyone will have a response from technical support for two or three days. Thanks to tech support. I recommend to buy.','published','2024-05-10 02:11:46','2024-05-10 02:11:46','[\"grocery\\/products\\/product-1.jpg\",\"grocery\\/products\\/product-3.jpg\",\"grocery\\/products\\/product-8.jpg\"]'),(414,5,NULL,NULL,2,2.00,'The code is good, in general, if you like it, can you give it 5 stars?','published','2024-05-10 02:11:46','2024-05-10 02:11:46','[\"grocery\\/products\\/product-7.jpg\",\"grocery\\/products\\/product-8.jpg\",\"grocery\\/products\\/product-10.jpg\"]'),(418,7,NULL,NULL,28,4.00,'Ok good product. I have some issues in customizations. But its not correct to blame the developer. The product is good. Good luck for your business.','published','2024-05-10 02:11:46','2024-05-10 02:11:46','[\"grocery\\/products\\/product-3.jpg\",\"grocery\\/products\\/product-10.jpg\"]'),(420,10,NULL,NULL,21,2.00,'Great system, great support, good job Botble. I\'m looking forward to more great functional plugins.','published','2024-05-10 02:11:46','2024-05-10 02:11:46','[\"grocery\\/products\\/product-4.jpg\",\"grocery\\/products\\/product-5.jpg\",\"grocery\\/products\\/product-10.jpg\"]'),(433,7,NULL,NULL,20,2.00,'Solution is too robust for our purpose so we didn\'t use it at the end. But I appreciate customer support during initial configuration.','published','2024-05-10 02:11:46','2024-05-10 02:11:46','[\"grocery\\/products\\/product-1.jpg\",\"grocery\\/products\\/product-5.jpg\",\"grocery\\/products\\/product-7.jpg\",\"grocery\\/products\\/product-9.jpg\"]'),(435,2,NULL,NULL,5,2.00,'This web app is really good in design, code quality & features. Besides, the customer support provided by the Botble team was really fast & helpful. You guys are awesome!','published','2024-05-10 02:11:46','2024-05-10 02:11:46','[\"grocery\\/products\\/product-3.jpg\",\"grocery\\/products\\/product-7.jpg\",\"grocery\\/products\\/product-11.jpg\"]'),(439,9,NULL,NULL,25,1.00,'As a developer I reviewed this script. This is really awesome ecommerce script. I have convinced when I noticed that it\'s built on fully WordPress concept.','published','2024-05-10 02:11:46','2024-05-10 02:11:46','[\"grocery\\/products\\/product-2.jpg\",\"grocery\\/products\\/product-6.jpg\",\"grocery\\/products\\/product-7.jpg\",\"grocery\\/products\\/product-9.jpg\"]'),(444,5,NULL,NULL,19,1.00,'The code is good, in general, if you like it, can you give it 5 stars?','published','2024-05-10 02:11:46','2024-05-10 02:11:46','[\"grocery\\/products\\/product-1.jpg\",\"grocery\\/products\\/product-4.jpg\"]'),(451,9,NULL,NULL,11,5.00,'These guys are amazing! Responses immediately, amazing support and help... I immediately feel at ease after Purchasing..','published','2024-05-10 02:11:46','2024-05-10 02:11:46','[\"grocery\\/products\\/product-1.jpg\",\"grocery\\/products\\/product-2.jpg\",\"grocery\\/products\\/product-5.jpg\"]'),(453,6,NULL,NULL,22,1.00,'Very enthusiastic support! Excellent code is written. It\'s a true pleasure working with.','published','2024-05-10 02:11:46','2024-05-10 02:11:46','[\"grocery\\/products\\/product-7.jpg\"]'),(462,6,NULL,NULL,1,3.00,'Cool template. Excellent code quality. The support responds very quickly, which is very rare on themeforest and codecanyon.net, I buy a lot of templates, and everyone will have a response from technical support for two or three days. Thanks to tech support. I recommend to buy.','published','2024-05-10 02:11:46','2024-05-10 02:11:46','[\"grocery\\/products\\/product-2.jpg\",\"grocery\\/products\\/product-4.jpg\",\"grocery\\/products\\/product-9.jpg\",\"grocery\\/products\\/product-11.jpg\"]'),(464,10,NULL,NULL,5,3.00,'Great system, great support, good job Botble. I\'m looking forward to more great functional plugins.','published','2024-05-10 02:11:46','2024-05-10 02:11:46','[\"grocery\\/products\\/product-5.jpg\",\"grocery\\/products\\/product-8.jpg\",\"grocery\\/products\\/product-10.jpg\",\"grocery\\/products\\/product-11.jpg\"]'),(469,10,NULL,NULL,25,4.00,'The code is good, in general, if you like it, can you give it 5 stars?','published','2024-05-10 02:11:46','2024-05-10 02:11:46','[\"grocery\\/products\\/product-3.jpg\",\"grocery\\/products\\/product-6.jpg\"]'),(472,9,NULL,NULL,6,5.00,'For me the best eCommerce script on Envato at this moment: modern, clean code, a lot of great features. The customer support is great too: I always get an answer within hours!','published','2024-05-10 02:11:46','2024-05-10 02:11:46','[\"grocery\\/products\\/product-5.jpg\"]'),(475,4,NULL,NULL,21,2.00,'Solution is too robust for our purpose so we didn\'t use it at the end. But I appreciate customer support during initial configuration.','published','2024-05-10 02:11:46','2024-05-10 02:11:46','[\"grocery\\/products\\/product-2.jpg\",\"grocery\\/products\\/product-5.jpg\",\"grocery\\/products\\/product-9.jpg\",\"grocery\\/products\\/product-10.jpg\"]'),(478,3,NULL,NULL,1,1.00,'As a developer I reviewed this script. This is really awesome ecommerce script. I have convinced when I noticed that it\'s built on fully WordPress concept.','published','2024-05-10 02:11:46','2024-05-10 02:11:46','[\"grocery\\/products\\/product-2.jpg\",\"grocery\\/products\\/product-5.jpg\",\"grocery\\/products\\/product-8.jpg\",\"grocery\\/products\\/product-11.jpg\"]'),(482,1,NULL,NULL,2,3.00,'Solution is too robust for our purpose so we didn\'t use it at the end. But I appreciate customer support during initial configuration.','published','2024-05-10 02:11:46','2024-05-10 02:11:46','[\"grocery\\/products\\/product-2.jpg\",\"grocery\\/products\\/product-7.jpg\",\"grocery\\/products\\/product-8.jpg\"]'),(490,5,NULL,NULL,8,3.00,'We have received brilliant service support and will be expanding the features with the developer. Nice product!','published','2024-05-10 02:11:46','2024-05-10 02:11:46','[\"grocery\\/products\\/product-1.jpg\",\"grocery\\/products\\/product-4.jpg\",\"grocery\\/products\\/product-7.jpg\",\"grocery\\/products\\/product-9.jpg\"]'),(495,10,NULL,NULL,20,4.00,'Perfect +++++++++ i love it really also i get to fast ticket answers... Thanks Lot BOTBLE Teams','published','2024-05-10 02:11:46','2024-05-10 02:11:46','[\"grocery\\/products\\/product-6.jpg\",\"grocery\\/products\\/product-7.jpg\"]'),(496,6,NULL,NULL,8,1.00,'Customer Support are grade (A*), however the code is a way too over engineered for it\'s purpose.','published','2024-05-10 02:11:46','2024-05-10 02:11:46','[\"grocery\\/products\\/product-2.jpg\",\"grocery\\/products\\/product-9.jpg\",\"grocery\\/products\\/product-10.jpg\",\"grocery\\/products\\/product-11.jpg\"]'),(499,6,NULL,NULL,27,2.00,'It\'s not my first experience here on Codecanyon and I can honestly tell you all that Botble puts a LOT of effort into the support. They answer so fast, they helped me tons of times. REALLY by far THE BEST EXPERIENCE on Codecanyon. Those guys at Botble are so good that they deserve 5 stars. I recommend them, I trust them and I can\'t wait to see what they will sell in a near future. Thank you Botble :)','published','2024-05-10 02:11:46','2024-05-10 02:11:46','[\"grocery\\/products\\/product-9.jpg\",\"grocery\\/products\\/product-11.jpg\"]'),(500,9,NULL,NULL,1,2.00,'Cool template. Excellent code quality. The support responds very quickly, which is very rare on themeforest and codecanyon.net, I buy a lot of templates, and everyone will have a response from technical support for two or three days. Thanks to tech support. I recommend to buy.','published','2024-05-10 02:11:46','2024-05-10 02:11:46','[\"grocery\\/products\\/product-3.jpg\",\"grocery\\/products\\/product-5.jpg\",\"grocery\\/products\\/product-6.jpg\",\"grocery\\/products\\/product-9.jpg\"]'),(502,3,NULL,NULL,2,2.00,'Customer Support are grade (A*), however the code is a way too over engineered for it\'s purpose.','published','2024-05-10 02:11:46','2024-05-10 02:11:46','[\"grocery\\/products\\/product-2.jpg\",\"grocery\\/products\\/product-3.jpg\",\"grocery\\/products\\/product-8.jpg\",\"grocery\\/products\\/product-9.jpg\"]'),(526,8,NULL,NULL,23,4.00,'Very enthusiastic support! Excellent code is written. It\'s a true pleasure working with.','published','2024-05-10 02:11:46','2024-05-10 02:11:46','[\"grocery\\/products\\/product-6.jpg\",\"grocery\\/products\\/product-7.jpg\",\"grocery\\/products\\/product-9.jpg\"]'),(532,6,NULL,NULL,4,5.00,'These guys are amazing! Responses immediately, amazing support and help... I immediately feel at ease after Purchasing..','published','2024-05-10 02:11:46','2024-05-10 02:11:46','[\"grocery\\/products\\/product-5.jpg\",\"grocery\\/products\\/product-10.jpg\"]'),(536,10,NULL,NULL,28,2.00,'Good app, good backup service and support. Good documentation.','published','2024-05-10 02:11:46','2024-05-10 02:11:46','[\"grocery\\/products\\/product-6.jpg\",\"grocery\\/products\\/product-9.jpg\"]'),(543,2,NULL,NULL,27,4.00,'Second or third time that I buy a Botble product, happy with the products and support. You guys do a good job :)','published','2024-05-10 02:11:46','2024-05-10 02:11:46','[\"grocery\\/products\\/product-3.jpg\",\"grocery\\/products\\/product-4.jpg\",\"grocery\\/products\\/product-6.jpg\",\"grocery\\/products\\/product-8.jpg\"]'),(545,2,NULL,NULL,9,4.00,'This script is well coded and is super fast. The support is pretty quick. Very patient and helpful team. I strongly recommend it and they deserve more than 5 stars.','published','2024-05-10 02:11:46','2024-05-10 02:11:46','[\"grocery\\/products\\/product-9.jpg\"]'),(547,4,NULL,NULL,14,5.00,'Clean & perfect source code','published','2024-05-10 02:11:46','2024-05-10 02:11:46','[\"grocery\\/products\\/product-5.jpg\",\"grocery\\/products\\/product-6.jpg\",\"grocery\\/products\\/product-9.jpg\"]'),(551,1,NULL,NULL,29,5.00,'Very enthusiastic support! Excellent code is written. It\'s a true pleasure working with.','published','2024-05-10 02:11:46','2024-05-10 02:11:46','[\"grocery\\/products\\/product-9.jpg\"]'),(570,4,NULL,NULL,1,4.00,'Great system, great support, good job Botble. I\'m looking forward to more great functional plugins.','published','2024-05-10 02:11:46','2024-05-10 02:11:46','[\"grocery\\/products\\/product-2.jpg\",\"grocery\\/products\\/product-11.jpg\"]'),(578,2,NULL,NULL,4,2.00,'Great E-commerce system. And much more : Wonderful Customer Support.','published','2024-05-10 02:11:46','2024-05-10 02:11:46','[\"grocery\\/products\\/product-6.jpg\",\"grocery\\/products\\/product-9.jpg\",\"grocery\\/products\\/product-10.jpg\"]'),(580,2,NULL,NULL,17,3.00,'Great system, great support, good job Botble. I\'m looking forward to more great functional plugins.','published','2024-05-10 02:11:46','2024-05-10 02:11:46','[\"grocery\\/products\\/product-4.jpg\",\"grocery\\/products\\/product-7.jpg\"]'),(590,2,NULL,NULL,28,5.00,'Amazing code, amazing support. Overall, im really confident in Botble and im happy I made the right choice! Thank you so much guys for coding this masterpiece','published','2024-05-10 02:11:46','2024-05-10 02:11:46','[\"grocery\\/products\\/product-3.jpg\",\"grocery\\/products\\/product-6.jpg\",\"grocery\\/products\\/product-9.jpg\",\"grocery\\/products\\/product-10.jpg\"]'),(601,8,NULL,NULL,5,2.00,'These guys are amazing! Responses immediately, amazing support and help... I immediately feel at ease after Purchasing..','published','2024-05-10 02:11:46','2024-05-10 02:11:46','[\"grocery\\/products\\/product-1.jpg\"]'),(602,10,NULL,NULL,11,5.00,'Great E-commerce system. And much more : Wonderful Customer Support.','published','2024-05-10 02:11:46','2024-05-10 02:11:46','[\"grocery\\/products\\/product-3.jpg\",\"grocery\\/products\\/product-4.jpg\",\"grocery\\/products\\/product-6.jpg\",\"grocery\\/products\\/product-10.jpg\"]'),(613,3,NULL,NULL,13,2.00,'Customer Support are grade (A*), however the code is a way too over engineered for it\'s purpose.','published','2024-05-10 02:11:46','2024-05-10 02:11:46','[\"grocery\\/products\\/product-2.jpg\",\"grocery\\/products\\/product-8.jpg\"]'),(624,3,NULL,NULL,16,1.00,'Great system, great support, good job Botble. I\'m looking forward to more great functional plugins.','published','2024-05-10 02:11:46','2024-05-10 02:11:46','[\"grocery\\/products\\/product-5.jpg\",\"grocery\\/products\\/product-11.jpg\"]'),(626,7,NULL,NULL,26,5.00,'It\'s not my first experience here on Codecanyon and I can honestly tell you all that Botble puts a LOT of effort into the support. They answer so fast, they helped me tons of times. REALLY by far THE BEST EXPERIENCE on Codecanyon. Those guys at Botble are so good that they deserve 5 stars. I recommend them, I trust them and I can\'t wait to see what they will sell in a near future. Thank you Botble :)','published','2024-05-10 02:11:46','2024-05-10 02:11:46','[\"grocery\\/products\\/product-2.jpg\",\"grocery\\/products\\/product-4.jpg\",\"grocery\\/products\\/product-6.jpg\",\"grocery\\/products\\/product-11.jpg\"]'),(632,8,NULL,NULL,24,1.00,'This script is well coded and is super fast. The support is pretty quick. Very patient and helpful team. I strongly recommend it and they deserve more than 5 stars.','published','2024-05-10 02:11:46','2024-05-10 02:11:46','[\"grocery\\/products\\/product-2.jpg\",\"grocery\\/products\\/product-4.jpg\",\"grocery\\/products\\/product-10.jpg\"]'),(634,4,NULL,NULL,4,5.00,'I Love this Script. I also found how to add other fees. Now I just wait the BIG update for the Marketplace with the Bulk Import. Just do not forget to make it to be Multi-language for us the Botble Fans.','published','2024-05-10 02:11:46','2024-05-10 02:11:46','[\"grocery\\/products\\/product-2.jpg\"]'),(638,9,NULL,NULL,8,1.00,'Best ecommerce CMS online store!','published','2024-05-10 02:11:46','2024-05-10 02:11:46','[\"grocery\\/products\\/product-2.jpg\",\"grocery\\/products\\/product-6.jpg\",\"grocery\\/products\\/product-9.jpg\"]'),(645,8,NULL,NULL,20,5.00,'Great system, great support, good job Botble. I\'m looking forward to more great functional plugins.','published','2024-05-10 02:11:46','2024-05-10 02:11:46','[\"grocery\\/products\\/product-6.jpg\",\"grocery\\/products\\/product-8.jpg\",\"grocery\\/products\\/product-9.jpg\",\"grocery\\/products\\/product-10.jpg\"]'),(646,3,NULL,NULL,24,5.00,'The best store template! Excellent coding! Very good support! Thank you so much for all the help, I really appreciated.','published','2024-05-10 02:11:46','2024-05-10 02:11:46','[\"grocery\\/products\\/product-1.jpg\",\"grocery\\/products\\/product-2.jpg\",\"grocery\\/products\\/product-3.jpg\",\"grocery\\/products\\/product-5.jpg\"]'),(669,5,NULL,NULL,27,2.00,'Amazing code, amazing support. Overall, im really confident in Botble and im happy I made the right choice! Thank you so much guys for coding this masterpiece','published','2024-05-10 02:11:46','2024-05-10 02:11:46','[\"grocery\\/products\\/product-2.jpg\",\"grocery\\/products\\/product-5.jpg\",\"grocery\\/products\\/product-6.jpg\"]'),(670,1,NULL,NULL,16,5.00,'The best ecommerce CMS! Excellent coding! best support service! Thank you so much..... I really like your hard work.','published','2024-05-10 02:11:46','2024-05-10 02:11:46','[\"grocery\\/products\\/product-5.jpg\"]'),(681,5,NULL,NULL,11,3.00,'The code is good, in general, if you like it, can you give it 5 stars?','published','2024-05-10 02:11:46','2024-05-10 02:11:46','[\"grocery\\/products\\/product-5.jpg\",\"grocery\\/products\\/product-6.jpg\",\"grocery\\/products\\/product-9.jpg\",\"grocery\\/products\\/product-10.jpg\"]'),(704,8,NULL,NULL,11,4.00,'The code is good, in general, if you like it, can you give it 5 stars?','published','2024-05-10 02:11:46','2024-05-10 02:11:46','[\"grocery\\/products\\/product-1.jpg\",\"grocery\\/products\\/product-3.jpg\"]'),(740,2,NULL,NULL,15,2.00,'I Love this Script. I also found how to add other fees. Now I just wait the BIG update for the Marketplace with the Bulk Import. Just do not forget to make it to be Multi-language for us the Botble Fans.','published','2024-05-10 02:11:46','2024-05-10 02:11:46','[\"grocery\\/products\\/product-3.jpg\",\"grocery\\/products\\/product-4.jpg\",\"grocery\\/products\\/product-6.jpg\"]'),(741,1,NULL,NULL,13,4.00,'Solution is too robust for our purpose so we didn\'t use it at the end. But I appreciate customer support during initial configuration.','published','2024-05-10 02:11:46','2024-05-10 02:11:46','[\"grocery\\/products\\/product-6.jpg\",\"grocery\\/products\\/product-10.jpg\",\"grocery\\/products\\/product-11.jpg\"]'),(765,5,NULL,NULL,18,4.00,'As a developer I reviewed this script. This is really awesome ecommerce script. I have convinced when I noticed that it\'s built on fully WordPress concept.','published','2024-05-10 02:11:46','2024-05-10 02:11:46','[\"grocery\\/products\\/product-8.jpg\"]'),(767,2,NULL,NULL,26,1.00,'Second or third time that I buy a Botble product, happy with the products and support. You guys do a good job :)','published','2024-05-10 02:11:46','2024-05-10 02:11:46','[\"grocery\\/products\\/product-3.jpg\",\"grocery\\/products\\/product-4.jpg\"]'),(774,2,NULL,NULL,19,5.00,'Amazing code, amazing support. Overall, im really confident in Botble and im happy I made the right choice! Thank you so much guys for coding this masterpiece','published','2024-05-10 02:11:46','2024-05-10 02:11:46','[\"grocery\\/products\\/product-1.jpg\",\"grocery\\/products\\/product-6.jpg\",\"grocery\\/products\\/product-8.jpg\"]'),(783,8,NULL,NULL,28,1.00,'Those guys now what they are doing, the release such a good product that it\'s a pleasure to work with ! Even when I was stuck on the project, I created a ticket and the next day it was replied by the team. GOOD JOB guys. I love working with them :)','published','2024-05-10 02:11:46','2024-05-10 02:11:46','[\"grocery\\/products\\/product-5.jpg\",\"grocery\\/products\\/product-7.jpg\",\"grocery\\/products\\/product-8.jpg\"]'),(789,5,NULL,NULL,25,5.00,'Second or third time that I buy a Botble product, happy with the products and support. You guys do a good job :)','published','2024-05-10 02:11:46','2024-05-10 02:11:46','[\"grocery\\/products\\/product-7.jpg\",\"grocery\\/products\\/product-9.jpg\",\"grocery\\/products\\/product-11.jpg\"]'),(818,3,NULL,NULL,25,3.00,'Great system, great support, good job Botble. I\'m looking forward to more great functional plugins.','published','2024-05-10 02:11:46','2024-05-10 02:11:46','[\"grocery\\/products\\/product-5.jpg\",\"grocery\\/products\\/product-6.jpg\",\"grocery\\/products\\/product-9.jpg\",\"grocery\\/products\\/product-11.jpg\"]'),(820,2,NULL,NULL,10,4.00,'These guys are amazing! Responses immediately, amazing support and help... I immediately feel at ease after Purchasing..','published','2024-05-10 02:11:46','2024-05-10 02:11:46','[\"grocery\\/products\\/product-5.jpg\"]'),(844,7,NULL,NULL,19,3.00,'Great E-commerce system. And much more : Wonderful Customer Support.','published','2024-05-10 02:11:46','2024-05-10 02:11:46','[\"grocery\\/products\\/product-5.jpg\",\"grocery\\/products\\/product-10.jpg\"]'),(864,4,NULL,NULL,6,4.00,'I Love this Script. I also found how to add other fees. Now I just wait the BIG update for the Marketplace with the Bulk Import. Just do not forget to make it to be Multi-language for us the Botble Fans.','published','2024-05-10 02:11:46','2024-05-10 02:11:46','[\"grocery\\/products\\/product-3.jpg\",\"grocery\\/products\\/product-4.jpg\",\"grocery\\/products\\/product-6.jpg\",\"grocery\\/products\\/product-10.jpg\"]'),(878,6,NULL,NULL,16,2.00,'The script is the best of its class, fast, easy to implement and work with , and the most important thing is the great support team , Recommend with no doubt.','published','2024-05-10 02:11:46','2024-05-10 02:11:46','[\"grocery\\/products\\/product-4.jpg\",\"grocery\\/products\\/product-6.jpg\",\"grocery\\/products\\/product-9.jpg\"]'),(926,3,NULL,NULL,19,2.00,'Perfect +++++++++ i love it really also i get to fast ticket answers... Thanks Lot BOTBLE Teams','published','2024-05-10 02:11:46','2024-05-10 02:11:46','[\"grocery\\/products\\/product-5.jpg\"]'),(936,7,NULL,NULL,6,3.00,'We have received brilliant service support and will be expanding the features with the developer. Nice product!','published','2024-05-10 02:11:46','2024-05-10 02:11:46','[\"grocery\\/products\\/product-1.jpg\",\"grocery\\/products\\/product-4.jpg\",\"grocery\\/products\\/product-7.jpg\"]'),(940,3,NULL,NULL,12,1.00,'Clean & perfect source code','published','2024-05-10 02:11:46','2024-05-10 02:11:46','[\"grocery\\/products\\/product-9.jpg\"]'),(946,9,NULL,NULL,20,1.00,'Those guys now what they are doing, the release such a good product that it\'s a pleasure to work with ! Even when I was stuck on the project, I created a ticket and the next day it was replied by the team. GOOD JOB guys. I love working with them :)','published','2024-05-10 02:11:46','2024-05-10 02:11:46','[\"grocery\\/products\\/product-1.jpg\",\"grocery\\/products\\/product-3.jpg\",\"grocery\\/products\\/product-4.jpg\",\"grocery\\/products\\/product-11.jpg\"]'),(954,10,NULL,NULL,13,1.00,'Customer Support are grade (A*), however the code is a way too over engineered for it\'s purpose.','published','2024-05-10 02:11:46','2024-05-10 02:11:46','[\"grocery\\/products\\/product-1.jpg\",\"grocery\\/products\\/product-5.jpg\"]'),(987,7,NULL,NULL,11,3.00,'Very enthusiastic support! Excellent code is written. It\'s a true pleasure working with.','published','2024-05-10 02:11:46','2024-05-10 02:11:46','[\"grocery\\/products\\/product-2.jpg\",\"grocery\\/products\\/product-6.jpg\",\"grocery\\/products\\/product-9.jpg\"]'),(991,10,NULL,NULL,17,5.00,'Best ecommerce CMS online store!','published','2024-05-10 02:11:46','2024-05-10 02:11:46','[\"grocery\\/products\\/product-3.jpg\",\"grocery\\/products\\/product-4.jpg\",\"grocery\\/products\\/product-10.jpg\"]');

--
