--
-- Host: 127.0.0.1    Database: shofy
-- ------------------------------------------------------


--
-- Table structure for table `activations`
--

CREATE TABLE `activations` (
  `id` bigint unsigned NOT NULL AUTO_INCREMENT,
  `user_id` bigint unsigned NOT NULL,
  `code` varchar(120) COLLATE utf8mb4_unicode_ci NOT NULL,
  `completed` tinyint(1) NOT NULL DEFAULT '0',
  `completed_at` timestamp NULL DEFAULT NULL,
  `created_at` timestamp NULL DEFAULT NULL,
  `updated_at` timestamp NULL DEFAULT NULL,
  PRIMARY KEY (`id`),
  KEY `activations_user_id_index` (`user_id`)
) ENGINE=InnoDB AUTO_INCREMENT=2 DEFAULT CHARSET=utf8mb4 COLLATE=utf8mb4_unicode_ci;

--
-- Dumping data for table `activations`
--

INSERT INTO `activations` VALUES (1,1,'I9cbByjCpkRpGq3FIHDswKJ9KSSuc18f',1,'2024-05-10 02:11:54','2024-05-10 02:11:54','2024-05-10 02:11:54');

--
-- Table structure for table `admin_notifications`
--

CREATE TABLE `admin_notifications` (
  `id` bigint unsigned NOT NULL AUTO_INCREMENT,
  `title` varchar(191) COLLATE utf8mb4_unicode_ci NOT NULL,
  `action_label` varchar(191) COLLATE utf8mb4_unicode_ci DEFAULT NULL,
  `action_url` varchar(191) COLLATE utf8mb4_unicode_ci DEFAULT NULL,
  `description` varchar(400) COLLATE utf8mb4_unicode_ci DEFAULT NULL,
  `read_at` timestamp NULL DEFAULT NULL,
  `created_at` timestamp NULL DEFAULT NULL,
  `updated_at` timestamp NULL DEFAULT NULL,
  `permission` varchar(191) COLLATE utf8mb4_unicode_ci DEFAULT NULL,
  PRIMARY KEY (`id`)
) ENGINE=InnoDB DEFAULT CHARSET=utf8mb4 COLLATE=utf8mb4_unicode_ci;

--
-- Dumping data for table `admin_notifications`
--


--
-- Table structure for table `ads_translations`
--

CREATE TABLE `ads_translations` (
  `lang_code` varchar(191) COLLATE utf8mb4_unicode_ci NOT NULL,
  `ads_id` bigint unsigned NOT NULL,
  `name` varchar(191) COLLATE utf8mb4_unicode_ci DEFAULT NULL,
  `image` varchar(191) COLLATE utf8mb4_unicode_ci DEFAULT NULL,
  `url` varchar(191) COLLATE utf8mb4_unicode_ci DEFAULT NULL,
  PRIMARY KEY (`lang_code`,`ads_id`)
) ENGINE=InnoDB DEFAULT CHARSET=utf8mb4 COLLATE=utf8mb4_unicode_ci;

--
-- Dumping data for table `ads_translations`
--


--
-- Table structure for table `announcements`
--

CREATE TABLE `announcements` (
  `id` bigint unsigned NOT NULL AUTO_INCREMENT,
  `name` varchar(191) COLLATE utf8mb4_unicode_ci NOT NULL,
  `content` text COLLATE utf8mb4_unicode_ci NOT NULL,
  `has_action` tinyint(1) NOT NULL DEFAULT '0',
  `action_label` varchar(60) COLLATE utf8mb4_unicode_ci DEFAULT NULL,
  `action_url` varchar(400) COLLATE utf8mb4_unicode_ci DEFAULT NULL,
  `action_open_new_tab` tinyint(1) NOT NULL DEFAULT '0',
  `dismissible` tinyint(1) NOT NULL DEFAULT '0',
  `start_date` datetime DEFAULT NULL,
  `end_date` datetime DEFAULT NULL,
  `is_active` tinyint(1) NOT NULL DEFAULT '1',
  `created_at` timestamp NULL DEFAULT NULL,
  `updated_at` timestamp NULL DEFAULT NULL,
  PRIMARY KEY (`id`)
) ENGINE=InnoDB AUTO_INCREMENT=4 DEFAULT CHARSET=utf8mb4 COLLATE=utf8mb4_unicode_ci;

--
-- Dumping data for table `announcements`
--

INSERT INTO `announcements` VALUES (1,'Announcement 1','Enjoy free shipping on all orders over $99! Shop now and save on delivery costs.',0,NULL,NULL,0,1,'2024-05-10 09:12:03',NULL,1,'2024-05-10 02:12:03','2024-05-10 02:12:03'),(2,'Announcement 2','Need assistance? Our customer support is available 24/7 to help you with any questions or concerns.',0,NULL,NULL,0,1,'2024-05-10 09:12:03',NULL,1,'2024-05-10 02:12:03','2024-05-10 02:12:03'),(3,'Announcement 3','Shop with confidence! We offer a hassle-free 30 days return service for your peace of mind.',0,NULL,NULL,0,1,'2024-05-10 09:12:03',NULL,1,'2024-05-10 02:12:03','2024-05-10 02:12:03');

--
-- Table structure for table `announcements_translations`
--

CREATE TABLE `announcements_translations` (
  `lang_code` varchar(191) COLLATE utf8mb4_unicode_ci NOT NULL,
  `announcements_id` bigint unsigned NOT NULL,
  `content` text COLLATE utf8mb4_unicode_ci,
  PRIMARY KEY (`lang_code`,`announcements_id`)
) ENGINE=InnoDB DEFAULT CHARSET=utf8mb4 COLLATE=utf8mb4_unicode_ci;

--
-- Dumping data for table `announcements_translations`
--


--
-- Table structure for table `audit_histories`
--

CREATE TABLE `audit_histories` (
  `id` bigint unsigned NOT NULL AUTO_INCREMENT,
  `user_id` bigint unsigned NOT NULL,
  `module` varchar(60) COLLATE utf8mb4_unicode_ci NOT NULL,
  `request` longtext COLLATE utf8mb4_unicode_ci,
  `action` varchar(120) COLLATE utf8mb4_unicode_ci NOT NULL,
  `user_agent` text COLLATE utf8mb4_unicode_ci,
  `ip_address` varchar(45) COLLATE utf8mb4_unicode_ci DEFAULT NULL,
  `reference_user` bigint unsigned NOT NULL,
  `reference_id` bigint unsigned NOT NULL,
  `reference_name` varchar(191) COLLATE utf8mb4_unicode_ci NOT NULL,
  `type` varchar(20) COLLATE utf8mb4_unicode_ci NOT NULL,
  `created_at` timestamp NULL DEFAULT NULL,
  `updated_at` timestamp NULL DEFAULT NULL,
  PRIMARY KEY (`id`),
  KEY `audit_histories_user_id_index` (`user_id`),
  KEY `audit_histories_module_index` (`module`)
) ENGINE=InnoDB DEFAULT CHARSET=utf8mb4 COLLATE=utf8mb4_unicode_ci;

--
-- Dumping data for table `audit_histories`
--


--
-- Table structure for table `categories`
--

CREATE TABLE `categories` (
  `id` bigint unsigned NOT NULL AUTO_INCREMENT,
  `name` varchar(120) COLLATE utf8mb4_unicode_ci NOT NULL,
  `parent_id` bigint unsigned NOT NULL DEFAULT '0',
  `description` varchar(400) COLLATE utf8mb4_unicode_ci DEFAULT NULL,
  `status` varchar(60) COLLATE utf8mb4_unicode_ci NOT NULL DEFAULT 'published',
  `author_id` bigint unsigned DEFAULT NULL,
  `author_type` varchar(191) COLLATE utf8mb4_unicode_ci NOT NULL DEFAULT 'Botble\\ACL\\Models\\User',
  `icon` varchar(60) COLLATE utf8mb4_unicode_ci DEFAULT NULL,
  `order` tinyint NOT NULL DEFAULT '0',
  `is_featured` tinyint NOT NULL DEFAULT '0',
  `is_default` tinyint unsigned NOT NULL DEFAULT '0',
  `created_at` timestamp NULL DEFAULT NULL,
  `updated_at` timestamp NULL DEFAULT NULL,
  PRIMARY KEY (`id`),
  KEY `categories_parent_id_index` (`parent_id`),
  KEY `categories_status_index` (`status`),
  KEY `categories_created_at_index` (`created_at`)
) ENGINE=InnoDB AUTO_INCREMENT=7 DEFAULT CHARSET=utf8mb4 COLLATE=utf8mb4_unicode_ci;

--
-- Dumping data for table `categories`
--

INSERT INTO `categories` VALUES (1,'Crisp Bread &amp; Cake',0,'Cum numquam nam at impedit assumenda. Voluptas rerum quia non sunt. In sed dignissimos illum est qui suscipit error est. Nam aperiam et atque eligendi. Atque et qui dolorum ducimus.','published',1,'Botble\\ACL\\Models\\User',NULL,0,0,0,'2024-05-10 02:12:00','2024-05-10 02:12:00'),(2,'Fashion',0,'Perferendis sed totam est maiores est aliquid natus voluptatibus. Non inventore sint ut excepturi fugiat. Magni velit et rerum excepturi magnam excepturi. Ea in quaerat assumenda.','published',1,'Botble\\ACL\\Models\\User',NULL,0,1,0,'2024-05-10 02:12:00','2024-05-10 02:12:00'),(3,'Electronic',0,'Incidunt et nobis voluptatibus in nihil accusantium sed. Accusamus nihil et officiis in aperiam. Consequatur ipsum aut consequuntur doloremque odit quis minima.','published',1,'Botble\\ACL\\Models\\User',NULL,0,1,0,'2024-05-10 02:12:00','2024-05-10 02:12:00'),(4,'Commercial',0,'Quae vel ut est commodi a. Aut temporibus aperiam sint omnis. Eos officia aperiam officia. Aut odio eveniet error sint facere eum.','published',1,'Botble\\ACL\\Models\\User',NULL,0,1,0,'2024-05-10 02:12:00','2024-05-10 02:12:00'),(5,'Organic Fruits',0,'Ipsum et debitis maxime. Et nihil culpa adipisci doloribus asperiores aut natus. Est aut at provident officia nulla laborum tempora. Nihil et hic est modi qui fugiat ut.','published',1,'Botble\\ACL\\Models\\User',NULL,0,1,0,'2024-05-10 02:12:00','2024-05-10 02:12:00'),(6,'Ecological',0,'Fuga qui animi quo tempore earum nihil molestias cum. Et aut quisquam ipsum quia velit officiis. Ut sequi et minus ut laudantium ducimus a. Error similique ea quisquam mollitia.','published',1,'Botble\\ACL\\Models\\User',NULL,0,1,0,'2024-05-10 02:12:00','2024-05-10 02:12:00');

--
-- Table structure for table `categories_translations`
--

CREATE TABLE `categories_translations` (
  `lang_code` varchar(20) COLLATE utf8mb4_unicode_ci NOT NULL,
  `categories_id` bigint unsigned NOT NULL,
  `name` varchar(191) COLLATE utf8mb4_unicode_ci DEFAULT NULL,
  `description` varchar(400) COLLATE utf8mb4_unicode_ci DEFAULT NULL,
  PRIMARY KEY (`lang_code`,`categories_id`)
) ENGINE=InnoDB DEFAULT CHARSET=utf8mb4 COLLATE=utf8mb4_unicode_ci;

--
-- Dumping data for table `categories_translations`
--


--
-- Table structure for table `cities`
--

CREATE TABLE `cities` (
  `id` bigint unsigned NOT NULL AUTO_INCREMENT,
  `name` varchar(120) COLLATE utf8mb4_unicode_ci NOT NULL,
  `slug` varchar(120) COLLATE utf8mb4_unicode_ci DEFAULT NULL,
  `state_id` bigint unsigned DEFAULT NULL,
  `country_id` bigint unsigned DEFAULT NULL,
  `record_id` varchar(40) COLLATE utf8mb4_unicode_ci DEFAULT NULL,
  `order` tinyint NOT NULL DEFAULT '0',
  `image` varchar(191) COLLATE utf8mb4_unicode_ci DEFAULT NULL,
  `is_default` tinyint unsigned NOT NULL DEFAULT '0',
  `status` varchar(60) COLLATE utf8mb4_unicode_ci NOT NULL DEFAULT 'published',
  `created_at` timestamp NULL DEFAULT NULL,
  `updated_at` timestamp NULL DEFAULT NULL,
  PRIMARY KEY (`id`),
  UNIQUE KEY `cities_slug_unique` (`slug`)
) ENGINE=InnoDB DEFAULT CHARSET=utf8mb4 COLLATE=utf8mb4_unicode_ci;

--
-- Dumping data for table `cities`
--


--
-- Table structure for table `cities_translations`
--

CREATE TABLE `cities_translations` (
  `lang_code` varchar(20) COLLATE utf8mb4_unicode_ci NOT NULL,
  `cities_id` bigint unsigned NOT NULL,
  `name` varchar(120) COLLATE utf8mb4_unicode_ci DEFAULT NULL,
  `slug` varchar(120) COLLATE utf8mb4_unicode_ci DEFAULT NULL,
  PRIMARY KEY (`lang_code`,`cities_id`)
) ENGINE=InnoDB DEFAULT CHARSET=utf8mb4 COLLATE=utf8mb4_unicode_ci;

--
-- Dumping data for table `cities_translations`
--


--
-- Table structure for table `contact_custom_field_options`
--

CREATE TABLE `contact_custom_field_options` (
  `id` bigint unsigned NOT NULL AUTO_INCREMENT,
  `custom_field_id` bigint unsigned NOT NULL,
  `label` varchar(191) COLLATE utf8mb4_unicode_ci DEFAULT NULL,
  `value` varchar(191) COLLATE utf8mb4_unicode_ci NOT NULL,
  `order` int NOT NULL DEFAULT '999',
  `created_at` timestamp NULL DEFAULT NULL,
  `updated_at` timestamp NULL DEFAULT NULL,
  PRIMARY KEY (`id`)
) ENGINE=InnoDB DEFAULT CHARSET=utf8mb4 COLLATE=utf8mb4_unicode_ci;

--
-- Dumping data for table `contact_custom_field_options`
--


--
-- Table structure for table `contact_custom_field_options_translations`
--

CREATE TABLE `contact_custom_field_options_translations` (
  `contact_custom_field_options_id` bigint unsigned NOT NULL,
  `lang_code` varchar(191) COLLATE utf8mb4_unicode_ci NOT NULL,
  `label` varchar(191) COLLATE utf8mb4_unicode_ci DEFAULT NULL,
  `value` varchar(191) COLLATE utf8mb4_unicode_ci DEFAULT NULL,
  PRIMARY KEY (`lang_code`,`contact_custom_field_options_id`)
) ENGINE=InnoDB DEFAULT CHARSET=utf8mb4 COLLATE=utf8mb4_unicode_ci;

--
-- Dumping data for table `contact_custom_field_options_translations`
--


--
-- Table structure for table `contact_custom_fields`
--

CREATE TABLE `contact_custom_fields` (
  `id` bigint unsigned NOT NULL AUTO_INCREMENT,
  `type` varchar(191) COLLATE utf8mb4_unicode_ci NOT NULL,
  `required` tinyint(1) NOT NULL DEFAULT '0',
  `name` varchar(191) COLLATE utf8mb4_unicode_ci NOT NULL,
  `placeholder` varchar(191) COLLATE utf8mb4_unicode_ci DEFAULT NULL,
  `order` int NOT NULL DEFAULT '999',
  `status` varchar(191) COLLATE utf8mb4_unicode_ci NOT NULL DEFAULT 'published',
  `created_at` timestamp NULL DEFAULT NULL,
  `updated_at` timestamp NULL DEFAULT NULL,
  PRIMARY KEY (`id`)
) ENGINE=InnoDB DEFAULT CHARSET=utf8mb4 COLLATE=utf8mb4_unicode_ci;

--
-- Dumping data for table `contact_custom_fields`
--


--
-- Table structure for table `contact_custom_fields_translations`
--

CREATE TABLE `contact_custom_fields_translations` (
  `contact_custom_fields_id` bigint unsigned NOT NULL,
  `lang_code` varchar(191) COLLATE utf8mb4_unicode_ci NOT NULL,
  `name` varchar(191) COLLATE utf8mb4_unicode_ci DEFAULT NULL,
  `placeholder` varchar(191) COLLATE utf8mb4_unicode_ci DEFAULT NULL,
  PRIMARY KEY (`lang_code`,`contact_custom_fields_id`)
) ENGINE=InnoDB DEFAULT CHARSET=utf8mb4 COLLATE=utf8mb4_unicode_ci;

--
-- Dumping data for table `contact_custom_fields_translations`
--


--
-- Table structure for table `contact_replies`
--

CREATE TABLE `contact_replies` (
  `id` bigint unsigned NOT NULL AUTO_INCREMENT,
  `message` longtext COLLATE utf8mb4_unicode_ci NOT NULL,
  `contact_id` bigint unsigned NOT NULL,
  `created_at` timestamp NULL DEFAULT NULL,
  `updated_at` timestamp NULL DEFAULT NULL,
  PRIMARY KEY (`id`)
) ENGINE=InnoDB DEFAULT CHARSET=utf8mb4 COLLATE=utf8mb4_unicode_ci;

--
-- Dumping data for table `contact_replies`
--


--
-- Table structure for table `contacts`
--

CREATE TABLE `contacts` (
  `id` bigint unsigned NOT NULL AUTO_INCREMENT,
  `name` varchar(60) COLLATE utf8mb4_unicode_ci NOT NULL,
  `email` varchar(60) COLLATE utf8mb4_unicode_ci DEFAULT NULL,
  `phone` varchar(60) COLLATE utf8mb4_unicode_ci DEFAULT NULL,
  `address` varchar(120) COLLATE utf8mb4_unicode_ci DEFAULT NULL,
  `subject` varchar(120) COLLATE utf8mb4_unicode_ci DEFAULT NULL,
  `content` longtext COLLATE utf8mb4_unicode_ci NOT NULL,
  `custom_fields` text COLLATE utf8mb4_unicode_ci,
  `status` varchar(60) COLLATE utf8mb4_unicode_ci NOT NULL DEFAULT 'unread',
  `created_at` timestamp NULL DEFAULT NULL,
  `updated_at` timestamp NULL DEFAULT NULL,
  PRIMARY KEY (`id`)
) ENGINE=InnoDB AUTO_INCREMENT=11 DEFAULT CHARSET=utf8mb4 COLLATE=utf8mb4_unicode_ci;

--
-- Dumping data for table `contacts`
--

INSERT INTO `contacts` VALUES (1,'Jermaine Schiller DDS','jacobi.marc@example.com','+15407349709','2711 Sarai Expressway\nWest Oraton, SD 51415-0650','Soluta labore qui ut tempora culpa modi minima.','Rerum aliquid aut nihil quidem dicta qui suscipit. Temporibus vel sunt cum odio. Voluptate ut quis est repudiandae. Voluptatem corrupti ipsa enim dolorum voluptatem delectus. Voluptas vero eos eaque consectetur et a. Similique voluptates ut numquam est qui. Repellendus aut possimus ea sit. Quidem non voluptatem ullam qui. Suscipit non consequatur et sed necessitatibus possimus maxime. Illo officia iusto architecto veritatis vel modi rerum nulla.',NULL,'read','2024-05-10 02:11:59','2024-05-10 02:11:59'),(2,'Jarrod Legros','clair75@example.net','+1-352-589-3171','684 Schaefer Extension\nErnserville, TX 65277-1515','Quia repellat est ut maxime vero culpa aut.','Quis facilis dicta est est eum perspiciatis. Quos et provident tempore tempore voluptates. Qui qui expedita eaque dolorem aspernatur. Sint nostrum beatae odio id culpa nobis consectetur. Perspiciatis quis non quisquam. Optio error unde dolore ut. Quo aspernatur qui quos perspiciatis vel. Eum impedit voluptatem dignissimos fuga consequuntur. Id ab debitis beatae rerum fugiat. Aut sit velit quasi ex aut praesentium. Saepe accusantium quam quia ipsa hic.',NULL,'read','2024-05-10 02:11:59','2024-05-10 02:11:59'),(3,'Ambrose Rempel','stark.ed@example.com','820.538.7889','479 Elody Center Apt. 336\nKulasport, UT 94219-6569','Iste dolor possimus cumque animi.','Placeat eaque iusto quibusdam accusamus dolorem at ut. Reprehenderit molestiae quia omnis. Aut sapiente cumque eveniet sit nemo veniam. Tempore occaecati nemo molestiae. Est tenetur optio quisquam et corporis numquam voluptatem tempora. Eos est perferendis officiis tenetur fugit. Voluptatem voluptatum id ut cumque ea.',NULL,'unread','2024-05-10 02:11:59','2024-05-10 02:11:59'),(4,'Will Pollich','blakin@example.net','1-504-930-8587','20058 Easter Plaza Apt. 885\nWest Kaiaport, NE 88888-5973','Maxime sit et dolorem non eius adipisci vel quos.','Dolore velit error unde qui ea maiores numquam. Voluptatum aut ipsam assumenda quo et magni. Laboriosam temporibus sed iusto similique odit. Sed id sed molestiae odio doloremque libero laboriosam. Alias commodi tenetur vel a. Sapiente ad ipsa quo temporibus aperiam. Aut omnis a eius voluptatem. Dignissimos libero molestiae cum officia eius molestiae. Et reprehenderit modi deleniti aut iusto unde tenetur.',NULL,'read','2024-05-10 02:11:59','2024-05-10 02:11:59'),(5,'Granville Kerluke','dach.maurine@example.org','(484) 849-5117','4949 Prosacco Island\nWest Leonora, AL 03345-0076','Magni quis ad quo itaque cumque et.','Id debitis maxime exercitationem inventore ut odio sit. Magnam illum cumque ea non maiores veniam. Qui sed quis esse ut excepturi. Tempora magni vitae eligendi. Atque ut rerum sed accusamus velit cumque reprehenderit beatae. Ut sit ea perferendis voluptatem voluptas dolor. Aut cupiditate consequatur iusto. Deleniti voluptatem dolores qui nulla eum. Reprehenderit commodi fuga voluptas tenetur.',NULL,'unread','2024-05-10 02:11:59','2024-05-10 02:11:59'),(6,'Chad Leuschke V','anita.kohler@example.com','(351) 558-8957','55776 Nia Shoal Apt. 265\nHarveyville, TN 00066-8329','Velit eaque aut eligendi illo dolorem sequi in.','Velit in inventore aspernatur et. Itaque fugit qui et officiis. Eligendi et vitae sed minus sunt facere qui enim. Commodi odit corporis quia vel ut est quia. Nostrum enim possimus nemo nobis cupiditate est. Sint error quas molestiae maxime molestias doloremque eum. Tempora sunt expedita ducimus eum unde doloremque. Aut et qui mollitia corporis aut natus. Id doloribus rem possimus officiis voluptatibus quibusdam est. Aperiam accusamus voluptatem sed.',NULL,'unread','2024-05-10 02:11:59','2024-05-10 02:11:59'),(7,'Dwight Rempel','mante.magdalena@example.org','+1 (347) 986-2310','2126 Hauck Extension\nWest Grady, OH 62064','Id consequatur id sit.','Fuga nam assumenda corporis recusandae explicabo ipsum eaque. Est amet incidunt eveniet repudiandae fugiat. Magnam voluptatem ipsum cupiditate unde odio laudantium. Saepe eaque molestiae rem et. Sunt perferendis quia ut molestias. Quia aut error eum et recusandae. Qui et sit minus et molestiae ullam vitae. Magni mollitia et rerum maiores alias. Officia eos nostrum iste.',NULL,'unread','2024-05-10 02:11:59','2024-05-10 02:11:59'),(8,'Prof. Max Morar DDS','ftoy@example.org','+1-231-754-8584','51671 Tomas Court Suite 298\nChandlerbury, HI 23732','Sequi deserunt aut non dolores quo beatae.','Suscipit est quia nostrum nulla laborum sequi in. Aspernatur fuga id nam provident. Sit voluptatem enim doloribus et ut voluptatem. Est molestiae aliquam voluptatum tempora molestiae. Dicta adipisci aut qui non doloribus facere corrupti. Mollitia magni vel deleniti similique. Sit natus omnis aliquam. Quis assumenda optio veniam aut iusto non. Fugit quibusdam vero aut illum. Rem suscipit aliquam eos et.',NULL,'unread','2024-05-10 02:11:59','2024-05-10 02:11:59'),(9,'Wilhelm Bogisich','reynolds.dovie@example.net','1-380-684-1975','88313 Mylene Flats Suite 668\nBogisichmouth, KS 07991-3691','Sit maxime vero occaecati.','Exercitationem optio minus nulla aspernatur consequatur. Quia aliquam voluptatibus culpa quia sed et. Facilis ducimus totam officiis aut. Provident ducimus qui architecto debitis fuga impedit. Fuga omnis rerum commodi corporis ad hic atque. Ducimus rerum quis aut assumenda. Veritatis suscipit et temporibus quod omnis.',NULL,'unread','2024-05-10 02:11:59','2024-05-10 02:11:59'),(10,'Chasity Trantow MD','danielle28@example.org','+1.203.280.1599','46926 Bailey Square\nPort Isommouth, NC 15096-6446','Placeat id iste est quos.','Natus dignissimos enim rerum fugiat et dolor ea. Velit ut saepe quo maiores perferendis natus et. Assumenda laudantium inventore qui vel. Amet voluptatem qui optio dignissimos cum eaque modi vitae. Delectus odit dolorem voluptas est. Possimus esse praesentium voluptatem occaecati. Repellat vitae qui sit atque provident id numquam. Quis eum aut optio enim ut reprehenderit quam. Animi mollitia dicta ipsum veniam sapiente ut. Et consequatur odio veniam debitis.',NULL,'read','2024-05-10 02:11:59','2024-05-10 02:11:59');

--
-- Table structure for table `countries`
--

CREATE TABLE `countries` (
  `id` bigint unsigned NOT NULL AUTO_INCREMENT,
  `name` varchar(120) COLLATE utf8mb4_unicode_ci NOT NULL,
  `nationality` varchar(120) COLLATE utf8mb4_unicode_ci DEFAULT NULL,
  `order` tinyint NOT NULL DEFAULT '0',
  `is_default` tinyint unsigned NOT NULL DEFAULT '0',
  `status` varchar(60) COLLATE utf8mb4_unicode_ci NOT NULL DEFAULT 'published',
  `created_at` timestamp NULL DEFAULT NULL,
  `updated_at` timestamp NULL DEFAULT NULL,
  `code` varchar(10) COLLATE utf8mb4_unicode_ci DEFAULT NULL,
  PRIMARY KEY (`id`)
) ENGINE=InnoDB DEFAULT CHARSET=utf8mb4 COLLATE=utf8mb4_unicode_ci;

--
-- Dumping data for table `countries`
--


--
-- Table structure for table `countries_translations`
--

CREATE TABLE `countries_translations` (
  `lang_code` varchar(20) COLLATE utf8mb4_unicode_ci NOT NULL,
  `countries_id` bigint unsigned NOT NULL,
  `name` varchar(120) COLLATE utf8mb4_unicode_ci DEFAULT NULL,
  `nationality` varchar(120) COLLATE utf8mb4_unicode_ci DEFAULT NULL,
  PRIMARY KEY (`lang_code`,`countries_id`)
) ENGINE=InnoDB DEFAULT CHARSET=utf8mb4 COLLATE=utf8mb4_unicode_ci;

--
-- Dumping data for table `countries_translations`
--


--
-- Table structure for table `dashboard_widget_settings`
--

CREATE TABLE `dashboard_widget_settings` (
  `id` bigint unsigned NOT NULL AUTO_INCREMENT,
  `settings` text COLLATE utf8mb4_unicode_ci,
  `user_id` bigint unsigned NOT NULL,
  `widget_id` bigint unsigned NOT NULL,
  `order` tinyint unsigned NOT NULL DEFAULT '0',
  `status` tinyint unsigned NOT NULL DEFAULT '1',
  `created_at` timestamp NULL DEFAULT NULL,
  `updated_at` timestamp NULL DEFAULT NULL,
  PRIMARY KEY (`id`),
  KEY `dashboard_widget_settings_user_id_index` (`user_id`),
  KEY `dashboard_widget_settings_widget_id_index` (`widget_id`)
) ENGINE=InnoDB DEFAULT CHARSET=utf8mb4 COLLATE=utf8mb4_unicode_ci;

--
-- Dumping data for table `dashboard_widget_settings`
--


--
-- Table structure for table `dashboard_widgets`
--

CREATE TABLE `dashboard_widgets` (
  `id` bigint unsigned NOT NULL AUTO_INCREMENT,
  `name` varchar(120) COLLATE utf8mb4_unicode_ci NOT NULL,
  `created_at` timestamp NULL DEFAULT NULL,
  `updated_at` timestamp NULL DEFAULT NULL,
  PRIMARY KEY (`id`)
) ENGINE=InnoDB DEFAULT CHARSET=utf8mb4 COLLATE=utf8mb4_unicode_ci;

--
-- Dumping data for table `dashboard_widgets`
--


--
-- Table structure for table `ec_brands`
--

CREATE TABLE `ec_brands` (
  `id` bigint unsigned NOT NULL AUTO_INCREMENT,
  `name` varchar(191) COLLATE utf8mb4_unicode_ci NOT NULL,
  `description` mediumtext COLLATE utf8mb4_unicode_ci,
  `website` varchar(191) COLLATE utf8mb4_unicode_ci DEFAULT NULL,
  `logo` varchar(191) COLLATE utf8mb4_unicode_ci DEFAULT NULL,
  `status` varchar(60) COLLATE utf8mb4_unicode_ci NOT NULL DEFAULT 'published',
  `order` tinyint unsigned NOT NULL DEFAULT '0',
  `is_featured` tinyint unsigned NOT NULL DEFAULT '0',
  `created_at` timestamp NULL DEFAULT NULL,
  `updated_at` timestamp NULL DEFAULT NULL,
  PRIMARY KEY (`id`)
) ENGINE=InnoDB AUTO_INCREMENT=6 DEFAULT CHARSET=utf8mb4 COLLATE=utf8mb4_unicode_ci;

--
-- Dumping data for table `ec_brands`
--

INSERT INTO `ec_brands` VALUES (1,'FoodPound','New Snacks Release',NULL,'main/brands/1.png','published',0,1,'2024-05-10 02:11:55','2024-05-10 02:11:55'),(2,'iTea JSC','Happy Tea 100% Organic. From $29.9',NULL,'main/brands/2.png','published',1,1,'2024-05-10 02:11:55','2024-05-10 02:11:55'),(3,'Soda Brand','Fresh Meat Sausage. BUY 2 GET 1!',NULL,'main/brands/3.png','published',2,1,'2024-05-10 02:11:55','2024-05-10 02:11:55'),(4,'Shofy','Fresh Meat Sausage. BUY 2 GET 1!',NULL,'main/brands/4.png','published',3,1,'2024-05-10 02:11:55','2024-05-10 02:11:55'),(5,'Soda Brand','Fresh Meat Sausage. BUY 2 GET 1!',NULL,'main/brands/5.png','published',4,1,'2024-05-10 02:11:55','2024-05-10 02:11:55');

--
-- Table structure for table `ec_brands_translations`
--

CREATE TABLE `ec_brands_translations` (
  `lang_code` varchar(191) COLLATE utf8mb4_unicode_ci NOT NULL,
  `ec_brands_id` bigint unsigned NOT NULL,
  `name` varchar(191) COLLATE utf8mb4_unicode_ci DEFAULT NULL,
  `description` mediumtext COLLATE utf8mb4_unicode_ci,
  PRIMARY KEY (`lang_code`,`ec_brands_id`)
) ENGINE=InnoDB DEFAULT CHARSET=utf8mb4 COLLATE=utf8mb4_unicode_ci;

--
-- Dumping data for table `ec_brands_translations`
--


--
-- Table structure for table `ec_cart`
--

CREATE TABLE `ec_cart` (
  `identifier` varchar(60) COLLATE utf8mb4_unicode_ci NOT NULL,
  `instance` varchar(60) COLLATE utf8mb4_unicode_ci NOT NULL,
  `content` longtext COLLATE utf8mb4_unicode_ci NOT NULL,
  `created_at` timestamp NULL DEFAULT NULL,
  `updated_at` timestamp NULL DEFAULT NULL,
  PRIMARY KEY (`identifier`,`instance`)
) ENGINE=InnoDB DEFAULT CHARSET=utf8mb4 COLLATE=utf8mb4_unicode_ci;

--
-- Dumping data for table `ec_cart`
--


--
-- Table structure for table `ec_currencies`
--

CREATE TABLE `ec_currencies` (
  `id` bigint unsigned NOT NULL AUTO_INCREMENT,
  `title` varchar(191) COLLATE utf8mb4_unicode_ci NOT NULL,
  `symbol` varchar(10) COLLATE utf8mb4_unicode_ci NOT NULL,
  `is_prefix_symbol` tinyint unsigned NOT NULL DEFAULT '0',
  `decimals` tinyint unsigned DEFAULT '0',
  `order` int unsigned DEFAULT '0',
  `is_default` tinyint NOT NULL DEFAULT '0',
  `exchange_rate` double NOT NULL DEFAULT '1',
  `created_at` timestamp NULL DEFAULT NULL,
  `updated_at` timestamp NULL DEFAULT NULL,
  PRIMARY KEY (`id`)
) ENGINE=InnoDB AUTO_INCREMENT=5 DEFAULT CHARSET=utf8mb4 COLLATE=utf8mb4_unicode_ci;

--
-- Dumping data for table `ec_currencies`
--

INSERT INTO `ec_currencies` VALUES (1,'USD','$',1,2,0,1,1,'2024-05-10 02:11:55','2024-05-10 02:11:55'),(2,'EUR','€',0,2,1,0,0.84,'2024-05-10 02:11:55','2024-05-10 02:11:55'),(3,'VND','₫',0,0,2,0,23203,'2024-05-10 02:11:55','2024-05-10 02:11:55'),(4,'NGN','₦',1,2,2,0,895.52,'2024-05-10 02:11:55','2024-05-10 02:11:55');

--
-- Table structure for table `ec_customer_addresses`
--

CREATE TABLE `ec_customer_addresses` (
  `id` bigint unsigned NOT NULL AUTO_INCREMENT,
  `name` varchar(191) COLLATE utf8mb4_unicode_ci NOT NULL,
  `email` varchar(60) COLLATE utf8mb4_unicode_ci DEFAULT NULL,
  `phone` varchar(20) COLLATE utf8mb4_unicode_ci DEFAULT NULL,
  `country` varchar(120) COLLATE utf8mb4_unicode_ci DEFAULT NULL,
  `state` varchar(120) COLLATE utf8mb4_unicode_ci DEFAULT NULL,
  `city` varchar(120) COLLATE utf8mb4_unicode_ci DEFAULT NULL,
  `address` varchar(191) COLLATE utf8mb4_unicode_ci DEFAULT NULL,
  `customer_id` bigint unsigned NOT NULL,
  `is_default` tinyint unsigned NOT NULL DEFAULT '0',
  `created_at` timestamp NULL DEFAULT NULL,
  `updated_at` timestamp NULL DEFAULT NULL,
  `zip_code` varchar(20) COLLATE utf8mb4_unicode_ci DEFAULT NULL,
  PRIMARY KEY (`id`)
) ENGINE=InnoDB AUTO_INCREMENT=13 DEFAULT CHARSET=utf8mb4 COLLATE=utf8mb4_unicode_ci;

--
-- Dumping data for table `ec_customer_addresses`
--

INSERT INTO `ec_customer_addresses` VALUES (1,'Dr. Mohammad Funk III','customer@botble.com','+19722375211','UG','Indiana','Ethanberg','642 Heidenreich Plaza',1,1,'2024-05-10 02:11:56','2024-05-10 02:11:56','65098-7731'),(2,'Dr. Mohammad Funk III','customer@botble.com','+18725257228','BW','Tennessee','Murraymouth','503 Glenda Lock Apt. 325',1,0,'2024-05-10 02:11:56','2024-05-10 02:11:56','28474'),(3,'Maureen Schoen','vendor@botble.com','+13517682081','CZ','Rhode Island','North Ansley','7546 Charles Passage Apt. 243',2,1,'2024-05-10 02:11:56','2024-05-10 02:11:56','08348-4760'),(4,'Maureen Schoen','vendor@botble.com','+13252816800','BS','Pennsylvania','North Leifmouth','307 Bella Trail',2,0,'2024-05-10 02:11:57','2024-05-10 02:11:57','22247-5726'),(5,'Mariano Zieme','misty01@example.org','+15418662708','PY','Maine','Moenhaven','88349 Lurline Shoals',3,1,'2024-05-10 02:11:57','2024-05-10 02:11:57','81807'),(6,'Margaret Johns DVM','foster.donnelly@example.com','+15409249613','GN','South Carolina','Nicochester','49810 Hilpert Expressway Suite 037',4,1,'2024-05-10 02:11:57','2024-05-10 02:11:57','51806-5694'),(7,'Adolfo Keeling','malika09@example.net','+13865678285','GH','West Virginia','New Robertaburgh','596 Herzog Branch Suite 189',5,1,'2024-05-10 02:11:57','2024-05-10 02:11:57','39060-5417'),(8,'Prof. Mohamed Wyman','tamia.abbott@example.net','+17747024086','PF','Florida','Edythemouth','294 Fahey Ridge',6,1,'2024-05-10 02:11:58','2024-05-10 02:11:58','73839'),(9,'Mrs. Genoveva Russel','greta.quitzon@example.org','+19139153852','IN','Louisiana','South Juanaburgh','76696 Coy Cliff Suite 793',7,1,'2024-05-10 02:11:58','2024-05-10 02:11:58','70275-2016'),(10,'Stephania Graham','marge31@example.com','+19342140387','PK','Utah','Willaview','7799 Kassandra Fort Apt. 565',8,1,'2024-05-10 02:11:58','2024-05-10 02:11:58','04848-7404'),(11,'Carmela Ebert','chelsey54@example.net','+18507402749','GF','Arkansas','Port Hipolitochester','97958 Kelvin Summit',9,1,'2024-05-10 02:11:58','2024-05-10 02:11:58','72958'),(12,'Cathy Kuphal','violette80@example.net','+16513668906','MY','Arkansas','Erniefurt','781 Beatty Row',10,1,'2024-05-10 02:11:59','2024-05-10 02:11:59','72125');

--
-- Table structure for table `ec_customer_deletion_requests`
--

CREATE TABLE `ec_customer_deletion_requests` (
  `id` bigint unsigned NOT NULL AUTO_INCREMENT,
  `customer_id` bigint unsigned NOT NULL,
  `customer_name` varchar(191) COLLATE utf8mb4_unicode_ci DEFAULT NULL,
  `customer_phone` varchar(191) COLLATE utf8mb4_unicode_ci DEFAULT NULL,
  `customer_email` varchar(191) COLLATE utf8mb4_unicode_ci DEFAULT NULL,
  `token` varchar(191) COLLATE utf8mb4_unicode_ci NOT NULL,
  `status` varchar(50) COLLATE utf8mb4_unicode_ci NOT NULL DEFAULT 'waiting_for_confirmation',
  `reason` text COLLATE utf8mb4_unicode_ci,
  `confirmed_at` datetime DEFAULT NULL,
  `created_at` timestamp NULL DEFAULT NULL,
  `updated_at` timestamp NULL DEFAULT NULL,
  PRIMARY KEY (`id`),
  UNIQUE KEY `ec_customer_deletion_requests_token_unique` (`token`)
) ENGINE=InnoDB DEFAULT CHARSET=utf8mb4 COLLATE=utf8mb4_unicode_ci;

--
-- Dumping data for table `ec_customer_deletion_requests`
--


--
-- Table structure for table `ec_customer_password_resets`
--

CREATE TABLE `ec_customer_password_resets` (
  `email` varchar(191) COLLATE utf8mb4_unicode_ci NOT NULL,
  `token` varchar(191) COLLATE utf8mb4_unicode_ci NOT NULL,
  `created_at` timestamp NULL DEFAULT NULL,
  KEY `ec_customer_password_resets_email_index` (`email`),
  KEY `ec_customer_password_resets_token_index` (`token`)
) ENGINE=InnoDB DEFAULT CHARSET=utf8mb4 COLLATE=utf8mb4_unicode_ci;

--
-- Dumping data for table `ec_customer_password_resets`
--


--
-- Table structure for table `ec_customer_recently_viewed_products`
--

CREATE TABLE `ec_customer_recently_viewed_products` (
  `id` bigint unsigned NOT NULL AUTO_INCREMENT,
  `customer_id` bigint unsigned NOT NULL,
  `product_id` bigint unsigned NOT NULL,
  PRIMARY KEY (`id`)
) ENGINE=InnoDB DEFAULT CHARSET=utf8mb4 COLLATE=utf8mb4_unicode_ci;

--
-- Dumping data for table `ec_customer_recently_viewed_products`
--


--
-- Table structure for table `ec_customer_used_coupons`
--

CREATE TABLE `ec_customer_used_coupons` (
  `discount_id` bigint unsigned NOT NULL,
  `customer_id` bigint unsigned NOT NULL,
  PRIMARY KEY (`discount_id`,`customer_id`)
) ENGINE=InnoDB DEFAULT CHARSET=utf8mb4 COLLATE=utf8mb4_unicode_ci;

--
-- Dumping data for table `ec_customer_used_coupons`
--


--
-- Table structure for table `ec_discount_customers`
--

CREATE TABLE `ec_discount_customers` (
  `discount_id` bigint unsigned NOT NULL,
  `customer_id` bigint unsigned NOT NULL,
  PRIMARY KEY (`discount_id`,`customer_id`)
) ENGINE=InnoDB DEFAULT CHARSET=utf8mb4 COLLATE=utf8mb4_unicode_ci;

--
-- Dumping data for table `ec_discount_customers`
--


--
-- Table structure for table `ec_discount_product_categories`
--

CREATE TABLE `ec_discount_product_categories` (
  `discount_id` bigint unsigned NOT NULL,
  `product_category_id` bigint unsigned NOT NULL,
  PRIMARY KEY (`discount_id`,`product_category_id`)
) ENGINE=InnoDB DEFAULT CHARSET=utf8mb4 COLLATE=utf8mb4_unicode_ci;

--
-- Dumping data for table `ec_discount_product_categories`
--


--
-- Table structure for table `ec_discount_product_collections`
--

CREATE TABLE `ec_discount_product_collections` (
  `discount_id` bigint unsigned NOT NULL,
  `product_collection_id` bigint unsigned NOT NULL,
  PRIMARY KEY (`discount_id`,`product_collection_id`)
) ENGINE=InnoDB DEFAULT CHARSET=utf8mb4 COLLATE=utf8mb4_unicode_ci;

--
-- Dumping data for table `ec_discount_product_collections`
--


--
-- Table structure for table `ec_discount_products`
--

CREATE TABLE `ec_discount_products` (
  `discount_id` bigint unsigned NOT NULL,
  `product_id` bigint unsigned NOT NULL,
  PRIMARY KEY (`discount_id`,`product_id`)
) ENGINE=InnoDB DEFAULT CHARSET=utf8mb4 COLLATE=utf8mb4_unicode_ci;

--
-- Dumping data for table `ec_discount_products`
--


--
-- Table structure for table `ec_discounts`
--

CREATE TABLE `ec_discounts` (
  `id` bigint unsigned NOT NULL AUTO_INCREMENT,
  `title` varchar(120) COLLATE utf8mb4_unicode_ci DEFAULT NULL,
  `code` varchar(20) COLLATE utf8mb4_unicode_ci DEFAULT NULL,
  `start_date` datetime DEFAULT NULL,
  `end_date` datetime DEFAULT NULL,
  `quantity` int DEFAULT NULL,
  `total_used` int unsigned NOT NULL DEFAULT '0',
  `value` double DEFAULT NULL,
  `type` varchar(60) COLLATE utf8mb4_unicode_ci DEFAULT 'coupon',
  `can_use_with_promotion` tinyint(1) NOT NULL DEFAULT '0',
  `discount_on` varchar(20) COLLATE utf8mb4_unicode_ci DEFAULT NULL,
  `product_quantity` int unsigned DEFAULT NULL,
  `type_option` varchar(100) COLLATE utf8mb4_unicode_ci NOT NULL DEFAULT 'amount',
  `target` varchar(100) COLLATE utf8mb4_unicode_ci NOT NULL DEFAULT 'all-orders',
  `min_order_price` decimal(15,2) DEFAULT NULL,
  `apply_via_url` tinyint(1) NOT NULL DEFAULT '0',
  `display_at_checkout` tinyint(1) NOT NULL DEFAULT '0',
  `created_at` timestamp NULL DEFAULT NULL,
  `updated_at` timestamp NULL DEFAULT NULL,
  `store_id` bigint unsigned DEFAULT NULL,
  `description` varchar(400) COLLATE utf8mb4_unicode_ci DEFAULT NULL,
  PRIMARY KEY (`id`),
  UNIQUE KEY `ec_discounts_code_unique` (`code`)
) ENGINE=InnoDB AUTO_INCREMENT=11 DEFAULT CHARSET=utf8mb4 COLLATE=utf8mb4_unicode_ci;

--
-- Dumping data for table `ec_discounts`
--

INSERT INTO `ec_discounts` VALUES (1,'Discount 1','MPWKMLFDM3YI','2024-05-09 09:12:00','2024-06-02 09:12:00',NULL,0,76,'coupon',0,NULL,NULL,'percentage','all-orders',NULL,0,1,'2024-05-10 02:12:00','2024-05-10 02:12:00',NULL,NULL),(2,'Discount 2','RIQAYDCKDG8A','2024-05-09 09:12:00',NULL,NULL,0,718,'coupon',0,NULL,NULL,'amount','all-orders',NULL,0,1,'2024-05-10 02:12:00','2024-05-10 02:12:00',NULL,NULL),(3,'Discount 3','VA3AORQ6LNEO','2024-05-09 09:12:00',NULL,NULL,0,8,'coupon',0,NULL,NULL,'percentage','all-orders',NULL,0,1,'2024-05-10 02:12:00','2024-05-10 02:12:00',NULL,NULL),(4,'Discount 4','D3VAECQVHAST','2024-05-09 09:12:00','2024-05-22 09:12:00',NULL,0,873,'coupon',0,NULL,NULL,'amount','all-orders',NULL,0,1,'2024-05-10 02:12:00','2024-05-10 02:12:00',NULL,NULL),(5,'Discount 5','ZDFFBT81K4PO','2024-05-09 09:12:00',NULL,NULL,0,477,'coupon',0,NULL,NULL,'amount','all-orders',NULL,0,1,'2024-05-10 02:12:00','2024-05-10 02:12:00',NULL,NULL),(6,'Discount 6','REDFGOMKD5B5','2024-05-09 09:12:00',NULL,NULL,0,811,'coupon',0,NULL,NULL,'same-price','all-orders',NULL,0,1,'2024-05-10 02:12:00','2024-05-10 02:12:00',NULL,NULL),(7,'Discount 7','OA2FEYRSX2NT','2024-05-09 09:12:00',NULL,NULL,0,54,'coupon',0,NULL,NULL,'percentage','all-orders',NULL,0,1,'2024-05-10 02:12:00','2024-05-10 02:12:00',NULL,NULL),(8,'Discount 8','ZPC6R4SBJJVH','2024-05-09 09:12:00',NULL,NULL,0,108,'coupon',0,NULL,NULL,'shipping','all-orders',NULL,0,1,'2024-05-10 02:12:00','2024-05-10 02:12:00',NULL,NULL),(9,'Discount 9','MNI3S9SCIUIU','2024-05-09 09:12:00','2024-06-01 09:12:00',NULL,0,705,'coupon',0,NULL,NULL,'same-price','all-orders',NULL,0,1,'2024-05-10 02:12:00','2024-05-10 02:12:00',NULL,NULL),(10,'Discount 10','MD2CEMWAQTJF','2024-05-09 09:12:00','2024-05-17 09:12:00',NULL,0,547,'coupon',0,NULL,NULL,'same-price','all-orders',NULL,0,1,'2024-05-10 02:12:00','2024-05-10 02:12:00',NULL,NULL);

--
-- Table structure for table `ec_flash_sale_products`
--

CREATE TABLE `ec_flash_sale_products` (
  `flash_sale_id` bigint unsigned NOT NULL,
  `product_id` bigint unsigned NOT NULL,
  `price` double unsigned DEFAULT NULL,
  `quantity` int unsigned DEFAULT NULL,
  `sold` int unsigned NOT NULL DEFAULT '0'
) ENGINE=InnoDB DEFAULT CHARSET=utf8mb4 COLLATE=utf8mb4_unicode_ci;

--
-- Dumping data for table `ec_flash_sale_products`
--

INSERT INTO `ec_flash_sale_products` VALUES (1,1,13.92,20,1),(1,2,2122.45,7,1),(1,3,1219.4,18,1),(1,4,800.7025,17,4),(1,5,534.1,9,2),(1,6,490.39,13,2),(1,7,1059.66,12,4),(1,8,37.84,11,2),(1,9,239.63,19,5),(1,10,330.84,16,2);

--
-- Table structure for table `ec_flash_sales`
--

CREATE TABLE `ec_flash_sales` (
  `id` bigint unsigned NOT NULL AUTO_INCREMENT,
  `name` varchar(191) COLLATE utf8mb4_unicode_ci NOT NULL,
  `end_date` datetime NOT NULL,
  `status` varchar(60) COLLATE utf8mb4_unicode_ci NOT NULL DEFAULT 'published',
  `created_at` timestamp NULL DEFAULT NULL,
  `updated_at` timestamp NULL DEFAULT NULL,
  PRIMARY KEY (`id`)
) ENGINE=InnoDB AUTO_INCREMENT=2 DEFAULT CHARSET=utf8mb4 COLLATE=utf8mb4_unicode_ci;

--
-- Dumping data for table `ec_flash_sales`
--

INSERT INTO `ec_flash_sales` VALUES (1,'Winter Sale','2024-06-03 00:00:00','published','2024-05-10 02:12:05','2024-05-10 02:12:05');

--
-- Table structure for table `ec_flash_sales_translations`
--

CREATE TABLE `ec_flash_sales_translations` (
  `lang_code` varchar(191) COLLATE utf8mb4_unicode_ci NOT NULL,
  `ec_flash_sales_id` bigint unsigned NOT NULL,
  `name` varchar(191) COLLATE utf8mb4_unicode_ci DEFAULT NULL,
  PRIMARY KEY (`lang_code`,`ec_flash_sales_id`)
) ENGINE=InnoDB DEFAULT CHARSET=utf8mb4 COLLATE=utf8mb4_unicode_ci;

--
-- Dumping data for table `ec_flash_sales_translations`
--


--
-- Table structure for table `ec_global_option_value`
--

CREATE TABLE `ec_global_option_value` (
  `option_id` bigint unsigned NOT NULL COMMENT 'option id',
  `id` bigint unsigned NOT NULL AUTO_INCREMENT,
  `option_value` tinytext COLLATE utf8mb4_unicode_ci COMMENT 'option value',
  `affect_price` double DEFAULT NULL COMMENT 'value of price of this option affect',
  `order` int NOT NULL DEFAULT '9999',
  `affect_type` tinyint NOT NULL DEFAULT '0' COMMENT '0. fixed 1. percent',
  `created_at` timestamp NULL DEFAULT NULL,
  `updated_at` timestamp NULL DEFAULT NULL,
  PRIMARY KEY (`id`)
) ENGINE=InnoDB AUTO_INCREMENT=13 DEFAULT CHARSET=utf8mb4 COLLATE=utf8mb4_unicode_ci;

--
-- Dumping data for table `ec_global_option_value`
--

INSERT INTO `ec_global_option_value` VALUES (1,1,'1 Year',0,9999,0,'2024-05-10 02:12:00','2024-05-10 02:12:00'),(1,2,'2 Year',10,9999,0,'2024-05-10 02:12:00','2024-05-10 02:12:00'),(1,3,'3 Year',20,9999,0,'2024-05-10 02:12:00','2024-05-10 02:12:00'),(2,4,'4GB',0,9999,0,'2024-05-10 02:12:00','2024-05-10 02:12:00'),(2,5,'8GB',10,9999,0,'2024-05-10 02:12:00','2024-05-10 02:12:00'),(2,6,'16GB',20,9999,0,'2024-05-10 02:12:00','2024-05-10 02:12:00'),(3,7,'Core i5',0,9999,0,'2024-05-10 02:12:00','2024-05-10 02:12:00'),(3,8,'Core i7',10,9999,0,'2024-05-10 02:12:00','2024-05-10 02:12:00'),(3,9,'Core i9',20,9999,0,'2024-05-10 02:12:00','2024-05-10 02:12:00'),(4,10,'128GB',0,9999,0,'2024-05-10 02:12:00','2024-05-10 02:12:00'),(4,11,'256GB',10,9999,0,'2024-05-10 02:12:00','2024-05-10 02:12:00'),(4,12,'512GB',20,9999,0,'2024-05-10 02:12:00','2024-05-10 02:12:00');

--
-- Table structure for table `ec_global_option_value_translations`
--

CREATE TABLE `ec_global_option_value_translations` (
  `lang_code` varchar(191) COLLATE utf8mb4_unicode_ci NOT NULL,
  `ec_global_option_value_id` bigint unsigned NOT NULL,
  `option_value` varchar(191) COLLATE utf8mb4_unicode_ci DEFAULT NULL,
  PRIMARY KEY (`lang_code`,`ec_global_option_value_id`)
) ENGINE=InnoDB DEFAULT CHARSET=utf8mb4 COLLATE=utf8mb4_unicode_ci;

--
-- Dumping data for table `ec_global_option_value_translations`
--


--
-- Table structure for table `ec_global_options`
--

CREATE TABLE `ec_global_options` (
  `id` bigint unsigned NOT NULL AUTO_INCREMENT,
  `name` varchar(191) COLLATE utf8mb4_unicode_ci NOT NULL COMMENT 'Name of options',
  `option_type` varchar(191) COLLATE utf8mb4_unicode_ci NOT NULL COMMENT 'option type',
  `required` tinyint(1) NOT NULL DEFAULT '0' COMMENT 'Checked if this option is required',
  `created_at` timestamp NULL DEFAULT NULL,
  `updated_at` timestamp NULL DEFAULT NULL,
  PRIMARY KEY (`id`)
) ENGINE=InnoDB AUTO_INCREMENT=5 DEFAULT CHARSET=utf8mb4 COLLATE=utf8mb4_unicode_ci;

--
-- Dumping data for table `ec_global_options`
--

INSERT INTO `ec_global_options` VALUES (1,'Warranty','Botble\\Ecommerce\\Option\\OptionType\\RadioButton',1,'2024-05-10 02:12:00','2024-05-10 02:12:00'),(2,'RAM','Botble\\Ecommerce\\Option\\OptionType\\RadioButton',1,'2024-05-10 02:12:00','2024-05-10 02:12:00'),(3,'CPU','Botble\\Ecommerce\\Option\\OptionType\\RadioButton',1,'2024-05-10 02:12:00','2024-05-10 02:12:00'),(4,'HDD','Botble\\Ecommerce\\Option\\OptionType\\Dropdown',0,'2024-05-10 02:12:00','2024-05-10 02:12:00');

--
-- Table structure for table `ec_global_options_translations`
--

CREATE TABLE `ec_global_options_translations` (
  `lang_code` varchar(191) COLLATE utf8mb4_unicode_ci NOT NULL,
  `ec_global_options_id` bigint unsigned NOT NULL,
  `name` varchar(191) COLLATE utf8mb4_unicode_ci DEFAULT NULL,
  PRIMARY KEY (`lang_code`,`ec_global_options_id`)
) ENGINE=InnoDB DEFAULT CHARSET=utf8mb4 COLLATE=utf8mb4_unicode_ci;

--
-- Dumping data for table `ec_global_options_translations`
--


--
-- Table structure for table `ec_grouped_products`
--

CREATE TABLE `ec_grouped_products` (
  `id` bigint unsigned NOT NULL AUTO_INCREMENT,
  `parent_product_id` bigint unsigned NOT NULL,
  `product_id` bigint unsigned NOT NULL,
  `fixed_qty` int NOT NULL DEFAULT '1',
  PRIMARY KEY (`id`)
) ENGINE=InnoDB DEFAULT CHARSET=utf8mb4 COLLATE=utf8mb4_unicode_ci;

--
-- Dumping data for table `ec_grouped_products`
--


--
-- Table structure for table `ec_invoice_items`
--

CREATE TABLE `ec_invoice_items` (
  `id` bigint unsigned NOT NULL AUTO_INCREMENT,
  `invoice_id` bigint unsigned NOT NULL,
  `reference_type` varchar(191) COLLATE utf8mb4_unicode_ci NOT NULL,
  `reference_id` bigint unsigned NOT NULL,
  `name` varchar(191) COLLATE utf8mb4_unicode_ci NOT NULL,
  `description` varchar(400) COLLATE utf8mb4_unicode_ci DEFAULT NULL,
  `image` varchar(191) COLLATE utf8mb4_unicode_ci DEFAULT NULL,
  `qty` int unsigned NOT NULL,
  `price` decimal(15,2) NOT NULL DEFAULT '0.00',
  `sub_total` decimal(15,2) unsigned NOT NULL,
  `tax_amount` decimal(15,2) unsigned NOT NULL DEFAULT '0.00',
  `discount_amount` decimal(15,2) unsigned NOT NULL DEFAULT '0.00',
  `amount` decimal(15,2) unsigned NOT NULL,
  `options` text COLLATE utf8mb4_unicode_ci,
  `created_at` timestamp NULL DEFAULT NULL,
  `updated_at` timestamp NULL DEFAULT NULL,
  PRIMARY KEY (`id`),
  KEY `ec_invoice_items_reference_type_reference_id_index` (`reference_type`,`reference_id`)
) ENGINE=InnoDB DEFAULT CHARSET=utf8mb4 COLLATE=utf8mb4_unicode_ci;

--
-- Dumping data for table `ec_invoice_items`
--


--
-- Table structure for table `ec_invoices`
--

CREATE TABLE `ec_invoices` (
  `id` bigint unsigned NOT NULL AUTO_INCREMENT,
  `reference_type` varchar(191) COLLATE utf8mb4_unicode_ci NOT NULL,
  `reference_id` bigint unsigned NOT NULL,
  `code` varchar(191) COLLATE utf8mb4_unicode_ci NOT NULL,
  `customer_name` varchar(191) COLLATE utf8mb4_unicode_ci DEFAULT NULL,
  `company_name` varchar(191) COLLATE utf8mb4_unicode_ci DEFAULT NULL,
  `company_logo` varchar(191) COLLATE utf8mb4_unicode_ci DEFAULT NULL,
  `customer_email` varchar(191) COLLATE utf8mb4_unicode_ci DEFAULT NULL,
  `customer_phone` varchar(191) COLLATE utf8mb4_unicode_ci DEFAULT NULL,
  `customer_address` varchar(191) COLLATE utf8mb4_unicode_ci DEFAULT NULL,
  `customer_tax_id` varchar(191) COLLATE utf8mb4_unicode_ci DEFAULT NULL,
  `sub_total` decimal(15,2) unsigned NOT NULL,
  `tax_amount` decimal(15,2) unsigned NOT NULL DEFAULT '0.00',
  `shipping_amount` decimal(15,2) unsigned NOT NULL DEFAULT '0.00',
  `discount_amount` decimal(15,2) unsigned NOT NULL DEFAULT '0.00',
  `shipping_option` varchar(60) COLLATE utf8mb4_unicode_ci DEFAULT NULL,
  `shipping_method` varchar(60) COLLATE utf8mb4_unicode_ci NOT NULL DEFAULT 'default',
  `coupon_code` varchar(120) COLLATE utf8mb4_unicode_ci DEFAULT NULL,
  `discount_description` varchar(191) COLLATE utf8mb4_unicode_ci DEFAULT NULL,
  `amount` decimal(15,2) unsigned NOT NULL,
  `description` text COLLATE utf8mb4_unicode_ci,
  `payment_id` bigint unsigned DEFAULT NULL,
  `status` varchar(191) COLLATE utf8mb4_unicode_ci NOT NULL DEFAULT 'pending',
  `paid_at` timestamp NULL DEFAULT NULL,
  `created_at` timestamp NULL DEFAULT NULL,
  `updated_at` timestamp NULL DEFAULT NULL,
  PRIMARY KEY (`id`),
  UNIQUE KEY `ec_invoices_code_unique` (`code`),
  KEY `ec_invoices_reference_type_reference_id_index` (`reference_type`,`reference_id`),
  KEY `ec_invoices_payment_id_index` (`payment_id`),
  KEY `ec_invoices_status_index` (`status`)
) ENGINE=InnoDB DEFAULT CHARSET=utf8mb4 COLLATE=utf8mb4_unicode_ci;

--
-- Dumping data for table `ec_invoices`
--


--
-- Table structure for table `ec_option_value`
--

CREATE TABLE `ec_option_value` (
  `option_id` bigint unsigned NOT NULL COMMENT 'option id',
  `id` bigint unsigned NOT NULL AUTO_INCREMENT,
  `option_value` tinytext COLLATE utf8mb4_unicode_ci COMMENT 'option value',
  `affect_price` double DEFAULT NULL COMMENT 'value of price of this option affect',
  `order` int NOT NULL DEFAULT '9999',
  `affect_type` tinyint NOT NULL DEFAULT '0' COMMENT '0. fixed 1. percent',
  `created_at` timestamp NULL DEFAULT NULL,
  `updated_at` timestamp NULL DEFAULT NULL,
  PRIMARY KEY (`id`)
) ENGINE=InnoDB DEFAULT CHARSET=utf8mb4 COLLATE=utf8mb4_unicode_ci;

--
-- Dumping data for table `ec_option_value`
--


--
-- Table structure for table `ec_option_value_translations`
--

CREATE TABLE `ec_option_value_translations` (
  `lang_code` varchar(191) COLLATE utf8mb4_unicode_ci NOT NULL,
  `ec_option_value_id` bigint unsigned NOT NULL,
  `option_value` varchar(191) COLLATE utf8mb4_unicode_ci DEFAULT NULL,
  PRIMARY KEY (`lang_code`,`ec_option_value_id`)
) ENGINE=InnoDB DEFAULT CHARSET=utf8mb4 COLLATE=utf8mb4_unicode_ci;

--
-- Dumping data for table `ec_option_value_translations`
--


--
-- Table structure for table `ec_options`
--

CREATE TABLE `ec_options` (
  `id` bigint unsigned NOT NULL AUTO_INCREMENT,
  `name` varchar(191) COLLATE utf8mb4_unicode_ci NOT NULL COMMENT 'Name of options',
  `option_type` varchar(191) COLLATE utf8mb4_unicode_ci DEFAULT NULL COMMENT 'option type',
  `product_id` bigint unsigned NOT NULL DEFAULT '0',
  `order` int NOT NULL DEFAULT '9999',
  `required` tinyint(1) NOT NULL DEFAULT '0' COMMENT 'Checked if this option is required',
  `created_at` timestamp NULL DEFAULT NULL,
  `updated_at` timestamp NULL DEFAULT NULL,
  PRIMARY KEY (`id`)
) ENGINE=InnoDB DEFAULT CHARSET=utf8mb4 COLLATE=utf8mb4_unicode_ci;

--
-- Dumping data for table `ec_options`
--


--
-- Table structure for table `ec_options_translations`
--

CREATE TABLE `ec_options_translations` (
  `lang_code` varchar(191) COLLATE utf8mb4_unicode_ci NOT NULL,
  `ec_options_id` bigint unsigned NOT NULL,
  `name` varchar(191) COLLATE utf8mb4_unicode_ci DEFAULT NULL,
  PRIMARY KEY (`lang_code`,`ec_options_id`)
) ENGINE=InnoDB DEFAULT CHARSET=utf8mb4 COLLATE=utf8mb4_unicode_ci;

--
-- Dumping data for table `ec_options_translations`
--


--
-- Table structure for table `ec_order_addresses`
--

CREATE TABLE `ec_order_addresses` (
  `id` bigint unsigned NOT NULL AUTO_INCREMENT,
  `name` varchar(191) COLLATE utf8mb4_unicode_ci NOT NULL,
  `phone` varchar(20) COLLATE utf8mb4_unicode_ci DEFAULT NULL,
  `email` varchar(191) COLLATE utf8mb4_unicode_ci DEFAULT NULL,
  `country` varchar(120) COLLATE utf8mb4_unicode_ci DEFAULT NULL,
  `state` varchar(120) COLLATE utf8mb4_unicode_ci DEFAULT NULL,
  `city` varchar(120) COLLATE utf8mb4_unicode_ci DEFAULT NULL,
  `address` varchar(191) COLLATE utf8mb4_unicode_ci DEFAULT NULL,
  `order_id` bigint unsigned NOT NULL,
  `zip_code` varchar(20) COLLATE utf8mb4_unicode_ci DEFAULT NULL,
  `type` varchar(60) COLLATE utf8mb4_unicode_ci NOT NULL DEFAULT 'shipping_address',
  PRIMARY KEY (`id`)
) ENGINE=InnoDB DEFAULT CHARSET=utf8mb4 COLLATE=utf8mb4_unicode_ci;

--
-- Dumping data for table `ec_order_addresses`
--


--
-- Table structure for table `ec_order_histories`
--

CREATE TABLE `ec_order_histories` (
  `id` bigint unsigned NOT NULL AUTO_INCREMENT,
  `action` varchar(120) COLLATE utf8mb4_unicode_ci NOT NULL,
  `description` varchar(400) COLLATE utf8mb4_unicode_ci DEFAULT NULL,
  `user_id` bigint unsigned DEFAULT NULL,
  `order_id` bigint unsigned NOT NULL,
  `extras` text COLLATE utf8mb4_unicode_ci,
  `created_at` timestamp NULL DEFAULT NULL,
  `updated_at` timestamp NULL DEFAULT NULL,
  PRIMARY KEY (`id`)
) ENGINE=InnoDB DEFAULT CHARSET=utf8mb4 COLLATE=utf8mb4_unicode_ci;

--
-- Dumping data for table `ec_order_histories`
--


--
-- Table structure for table `ec_order_product`
--

CREATE TABLE `ec_order_product` (
  `id` bigint unsigned NOT NULL AUTO_INCREMENT,
  `order_id` bigint unsigned NOT NULL,
  `qty` int NOT NULL,
  `price` decimal(15,2) NOT NULL,
  `tax_amount` decimal(15,2) NOT NULL,
  `options` text COLLATE utf8mb4_unicode_ci,
  `product_options` text COLLATE utf8mb4_unicode_ci COMMENT 'product option data',
  `product_id` bigint unsigned DEFAULT NULL,
  `product_name` varchar(191) COLLATE utf8mb4_unicode_ci NOT NULL,
  `product_image` varchar(191) COLLATE utf8mb4_unicode_ci DEFAULT NULL,
  `weight` double(8,2) DEFAULT '0.00',
  `restock_quantity` int unsigned DEFAULT '0',
  `created_at` timestamp NULL DEFAULT NULL,
  `updated_at` timestamp NULL DEFAULT NULL,
  `product_type` varchar(60) COLLATE utf8mb4_unicode_ci NOT NULL DEFAULT 'physical',
  `times_downloaded` int NOT NULL DEFAULT '0',
  `license_code` char(36) COLLATE utf8mb4_unicode_ci DEFAULT NULL,
  PRIMARY KEY (`id`)
) ENGINE=InnoDB DEFAULT CHARSET=utf8mb4 COLLATE=utf8mb4_unicode_ci;

--
-- Dumping data for table `ec_order_product`
--


--
-- Table structure for table `ec_order_referrals`
--

CREATE TABLE `ec_order_referrals` (
  `id` bigint unsigned NOT NULL AUTO_INCREMENT,
  `ip` varchar(39) COLLATE utf8mb4_unicode_ci DEFAULT NULL,
  `landing_domain` varchar(191) COLLATE utf8mb4_unicode_ci DEFAULT NULL,
  `landing_page` varchar(191) COLLATE utf8mb4_unicode_ci DEFAULT NULL,
  `landing_params` varchar(191) COLLATE utf8mb4_unicode_ci DEFAULT NULL,
  `referral` varchar(191) COLLATE utf8mb4_unicode_ci DEFAULT NULL,
  `gclid` varchar(191) COLLATE utf8mb4_unicode_ci DEFAULT NULL,
  `fclid` varchar(191) COLLATE utf8mb4_unicode_ci DEFAULT NULL,
  `utm_source` varchar(191) COLLATE utf8mb4_unicode_ci DEFAULT NULL,
  `utm_campaign` varchar(191) COLLATE utf8mb4_unicode_ci DEFAULT NULL,
  `utm_medium` varchar(191) COLLATE utf8mb4_unicode_ci DEFAULT NULL,
  `utm_term` varchar(191) COLLATE utf8mb4_unicode_ci DEFAULT NULL,
  `utm_content` varchar(191) COLLATE utf8mb4_unicode_ci DEFAULT NULL,
  `referrer_url` text COLLATE utf8mb4_unicode_ci,
  `referrer_domain` varchar(191) COLLATE utf8mb4_unicode_ci DEFAULT NULL,
  `order_id` bigint unsigned DEFAULT NULL,
  `created_at` timestamp NULL DEFAULT NULL,
  `updated_at` timestamp NULL DEFAULT NULL,
  PRIMARY KEY (`id`),
  KEY `ec_order_referrals_order_id_index` (`order_id`)
) ENGINE=InnoDB DEFAULT CHARSET=utf8mb4 COLLATE=utf8mb4_unicode_ci;

--
-- Dumping data for table `ec_order_referrals`
--


--
-- Table structure for table `ec_order_return_histories`
--

CREATE TABLE `ec_order_return_histories` (
  `id` bigint unsigned NOT NULL AUTO_INCREMENT,
  `user_id` bigint unsigned DEFAULT NULL,
  `order_return_id` bigint unsigned NOT NULL,
  `action` varchar(191) COLLATE utf8mb4_unicode_ci NOT NULL,
  `description` varchar(400) COLLATE utf8mb4_unicode_ci DEFAULT NULL,
  `reason` varchar(191) COLLATE utf8mb4_unicode_ci DEFAULT NULL,
  `created_at` timestamp NULL DEFAULT NULL,
  `updated_at` timestamp NULL DEFAULT NULL,
  PRIMARY KEY (`id`)
) ENGINE=InnoDB DEFAULT CHARSET=utf8mb4 COLLATE=utf8mb4_unicode_ci;

--
-- Dumping data for table `ec_order_return_histories`
--


--
-- Table structure for table `ec_order_return_items`
--

CREATE TABLE `ec_order_return_items` (
  `id` bigint unsigned NOT NULL AUTO_INCREMENT,
  `order_return_id` bigint unsigned NOT NULL COMMENT 'Order return id',
  `order_product_id` bigint unsigned NOT NULL COMMENT 'Order product id',
  `product_id` bigint unsigned NOT NULL COMMENT 'Product id',
  `product_name` varchar(191) COLLATE utf8mb4_unicode_ci NOT NULL,
  `product_image` varchar(191) COLLATE utf8mb4_unicode_ci DEFAULT NULL,
  `qty` int NOT NULL COMMENT 'Quantity return',
  `price` decimal(15,2) NOT NULL COMMENT 'Price Product',
  `reason` text COLLATE utf8mb4_unicode_ci,
  `created_at` timestamp NULL DEFAULT NULL,
  `updated_at` timestamp NULL DEFAULT NULL,
  `refund_amount` decimal(12,2) DEFAULT '0.00',
  PRIMARY KEY (`id`)
) ENGINE=InnoDB DEFAULT CHARSET=utf8mb4 COLLATE=utf8mb4_unicode_ci;

--
-- Dumping data for table `ec_order_return_items`
--


--
-- Table structure for table `ec_order_returns`
--

CREATE TABLE `ec_order_returns` (
  `id` bigint unsigned NOT NULL AUTO_INCREMENT,
  `code` varchar(191) COLLATE utf8mb4_unicode_ci DEFAULT NULL,
  `order_id` bigint unsigned NOT NULL COMMENT 'Order ID',
  `store_id` bigint unsigned DEFAULT NULL COMMENT 'Store ID',
  `user_id` bigint unsigned NOT NULL COMMENT 'Customer ID',
  `reason` text COLLATE utf8mb4_unicode_ci COMMENT 'Reason return order',
  `order_status` varchar(191) COLLATE utf8mb4_unicode_ci DEFAULT NULL COMMENT 'Order current status',
  `return_status` varchar(191) COLLATE utf8mb4_unicode_ci NOT NULL COMMENT 'Return status',
  `created_at` timestamp NULL DEFAULT NULL,
  `updated_at` timestamp NULL DEFAULT NULL,
  PRIMARY KEY (`id`),
  UNIQUE KEY `ec_order_returns_code_unique` (`code`)
) ENGINE=InnoDB DEFAULT CHARSET=utf8mb4 COLLATE=utf8mb4_unicode_ci;

--
-- Dumping data for table `ec_order_returns`
--


--
-- Table structure for table `ec_order_tax_information`
--

CREATE TABLE `ec_order_tax_information` (
  `id` bigint unsigned NOT NULL AUTO_INCREMENT,
  `order_id` bigint unsigned NOT NULL,
  `company_name` varchar(120) COLLATE utf8mb4_unicode_ci NOT NULL,
  `company_address` varchar(191) COLLATE utf8mb4_unicode_ci NOT NULL,
  `company_tax_code` varchar(20) COLLATE utf8mb4_unicode_ci NOT NULL,
  `company_email` varchar(60) COLLATE utf8mb4_unicode_ci NOT NULL,
  `created_at` timestamp NULL DEFAULT NULL,
  `updated_at` timestamp NULL DEFAULT NULL,
  PRIMARY KEY (`id`),
  KEY `ec_order_tax_information_order_id_index` (`order_id`)
) ENGINE=InnoDB DEFAULT CHARSET=utf8mb4 COLLATE=utf8mb4_unicode_ci;

--
-- Dumping data for table `ec_order_tax_information`
--


--
-- Table structure for table `ec_orders`
--

CREATE TABLE `ec_orders` (
  `id` bigint unsigned NOT NULL AUTO_INCREMENT,
  `code` varchar(191) COLLATE utf8mb4_unicode_ci DEFAULT NULL,
  `user_id` bigint unsigned NOT NULL,
  `shipping_option` varchar(60) COLLATE utf8mb4_unicode_ci DEFAULT NULL,
  `shipping_method` varchar(60) COLLATE utf8mb4_unicode_ci NOT NULL DEFAULT 'default',
  `status` varchar(120) COLLATE utf8mb4_unicode_ci NOT NULL DEFAULT 'pending',
  `amount` decimal(15,2) NOT NULL,
  `tax_amount` decimal(15,2) DEFAULT NULL,
  `shipping_amount` decimal(15,2) DEFAULT NULL,
  `description` text COLLATE utf8mb4_unicode_ci,
  `coupon_code` varchar(120) COLLATE utf8mb4_unicode_ci DEFAULT NULL,
  `discount_amount` decimal(15,2) DEFAULT NULL,
  `sub_total` decimal(15,2) NOT NULL,
  `is_confirmed` tinyint(1) NOT NULL DEFAULT '0',
  `discount_description` varchar(191) COLLATE utf8mb4_unicode_ci DEFAULT NULL,
  `is_finished` tinyint(1) DEFAULT '0',
  `cancellation_reason` varchar(191) COLLATE utf8mb4_unicode_ci DEFAULT NULL,
  `cancellation_reason_description` varchar(191) COLLATE utf8mb4_unicode_ci DEFAULT NULL,
  `completed_at` timestamp NULL DEFAULT NULL,
  `token` varchar(120) COLLATE utf8mb4_unicode_ci DEFAULT NULL,
  `payment_id` bigint unsigned DEFAULT NULL,
  `created_at` timestamp NULL DEFAULT NULL,
  `updated_at` timestamp NULL DEFAULT NULL,
  `store_id` bigint unsigned DEFAULT NULL,
  `proof_file` varchar(191) COLLATE utf8mb4_unicode_ci DEFAULT NULL,
  PRIMARY KEY (`id`),
  UNIQUE KEY `ec_orders_code_unique` (`code`),
  KEY `ec_orders_user_id_status_created_at_index` (`user_id`,`status`,`created_at`)
) ENGINE=InnoDB DEFAULT CHARSET=utf8mb4 COLLATE=utf8mb4_unicode_ci;

--
-- Dumping data for table `ec_orders`
--


--
-- Table structure for table `ec_product_attribute_sets`
--

CREATE TABLE `ec_product_attribute_sets` (
  `id` bigint unsigned NOT NULL AUTO_INCREMENT,
  `title` varchar(120) COLLATE utf8mb4_unicode_ci NOT NULL,
  `slug` varchar(120) COLLATE utf8mb4_unicode_ci DEFAULT NULL,
  `display_layout` varchar(191) COLLATE utf8mb4_unicode_ci NOT NULL DEFAULT 'swatch_dropdown',
  `is_searchable` tinyint unsigned NOT NULL DEFAULT '1',
  `is_comparable` tinyint unsigned NOT NULL DEFAULT '1',
  `is_use_in_product_listing` tinyint unsigned NOT NULL DEFAULT '0',
  `status` varchar(60) COLLATE utf8mb4_unicode_ci NOT NULL DEFAULT 'published',
  `order` tinyint unsigned NOT NULL DEFAULT '0',
  `created_at` timestamp NULL DEFAULT NULL,
  `updated_at` timestamp NULL DEFAULT NULL,
  `use_image_from_product_variation` tinyint unsigned NOT NULL DEFAULT '0',
  PRIMARY KEY (`id`)
) ENGINE=InnoDB AUTO_INCREMENT=5 DEFAULT CHARSET=utf8mb4 COLLATE=utf8mb4_unicode_ci;

--
-- Dumping data for table `ec_product_attribute_sets`
--

INSERT INTO `ec_product_attribute_sets` VALUES (1,'Color','color','visual',1,1,1,'published',0,'2024-05-10 02:11:55','2024-05-10 02:11:55',0),(2,'Size','size','text',1,1,1,'published',1,'2024-05-10 02:11:55','2024-05-10 02:11:55',0),(3,'Weight','weight','text',1,1,1,'published',0,'2024-05-10 02:11:55','2024-05-10 02:11:55',0),(4,'Boxes','boxes','text',1,1,1,'published',1,'2024-05-10 02:11:55','2024-05-10 02:11:55',0);

--
-- Table structure for table `ec_product_attribute_sets_translations`
--

CREATE TABLE `ec_product_attribute_sets_translations` (
  `lang_code` varchar(191) COLLATE utf8mb4_unicode_ci NOT NULL,
  `ec_product_attribute_sets_id` bigint unsigned NOT NULL,
  `title` varchar(191) COLLATE utf8mb4_unicode_ci DEFAULT NULL,
  PRIMARY KEY (`lang_code`,`ec_product_attribute_sets_id`)
) ENGINE=InnoDB DEFAULT CHARSET=utf8mb4 COLLATE=utf8mb4_unicode_ci;

--
-- Dumping data for table `ec_product_attribute_sets_translations`
--


--
-- Table structure for table `ec_product_attributes`
--

CREATE TABLE `ec_product_attributes` (
  `id` bigint unsigned NOT NULL AUTO_INCREMENT,
  `attribute_set_id` bigint unsigned NOT NULL,
  `title` varchar(120) COLLATE utf8mb4_unicode_ci NOT NULL,
  `slug` varchar(120) COLLATE utf8mb4_unicode_ci DEFAULT NULL,
  `color` varchar(50) COLLATE utf8mb4_unicode_ci DEFAULT NULL,
  `image` varchar(191) COLLATE utf8mb4_unicode_ci DEFAULT NULL,
  `is_default` tinyint unsigned NOT NULL DEFAULT '0',
  `order` tinyint unsigned NOT NULL DEFAULT '0',
  `created_at` timestamp NULL DEFAULT NULL,
  `updated_at` timestamp NULL DEFAULT NULL,
  PRIMARY KEY (`id`),
  KEY `attribute_set_status_index` (`attribute_set_id`)
) ENGINE=InnoDB AUTO_INCREMENT=21 DEFAULT CHARSET=utf8mb4 COLLATE=utf8mb4_unicode_ci;

--
-- Dumping data for table `ec_product_attributes`
--

INSERT INTO `ec_product_attributes` VALUES (1,1,'Green','green','#5FB7D4',NULL,1,1,'2024-05-10 02:11:56','2024-05-10 02:11:56'),(2,1,'Blue','blue','#333333',NULL,0,2,'2024-05-10 02:11:56','2024-05-10 02:11:56'),(3,1,'Red','red','#DA323F',NULL,0,3,'2024-05-10 02:11:56','2024-05-10 02:11:56'),(4,1,'Black','black','#2F366C',NULL,0,4,'2024-05-10 02:11:56','2024-05-10 02:11:56'),(5,1,'Brown','brown','#87554B',NULL,0,5,'2024-05-10 02:11:56','2024-05-10 02:11:56'),(6,2,'S','s',NULL,NULL,1,1,'2024-05-10 02:11:56','2024-05-10 02:11:56'),(7,2,'M','m',NULL,NULL,0,2,'2024-05-10 02:11:56','2024-05-10 02:11:56'),(8,2,'L','l',NULL,NULL,0,3,'2024-05-10 02:11:56','2024-05-10 02:11:56'),(9,2,'XL','xl',NULL,NULL,0,4,'2024-05-10 02:11:56','2024-05-10 02:11:56'),(10,2,'XXL','xxl',NULL,NULL,0,5,'2024-05-10 02:11:56','2024-05-10 02:11:56'),(11,3,'1KG','1kg',NULL,NULL,1,1,'2024-05-10 02:11:56','2024-05-10 02:11:56'),(12,3,'2KG','2kg',NULL,NULL,0,2,'2024-05-10 02:11:56','2024-05-10 02:11:56'),(13,3,'3KG','3kg',NULL,NULL,0,3,'2024-05-10 02:11:56','2024-05-10 02:11:56'),(14,3,'4KG','4kg',NULL,NULL,0,4,'2024-05-10 02:11:56','2024-05-10 02:11:56'),(15,3,'5KG','5kg',NULL,NULL,0,5,'2024-05-10 02:11:56','2024-05-10 02:11:56'),(16,4,'1 Box','1-box',NULL,NULL,1,1,'2024-05-10 02:11:56','2024-05-10 02:11:56'),(17,4,'2 Boxes','2-boxes',NULL,NULL,0,2,'2024-05-10 02:11:56','2024-05-10 02:11:56'),(18,4,'3 Boxes','3-boxes',NULL,NULL,0,3,'2024-05-10 02:11:56','2024-05-10 02:11:56'),(19,4,'4 Boxes','4-boxes',NULL,NULL,0,4,'2024-05-10 02:11:56','2024-05-10 02:11:56'),(20,4,'5 Boxes','5-boxes',NULL,NULL,0,5,'2024-05-10 02:11:56','2024-05-10 02:11:56');

--
-- Table structure for table `ec_product_attributes_translations`
--

CREATE TABLE `ec_product_attributes_translations` (
  `lang_code` varchar(191) COLLATE utf8mb4_unicode_ci NOT NULL,
  `ec_product_attributes_id` bigint unsigned NOT NULL,
  `title` varchar(191) COLLATE utf8mb4_unicode_ci DEFAULT NULL,
  PRIMARY KEY (`lang_code`,`ec_product_attributes_id`)
) ENGINE=InnoDB DEFAULT CHARSET=utf8mb4 COLLATE=utf8mb4_unicode_ci;

--
-- Dumping data for table `ec_product_attributes_translations`
--


--
-- Table structure for table `ec_product_categories`
--

CREATE TABLE `ec_product_categories` (
  `id` bigint unsigned NOT NULL AUTO_INCREMENT,
  `name` varchar(191) COLLATE utf8mb4_unicode_ci NOT NULL,
  `parent_id` bigint unsigned NOT NULL DEFAULT '0',
  `description` mediumtext COLLATE utf8mb4_unicode_ci,
  `status` varchar(60) COLLATE utf8mb4_unicode_ci NOT NULL DEFAULT 'published',
  `order` int unsigned NOT NULL DEFAULT '0',
  `image` varchar(191) COLLATE utf8mb4_unicode_ci DEFAULT NULL,
  `is_featured` tinyint unsigned NOT NULL DEFAULT '0',
  `created_at` timestamp NULL DEFAULT NULL,
  `updated_at` timestamp NULL DEFAULT NULL,
  `icon` varchar(191) COLLATE utf8mb4_unicode_ci DEFAULT NULL,
  `icon_image` varchar(191) COLLATE utf8mb4_unicode_ci DEFAULT NULL,
  PRIMARY KEY (`id`),
  KEY `ec_product_categories_parent_id_status_created_at_index` (`parent_id`,`status`,`created_at`),
  KEY `ec_product_categories_parent_id_status_index` (`parent_id`,`status`)
) ENGINE=InnoDB AUTO_INCREMENT=22 DEFAULT CHARSET=utf8mb4 COLLATE=utf8mb4_unicode_ci;

--
-- Dumping data for table `ec_product_categories`
--

INSERT INTO `ec_product_categories` VALUES (1,'Discover Skincare',0,NULL,'published',0,'jewelry/product-categories/1.jpg',1,'2024-05-10 02:12:03','2024-05-10 02:12:03',NULL,NULL),(2,'Clothing',0,NULL,'published',1,'jewelry/product-categories/4.jpg',1,'2024-05-10 02:12:03','2024-05-10 02:12:03',NULL,NULL),(3,'Men\'s Clothing',2,NULL,'published',0,NULL,0,'2024-05-10 02:12:03','2024-05-10 02:12:03',NULL,NULL),(4,'T-Shirts',3,NULL,'published',0,NULL,0,'2024-05-10 02:12:03','2024-05-10 02:12:03',NULL,NULL),(5,'Jeans',3,NULL,'published',1,NULL,0,'2024-05-10 02:12:03','2024-05-10 02:12:03',NULL,NULL),(6,'Suits',3,NULL,'published',2,NULL,0,'2024-05-10 02:12:03','2024-05-10 02:12:03',NULL,NULL),(7,'Women\'s Clothing',2,NULL,'published',1,'jewelry/product-categories/2.jpg',1,'2024-05-10 02:12:03','2024-05-10 02:12:03',NULL,NULL),(8,'Dresses',7,NULL,'published',0,NULL,0,'2024-05-10 02:12:03','2024-05-10 02:12:03',NULL,NULL),(9,'Blouses',7,NULL,'published',1,NULL,0,'2024-05-10 02:12:03','2024-05-10 02:12:03',NULL,NULL),(10,'Pants',7,NULL,'published',2,NULL,0,'2024-05-10 02:12:03','2024-05-10 02:12:03',NULL,NULL),(11,'Accessories',0,NULL,'published',2,'jewelry/product-categories/5.jpg',1,'2024-05-10 02:12:03','2024-05-10 02:12:03',NULL,NULL),(12,'Hats',11,NULL,'published',0,NULL,0,'2024-05-10 02:12:03','2024-05-10 02:12:03',NULL,NULL),(13,'Scarves',11,NULL,'published',1,NULL,0,'2024-05-10 02:12:03','2024-05-10 02:12:03',NULL,NULL),(14,'Jewelry',11,NULL,'published',2,NULL,0,'2024-05-10 02:12:03','2024-05-10 02:12:03',NULL,NULL),(15,'Sportswear',0,NULL,'published',3,NULL,0,'2024-05-10 02:12:03','2024-05-10 02:12:03',NULL,NULL),(16,'Activewear',15,NULL,'published',0,NULL,0,'2024-05-10 02:12:03','2024-05-10 02:12:03',NULL,NULL),(17,'Running Shoes',15,NULL,'published',1,'jewelry/product-categories/3.jpg',1,'2024-05-10 02:12:03','2024-05-10 02:12:03',NULL,NULL),(18,'Shoes',0,NULL,'published',4,'jewelry/product-categories/6.jpg',1,'2024-05-10 02:12:03','2024-05-10 02:12:03',NULL,NULL),(19,'Sneakers',18,NULL,'published',0,NULL,0,'2024-05-10 02:12:03','2024-05-10 02:12:03',NULL,NULL),(20,'Boots',18,NULL,'published',1,NULL,0,'2024-05-10 02:12:03','2024-05-10 02:12:03',NULL,NULL),(21,'Sandals',18,NULL,'published',2,NULL,0,'2024-05-10 02:12:03','2024-05-10 02:12:03',NULL,NULL);

--
-- Table structure for table `ec_product_categories_translations`
--

CREATE TABLE `ec_product_categories_translations` (
  `lang_code` varchar(191) COLLATE utf8mb4_unicode_ci NOT NULL,
  `ec_product_categories_id` bigint unsigned NOT NULL,
  `name` varchar(191) COLLATE utf8mb4_unicode_ci DEFAULT NULL,
  `description` mediumtext COLLATE utf8mb4_unicode_ci,
  PRIMARY KEY (`lang_code`,`ec_product_categories_id`)
) ENGINE=InnoDB DEFAULT CHARSET=utf8mb4 COLLATE=utf8mb4_unicode_ci;

--
-- Dumping data for table `ec_product_categories_translations`
--


--
-- Table structure for table `ec_product_categorizables`
--

CREATE TABLE `ec_product_categorizables` (
  `category_id` bigint unsigned NOT NULL,
  `reference_id` bigint unsigned NOT NULL,
  `reference_type` varchar(120) COLLATE utf8mb4_unicode_ci NOT NULL,
  PRIMARY KEY (`category_id`,`reference_id`,`reference_type`),
  KEY `ec_product_categorizables_category_id_index` (`category_id`),
  KEY `ec_product_categorizables_reference_id_index` (`reference_id`),
  KEY `ec_product_categorizables_reference_type_index` (`reference_type`)
) ENGINE=InnoDB DEFAULT CHARSET=utf8mb4 COLLATE=utf8mb4_unicode_ci;

--
-- Dumping data for table `ec_product_categorizables`
--


--
-- Table structure for table `ec_product_category_product`
--

CREATE TABLE `ec_product_category_product` (
  `category_id` bigint unsigned NOT NULL,
  `product_id` bigint unsigned NOT NULL,
  PRIMARY KEY (`product_id`,`category_id`),
  KEY `ec_product_category_product_category_id_index` (`category_id`),
  KEY `ec_product_category_product_product_id_index` (`product_id`)
) ENGINE=InnoDB DEFAULT CHARSET=utf8mb4 COLLATE=utf8mb4_unicode_ci;

--
-- Dumping data for table `ec_product_category_product`
--

INSERT INTO `ec_product_category_product` VALUES (1,4),(1,7),(1,11),(1,12),(1,17),(1,21),(1,27),(1,29),(1,30),(1,34),(1,41),(1,42),(2,10),(2,12),(2,13),(2,25),(2,33),(2,34),(2,42),(3,8),(3,10),(3,13),(3,14),(3,19),(3,24),(3,32),(3,39),(3,40),(4,1),(4,3),(4,5),(4,8),(4,17),(4,19),(4,20),(4,21),(4,27),(4,35),(4,38),(4,40),(5,3),(5,7),(5,11),(5,20),(5,35),(6,2),(6,16),(6,18),(6,20),(6,34),(6,35),(6,37),(6,41),(7,13),(7,18),(7,22),(7,23),(7,24),(7,25),(7,27),(7,32),(7,42),(8,4),(8,6),(8,30),(8,37),(8,39),(9,2),(9,14),(9,17),(9,22),(9,27),(9,37),(9,41),(10,3),(10,8),(10,12),(10,16),(10,31),(10,32),(10,36),(11,1),(11,14),(11,20),(11,29),(11,30),(11,38),(11,39),(11,43),(12,6),(12,19),(12,36),(13,6),(13,13),(13,15),(13,19),(13,21),(13,22),(13,23),(13,42),(14,6),(14,7),(14,9),(14,12),(14,23),(14,24),(14,31),(14,38),(14,43),(15,4),(15,16),(15,25),(15,26),(15,28),(15,32),(15,33),(15,40),(15,41),(16,15),(16,26),(16,29),(16,30),(16,37),(17,2),(17,3),(17,5),(17,10),(17,11),(17,15),(17,18),(17,24),(17,28),(17,33),(17,35),(17,36),(17,43),(18,1),(18,8),(18,9),(18,21),(18,22),(18,26),(18,28),(18,34),(19,1),(19,5),(19,9),(19,10),(19,11),(19,14),(19,15),(19,18),(19,25),(19,29),(19,39),(19,40),(20,4),(20,9),(20,16),(20,31),(20,33),(21,2),(21,5),(21,7),(21,17),(21,23),(21,26),(21,28),(21,31),(21,36),(21,38),(21,43);

--
-- Table structure for table `ec_product_collection_products`
--

CREATE TABLE `ec_product_collection_products` (
  `product_collection_id` bigint unsigned NOT NULL,
  `product_id` bigint unsigned NOT NULL,
  PRIMARY KEY (`product_id`,`product_collection_id`),
  KEY `ec_product_collection_products_product_collection_id_index` (`product_collection_id`),
  KEY `ec_product_collection_products_product_id_index` (`product_id`)
) ENGINE=InnoDB DEFAULT CHARSET=utf8mb4 COLLATE=utf8mb4_unicode_ci;

--
-- Dumping data for table `ec_product_collection_products`
--

INSERT INTO `ec_product_collection_products` VALUES (1,3),(1,4),(1,7),(1,12),(1,22),(1,23),(1,33),(1,38),(2,2),(2,10),(2,14),(2,16),(2,20),(2,31),(2,34),(2,39),(3,9),(3,11),(3,15),(3,17),(3,19),(3,21),(3,25),(3,26),(3,27),(3,29),(3,37),(3,41),(3,43),(4,1),(4,5),(4,6),(4,8),(4,13),(4,18),(4,24),(4,28),(4,30),(4,32),(4,35),(4,36),(4,40),(4,42);

--
-- Table structure for table `ec_product_collections`
--

CREATE TABLE `ec_product_collections` (
  `id` bigint unsigned NOT NULL AUTO_INCREMENT,
  `name` varchar(191) COLLATE utf8mb4_unicode_ci NOT NULL,
  `slug` varchar(191) COLLATE utf8mb4_unicode_ci NOT NULL,
  `description` varchar(400) COLLATE utf8mb4_unicode_ci DEFAULT NULL,
  `image` varchar(191) COLLATE utf8mb4_unicode_ci DEFAULT NULL,
  `status` varchar(60) COLLATE utf8mb4_unicode_ci NOT NULL DEFAULT 'published',
  `created_at` timestamp NULL DEFAULT NULL,
  `updated_at` timestamp NULL DEFAULT NULL,
  `is_featured` tinyint unsigned NOT NULL DEFAULT '0',
  PRIMARY KEY (`id`)
) ENGINE=InnoDB AUTO_INCREMENT=5 DEFAULT CHARSET=utf8mb4 COLLATE=utf8mb4_unicode_ci;

--
-- Dumping data for table `ec_product_collections`
--

INSERT INTO `ec_product_collections` VALUES (1,'Trendy Wardrobe Essentials','trendy-wardrobe-essentials',NULL,NULL,'published','2024-05-10 02:12:03','2024-05-10 02:12:03',0),(2,'Fashion Forward Finds','fashion-forward-finds',NULL,NULL,'published','2024-05-10 02:12:03','2024-05-10 02:12:03',0),(3,'Chic &amp; Stylish Collection','chic-stylish-collection',NULL,NULL,'published','2024-05-10 02:12:03','2024-05-10 02:12:03',0),(4,'Weekly Fashion Picks','weekly-fashion-picks',NULL,NULL,'published','2024-05-10 02:12:03','2024-05-10 02:12:03',0);

--
-- Table structure for table `ec_product_collections_translations`
--

CREATE TABLE `ec_product_collections_translations` (
  `lang_code` varchar(191) COLLATE utf8mb4_unicode_ci NOT NULL,
  `ec_product_collections_id` bigint unsigned NOT NULL,
  `name` varchar(191) COLLATE utf8mb4_unicode_ci DEFAULT NULL,
  `description` varchar(400) COLLATE utf8mb4_unicode_ci DEFAULT NULL,
  PRIMARY KEY (`lang_code`,`ec_product_collections_id`)
) ENGINE=InnoDB DEFAULT CHARSET=utf8mb4 COLLATE=utf8mb4_unicode_ci;

--
-- Dumping data for table `ec_product_collections_translations`
--


--
-- Table structure for table `ec_product_cross_sale_relations`
--

CREATE TABLE `ec_product_cross_sale_relations` (
  `from_product_id` bigint unsigned NOT NULL,
  `to_product_id` bigint unsigned NOT NULL,
  `is_variant` tinyint(1) NOT NULL DEFAULT '0',
  `price` decimal(15,2) DEFAULT '0.00',
  `price_type` varchar(191) COLLATE utf8mb4_unicode_ci NOT NULL DEFAULT 'fixed',
  `apply_to_all_variations` tinyint(1) NOT NULL DEFAULT '1',
  PRIMARY KEY (`from_product_id`,`to_product_id`),
  KEY `ec_product_cross_sale_relations_from_product_id_index` (`from_product_id`),
  KEY `ec_product_cross_sale_relations_to_product_id_index` (`to_product_id`)
) ENGINE=InnoDB DEFAULT CHARSET=utf8mb4 COLLATE=utf8mb4_unicode_ci;

--
-- Dumping data for table `ec_product_cross_sale_relations`
--

INSERT INTO `ec_product_cross_sale_relations` VALUES (1,13,0,0.00,'fixed',1),(1,15,0,0.00,'fixed',1),(1,30,0,0.00,'fixed',1),(1,37,0,0.00,'fixed',1),(1,40,0,0.00,'fixed',1),(1,41,0,0.00,'fixed',1),(1,42,0,0.00,'fixed',1),(2,1,0,0.00,'fixed',1),(2,15,0,0.00,'fixed',1),(2,22,0,0.00,'fixed',1),(2,24,0,0.00,'fixed',1),(2,29,0,0.00,'fixed',1),(2,43,0,0.00,'fixed',1),(3,1,0,0.00,'fixed',1),(3,6,0,0.00,'fixed',1),(3,8,0,0.00,'fixed',1),(3,17,0,0.00,'fixed',1),(3,28,0,0.00,'fixed',1),(3,42,0,0.00,'fixed',1),(3,43,0,0.00,'fixed',1),(4,12,0,0.00,'fixed',1),(4,18,0,0.00,'fixed',1),(4,28,0,0.00,'fixed',1),(4,29,0,0.00,'fixed',1),(4,30,0,0.00,'fixed',1),(4,36,0,0.00,'fixed',1),(5,3,0,0.00,'fixed',1),(5,6,0,0.00,'fixed',1),(5,9,0,0.00,'fixed',1),(5,13,0,0.00,'fixed',1),(5,23,0,0.00,'fixed',1),(5,29,0,0.00,'fixed',1),(5,33,0,0.00,'fixed',1),(6,4,0,0.00,'fixed',1),(6,7,0,0.00,'fixed',1),(6,15,0,0.00,'fixed',1),(6,21,0,0.00,'fixed',1),(6,24,0,0.00,'fixed',1),(6,36,0,0.00,'fixed',1),(6,39,0,0.00,'fixed',1),(7,5,0,0.00,'fixed',1),(7,9,0,0.00,'fixed',1),(7,13,0,0.00,'fixed',1),(7,23,0,0.00,'fixed',1),(7,33,0,0.00,'fixed',1),(7,36,0,0.00,'fixed',1),(7,41,0,0.00,'fixed',1),(8,7,0,0.00,'fixed',1),(8,12,0,0.00,'fixed',1),(8,18,0,0.00,'fixed',1),(8,24,0,0.00,'fixed',1),(8,36,0,0.00,'fixed',1),(8,38,0,0.00,'fixed',1),(9,11,0,0.00,'fixed',1),(9,12,0,0.00,'fixed',1),(9,17,0,0.00,'fixed',1),(9,18,0,0.00,'fixed',1),(9,28,0,0.00,'fixed',1),(9,29,0,0.00,'fixed',1),(9,30,0,0.00,'fixed',1),(10,12,0,0.00,'fixed',1),(10,18,0,0.00,'fixed',1),(10,27,0,0.00,'fixed',1),(10,30,0,0.00,'fixed',1),(10,32,0,0.00,'fixed',1),(10,37,0,0.00,'fixed',1),(10,42,0,0.00,'fixed',1),(11,3,0,0.00,'fixed',1),(11,4,0,0.00,'fixed',1),(11,5,0,0.00,'fixed',1),(11,17,0,0.00,'fixed',1),(11,29,0,0.00,'fixed',1),(11,42,0,0.00,'fixed',1),(12,16,0,0.00,'fixed',1),(12,22,0,0.00,'fixed',1),(12,26,0,0.00,'fixed',1),(12,37,0,0.00,'fixed',1),(12,40,0,0.00,'fixed',1),(12,41,0,0.00,'fixed',1),(12,43,0,0.00,'fixed',1),(13,2,0,0.00,'fixed',1),(13,6,0,0.00,'fixed',1),(13,7,0,0.00,'fixed',1),(13,18,0,0.00,'fixed',1),(13,20,0,0.00,'fixed',1),(13,37,0,0.00,'fixed',1),(13,39,0,0.00,'fixed',1),(14,2,0,0.00,'fixed',1),(14,4,0,0.00,'fixed',1),(14,21,0,0.00,'fixed',1),(14,24,0,0.00,'fixed',1),(14,25,0,0.00,'fixed',1),(14,30,0,0.00,'fixed',1),(14,40,0,0.00,'fixed',1),(15,4,0,0.00,'fixed',1),(15,18,0,0.00,'fixed',1),(15,23,0,0.00,'fixed',1),(15,25,0,0.00,'fixed',1),(15,31,0,0.00,'fixed',1),(15,39,0,0.00,'fixed',1),(15,43,0,0.00,'fixed',1),(16,1,0,0.00,'fixed',1),(16,12,0,0.00,'fixed',1),(16,13,0,0.00,'fixed',1),(16,22,0,0.00,'fixed',1),(16,24,0,0.00,'fixed',1),(16,34,0,0.00,'fixed',1),(17,2,0,0.00,'fixed',1),(17,14,0,0.00,'fixed',1),(17,22,0,0.00,'fixed',1),(17,28,0,0.00,'fixed',1),(17,30,0,0.00,'fixed',1),(17,33,0,0.00,'fixed',1),(17,42,0,0.00,'fixed',1),(18,2,0,0.00,'fixed',1),(18,5,0,0.00,'fixed',1),(18,14,0,0.00,'fixed',1),(18,27,0,0.00,'fixed',1),(18,30,0,0.00,'fixed',1),(18,38,0,0.00,'fixed',1),(19,4,0,0.00,'fixed',1),(19,12,0,0.00,'fixed',1),(19,22,0,0.00,'fixed',1),(19,33,0,0.00,'fixed',1),(19,34,0,0.00,'fixed',1),(19,36,0,0.00,'fixed',1),(20,19,0,0.00,'fixed',1),(20,21,0,0.00,'fixed',1),(20,28,0,0.00,'fixed',1),(20,29,0,0.00,'fixed',1),(20,37,0,0.00,'fixed',1),(20,40,0,0.00,'fixed',1),(20,41,0,0.00,'fixed',1),(21,6,0,0.00,'fixed',1),(21,23,0,0.00,'fixed',1),(21,29,0,0.00,'fixed',1),(21,32,0,0.00,'fixed',1),(21,34,0,0.00,'fixed',1),(21,35,0,0.00,'fixed',1),(21,43,0,0.00,'fixed',1),(22,12,0,0.00,'fixed',1),(22,14,0,0.00,'fixed',1),(22,15,0,0.00,'fixed',1),(22,17,0,0.00,'fixed',1),(22,29,0,0.00,'fixed',1),(22,36,0,0.00,'fixed',1),(23,11,0,0.00,'fixed',1),(23,13,0,0.00,'fixed',1),(23,20,0,0.00,'fixed',1),(23,28,0,0.00,'fixed',1),(23,32,0,0.00,'fixed',1),(23,35,0,0.00,'fixed',1),(23,43,0,0.00,'fixed',1),(24,4,0,0.00,'fixed',1),(24,6,0,0.00,'fixed',1),(24,22,0,0.00,'fixed',1),(24,31,0,0.00,'fixed',1),(24,37,0,0.00,'fixed',1),(24,38,0,0.00,'fixed',1),(25,15,0,0.00,'fixed',1),(25,17,0,0.00,'fixed',1),(25,20,0,0.00,'fixed',1),(25,27,0,0.00,'fixed',1),(25,42,0,0.00,'fixed',1),(26,5,0,0.00,'fixed',1),(26,15,0,0.00,'fixed',1),(26,16,0,0.00,'fixed',1),(26,21,0,0.00,'fixed',1),(26,22,0,0.00,'fixed',1),(26,36,0,0.00,'fixed',1),(26,38,0,0.00,'fixed',1),(27,4,0,0.00,'fixed',1),(27,6,0,0.00,'fixed',1),(27,8,0,0.00,'fixed',1),(27,15,0,0.00,'fixed',1),(27,24,0,0.00,'fixed',1),(27,32,0,0.00,'fixed',1),(27,34,0,0.00,'fixed',1),(28,1,0,0.00,'fixed',1),(28,17,0,0.00,'fixed',1),(28,20,0,0.00,'fixed',1),(28,31,0,0.00,'fixed',1),(28,35,0,0.00,'fixed',1),(28,39,0,0.00,'fixed',1),(28,41,0,0.00,'fixed',1),(29,1,0,0.00,'fixed',1),(29,6,0,0.00,'fixed',1),(29,7,0,0.00,'fixed',1),(29,11,0,0.00,'fixed',1),(29,13,0,0.00,'fixed',1),(29,20,0,0.00,'fixed',1),(30,3,0,0.00,'fixed',1),(30,5,0,0.00,'fixed',1),(30,7,0,0.00,'fixed',1),(30,16,0,0.00,'fixed',1),(30,28,0,0.00,'fixed',1),(31,3,0,0.00,'fixed',1),(31,12,0,0.00,'fixed',1),(31,22,0,0.00,'fixed',1),(31,32,0,0.00,'fixed',1),(31,37,0,0.00,'fixed',1),(31,39,0,0.00,'fixed',1),(31,42,0,0.00,'fixed',1),(32,1,0,0.00,'fixed',1),(32,2,0,0.00,'fixed',1),(32,5,0,0.00,'fixed',1),(32,20,0,0.00,'fixed',1),(32,34,0,0.00,'fixed',1),(32,40,0,0.00,'fixed',1),(32,41,0,0.00,'fixed',1),(33,1,0,0.00,'fixed',1),(33,8,0,0.00,'fixed',1),(33,9,0,0.00,'fixed',1),(33,10,0,0.00,'fixed',1),(33,13,0,0.00,'fixed',1),(34,1,0,0.00,'fixed',1),(34,2,0,0.00,'fixed',1),(34,6,0,0.00,'fixed',1),(34,28,0,0.00,'fixed',1),(34,37,0,0.00,'fixed',1),(34,43,0,0.00,'fixed',1),(35,6,0,0.00,'fixed',1),(35,8,0,0.00,'fixed',1),(35,30,0,0.00,'fixed',1),(35,33,0,0.00,'fixed',1),(35,38,0,0.00,'fixed',1),(35,40,0,0.00,'fixed',1),(36,14,0,0.00,'fixed',1),(36,21,0,0.00,'fixed',1),(36,26,0,0.00,'fixed',1),(36,28,0,0.00,'fixed',1),(36,30,0,0.00,'fixed',1),(36,35,0,0.00,'fixed',1),(37,8,0,0.00,'fixed',1),(37,13,0,0.00,'fixed',1),(37,15,0,0.00,'fixed',1),(37,16,0,0.00,'fixed',1),(37,21,0,0.00,'fixed',1),(37,31,0,0.00,'fixed',1),(38,3,0,0.00,'fixed',1),(38,4,0,0.00,'fixed',1),(38,6,0,0.00,'fixed',1),(38,21,0,0.00,'fixed',1),(38,30,0,0.00,'fixed',1),(38,41,0,0.00,'fixed',1),(39,10,0,0.00,'fixed',1),(39,12,0,0.00,'fixed',1),(39,20,0,0.00,'fixed',1),(39,29,0,0.00,'fixed',1),(39,32,0,0.00,'fixed',1),(39,34,0,0.00,'fixed',1),(39,37,0,0.00,'fixed',1),(40,11,0,0.00,'fixed',1),(40,13,0,0.00,'fixed',1),(40,14,0,0.00,'fixed',1),(40,15,0,0.00,'fixed',1),(40,28,0,0.00,'fixed',1),(40,29,0,0.00,'fixed',1),(40,36,0,0.00,'fixed',1),(41,3,0,0.00,'fixed',1),(41,13,0,0.00,'fixed',1),(41,19,0,0.00,'fixed',1),(41,30,0,0.00,'fixed',1),(41,32,0,0.00,'fixed',1),(42,4,0,0.00,'fixed',1),(42,26,0,0.00,'fixed',1),(42,30,0,0.00,'fixed',1),(42,31,0,0.00,'fixed',1),(42,34,0,0.00,'fixed',1),(42,40,0,0.00,'fixed',1),(43,4,0,0.00,'fixed',1),(43,7,0,0.00,'fixed',1),(43,9,0,0.00,'fixed',1),(43,18,0,0.00,'fixed',1),(43,26,0,0.00,'fixed',1),(43,35,0,0.00,'fixed',1);

--
-- Table structure for table `ec_product_files`
--

CREATE TABLE `ec_product_files` (
  `id` bigint unsigned NOT NULL AUTO_INCREMENT,
  `product_id` bigint unsigned DEFAULT NULL,
  `url` varchar(400) COLLATE utf8mb4_unicode_ci DEFAULT NULL,
  `extras` mediumtext COLLATE utf8mb4_unicode_ci,
  `created_at` timestamp NULL DEFAULT NULL,
  `updated_at` timestamp NULL DEFAULT NULL,
  PRIMARY KEY (`id`),
  KEY `ec_product_files_product_id_index` (`product_id`)
) ENGINE=InnoDB AUTO_INCREMENT=37 DEFAULT CHARSET=utf8mb4 COLLATE=utf8mb4_unicode_ci;

--
-- Dumping data for table `ec_product_files`
--

INSERT INTO `ec_product_files` VALUES (1,4,'ecommerce/digital-product-files/product-3.png','{\"filename\":\"product-3.png\",\"url\":\"ecommerce\\/digital-product-files\\/product-3.png\",\"mime_type\":\"image\\/png\",\"size\":9803,\"modified\":\"2024-05-10 09:12:05\",\"name\":\"product-3\",\"extension\":\"png\"}','2024-05-10 02:12:05','2024-05-10 02:12:05'),(2,4,'ecommerce/digital-product-files/product-6.png','{\"filename\":\"product-6.png\",\"url\":\"ecommerce\\/digital-product-files\\/product-6.png\",\"mime_type\":\"image\\/png\",\"size\":9803,\"modified\":\"2024-05-10 09:12:05\",\"name\":\"product-6\",\"extension\":\"png\"}','2024-05-10 02:12:05','2024-05-10 02:12:05'),(3,8,'ecommerce/digital-product-files/product-5.png','{\"filename\":\"product-5.png\",\"url\":\"ecommerce\\/digital-product-files\\/product-5.png\",\"mime_type\":\"image\\/png\",\"size\":9803,\"modified\":\"2024-05-10 09:12:05\",\"name\":\"product-5\",\"extension\":\"png\"}','2024-05-10 02:12:05','2024-05-10 02:12:05'),(4,8,'ecommerce/digital-product-files/product-3.png','{\"filename\":\"product-3.png\",\"url\":\"ecommerce\\/digital-product-files\\/product-3.png\",\"mime_type\":\"image\\/png\",\"size\":9803,\"modified\":\"2024-05-10 09:12:05\",\"name\":\"product-3\",\"extension\":\"png\"}','2024-05-10 02:12:05','2024-05-10 02:12:05'),(5,12,'ecommerce/digital-product-files/product-3.png','{\"filename\":\"product-3.png\",\"url\":\"ecommerce\\/digital-product-files\\/product-3.png\",\"mime_type\":\"image\\/png\",\"size\":9803,\"modified\":\"2024-05-10 09:12:05\",\"name\":\"product-3\",\"extension\":\"png\"}','2024-05-10 02:12:05','2024-05-10 02:12:05'),(6,12,'ecommerce/digital-product-files/product-7.png','{\"filename\":\"product-7.png\",\"url\":\"ecommerce\\/digital-product-files\\/product-7.png\",\"mime_type\":\"image\\/png\",\"size\":9803,\"modified\":\"2024-05-10 09:12:05\",\"name\":\"product-7\",\"extension\":\"png\"}','2024-05-10 02:12:05','2024-05-10 02:12:05'),(7,16,'ecommerce/digital-product-files/product-7.png','{\"filename\":\"product-7.png\",\"url\":\"ecommerce\\/digital-product-files\\/product-7.png\",\"mime_type\":\"image\\/png\",\"size\":9803,\"modified\":\"2024-05-10 09:12:05\",\"name\":\"product-7\",\"extension\":\"png\"}','2024-05-10 02:12:05','2024-05-10 02:12:05'),(8,16,'ecommerce/digital-product-files/product-3.png','{\"filename\":\"product-3.png\",\"url\":\"ecommerce\\/digital-product-files\\/product-3.png\",\"mime_type\":\"image\\/png\",\"size\":9803,\"modified\":\"2024-05-10 09:12:05\",\"name\":\"product-3\",\"extension\":\"png\"}','2024-05-10 02:12:05','2024-05-10 02:12:05'),(9,20,'ecommerce/digital-product-files/product-6.png','{\"filename\":\"product-6.png\",\"url\":\"ecommerce\\/digital-product-files\\/product-6.png\",\"mime_type\":\"image\\/png\",\"size\":9803,\"modified\":\"2024-05-10 09:12:05\",\"name\":\"product-6\",\"extension\":\"png\"}','2024-05-10 02:12:05','2024-05-10 02:12:05'),(10,20,'ecommerce/digital-product-files/product-3.png','{\"filename\":\"product-3.png\",\"url\":\"ecommerce\\/digital-product-files\\/product-3.png\",\"mime_type\":\"image\\/png\",\"size\":9803,\"modified\":\"2024-05-10 09:12:05\",\"name\":\"product-3\",\"extension\":\"png\"}','2024-05-10 02:12:05','2024-05-10 02:12:05'),(11,24,'ecommerce/digital-product-files/product-8.png','{\"filename\":\"product-8.png\",\"url\":\"ecommerce\\/digital-product-files\\/product-8.png\",\"mime_type\":\"image\\/png\",\"size\":9803,\"modified\":\"2024-05-10 09:12:05\",\"name\":\"product-8\",\"extension\":\"png\"}','2024-05-10 02:12:05','2024-05-10 02:12:05'),(12,24,'ecommerce/digital-product-files/product-5.png','{\"filename\":\"product-5.png\",\"url\":\"ecommerce\\/digital-product-files\\/product-5.png\",\"mime_type\":\"image\\/png\",\"size\":9803,\"modified\":\"2024-05-10 09:12:05\",\"name\":\"product-5\",\"extension\":\"png\"}','2024-05-10 02:12:05','2024-05-10 02:12:05'),(13,28,'ecommerce/digital-product-files/product-3.png','{\"filename\":\"product-3.png\",\"url\":\"ecommerce\\/digital-product-files\\/product-3.png\",\"mime_type\":\"image\\/png\",\"size\":9803,\"modified\":\"2024-05-10 09:12:05\",\"name\":\"product-3\",\"extension\":\"png\"}','2024-05-10 02:12:05','2024-05-10 02:12:05'),(14,28,'ecommerce/digital-product-files/product-8.png','{\"filename\":\"product-8.png\",\"url\":\"ecommerce\\/digital-product-files\\/product-8.png\",\"mime_type\":\"image\\/png\",\"size\":9803,\"modified\":\"2024-05-10 09:12:05\",\"name\":\"product-8\",\"extension\":\"png\"}','2024-05-10 02:12:05','2024-05-10 02:12:05'),(15,32,'ecommerce/digital-product-files/product-4.png','{\"filename\":\"product-4.png\",\"url\":\"ecommerce\\/digital-product-files\\/product-4.png\",\"mime_type\":\"image\\/png\",\"size\":9803,\"modified\":\"2024-05-10 09:12:05\",\"name\":\"product-4\",\"extension\":\"png\"}','2024-05-10 02:12:05','2024-05-10 02:12:05'),(16,32,'ecommerce/digital-product-files/product-6.png','{\"filename\":\"product-6.png\",\"url\":\"ecommerce\\/digital-product-files\\/product-6.png\",\"mime_type\":\"image\\/png\",\"size\":9803,\"modified\":\"2024-05-10 09:12:05\",\"name\":\"product-6\",\"extension\":\"png\"}','2024-05-10 02:12:05','2024-05-10 02:12:05'),(17,36,'ecommerce/digital-product-files/product-3.png','{\"filename\":\"product-3.png\",\"url\":\"ecommerce\\/digital-product-files\\/product-3.png\",\"mime_type\":\"image\\/png\",\"size\":9803,\"modified\":\"2024-05-10 09:12:05\",\"name\":\"product-3\",\"extension\":\"png\"}','2024-05-10 02:12:05','2024-05-10 02:12:05'),(18,36,'ecommerce/digital-product-files/product-8.png','{\"filename\":\"product-8.png\",\"url\":\"ecommerce\\/digital-product-files\\/product-8.png\",\"mime_type\":\"image\\/png\",\"size\":9803,\"modified\":\"2024-05-10 09:12:05\",\"name\":\"product-8\",\"extension\":\"png\"}','2024-05-10 02:12:05','2024-05-10 02:12:05'),(19,40,'ecommerce/digital-product-files/product-3.png','{\"filename\":\"product-3.png\",\"url\":\"ecommerce\\/digital-product-files\\/product-3.png\",\"mime_type\":\"image\\/png\",\"size\":9803,\"modified\":\"2024-05-10 09:12:05\",\"name\":\"product-3\",\"extension\":\"png\"}','2024-05-10 02:12:05','2024-05-10 02:12:05'),(20,40,'ecommerce/digital-product-files/product-5.png','{\"filename\":\"product-5.png\",\"url\":\"ecommerce\\/digital-product-files\\/product-5.png\",\"mime_type\":\"image\\/png\",\"size\":9803,\"modified\":\"2024-05-10 09:12:05\",\"name\":\"product-5\",\"extension\":\"png\"}','2024-05-10 02:12:05','2024-05-10 02:12:05'),(21,49,'ecommerce/digital-product-files/product-6.png','{\"filename\":\"product-6.png\",\"url\":\"ecommerce\\/digital-product-files\\/product-6.png\",\"mime_type\":\"image\\/png\",\"size\":9803,\"modified\":\"2024-05-10 09:12:05\",\"name\":\"product-6\",\"extension\":\"png\"}','2024-05-10 02:12:05','2024-05-10 02:12:05'),(22,50,'ecommerce/digital-product-files/product-5.png','{\"filename\":\"product-5.png\",\"url\":\"ecommerce\\/digital-product-files\\/product-5.png\",\"mime_type\":\"image\\/png\",\"size\":9803,\"modified\":\"2024-05-10 09:12:05\",\"name\":\"product-5\",\"extension\":\"png\"}','2024-05-10 02:12:05','2024-05-10 02:12:05'),(23,65,'ecommerce/digital-product-files/product-7.png','{\"filename\":\"product-7.png\",\"url\":\"ecommerce\\/digital-product-files\\/product-7.png\",\"mime_type\":\"image\\/png\",\"size\":9803,\"modified\":\"2024-05-10 09:12:05\",\"name\":\"product-7\",\"extension\":\"png\"}','2024-05-10 02:12:05','2024-05-10 02:12:05'),(24,66,'ecommerce/digital-product-files/product-6.png','{\"filename\":\"product-6.png\",\"url\":\"ecommerce\\/digital-product-files\\/product-6.png\",\"mime_type\":\"image\\/png\",\"size\":9803,\"modified\":\"2024-05-10 09:12:05\",\"name\":\"product-6\",\"extension\":\"png\"}','2024-05-10 02:12:05','2024-05-10 02:12:05'),(25,67,'ecommerce/digital-product-files/product-4.png','{\"filename\":\"product-4.png\",\"url\":\"ecommerce\\/digital-product-files\\/product-4.png\",\"mime_type\":\"image\\/png\",\"size\":9803,\"modified\":\"2024-05-10 09:12:05\",\"name\":\"product-4\",\"extension\":\"png\"}','2024-05-10 02:12:05','2024-05-10 02:12:05'),(26,69,'ecommerce/digital-product-files/product-3.png','{\"filename\":\"product-3.png\",\"url\":\"ecommerce\\/digital-product-files\\/product-3.png\",\"mime_type\":\"image\\/png\",\"size\":9803,\"modified\":\"2024-05-10 09:12:05\",\"name\":\"product-3\",\"extension\":\"png\"}','2024-05-10 02:12:05','2024-05-10 02:12:05'),(27,70,'ecommerce/digital-product-files/product-4.png','{\"filename\":\"product-4.png\",\"url\":\"ecommerce\\/digital-product-files\\/product-4.png\",\"mime_type\":\"image\\/png\",\"size\":9803,\"modified\":\"2024-05-10 09:12:05\",\"name\":\"product-4\",\"extension\":\"png\"}','2024-05-10 02:12:05','2024-05-10 02:12:05'),(28,73,'ecommerce/digital-product-files/product-3.png','{\"filename\":\"product-3.png\",\"url\":\"ecommerce\\/digital-product-files\\/product-3.png\",\"mime_type\":\"image\\/png\",\"size\":9803,\"modified\":\"2024-05-10 09:12:05\",\"name\":\"product-3\",\"extension\":\"png\"}','2024-05-10 02:12:05','2024-05-10 02:12:05'),(29,80,'ecommerce/digital-product-files/product-5.png','{\"filename\":\"product-5.png\",\"url\":\"ecommerce\\/digital-product-files\\/product-5.png\",\"mime_type\":\"image\\/png\",\"size\":9803,\"modified\":\"2024-05-10 09:12:05\",\"name\":\"product-5\",\"extension\":\"png\"}','2024-05-10 02:12:05','2024-05-10 02:12:05'),(30,81,'ecommerce/digital-product-files/product-1.png','{\"filename\":\"product-1.png\",\"url\":\"ecommerce\\/digital-product-files\\/product-1.png\",\"mime_type\":\"image\\/png\",\"size\":9803,\"modified\":\"2024-05-10 09:12:05\",\"name\":\"product-1\",\"extension\":\"png\"}','2024-05-10 02:12:05','2024-05-10 02:12:05'),(31,82,'ecommerce/digital-product-files/product-3.png','{\"filename\":\"product-3.png\",\"url\":\"ecommerce\\/digital-product-files\\/product-3.png\",\"mime_type\":\"image\\/png\",\"size\":9803,\"modified\":\"2024-05-10 09:12:05\",\"name\":\"product-3\",\"extension\":\"png\"}','2024-05-10 02:12:05','2024-05-10 02:12:05'),(32,95,'ecommerce/digital-product-files/product-8.png','{\"filename\":\"product-8.png\",\"url\":\"ecommerce\\/digital-product-files\\/product-8.png\",\"mime_type\":\"image\\/png\",\"size\":9803,\"modified\":\"2024-05-10 09:12:05\",\"name\":\"product-8\",\"extension\":\"png\"}','2024-05-10 02:12:05','2024-05-10 02:12:05'),(33,96,'ecommerce/digital-product-files/product-4.png','{\"filename\":\"product-4.png\",\"url\":\"ecommerce\\/digital-product-files\\/product-4.png\",\"mime_type\":\"image\\/png\",\"size\":9803,\"modified\":\"2024-05-10 09:12:05\",\"name\":\"product-4\",\"extension\":\"png\"}','2024-05-10 02:12:05','2024-05-10 02:12:05'),(34,97,'ecommerce/digital-product-files/product-1.png','{\"filename\":\"product-1.png\",\"url\":\"ecommerce\\/digital-product-files\\/product-1.png\",\"mime_type\":\"image\\/png\",\"size\":9803,\"modified\":\"2024-05-10 09:12:05\",\"name\":\"product-1\",\"extension\":\"png\"}','2024-05-10 02:12:05','2024-05-10 02:12:05'),(35,98,'ecommerce/digital-product-files/product-5.png','{\"filename\":\"product-5.png\",\"url\":\"ecommerce\\/digital-product-files\\/product-5.png\",\"mime_type\":\"image\\/png\",\"size\":9803,\"modified\":\"2024-05-10 09:12:05\",\"name\":\"product-5\",\"extension\":\"png\"}','2024-05-10 02:12:05','2024-05-10 02:12:05'),(36,99,'ecommerce/digital-product-files/product-2.png','{\"filename\":\"product-2.png\",\"url\":\"ecommerce\\/digital-product-files\\/product-2.png\",\"mime_type\":\"image\\/png\",\"size\":9803,\"modified\":\"2024-05-10 09:12:05\",\"name\":\"product-2\",\"extension\":\"png\"}','2024-05-10 02:12:05','2024-05-10 02:12:05');

--
-- Table structure for table `ec_product_label_products`
--

CREATE TABLE `ec_product_label_products` (
  `product_label_id` bigint unsigned NOT NULL,
  `product_id` bigint unsigned NOT NULL,
  PRIMARY KEY (`product_label_id`,`product_id`),
  KEY `ec_product_label_products_product_label_id_index` (`product_label_id`),
  KEY `ec_product_label_products_product_id_index` (`product_id`)
) ENGINE=InnoDB DEFAULT CHARSET=utf8mb4 COLLATE=utf8mb4_unicode_ci;

--
-- Dumping data for table `ec_product_label_products`
--

INSERT INTO `ec_product_label_products` VALUES (1,3),(1,12),(1,18),(1,21),(1,33),(1,39),(1,42),(2,9),(2,15),(2,24),(2,30),(2,36),(3,6),(3,27);

--
-- Table structure for table `ec_product_labels`
--

CREATE TABLE `ec_product_labels` (
  `id` bigint unsigned NOT NULL AUTO_INCREMENT,
  `name` varchar(191) COLLATE utf8mb4_unicode_ci NOT NULL,
  `color` varchar(120) COLLATE utf8mb4_unicode_ci DEFAULT NULL,
  `status` varchar(60) COLLATE utf8mb4_unicode_ci NOT NULL DEFAULT 'published',
  `created_at` timestamp NULL DEFAULT NULL,
  `updated_at` timestamp NULL DEFAULT NULL,
  PRIMARY KEY (`id`)
) ENGINE=InnoDB AUTO_INCREMENT=4 DEFAULT CHARSET=utf8mb4 COLLATE=utf8mb4_unicode_ci;

--
-- Dumping data for table `ec_product_labels`
--

INSERT INTO `ec_product_labels` VALUES (1,'Hot','#AC2200','published','2024-05-10 02:11:55','2024-05-10 02:11:55'),(2,'New','#006554','published','2024-05-10 02:11:55','2024-05-10 02:11:55'),(3,'Sale','#9A3B00','published','2024-05-10 02:11:55','2024-05-10 02:11:55');

--
-- Table structure for table `ec_product_labels_translations`
--

CREATE TABLE `ec_product_labels_translations` (
  `lang_code` varchar(191) COLLATE utf8mb4_unicode_ci NOT NULL,
  `ec_product_labels_id` bigint unsigned NOT NULL,
  `name` varchar(191) COLLATE utf8mb4_unicode_ci DEFAULT NULL,
  `description` varchar(400) COLLATE utf8mb4_unicode_ci DEFAULT NULL,
  PRIMARY KEY (`lang_code`,`ec_product_labels_id`)
) ENGINE=InnoDB DEFAULT CHARSET=utf8mb4 COLLATE=utf8mb4_unicode_ci;

--
-- Dumping data for table `ec_product_labels_translations`
--


--
-- Table structure for table `ec_product_related_relations`
--

CREATE TABLE `ec_product_related_relations` (
  `from_product_id` bigint unsigned NOT NULL,
  `to_product_id` bigint unsigned NOT NULL,
  PRIMARY KEY (`from_product_id`,`to_product_id`),
  KEY `ec_product_related_relations_from_product_id_index` (`from_product_id`),
  KEY `ec_product_related_relations_to_product_id_index` (`to_product_id`)
) ENGINE=InnoDB DEFAULT CHARSET=utf8mb4 COLLATE=utf8mb4_unicode_ci;

--
-- Dumping data for table `ec_product_related_relations`
--


--
-- Table structure for table `ec_product_tag_product`
--

CREATE TABLE `ec_product_tag_product` (
  `product_id` bigint unsigned NOT NULL,
  `tag_id` bigint unsigned NOT NULL,
  PRIMARY KEY (`product_id`,`tag_id`),
  KEY `ec_product_tag_product_product_id_index` (`product_id`),
  KEY `ec_product_tag_product_tag_id_index` (`tag_id`)
) ENGINE=InnoDB DEFAULT CHARSET=utf8mb4 COLLATE=utf8mb4_unicode_ci;

--
-- Dumping data for table `ec_product_tag_product`
--

INSERT INTO `ec_product_tag_product` VALUES (1,1),(1,4),(1,5),(2,1),(2,3),(2,4),(3,1),(3,4),(3,6),(4,1),(4,3),(4,6),(5,1),(5,2),(5,3),(6,1),(6,2),(6,5),(7,1),(7,2),(7,5),(8,2),(8,3),(8,4),(9,1),(9,3),(9,6),(10,1),(10,2),(10,6),(11,1),(11,2),(11,3),(12,1),(12,4),(12,5),(13,1),(13,5),(13,6),(14,3),(14,4),(14,5),(15,3),(15,4),(15,6),(16,2),(16,4),(16,6),(17,4),(17,5),(17,6),(18,3),(18,5),(18,6),(19,2),(19,3),(19,6),(20,3),(20,4),(20,5),(21,4),(21,5),(21,6),(22,1),(22,2),(22,4),(23,2),(23,5),(23,6),(24,1),(24,2),(24,4),(25,3),(25,5),(25,6),(26,1),(26,4),(26,6),(27,2),(27,3),(27,6),(28,1),(28,2),(28,6),(29,1),(29,4),(29,5),(30,1),(30,3),(30,6),(31,1),(31,2),(31,3),(32,1),(32,3),(32,6),(33,4),(33,5),(33,6),(34,1),(34,2),(34,6),(35,2),(35,3),(35,5),(36,2),(36,5),(36,6),(37,1),(37,2),(37,6),(38,2),(38,3),(38,5),(39,2),(39,3),(39,6),(40,1),(40,2),(40,6),(41,3),(41,5),(41,6),(42,1),(42,4),(42,6),(43,1),(43,4),(43,5);

--
-- Table structure for table `ec_product_tags`
--

CREATE TABLE `ec_product_tags` (
  `id` bigint unsigned NOT NULL AUTO_INCREMENT,
  `name` varchar(120) COLLATE utf8mb4_unicode_ci NOT NULL,
  `description` varchar(400) COLLATE utf8mb4_unicode_ci DEFAULT NULL,
  `status` varchar(60) COLLATE utf8mb4_unicode_ci NOT NULL DEFAULT 'published',
  `created_at` timestamp NULL DEFAULT NULL,
  `updated_at` timestamp NULL DEFAULT NULL,
  PRIMARY KEY (`id`)
) ENGINE=InnoDB AUTO_INCREMENT=7 DEFAULT CHARSET=utf8mb4 COLLATE=utf8mb4_unicode_ci;

--
-- Dumping data for table `ec_product_tags`
--

INSERT INTO `ec_product_tags` VALUES (1,'Electronic',NULL,'published','2024-05-10 02:11:59','2024-05-10 02:11:59'),(2,'Mobile',NULL,'published','2024-05-10 02:11:59','2024-05-10 02:11:59'),(3,'Iphone',NULL,'published','2024-05-10 02:11:59','2024-05-10 02:11:59'),(4,'Printer',NULL,'published','2024-05-10 02:11:59','2024-05-10 02:11:59'),(5,'Office',NULL,'published','2024-05-10 02:11:59','2024-05-10 02:11:59'),(6,'IT',NULL,'published','2024-05-10 02:11:59','2024-05-10 02:11:59');

--
-- Table structure for table `ec_product_tags_translations`
--

CREATE TABLE `ec_product_tags_translations` (
  `lang_code` varchar(191) COLLATE utf8mb4_unicode_ci NOT NULL,
  `ec_product_tags_id` bigint unsigned NOT NULL,
  `name` varchar(191) COLLATE utf8mb4_unicode_ci DEFAULT NULL,
  PRIMARY KEY (`lang_code`,`ec_product_tags_id`)
) ENGINE=InnoDB DEFAULT CHARSET=utf8mb4 COLLATE=utf8mb4_unicode_ci;

--
-- Dumping data for table `ec_product_tags_translations`
--


--
-- Table structure for table `ec_product_up_sale_relations`
--

CREATE TABLE `ec_product_up_sale_relations` (
  `from_product_id` bigint unsigned NOT NULL,
  `to_product_id` bigint unsigned NOT NULL,
  PRIMARY KEY (`from_product_id`,`to_product_id`),
  KEY `ec_product_up_sale_relations_from_product_id_index` (`from_product_id`),
  KEY `ec_product_up_sale_relations_to_product_id_index` (`to_product_id`)
) ENGINE=InnoDB DEFAULT CHARSET=utf8mb4 COLLATE=utf8mb4_unicode_ci;

--
-- Dumping data for table `ec_product_up_sale_relations`
--


--
-- Table structure for table `ec_product_variation_items`
--

CREATE TABLE `ec_product_variation_items` (
  `id` bigint unsigned NOT NULL AUTO_INCREMENT,
  `attribute_id` bigint unsigned NOT NULL,
  `variation_id` bigint unsigned NOT NULL,
  PRIMARY KEY (`id`),
  UNIQUE KEY `ec_product_variation_items_attribute_id_variation_id_unique` (`attribute_id`,`variation_id`),
  KEY `attribute_variation_index` (`attribute_id`,`variation_id`)
) ENGINE=InnoDB AUTO_INCREMENT=133 DEFAULT CHARSET=utf8mb4 COLLATE=utf8mb4_unicode_ci;

--
-- Dumping data for table `ec_product_variation_items`
--

INSERT INTO `ec_product_variation_items` VALUES (7,1,4),(17,1,9),(27,1,14),(49,1,25),(57,1,29),(1,2,1),(9,2,5),(25,2,13),(37,2,19),(41,2,21),(43,2,22),(51,2,26),(53,2,27),(21,3,11),(31,3,16),(33,3,17),(35,3,18),(39,3,20),(47,3,24),(5,4,3),(23,4,12),(29,4,15),(45,4,23),(3,5,2),(11,5,6),(13,5,7),(15,5,8),(19,5,10),(55,5,28),(59,5,30),(32,6,16),(36,6,18),(44,6,22),(50,6,25),(54,6,27),(60,6,30),(4,7,2),(8,7,4),(14,7,7),(26,7,13),(42,7,21),(22,8,11),(34,8,17),(52,8,26),(12,9,6),(16,9,8),(18,9,9),(20,9,10),(24,9,12),(38,9,19),(40,9,20),(46,9,23),(56,9,28),(2,10,1),(6,10,3),(10,10,5),(28,10,14),(30,10,15),(48,10,24),(58,10,29),(65,11,33),(67,11,34),(69,11,35),(71,11,36),(85,11,43),(87,11,44),(95,11,48),(97,11,49),(109,11,55),(111,11,56),(113,11,57),(115,11,58),(125,11,63),(129,11,65),(131,11,66),(83,12,42),(89,12,45),(99,12,50),(103,12,52),(105,12,53),(117,12,59),(119,12,60),(73,13,37),(91,13,46),(101,13,51),(107,13,54),(121,13,61),(123,13,62),(61,14,31),(63,14,32),(77,14,39),(93,14,47),(75,15,38),(79,15,40),(81,15,41),(127,15,64),(66,16,33),(68,16,34),(70,16,35),(86,16,43),(96,16,48),(108,16,54),(110,16,55),(126,16,63),(128,16,64),(82,17,41),(90,17,45),(102,17,51),(62,18,31),(72,18,36),(76,18,38),(78,18,39),(80,18,40),(100,18,50),(104,18,52),(114,18,57),(92,19,46),(132,19,66),(64,20,32),(74,20,37),(84,20,42),(88,20,44),(94,20,47),(98,20,49),(106,20,53),(112,20,56),(116,20,58),(118,20,59),(120,20,60),(122,20,61),(124,20,62),(130,20,65);

--
-- Table structure for table `ec_product_variations`
--

CREATE TABLE `ec_product_variations` (
  `id` bigint unsigned NOT NULL AUTO_INCREMENT,
  `product_id` bigint unsigned DEFAULT NULL,
  `configurable_product_id` bigint unsigned NOT NULL,
  `is_default` tinyint NOT NULL DEFAULT '0',
  PRIMARY KEY (`id`),
  UNIQUE KEY `ec_product_variations_product_id_configurable_product_id_unique` (`product_id`,`configurable_product_id`),
  KEY `configurable_product_index` (`product_id`,`configurable_product_id`)
) ENGINE=InnoDB AUTO_INCREMENT=67 DEFAULT CHARSET=utf8mb4 COLLATE=utf8mb4_unicode_ci;

--
-- Dumping data for table `ec_product_variations`
--

INSERT INTO `ec_product_variations` VALUES (1,44,2,1),(2,45,2,0),(3,46,3,1),(4,47,3,0),(5,48,3,0),(6,49,4,1),(7,50,4,0),(8,51,7,1),(9,52,7,0),(10,53,7,0),(11,54,7,0),(12,55,7,0),(13,56,9,1),(14,57,10,1),(15,58,10,0),(16,59,10,0),(17,60,10,0),(18,61,11,1),(19,62,11,0),(20,63,11,0),(21,64,11,0),(22,65,12,1),(23,66,12,0),(24,67,12,0),(25,68,14,1),(26,69,16,1),(27,70,16,0),(28,71,17,1),(29,72,17,0),(30,73,20,1),(31,74,22,1),(32,75,22,0),(33,76,23,1),(34,77,23,0),(35,78,23,0),(36,79,23,0),(37,80,24,1),(38,81,24,0),(39,82,24,0),(40,83,25,1),(41,84,25,0),(42,85,25,0),(43,86,25,0),(44,87,27,1),(45,88,27,0),(46,89,27,0),(47,90,29,1),(48,91,30,1),(49,92,30,0),(50,93,30,0),(51,94,33,1),(52,95,36,1),(53,96,36,0),(54,97,36,0),(55,98,40,1),(56,99,40,0),(57,100,41,1),(58,101,41,0),(59,102,42,1),(60,103,42,0),(61,104,42,0),(62,105,42,0),(63,106,42,0),(64,107,43,1),(65,108,43,0),(66,109,43,0);

--
-- Table structure for table `ec_product_views`
--

CREATE TABLE `ec_product_views` (
  `id` bigint unsigned NOT NULL AUTO_INCREMENT,
  `product_id` bigint unsigned NOT NULL,
  `views` int NOT NULL DEFAULT '1',
  `date` date NOT NULL DEFAULT '2024-05-10',
  PRIMARY KEY (`id`),
  UNIQUE KEY `ec_product_views_product_id_date_unique` (`product_id`,`date`),
  KEY `ec_product_views_product_id_index` (`product_id`)
) ENGINE=InnoDB DEFAULT CHARSET=utf8mb4 COLLATE=utf8mb4_unicode_ci;

--
-- Dumping data for table `ec_product_views`
--


--
-- Table structure for table `ec_product_with_attribute_set`
--

CREATE TABLE `ec_product_with_attribute_set` (
  `attribute_set_id` bigint unsigned NOT NULL,
  `product_id` bigint unsigned NOT NULL,
  `order` tinyint unsigned NOT NULL DEFAULT '0',
  PRIMARY KEY (`product_id`,`attribute_set_id`)
) ENGINE=InnoDB DEFAULT CHARSET=utf8mb4 COLLATE=utf8mb4_unicode_ci;

--
-- Dumping data for table `ec_product_with_attribute_set`
--

INSERT INTO `ec_product_with_attribute_set` VALUES (1,2,0),(2,2,0),(1,3,0),(2,3,0),(1,4,0),(2,4,0),(1,7,0),(2,7,0),(1,9,0),(2,9,0),(1,10,0),(2,10,0),(1,11,0),(2,11,0),(1,12,0),(2,12,0),(1,14,0),(2,14,0),(1,16,0),(2,16,0),(1,17,0),(2,17,0),(1,20,0),(2,20,0),(3,22,0),(4,22,0),(3,23,0),(4,23,0),(3,24,0),(4,24,0),(3,25,0),(4,25,0),(3,27,0),(4,27,0),(3,29,0),(4,29,0),(3,30,0),(4,30,0),(3,33,0),(4,33,0),(3,36,0),(4,36,0),(3,40,0),(4,40,0),(3,41,0),(4,41,0),(3,42,0),(4,42,0),(3,43,0),(4,43,0);

--
-- Table structure for table `ec_products`
--

CREATE TABLE `ec_products` (
  `id` bigint unsigned NOT NULL AUTO_INCREMENT,
  `name` varchar(191) COLLATE utf8mb4_unicode_ci NOT NULL,
  `description` text COLLATE utf8mb4_unicode_ci,
  `content` longtext COLLATE utf8mb4_unicode_ci,
  `status` varchar(60) COLLATE utf8mb4_unicode_ci NOT NULL DEFAULT 'published',
  `images` text COLLATE utf8mb4_unicode_ci,
  `sku` varchar(191) COLLATE utf8mb4_unicode_ci DEFAULT NULL,
  `order` int unsigned NOT NULL DEFAULT '0',
  `quantity` int unsigned DEFAULT NULL,
  `allow_checkout_when_out_of_stock` tinyint unsigned NOT NULL DEFAULT '0',
  `with_storehouse_management` tinyint unsigned NOT NULL DEFAULT '0',
  `is_featured` tinyint unsigned NOT NULL DEFAULT '0',
  `brand_id` bigint unsigned DEFAULT NULL,
  `is_variation` tinyint NOT NULL DEFAULT '0',
  `sale_type` tinyint NOT NULL DEFAULT '0',
  `price` double unsigned DEFAULT NULL,
  `sale_price` double unsigned DEFAULT NULL,
  `start_date` timestamp NULL DEFAULT NULL,
  `end_date` timestamp NULL DEFAULT NULL,
  `length` double(8,2) DEFAULT NULL,
  `wide` double(8,2) DEFAULT NULL,
  `height` double(8,2) DEFAULT NULL,
  `weight` double(8,2) DEFAULT NULL,
  `tax_id` bigint unsigned DEFAULT NULL,
  `views` bigint NOT NULL DEFAULT '0',
  `created_at` timestamp NULL DEFAULT NULL,
  `updated_at` timestamp NULL DEFAULT NULL,
  `stock_status` varchar(191) COLLATE utf8mb4_unicode_ci DEFAULT 'in_stock',
  `store_id` bigint unsigned DEFAULT NULL,
  `created_by_id` bigint unsigned DEFAULT '0',
  `created_by_type` varchar(191) COLLATE utf8mb4_unicode_ci NOT NULL DEFAULT 'Botble\\ACL\\Models\\User',
  `approved_by` bigint unsigned DEFAULT '0',
  `image` varchar(191) COLLATE utf8mb4_unicode_ci DEFAULT NULL,
  `product_type` varchar(60) COLLATE utf8mb4_unicode_ci DEFAULT 'physical',
  `barcode` varchar(50) COLLATE utf8mb4_unicode_ci DEFAULT NULL,
  `cost_per_item` double DEFAULT NULL,
  `generate_license_code` tinyint(1) NOT NULL DEFAULT '0',
  `minimum_order_quantity` int unsigned DEFAULT '0',
  `maximum_order_quantity` int unsigned DEFAULT '0',
  PRIMARY KEY (`id`),
  KEY `ec_products_brand_id_status_is_variation_created_at_index` (`brand_id`,`status`,`is_variation`,`created_at`),
  KEY `sale_type_index` (`sale_type`),
  KEY `start_date_index` (`start_date`),
  KEY `end_date_index` (`end_date`),
  KEY `sale_price_index` (`sale_price`),
  KEY `is_variation_index` (`is_variation`),
  KEY `ec_products_sku_index` (`sku`)
) ENGINE=InnoDB AUTO_INCREMENT=110 DEFAULT CHARSET=utf8mb4 COLLATE=utf8mb4_unicode_ci;

--
-- Dumping data for table `ec_products`
--

INSERT INTO `ec_products` VALUES (1,'Vintage Denim Jacket','Elevate your street style with this vintage denim jacket, featuring distressed detailing and a relaxed fit for a laid-back vibe.','<div class=\"row justify-content-center\">\n    <div class=\"col-xl-10\">\n        <div class=\"tp-product-details-desc-item pb-105\">\n            <div class=\"row\">\n                <div class=\"col-lg-6\">\n                    <div class=\"pt-25\">\n                        <span>Diamond Tennis Bracelet</span>\n                        <h3 class=\"tp-product-details-desc-title\">Timeless Elegance</h3>\n                        <p>\n                            Elevate your style with our exquisite diamond tennis bracelet. Crafted with precision and attention to detail, each sparkling diamond is expertly set in lustrous white gold, creating a piece of jewelry that exudes sophistication and luxury. Whether worn alone or layered with other bracelets, this timeless accessory adds a touch of glamour to any ensemble.\n                        </p>\n                    </div>\n                    <div>\n                        <h3 class=\"tp-product-details-desc-title\">Exceptional Quality</h3>\n                        <p>\n                            Our diamond tennis bracelet is crafted from the finest materials to ensure lasting beauty and brilliance. Each diamond is carefully selected for its clarity, cut, and color, resulting in a piece of jewelry that\'s truly exceptional. Indulge in luxury and elegance with this stunning bracelet that\'s sure to become a cherished heirloom.\n                        </p>\n                    </div>\n                </div>\n                <div class=\"col-lg-6\">\n                    <div class=\"tp-product-details-desc-thumb\">\n                        <img src=\"/storage/jewelry/products/product-1.png\" alt=\"Diamond Tennis Bracelet\">\n                    </div>\n                </div>\n            </div>\n        </div>\n        <div class=\"tp-product-details-desc-item pb-75\">\n            <div class=\"row\">\n                <div class=\"col-lg-7\">\n                    <div class=\"tp-product-details-desc-thumb\">\n                        <img src=\"/storage/jewelry/products/product-2.png\" alt=\"Close-up of Diamond Tennis Bracelet\">\n                    </div>\n                </div>\n\n                <div class=\"col-lg-5 order-first order-lg-last\">\n                    <div class=\"des-content-2 pl-40\">\n                        <h3 class=\"tp-product-details-desc-title\">\n                            Versatile Style\n                        </h3>\n                        <p>\n                            Effortlessly transition from day to night with our versatile diamond tennis bracelet. Whether paired with a casual outfit or a formal gown, it adds a touch of glamour and sophistication to any look. Treat yourself or someone special to this timeless piece that\'s destined to be cherished for years to come.\n                        </p>\n                    </div>\n                </div>\n            </div>\n        </div>\n        <div class=\"tp-product-details-desc-item\">\n            <div class=\"row\">\n                <div class=\"col-xl-12\">\n                    <div class=\"tp-product-details-desc-banner text-center m-img\">\n                        <h3 class=\"tp-product-details-desc-banner-title tp-product-details-desc-title\">Exquisite Craftsmanship</h3>\n                        <img src=\"/storage/jewelry/products/product-3.png\" alt=\"Jewelry Workshop\">\n                    </div>\n                </div>\n            </div>\n        </div>\n    </div>\n</div>\n','published','[\"jewelry\\/products\\/product-7.png\",\"jewelry\\/products\\/product-2.png\",\"jewelry\\/products\\/product-8.png\"]','V5-177',0,20,0,1,0,4,0,0,1829,29,NULL,NULL,15.00,20.00,17.00,646.00,NULL,19523,'2024-05-10 02:12:04','2024-05-10 02:12:04','in_stock',2,0,'Botble\\ACL\\Models\\User',0,NULL,'physical',NULL,NULL,0,0,0),(2,'Floral Maxi Dress','Add a pop of color to your outfit with this silk scarf adorned with a geometric print. Wrap it around your neck or tie it to your handbag for a stylish touch.','<div class=\"row justify-content-center\">\n    <div class=\"col-xl-10\">\n        <div class=\"tp-product-details-desc-item pb-105\">\n            <div class=\"row\">\n                <div class=\"col-lg-6\">\n                    <div class=\"pt-25\">\n                        <span>Diamond Tennis Bracelet</span>\n                        <h3 class=\"tp-product-details-desc-title\">Timeless Elegance</h3>\n                        <p>\n                            Elevate your style with our exquisite diamond tennis bracelet. Crafted with precision and attention to detail, each sparkling diamond is expertly set in lustrous white gold, creating a piece of jewelry that exudes sophistication and luxury. Whether worn alone or layered with other bracelets, this timeless accessory adds a touch of glamour to any ensemble.\n                        </p>\n                    </div>\n                    <div>\n                        <h3 class=\"tp-product-details-desc-title\">Exceptional Quality</h3>\n                        <p>\n                            Our diamond tennis bracelet is crafted from the finest materials to ensure lasting beauty and brilliance. Each diamond is carefully selected for its clarity, cut, and color, resulting in a piece of jewelry that\'s truly exceptional. Indulge in luxury and elegance with this stunning bracelet that\'s sure to become a cherished heirloom.\n                        </p>\n                    </div>\n                </div>\n                <div class=\"col-lg-6\">\n                    <div class=\"tp-product-details-desc-thumb\">\n                        <img src=\"/storage/jewelry/products/product-1.png\" alt=\"Diamond Tennis Bracelet\">\n                    </div>\n                </div>\n            </div>\n        </div>\n        <div class=\"tp-product-details-desc-item pb-75\">\n            <div class=\"row\">\n                <div class=\"col-lg-7\">\n                    <div class=\"tp-product-details-desc-thumb\">\n                        <img src=\"/storage/jewelry/products/product-2.png\" alt=\"Close-up of Diamond Tennis Bracelet\">\n                    </div>\n                </div>\n\n                <div class=\"col-lg-5 order-first order-lg-last\">\n                    <div class=\"des-content-2 pl-40\">\n                        <h3 class=\"tp-product-details-desc-title\">\n                            Versatile Style\n                        </h3>\n                        <p>\n                            Effortlessly transition from day to night with our versatile diamond tennis bracelet. Whether paired with a casual outfit or a formal gown, it adds a touch of glamour and sophistication to any look. Treat yourself or someone special to this timeless piece that\'s destined to be cherished for years to come.\n                        </p>\n                    </div>\n                </div>\n            </div>\n        </div>\n        <div class=\"tp-product-details-desc-item\">\n            <div class=\"row\">\n                <div class=\"col-xl-12\">\n                    <div class=\"tp-product-details-desc-banner text-center m-img\">\n                        <h3 class=\"tp-product-details-desc-banner-title tp-product-details-desc-title\">Exquisite Craftsmanship</h3>\n                        <img src=\"/storage/jewelry/products/product-3.png\" alt=\"Jewelry Workshop\">\n                    </div>\n                </div>\n            </div>\n        </div>\n    </div>\n</div>\n','published','[\"jewelry\\/products\\/product-8.png\",\"jewelry\\/products\\/product-7.png\",\"jewelry\\/products\\/product-6.png\",\"jewelry\\/products\\/product-2.png\",\"jewelry\\/products\\/product-3.png\",\"jewelry\\/products\\/product-1.png\",\"jewelry\\/products\\/product-4.png\"]','RZ-156-A1',0,11,0,1,0,5,0,0,2497,NULL,NULL,NULL,11.00,10.00,15.00,676.00,NULL,171747,'2024-05-10 02:12:04','2024-05-10 02:12:04','in_stock',4,0,'Botble\\ACL\\Models\\User',0,NULL,'physical',NULL,NULL,0,0,0),(3,'Leather Ankle Boots','Top off your look with this chic fedora hat, crafted with a classic silhouette and a timeless appeal. A must-have accessory for any fashion-forward wardrobe.','<div class=\"row justify-content-center\">\n    <div class=\"col-xl-10\">\n        <div class=\"tp-product-details-desc-item pb-105\">\n            <div class=\"row\">\n                <div class=\"col-lg-6\">\n                    <div class=\"pt-25\">\n                        <span>Diamond Tennis Bracelet</span>\n                        <h3 class=\"tp-product-details-desc-title\">Timeless Elegance</h3>\n                        <p>\n                            Elevate your style with our exquisite diamond tennis bracelet. Crafted with precision and attention to detail, each sparkling diamond is expertly set in lustrous white gold, creating a piece of jewelry that exudes sophistication and luxury. Whether worn alone or layered with other bracelets, this timeless accessory adds a touch of glamour to any ensemble.\n                        </p>\n                    </div>\n                    <div>\n                        <h3 class=\"tp-product-details-desc-title\">Exceptional Quality</h3>\n                        <p>\n                            Our diamond tennis bracelet is crafted from the finest materials to ensure lasting beauty and brilliance. Each diamond is carefully selected for its clarity, cut, and color, resulting in a piece of jewelry that\'s truly exceptional. Indulge in luxury and elegance with this stunning bracelet that\'s sure to become a cherished heirloom.\n                        </p>\n                    </div>\n                </div>\n                <div class=\"col-lg-6\">\n                    <div class=\"tp-product-details-desc-thumb\">\n                        <img src=\"/storage/jewelry/products/product-1.png\" alt=\"Diamond Tennis Bracelet\">\n                    </div>\n                </div>\n            </div>\n        </div>\n        <div class=\"tp-product-details-desc-item pb-75\">\n            <div class=\"row\">\n                <div class=\"col-lg-7\">\n                    <div class=\"tp-product-details-desc-thumb\">\n                        <img src=\"/storage/jewelry/products/product-2.png\" alt=\"Close-up of Diamond Tennis Bracelet\">\n                    </div>\n                </div>\n\n                <div class=\"col-lg-5 order-first order-lg-last\">\n                    <div class=\"des-content-2 pl-40\">\n                        <h3 class=\"tp-product-details-desc-title\">\n                            Versatile Style\n                        </h3>\n                        <p>\n                            Effortlessly transition from day to night with our versatile diamond tennis bracelet. Whether paired with a casual outfit or a formal gown, it adds a touch of glamour and sophistication to any look. Treat yourself or someone special to this timeless piece that\'s destined to be cherished for years to come.\n                        </p>\n                    </div>\n                </div>\n            </div>\n        </div>\n        <div class=\"tp-product-details-desc-item\">\n            <div class=\"row\">\n                <div class=\"col-xl-12\">\n                    <div class=\"tp-product-details-desc-banner text-center m-img\">\n                        <h3 class=\"tp-product-details-desc-banner-title tp-product-details-desc-title\">Exquisite Craftsmanship</h3>\n                        <img src=\"/storage/jewelry/products/product-3.png\" alt=\"Jewelry Workshop\">\n                    </div>\n                </div>\n            </div>\n        </div>\n    </div>\n</div>\n','published','[\"jewelry\\/products\\/product-3.png\",\"jewelry\\/products\\/product-2.png\",\"jewelry\\/products\\/product-6.png\"]','XH-180-A1',0,12,0,1,0,4,0,0,2345,NULL,NULL,NULL,19.00,20.00,15.00,671.00,NULL,159983,'2024-05-10 02:12:04','2024-05-10 02:12:04','in_stock',7,0,'Botble\\ACL\\Models\\User',0,NULL,'physical',NULL,NULL,0,0,0),(4,'Knit Turtleneck Sweater (Digital)','Complete your look with these classic aviator sunglasses, offering a touch of timeless glamour and UV protection for your eyes.','<div class=\"row justify-content-center\">\n    <div class=\"col-xl-10\">\n        <div class=\"tp-product-details-desc-item pb-105\">\n            <div class=\"row\">\n                <div class=\"col-lg-6\">\n                    <div class=\"pt-25\">\n                        <span>Diamond Tennis Bracelet</span>\n                        <h3 class=\"tp-product-details-desc-title\">Timeless Elegance</h3>\n                        <p>\n                            Elevate your style with our exquisite diamond tennis bracelet. Crafted with precision and attention to detail, each sparkling diamond is expertly set in lustrous white gold, creating a piece of jewelry that exudes sophistication and luxury. Whether worn alone or layered with other bracelets, this timeless accessory adds a touch of glamour to any ensemble.\n                        </p>\n                    </div>\n                    <div>\n                        <h3 class=\"tp-product-details-desc-title\">Exceptional Quality</h3>\n                        <p>\n                            Our diamond tennis bracelet is crafted from the finest materials to ensure lasting beauty and brilliance. Each diamond is carefully selected for its clarity, cut, and color, resulting in a piece of jewelry that\'s truly exceptional. Indulge in luxury and elegance with this stunning bracelet that\'s sure to become a cherished heirloom.\n                        </p>\n                    </div>\n                </div>\n                <div class=\"col-lg-6\">\n                    <div class=\"tp-product-details-desc-thumb\">\n                        <img src=\"/storage/jewelry/products/product-1.png\" alt=\"Diamond Tennis Bracelet\">\n                    </div>\n                </div>\n            </div>\n        </div>\n        <div class=\"tp-product-details-desc-item pb-75\">\n            <div class=\"row\">\n                <div class=\"col-lg-7\">\n                    <div class=\"tp-product-details-desc-thumb\">\n                        <img src=\"/storage/jewelry/products/product-2.png\" alt=\"Close-up of Diamond Tennis Bracelet\">\n                    </div>\n                </div>\n\n                <div class=\"col-lg-5 order-first order-lg-last\">\n                    <div class=\"des-content-2 pl-40\">\n                        <h3 class=\"tp-product-details-desc-title\">\n                            Versatile Style\n                        </h3>\n                        <p>\n                            Effortlessly transition from day to night with our versatile diamond tennis bracelet. Whether paired with a casual outfit or a formal gown, it adds a touch of glamour and sophistication to any look. Treat yourself or someone special to this timeless piece that\'s destined to be cherished for years to come.\n                        </p>\n                    </div>\n                </div>\n            </div>\n        </div>\n        <div class=\"tp-product-details-desc-item\">\n            <div class=\"row\">\n                <div class=\"col-xl-12\">\n                    <div class=\"tp-product-details-desc-banner text-center m-img\">\n                        <h3 class=\"tp-product-details-desc-banner-title tp-product-details-desc-title\">Exquisite Craftsmanship</h3>\n                        <img src=\"/storage/jewelry/products/product-3.png\" alt=\"Jewelry Workshop\">\n                    </div>\n                </div>\n            </div>\n        </div>\n    </div>\n</div>\n','published','[\"jewelry\\/products\\/product-3.png\",\"jewelry\\/products\\/product-6.png\",\"jewelry\\/products\\/product-5.png\",\"jewelry\\/products\\/product-4.png\",\"jewelry\\/products\\/product-2.png\",\"jewelry\\/products\\/product-1.png\",\"jewelry\\/products\\/product-7.png\"]','HU-107-A1',0,18,0,1,1,5,0,0,1735,1231.85,NULL,NULL,19.00,15.00,12.00,764.00,NULL,161291,'2024-05-10 02:12:04','2024-05-10 02:12:04','in_stock',5,0,'Botble\\ACL\\Models\\User',0,NULL,'digital',NULL,NULL,0,0,0),(5,'Classic Aviator Sunglasses','Step out in style with these leather ankle boots, crafted with a sleek design and comfortable block heel. Versatile enough to pair with both dresses and jeans.','<div class=\"row justify-content-center\">\n    <div class=\"col-xl-10\">\n        <div class=\"tp-product-details-desc-item pb-105\">\n            <div class=\"row\">\n                <div class=\"col-lg-6\">\n                    <div class=\"pt-25\">\n                        <span>Diamond Tennis Bracelet</span>\n                        <h3 class=\"tp-product-details-desc-title\">Timeless Elegance</h3>\n                        <p>\n                            Elevate your style with our exquisite diamond tennis bracelet. Crafted with precision and attention to detail, each sparkling diamond is expertly set in lustrous white gold, creating a piece of jewelry that exudes sophistication and luxury. Whether worn alone or layered with other bracelets, this timeless accessory adds a touch of glamour to any ensemble.\n                        </p>\n                    </div>\n                    <div>\n                        <h3 class=\"tp-product-details-desc-title\">Exceptional Quality</h3>\n                        <p>\n                            Our diamond tennis bracelet is crafted from the finest materials to ensure lasting beauty and brilliance. Each diamond is carefully selected for its clarity, cut, and color, resulting in a piece of jewelry that\'s truly exceptional. Indulge in luxury and elegance with this stunning bracelet that\'s sure to become a cherished heirloom.\n                        </p>\n                    </div>\n                </div>\n                <div class=\"col-lg-6\">\n                    <div class=\"tp-product-details-desc-thumb\">\n                        <img src=\"/storage/jewelry/products/product-1.png\" alt=\"Diamond Tennis Bracelet\">\n                    </div>\n                </div>\n            </div>\n        </div>\n        <div class=\"tp-product-details-desc-item pb-75\">\n            <div class=\"row\">\n                <div class=\"col-lg-7\">\n                    <div class=\"tp-product-details-desc-thumb\">\n                        <img src=\"/storage/jewelry/products/product-2.png\" alt=\"Close-up of Diamond Tennis Bracelet\">\n                    </div>\n                </div>\n\n                <div class=\"col-lg-5 order-first order-lg-last\">\n                    <div class=\"des-content-2 pl-40\">\n                        <h3 class=\"tp-product-details-desc-title\">\n                            Versatile Style\n                        </h3>\n                        <p>\n                            Effortlessly transition from day to night with our versatile diamond tennis bracelet. Whether paired with a casual outfit or a formal gown, it adds a touch of glamour and sophistication to any look. Treat yourself or someone special to this timeless piece that\'s destined to be cherished for years to come.\n                        </p>\n                    </div>\n                </div>\n            </div>\n        </div>\n        <div class=\"tp-product-details-desc-item\">\n            <div class=\"row\">\n                <div class=\"col-xl-12\">\n                    <div class=\"tp-product-details-desc-banner text-center m-img\">\n                        <h3 class=\"tp-product-details-desc-banner-title tp-product-details-desc-title\">Exquisite Craftsmanship</h3>\n                        <img src=\"/storage/jewelry/products/product-3.png\" alt=\"Jewelry Workshop\">\n                    </div>\n                </div>\n            </div>\n        </div>\n    </div>\n</div>\n','published','[\"jewelry\\/products\\/product-4.png\",\"jewelry\\/products\\/product-1.png\",\"jewelry\\/products\\/product-6.png\",\"jewelry\\/products\\/product-3.png\"]','HR-188',0,20,0,1,1,3,0,0,1777,763,NULL,NULL,18.00,15.00,10.00,885.00,NULL,91864,'2024-05-10 02:12:04','2024-05-10 02:12:04','in_stock',4,0,'Botble\\ACL\\Models\\User',0,NULL,'physical',NULL,NULL,0,0,0),(6,'Tailored Wool Blazer','Make a statement in this floral maxi dress, perfect for summer events or a casual day out. The flowy silhouette and vibrant print will turn heads wherever you go.','<div class=\"row justify-content-center\">\n    <div class=\"col-xl-10\">\n        <div class=\"tp-product-details-desc-item pb-105\">\n            <div class=\"row\">\n                <div class=\"col-lg-6\">\n                    <div class=\"pt-25\">\n                        <span>Diamond Tennis Bracelet</span>\n                        <h3 class=\"tp-product-details-desc-title\">Timeless Elegance</h3>\n                        <p>\n                            Elevate your style with our exquisite diamond tennis bracelet. Crafted with precision and attention to detail, each sparkling diamond is expertly set in lustrous white gold, creating a piece of jewelry that exudes sophistication and luxury. Whether worn alone or layered with other bracelets, this timeless accessory adds a touch of glamour to any ensemble.\n                        </p>\n                    </div>\n                    <div>\n                        <h3 class=\"tp-product-details-desc-title\">Exceptional Quality</h3>\n                        <p>\n                            Our diamond tennis bracelet is crafted from the finest materials to ensure lasting beauty and brilliance. Each diamond is carefully selected for its clarity, cut, and color, resulting in a piece of jewelry that\'s truly exceptional. Indulge in luxury and elegance with this stunning bracelet that\'s sure to become a cherished heirloom.\n                        </p>\n                    </div>\n                </div>\n                <div class=\"col-lg-6\">\n                    <div class=\"tp-product-details-desc-thumb\">\n                        <img src=\"/storage/jewelry/products/product-1.png\" alt=\"Diamond Tennis Bracelet\">\n                    </div>\n                </div>\n            </div>\n        </div>\n        <div class=\"tp-product-details-desc-item pb-75\">\n            <div class=\"row\">\n                <div class=\"col-lg-7\">\n                    <div class=\"tp-product-details-desc-thumb\">\n                        <img src=\"/storage/jewelry/products/product-2.png\" alt=\"Close-up of Diamond Tennis Bracelet\">\n                    </div>\n                </div>\n\n                <div class=\"col-lg-5 order-first order-lg-last\">\n                    <div class=\"des-content-2 pl-40\">\n                        <h3 class=\"tp-product-details-desc-title\">\n                            Versatile Style\n                        </h3>\n                        <p>\n                            Effortlessly transition from day to night with our versatile diamond tennis bracelet. Whether paired with a casual outfit or a formal gown, it adds a touch of glamour and sophistication to any look. Treat yourself or someone special to this timeless piece that\'s destined to be cherished for years to come.\n                        </p>\n                    </div>\n                </div>\n            </div>\n        </div>\n        <div class=\"tp-product-details-desc-item\">\n            <div class=\"row\">\n                <div class=\"col-xl-12\">\n                    <div class=\"tp-product-details-desc-banner text-center m-img\">\n                        <h3 class=\"tp-product-details-desc-banner-title tp-product-details-desc-title\">Exquisite Craftsmanship</h3>\n                        <img src=\"/storage/jewelry/products/product-3.png\" alt=\"Jewelry Workshop\">\n                    </div>\n                </div>\n            </div>\n        </div>\n    </div>\n</div>\n','published','[\"jewelry\\/products\\/product-8.png\",\"jewelry\\/products\\/product-5.png\",\"jewelry\\/products\\/product-2.png\",\"jewelry\\/products\\/product-6.png\"]','S3-190',0,16,0,1,1,1,0,0,906,551,NULL,NULL,16.00,14.00,17.00,532.00,NULL,88194,'2024-05-10 02:12:04','2024-05-10 02:12:04','in_stock',8,0,'Botble\\ACL\\Models\\User',0,NULL,'physical',NULL,NULL,0,0,0),(7,'Bohemian Fringe Handbag','Complete your look with these classic aviator sunglasses, offering a touch of timeless glamour and UV protection for your eyes.','<div class=\"row justify-content-center\">\n    <div class=\"col-xl-10\">\n        <div class=\"tp-product-details-desc-item pb-105\">\n            <div class=\"row\">\n                <div class=\"col-lg-6\">\n                    <div class=\"pt-25\">\n                        <span>Diamond Tennis Bracelet</span>\n                        <h3 class=\"tp-product-details-desc-title\">Timeless Elegance</h3>\n                        <p>\n                            Elevate your style with our exquisite diamond tennis bracelet. Crafted with precision and attention to detail, each sparkling diamond is expertly set in lustrous white gold, creating a piece of jewelry that exudes sophistication and luxury. Whether worn alone or layered with other bracelets, this timeless accessory adds a touch of glamour to any ensemble.\n                        </p>\n                    </div>\n                    <div>\n                        <h3 class=\"tp-product-details-desc-title\">Exceptional Quality</h3>\n                        <p>\n                            Our diamond tennis bracelet is crafted from the finest materials to ensure lasting beauty and brilliance. Each diamond is carefully selected for its clarity, cut, and color, resulting in a piece of jewelry that\'s truly exceptional. Indulge in luxury and elegance with this stunning bracelet that\'s sure to become a cherished heirloom.\n                        </p>\n                    </div>\n                </div>\n                <div class=\"col-lg-6\">\n                    <div class=\"tp-product-details-desc-thumb\">\n                        <img src=\"/storage/jewelry/products/product-1.png\" alt=\"Diamond Tennis Bracelet\">\n                    </div>\n                </div>\n            </div>\n        </div>\n        <div class=\"tp-product-details-desc-item pb-75\">\n            <div class=\"row\">\n                <div class=\"col-lg-7\">\n                    <div class=\"tp-product-details-desc-thumb\">\n                        <img src=\"/storage/jewelry/products/product-2.png\" alt=\"Close-up of Diamond Tennis Bracelet\">\n                    </div>\n                </div>\n\n                <div class=\"col-lg-5 order-first order-lg-last\">\n                    <div class=\"des-content-2 pl-40\">\n                        <h3 class=\"tp-product-details-desc-title\">\n                            Versatile Style\n                        </h3>\n                        <p>\n                            Effortlessly transition from day to night with our versatile diamond tennis bracelet. Whether paired with a casual outfit or a formal gown, it adds a touch of glamour and sophistication to any look. Treat yourself or someone special to this timeless piece that\'s destined to be cherished for years to come.\n                        </p>\n                    </div>\n                </div>\n            </div>\n        </div>\n        <div class=\"tp-product-details-desc-item\">\n            <div class=\"row\">\n                <div class=\"col-xl-12\">\n                    <div class=\"tp-product-details-desc-banner text-center m-img\">\n                        <h3 class=\"tp-product-details-desc-banner-title tp-product-details-desc-title\">Exquisite Craftsmanship</h3>\n                        <img src=\"/storage/jewelry/products/product-3.png\" alt=\"Jewelry Workshop\">\n                    </div>\n                </div>\n            </div>\n        </div>\n    </div>\n</div>\n','published','[\"jewelry\\/products\\/product-8.png\",\"jewelry\\/products\\/product-2.png\",\"jewelry\\/products\\/product-3.png\",\"jewelry\\/products\\/product-4.png\",\"jewelry\\/products\\/product-7.png\",\"jewelry\\/products\\/product-1.png\",\"jewelry\\/products\\/product-6.png\",\"jewelry\\/products\\/product-5.png\"]','CL-188-A1',0,17,0,1,0,5,0,0,1218,NULL,NULL,NULL,13.00,19.00,12.00,888.00,NULL,148870,'2024-05-10 02:12:04','2024-05-10 02:12:04','in_stock',6,0,'Botble\\ACL\\Models\\User',0,NULL,'physical',NULL,NULL,0,0,0),(8,'Silk Scarf with Geometric Print (Digital)','Complete your look with these classic aviator sunglasses, offering a touch of timeless glamour and UV protection for your eyes.','<div class=\"row justify-content-center\">\n    <div class=\"col-xl-10\">\n        <div class=\"tp-product-details-desc-item pb-105\">\n            <div class=\"row\">\n                <div class=\"col-lg-6\">\n                    <div class=\"pt-25\">\n                        <span>Diamond Tennis Bracelet</span>\n                        <h3 class=\"tp-product-details-desc-title\">Timeless Elegance</h3>\n                        <p>\n                            Elevate your style with our exquisite diamond tennis bracelet. Crafted with precision and attention to detail, each sparkling diamond is expertly set in lustrous white gold, creating a piece of jewelry that exudes sophistication and luxury. Whether worn alone or layered with other bracelets, this timeless accessory adds a touch of glamour to any ensemble.\n                        </p>\n                    </div>\n                    <div>\n                        <h3 class=\"tp-product-details-desc-title\">Exceptional Quality</h3>\n                        <p>\n                            Our diamond tennis bracelet is crafted from the finest materials to ensure lasting beauty and brilliance. Each diamond is carefully selected for its clarity, cut, and color, resulting in a piece of jewelry that\'s truly exceptional. Indulge in luxury and elegance with this stunning bracelet that\'s sure to become a cherished heirloom.\n                        </p>\n                    </div>\n                </div>\n                <div class=\"col-lg-6\">\n                    <div class=\"tp-product-details-desc-thumb\">\n                        <img src=\"/storage/jewelry/products/product-1.png\" alt=\"Diamond Tennis Bracelet\">\n                    </div>\n                </div>\n            </div>\n        </div>\n        <div class=\"tp-product-details-desc-item pb-75\">\n            <div class=\"row\">\n                <div class=\"col-lg-7\">\n                    <div class=\"tp-product-details-desc-thumb\">\n                        <img src=\"/storage/jewelry/products/product-2.png\" alt=\"Close-up of Diamond Tennis Bracelet\">\n                    </div>\n                </div>\n\n                <div class=\"col-lg-5 order-first order-lg-last\">\n                    <div class=\"des-content-2 pl-40\">\n                        <h3 class=\"tp-product-details-desc-title\">\n                            Versatile Style\n                        </h3>\n                        <p>\n                            Effortlessly transition from day to night with our versatile diamond tennis bracelet. Whether paired with a casual outfit or a formal gown, it adds a touch of glamour and sophistication to any look. Treat yourself or someone special to this timeless piece that\'s destined to be cherished for years to come.\n                        </p>\n                    </div>\n                </div>\n            </div>\n        </div>\n        <div class=\"tp-product-details-desc-item\">\n            <div class=\"row\">\n                <div class=\"col-xl-12\">\n                    <div class=\"tp-product-details-desc-banner text-center m-img\">\n                        <h3 class=\"tp-product-details-desc-banner-title tp-product-details-desc-title\">Exquisite Craftsmanship</h3>\n                        <img src=\"/storage/jewelry/products/product-3.png\" alt=\"Jewelry Workshop\">\n                    </div>\n                </div>\n            </div>\n        </div>\n    </div>\n</div>\n','published','[\"jewelry\\/products\\/product-5.png\",\"jewelry\\/products\\/product-3.png\",\"jewelry\\/products\\/product-7.png\",\"jewelry\\/products\\/product-2.png\",\"jewelry\\/products\\/product-6.png\",\"jewelry\\/products\\/product-1.png\"]','IE-103',0,11,0,1,1,3,0,0,2334,44,NULL,NULL,11.00,16.00,20.00,751.00,NULL,186723,'2024-05-10 02:12:04','2024-05-10 02:12:04','in_stock',4,0,'Botble\\ACL\\Models\\User',0,NULL,'digital',NULL,NULL,0,0,0),(9,'High-Waisted Wide Leg Trousers','Embrace bohemian vibes with this embroidered boho blouse, featuring intricate stitching and a relaxed fit. Perfect for a casual day with a touch of style.','<div class=\"row justify-content-center\">\n    <div class=\"col-xl-10\">\n        <div class=\"tp-product-details-desc-item pb-105\">\n            <div class=\"row\">\n                <div class=\"col-lg-6\">\n                    <div class=\"pt-25\">\n                        <span>Diamond Tennis Bracelet</span>\n                        <h3 class=\"tp-product-details-desc-title\">Timeless Elegance</h3>\n                        <p>\n                            Elevate your style with our exquisite diamond tennis bracelet. Crafted with precision and attention to detail, each sparkling diamond is expertly set in lustrous white gold, creating a piece of jewelry that exudes sophistication and luxury. Whether worn alone or layered with other bracelets, this timeless accessory adds a touch of glamour to any ensemble.\n                        </p>\n                    </div>\n                    <div>\n                        <h3 class=\"tp-product-details-desc-title\">Exceptional Quality</h3>\n                        <p>\n                            Our diamond tennis bracelet is crafted from the finest materials to ensure lasting beauty and brilliance. Each diamond is carefully selected for its clarity, cut, and color, resulting in a piece of jewelry that\'s truly exceptional. Indulge in luxury and elegance with this stunning bracelet that\'s sure to become a cherished heirloom.\n                        </p>\n                    </div>\n                </div>\n                <div class=\"col-lg-6\">\n                    <div class=\"tp-product-details-desc-thumb\">\n                        <img src=\"/storage/jewelry/products/product-1.png\" alt=\"Diamond Tennis Bracelet\">\n                    </div>\n                </div>\n            </div>\n        </div>\n        <div class=\"tp-product-details-desc-item pb-75\">\n            <div class=\"row\">\n                <div class=\"col-lg-7\">\n                    <div class=\"tp-product-details-desc-thumb\">\n                        <img src=\"/storage/jewelry/products/product-2.png\" alt=\"Close-up of Diamond Tennis Bracelet\">\n                    </div>\n                </div>\n\n                <div class=\"col-lg-5 order-first order-lg-last\">\n                    <div class=\"des-content-2 pl-40\">\n                        <h3 class=\"tp-product-details-desc-title\">\n                            Versatile Style\n                        </h3>\n                        <p>\n                            Effortlessly transition from day to night with our versatile diamond tennis bracelet. Whether paired with a casual outfit or a formal gown, it adds a touch of glamour and sophistication to any look. Treat yourself or someone special to this timeless piece that\'s destined to be cherished for years to come.\n                        </p>\n                    </div>\n                </div>\n            </div>\n        </div>\n        <div class=\"tp-product-details-desc-item\">\n            <div class=\"row\">\n                <div class=\"col-xl-12\">\n                    <div class=\"tp-product-details-desc-banner text-center m-img\">\n                        <h3 class=\"tp-product-details-desc-banner-title tp-product-details-desc-title\">Exquisite Craftsmanship</h3>\n                        <img src=\"/storage/jewelry/products/product-3.png\" alt=\"Jewelry Workshop\">\n                    </div>\n                </div>\n            </div>\n        </div>\n    </div>\n</div>\n','published','[\"jewelry\\/products\\/product-5.png\",\"jewelry\\/products\\/product-4.png\",\"jewelry\\/products\\/product-3.png\",\"jewelry\\/products\\/product-8.png\",\"jewelry\\/products\\/product-7.png\",\"jewelry\\/products\\/product-6.png\"]','3O-189-A1',0,10,0,1,0,2,0,0,773,NULL,NULL,NULL,15.00,10.00,18.00,517.00,NULL,86505,'2024-05-10 02:12:04','2024-05-10 02:12:04','in_stock',2,0,'Botble\\ACL\\Models\\User',0,NULL,'physical',NULL,NULL,0,0,0),(10,'Embroidered Boho Blouse','Stay cozy and chic in this knit turtleneck sweater, featuring a ribbed texture and a timeless design. Perfect for chilly days and nights.','<div class=\"row justify-content-center\">\n    <div class=\"col-xl-10\">\n        <div class=\"tp-product-details-desc-item pb-105\">\n            <div class=\"row\">\n                <div class=\"col-lg-6\">\n                    <div class=\"pt-25\">\n                        <span>Diamond Tennis Bracelet</span>\n                        <h3 class=\"tp-product-details-desc-title\">Timeless Elegance</h3>\n                        <p>\n                            Elevate your style with our exquisite diamond tennis bracelet. Crafted with precision and attention to detail, each sparkling diamond is expertly set in lustrous white gold, creating a piece of jewelry that exudes sophistication and luxury. Whether worn alone or layered with other bracelets, this timeless accessory adds a touch of glamour to any ensemble.\n                        </p>\n                    </div>\n                    <div>\n                        <h3 class=\"tp-product-details-desc-title\">Exceptional Quality</h3>\n                        <p>\n                            Our diamond tennis bracelet is crafted from the finest materials to ensure lasting beauty and brilliance. Each diamond is carefully selected for its clarity, cut, and color, resulting in a piece of jewelry that\'s truly exceptional. Indulge in luxury and elegance with this stunning bracelet that\'s sure to become a cherished heirloom.\n                        </p>\n                    </div>\n                </div>\n                <div class=\"col-lg-6\">\n                    <div class=\"tp-product-details-desc-thumb\">\n                        <img src=\"/storage/jewelry/products/product-1.png\" alt=\"Diamond Tennis Bracelet\">\n                    </div>\n                </div>\n            </div>\n        </div>\n        <div class=\"tp-product-details-desc-item pb-75\">\n            <div class=\"row\">\n                <div class=\"col-lg-7\">\n                    <div class=\"tp-product-details-desc-thumb\">\n                        <img src=\"/storage/jewelry/products/product-2.png\" alt=\"Close-up of Diamond Tennis Bracelet\">\n                    </div>\n                </div>\n\n                <div class=\"col-lg-5 order-first order-lg-last\">\n                    <div class=\"des-content-2 pl-40\">\n                        <h3 class=\"tp-product-details-desc-title\">\n                            Versatile Style\n                        </h3>\n                        <p>\n                            Effortlessly transition from day to night with our versatile diamond tennis bracelet. Whether paired with a casual outfit or a formal gown, it adds a touch of glamour and sophistication to any look. Treat yourself or someone special to this timeless piece that\'s destined to be cherished for years to come.\n                        </p>\n                    </div>\n                </div>\n            </div>\n        </div>\n        <div class=\"tp-product-details-desc-item\">\n            <div class=\"row\">\n                <div class=\"col-xl-12\">\n                    <div class=\"tp-product-details-desc-banner text-center m-img\">\n                        <h3 class=\"tp-product-details-desc-banner-title tp-product-details-desc-title\">Exquisite Craftsmanship</h3>\n                        <img src=\"/storage/jewelry/products/product-3.png\" alt=\"Jewelry Workshop\">\n                    </div>\n                </div>\n            </div>\n        </div>\n    </div>\n</div>\n','published','[\"jewelry\\/products\\/product-5.png\",\"jewelry\\/products\\/product-2.png\",\"jewelry\\/products\\/product-3.png\",\"jewelry\\/products\\/product-7.png\"]','KG-131-A1',0,12,0,1,0,5,0,0,919,NULL,NULL,NULL,11.00,15.00,19.00,837.00,NULL,171151,'2024-05-10 02:12:04','2024-05-10 02:12:04','in_stock',5,0,'Botble\\ACL\\Models\\User',0,NULL,'physical',NULL,NULL,0,0,0),(11,'Statement Chunky Necklace','Accessorize with this bohemian fringe handbag, featuring intricate details and enough space for your essentials. The perfect boho-chic addition to your collection.','<div class=\"row justify-content-center\">\n    <div class=\"col-xl-10\">\n        <div class=\"tp-product-details-desc-item pb-105\">\n            <div class=\"row\">\n                <div class=\"col-lg-6\">\n                    <div class=\"pt-25\">\n                        <span>Diamond Tennis Bracelet</span>\n                        <h3 class=\"tp-product-details-desc-title\">Timeless Elegance</h3>\n                        <p>\n                            Elevate your style with our exquisite diamond tennis bracelet. Crafted with precision and attention to detail, each sparkling diamond is expertly set in lustrous white gold, creating a piece of jewelry that exudes sophistication and luxury. Whether worn alone or layered with other bracelets, this timeless accessory adds a touch of glamour to any ensemble.\n                        </p>\n                    </div>\n                    <div>\n                        <h3 class=\"tp-product-details-desc-title\">Exceptional Quality</h3>\n                        <p>\n                            Our diamond tennis bracelet is crafted from the finest materials to ensure lasting beauty and brilliance. Each diamond is carefully selected for its clarity, cut, and color, resulting in a piece of jewelry that\'s truly exceptional. Indulge in luxury and elegance with this stunning bracelet that\'s sure to become a cherished heirloom.\n                        </p>\n                    </div>\n                </div>\n                <div class=\"col-lg-6\">\n                    <div class=\"tp-product-details-desc-thumb\">\n                        <img src=\"/storage/jewelry/products/product-1.png\" alt=\"Diamond Tennis Bracelet\">\n                    </div>\n                </div>\n            </div>\n        </div>\n        <div class=\"tp-product-details-desc-item pb-75\">\n            <div class=\"row\">\n                <div class=\"col-lg-7\">\n                    <div class=\"tp-product-details-desc-thumb\">\n                        <img src=\"/storage/jewelry/products/product-2.png\" alt=\"Close-up of Diamond Tennis Bracelet\">\n                    </div>\n                </div>\n\n                <div class=\"col-lg-5 order-first order-lg-last\">\n                    <div class=\"des-content-2 pl-40\">\n                        <h3 class=\"tp-product-details-desc-title\">\n                            Versatile Style\n                        </h3>\n                        <p>\n                            Effortlessly transition from day to night with our versatile diamond tennis bracelet. Whether paired with a casual outfit or a formal gown, it adds a touch of glamour and sophistication to any look. Treat yourself or someone special to this timeless piece that\'s destined to be cherished for years to come.\n                        </p>\n                    </div>\n                </div>\n            </div>\n        </div>\n        <div class=\"tp-product-details-desc-item\">\n            <div class=\"row\">\n                <div class=\"col-xl-12\">\n                    <div class=\"tp-product-details-desc-banner text-center m-img\">\n                        <h3 class=\"tp-product-details-desc-banner-title tp-product-details-desc-title\">Exquisite Craftsmanship</h3>\n                        <img src=\"/storage/jewelry/products/product-3.png\" alt=\"Jewelry Workshop\">\n                    </div>\n                </div>\n            </div>\n        </div>\n    </div>\n</div>\n','published','[\"jewelry\\/products\\/product-7.png\",\"jewelry\\/products\\/product-6.png\",\"jewelry\\/products\\/product-5.png\",\"jewelry\\/products\\/product-8.png\"]','35-100-A1',0,14,0,1,0,4,0,0,839,NULL,NULL,NULL,10.00,12.00,16.00,631.00,NULL,127032,'2024-05-10 02:12:04','2024-05-10 02:12:05','in_stock',8,0,'Botble\\ACL\\Models\\User',0,NULL,'physical',NULL,NULL,0,0,0),(12,'Chic Fedora Hat (Digital)','Step out in style with these leather ankle boots, crafted with a sleek design and comfortable block heel. Versatile enough to pair with both dresses and jeans.','<div class=\"row justify-content-center\">\n    <div class=\"col-xl-10\">\n        <div class=\"tp-product-details-desc-item pb-105\">\n            <div class=\"row\">\n                <div class=\"col-lg-6\">\n                    <div class=\"pt-25\">\n                        <span>Diamond Tennis Bracelet</span>\n                        <h3 class=\"tp-product-details-desc-title\">Timeless Elegance</h3>\n                        <p>\n                            Elevate your style with our exquisite diamond tennis bracelet. Crafted with precision and attention to detail, each sparkling diamond is expertly set in lustrous white gold, creating a piece of jewelry that exudes sophistication and luxury. Whether worn alone or layered with other bracelets, this timeless accessory adds a touch of glamour to any ensemble.\n                        </p>\n                    </div>\n                    <div>\n                        <h3 class=\"tp-product-details-desc-title\">Exceptional Quality</h3>\n                        <p>\n                            Our diamond tennis bracelet is crafted from the finest materials to ensure lasting beauty and brilliance. Each diamond is carefully selected for its clarity, cut, and color, resulting in a piece of jewelry that\'s truly exceptional. Indulge in luxury and elegance with this stunning bracelet that\'s sure to become a cherished heirloom.\n                        </p>\n                    </div>\n                </div>\n                <div class=\"col-lg-6\">\n                    <div class=\"tp-product-details-desc-thumb\">\n                        <img src=\"/storage/jewelry/products/product-1.png\" alt=\"Diamond Tennis Bracelet\">\n                    </div>\n                </div>\n            </div>\n        </div>\n        <div class=\"tp-product-details-desc-item pb-75\">\n            <div class=\"row\">\n                <div class=\"col-lg-7\">\n                    <div class=\"tp-product-details-desc-thumb\">\n                        <img src=\"/storage/jewelry/products/product-2.png\" alt=\"Close-up of Diamond Tennis Bracelet\">\n                    </div>\n                </div>\n\n                <div class=\"col-lg-5 order-first order-lg-last\">\n                    <div class=\"des-content-2 pl-40\">\n                        <h3 class=\"tp-product-details-desc-title\">\n                            Versatile Style\n                        </h3>\n                        <p>\n                            Effortlessly transition from day to night with our versatile diamond tennis bracelet. Whether paired with a casual outfit or a formal gown, it adds a touch of glamour and sophistication to any look. Treat yourself or someone special to this timeless piece that\'s destined to be cherished for years to come.\n                        </p>\n                    </div>\n                </div>\n            </div>\n        </div>\n        <div class=\"tp-product-details-desc-item\">\n            <div class=\"row\">\n                <div class=\"col-xl-12\">\n                    <div class=\"tp-product-details-desc-banner text-center m-img\">\n                        <h3 class=\"tp-product-details-desc-banner-title tp-product-details-desc-title\">Exquisite Craftsmanship</h3>\n                        <img src=\"/storage/jewelry/products/product-3.png\" alt=\"Jewelry Workshop\">\n                    </div>\n                </div>\n            </div>\n        </div>\n    </div>\n</div>\n','published','[\"jewelry\\/products\\/product-3.png\",\"jewelry\\/products\\/product-7.png\",\"jewelry\\/products\\/product-6.png\",\"jewelry\\/products\\/product-4.png\",\"jewelry\\/products\\/product-1.png\"]','OQ-188-A1',0,20,0,1,1,1,0,0,1448,1303.2,NULL,NULL,20.00,15.00,12.00,581.00,NULL,185920,'2024-05-10 02:12:04','2024-05-10 02:12:05','in_stock',8,0,'Botble\\ACL\\Models\\User',0,NULL,'digital',NULL,NULL,0,0,0),(13,'Strappy Block Heel Sandals','Accessorize with this bohemian fringe handbag, featuring intricate details and enough space for your essentials. The perfect boho-chic addition to your collection.','<div class=\"row justify-content-center\">\n    <div class=\"col-xl-10\">\n        <div class=\"tp-product-details-desc-item pb-105\">\n            <div class=\"row\">\n                <div class=\"col-lg-6\">\n                    <div class=\"pt-25\">\n                        <span>Diamond Tennis Bracelet</span>\n                        <h3 class=\"tp-product-details-desc-title\">Timeless Elegance</h3>\n                        <p>\n                            Elevate your style with our exquisite diamond tennis bracelet. Crafted with precision and attention to detail, each sparkling diamond is expertly set in lustrous white gold, creating a piece of jewelry that exudes sophistication and luxury. Whether worn alone or layered with other bracelets, this timeless accessory adds a touch of glamour to any ensemble.\n                        </p>\n                    </div>\n                    <div>\n                        <h3 class=\"tp-product-details-desc-title\">Exceptional Quality</h3>\n                        <p>\n                            Our diamond tennis bracelet is crafted from the finest materials to ensure lasting beauty and brilliance. Each diamond is carefully selected for its clarity, cut, and color, resulting in a piece of jewelry that\'s truly exceptional. Indulge in luxury and elegance with this stunning bracelet that\'s sure to become a cherished heirloom.\n                        </p>\n                    </div>\n                </div>\n                <div class=\"col-lg-6\">\n                    <div class=\"tp-product-details-desc-thumb\">\n                        <img src=\"/storage/jewelry/products/product-1.png\" alt=\"Diamond Tennis Bracelet\">\n                    </div>\n                </div>\n            </div>\n        </div>\n        <div class=\"tp-product-details-desc-item pb-75\">\n            <div class=\"row\">\n                <div class=\"col-lg-7\">\n                    <div class=\"tp-product-details-desc-thumb\">\n                        <img src=\"/storage/jewelry/products/product-2.png\" alt=\"Close-up of Diamond Tennis Bracelet\">\n                    </div>\n                </div>\n\n                <div class=\"col-lg-5 order-first order-lg-last\">\n                    <div class=\"des-content-2 pl-40\">\n                        <h3 class=\"tp-product-details-desc-title\">\n                            Versatile Style\n                        </h3>\n                        <p>\n                            Effortlessly transition from day to night with our versatile diamond tennis bracelet. Whether paired with a casual outfit or a formal gown, it adds a touch of glamour and sophistication to any look. Treat yourself or someone special to this timeless piece that\'s destined to be cherished for years to come.\n                        </p>\n                    </div>\n                </div>\n            </div>\n        </div>\n        <div class=\"tp-product-details-desc-item\">\n            <div class=\"row\">\n                <div class=\"col-xl-12\">\n                    <div class=\"tp-product-details-desc-banner text-center m-img\">\n                        <h3 class=\"tp-product-details-desc-banner-title tp-product-details-desc-title\">Exquisite Craftsmanship</h3>\n                        <img src=\"/storage/jewelry/products/product-3.png\" alt=\"Jewelry Workshop\">\n                    </div>\n                </div>\n            </div>\n        </div>\n    </div>\n</div>\n','published','[\"jewelry\\/products\\/product-1.png\",\"jewelry\\/products\\/product-6.png\",\"jewelry\\/products\\/product-3.png\",\"jewelry\\/products\\/product-2.png\",\"jewelry\\/products\\/product-4.png\"]','JF-191',0,15,0,1,1,4,0,0,1668,501,NULL,NULL,14.00,17.00,20.00,785.00,NULL,155040,'2024-05-10 02:12:04','2024-05-10 02:12:04','in_stock',4,0,'Botble\\ACL\\Models\\User',0,NULL,'physical',NULL,NULL,0,0,0),(14,'Velvet Evening Gown','Stay cozy and chic in this knit turtleneck sweater, featuring a ribbed texture and a timeless design. Perfect for chilly days and nights.','<div class=\"row justify-content-center\">\n    <div class=\"col-xl-10\">\n        <div class=\"tp-product-details-desc-item pb-105\">\n            <div class=\"row\">\n                <div class=\"col-lg-6\">\n                    <div class=\"pt-25\">\n                        <span>Diamond Tennis Bracelet</span>\n                        <h3 class=\"tp-product-details-desc-title\">Timeless Elegance</h3>\n                        <p>\n                            Elevate your style with our exquisite diamond tennis bracelet. Crafted with precision and attention to detail, each sparkling diamond is expertly set in lustrous white gold, creating a piece of jewelry that exudes sophistication and luxury. Whether worn alone or layered with other bracelets, this timeless accessory adds a touch of glamour to any ensemble.\n                        </p>\n                    </div>\n                    <div>\n                        <h3 class=\"tp-product-details-desc-title\">Exceptional Quality</h3>\n                        <p>\n                            Our diamond tennis bracelet is crafted from the finest materials to ensure lasting beauty and brilliance. Each diamond is carefully selected for its clarity, cut, and color, resulting in a piece of jewelry that\'s truly exceptional. Indulge in luxury and elegance with this stunning bracelet that\'s sure to become a cherished heirloom.\n                        </p>\n                    </div>\n                </div>\n                <div class=\"col-lg-6\">\n                    <div class=\"tp-product-details-desc-thumb\">\n                        <img src=\"/storage/jewelry/products/product-1.png\" alt=\"Diamond Tennis Bracelet\">\n                    </div>\n                </div>\n            </div>\n        </div>\n        <div class=\"tp-product-details-desc-item pb-75\">\n            <div class=\"row\">\n                <div class=\"col-lg-7\">\n                    <div class=\"tp-product-details-desc-thumb\">\n                        <img src=\"/storage/jewelry/products/product-2.png\" alt=\"Close-up of Diamond Tennis Bracelet\">\n                    </div>\n                </div>\n\n                <div class=\"col-lg-5 order-first order-lg-last\">\n                    <div class=\"des-content-2 pl-40\">\n                        <h3 class=\"tp-product-details-desc-title\">\n                            Versatile Style\n                        </h3>\n                        <p>\n                            Effortlessly transition from day to night with our versatile diamond tennis bracelet. Whether paired with a casual outfit or a formal gown, it adds a touch of glamour and sophistication to any look. Treat yourself or someone special to this timeless piece that\'s destined to be cherished for years to come.\n                        </p>\n                    </div>\n                </div>\n            </div>\n        </div>\n        <div class=\"tp-product-details-desc-item\">\n            <div class=\"row\">\n                <div class=\"col-xl-12\">\n                    <div class=\"tp-product-details-desc-banner text-center m-img\">\n                        <h3 class=\"tp-product-details-desc-banner-title tp-product-details-desc-title\">Exquisite Craftsmanship</h3>\n                        <img src=\"/storage/jewelry/products/product-3.png\" alt=\"Jewelry Workshop\">\n                    </div>\n                </div>\n            </div>\n        </div>\n    </div>\n</div>\n','published','[\"jewelry\\/products\\/product-7.png\",\"jewelry\\/products\\/product-5.png\",\"jewelry\\/products\\/product-8.png\",\"jewelry\\/products\\/product-1.png\",\"jewelry\\/products\\/product-6.png\",\"jewelry\\/products\\/product-2.png\",\"jewelry\\/products\\/product-4.png\",\"jewelry\\/products\\/product-3.png\"]','8Q-141-A1',0,15,0,1,0,2,0,0,329,NULL,NULL,NULL,10.00,13.00,16.00,860.00,NULL,85038,'2024-05-10 02:12:04','2024-05-10 02:12:05','in_stock',2,0,'Botble\\ACL\\Models\\User',0,NULL,'physical',NULL,NULL,0,0,0),(15,'Quilted Crossbody Bag','Accessorize with this bohemian fringe handbag, featuring intricate details and enough space for your essentials. The perfect boho-chic addition to your collection.','<div class=\"row justify-content-center\">\n    <div class=\"col-xl-10\">\n        <div class=\"tp-product-details-desc-item pb-105\">\n            <div class=\"row\">\n                <div class=\"col-lg-6\">\n                    <div class=\"pt-25\">\n                        <span>Diamond Tennis Bracelet</span>\n                        <h3 class=\"tp-product-details-desc-title\">Timeless Elegance</h3>\n                        <p>\n                            Elevate your style with our exquisite diamond tennis bracelet. Crafted with precision and attention to detail, each sparkling diamond is expertly set in lustrous white gold, creating a piece of jewelry that exudes sophistication and luxury. Whether worn alone or layered with other bracelets, this timeless accessory adds a touch of glamour to any ensemble.\n                        </p>\n                    </div>\n                    <div>\n                        <h3 class=\"tp-product-details-desc-title\">Exceptional Quality</h3>\n                        <p>\n                            Our diamond tennis bracelet is crafted from the finest materials to ensure lasting beauty and brilliance. Each diamond is carefully selected for its clarity, cut, and color, resulting in a piece of jewelry that\'s truly exceptional. Indulge in luxury and elegance with this stunning bracelet that\'s sure to become a cherished heirloom.\n                        </p>\n                    </div>\n                </div>\n                <div class=\"col-lg-6\">\n                    <div class=\"tp-product-details-desc-thumb\">\n                        <img src=\"/storage/jewelry/products/product-1.png\" alt=\"Diamond Tennis Bracelet\">\n                    </div>\n                </div>\n            </div>\n        </div>\n        <div class=\"tp-product-details-desc-item pb-75\">\n            <div class=\"row\">\n                <div class=\"col-lg-7\">\n                    <div class=\"tp-product-details-desc-thumb\">\n                        <img src=\"/storage/jewelry/products/product-2.png\" alt=\"Close-up of Diamond Tennis Bracelet\">\n                    </div>\n                </div>\n\n                <div class=\"col-lg-5 order-first order-lg-last\">\n                    <div class=\"des-content-2 pl-40\">\n                        <h3 class=\"tp-product-details-desc-title\">\n                            Versatile Style\n                        </h3>\n                        <p>\n                            Effortlessly transition from day to night with our versatile diamond tennis bracelet. Whether paired with a casual outfit or a formal gown, it adds a touch of glamour and sophistication to any look. Treat yourself or someone special to this timeless piece that\'s destined to be cherished for years to come.\n                        </p>\n                    </div>\n                </div>\n            </div>\n        </div>\n        <div class=\"tp-product-details-desc-item\">\n            <div class=\"row\">\n                <div class=\"col-xl-12\">\n                    <div class=\"tp-product-details-desc-banner text-center m-img\">\n                        <h3 class=\"tp-product-details-desc-banner-title tp-product-details-desc-title\">Exquisite Craftsmanship</h3>\n                        <img src=\"/storage/jewelry/products/product-3.png\" alt=\"Jewelry Workshop\">\n                    </div>\n                </div>\n            </div>\n        </div>\n    </div>\n</div>\n','published','[\"jewelry\\/products\\/product-5.png\",\"jewelry\\/products\\/product-3.png\",\"jewelry\\/products\\/product-4.png\",\"jewelry\\/products\\/product-8.png\",\"jewelry\\/products\\/product-1.png\",\"jewelry\\/products\\/product-7.png\"]','GI-118',0,18,0,1,0,5,0,0,2422,594,NULL,NULL,15.00,17.00,12.00,591.00,NULL,44876,'2024-05-10 02:12:04','2024-05-10 02:12:04','in_stock',2,0,'Botble\\ACL\\Models\\User',0,NULL,'physical',NULL,NULL,0,0,0),(16,'Distressed Skinny Jeans (Digital)','Add a pop of color to your outfit with this silk scarf adorned with a geometric print. Wrap it around your neck or tie it to your handbag for a stylish touch.','<div class=\"row justify-content-center\">\n    <div class=\"col-xl-10\">\n        <div class=\"tp-product-details-desc-item pb-105\">\n            <div class=\"row\">\n                <div class=\"col-lg-6\">\n                    <div class=\"pt-25\">\n                        <span>Diamond Tennis Bracelet</span>\n                        <h3 class=\"tp-product-details-desc-title\">Timeless Elegance</h3>\n                        <p>\n                            Elevate your style with our exquisite diamond tennis bracelet. Crafted with precision and attention to detail, each sparkling diamond is expertly set in lustrous white gold, creating a piece of jewelry that exudes sophistication and luxury. Whether worn alone or layered with other bracelets, this timeless accessory adds a touch of glamour to any ensemble.\n                        </p>\n                    </div>\n                    <div>\n                        <h3 class=\"tp-product-details-desc-title\">Exceptional Quality</h3>\n                        <p>\n                            Our diamond tennis bracelet is crafted from the finest materials to ensure lasting beauty and brilliance. Each diamond is carefully selected for its clarity, cut, and color, resulting in a piece of jewelry that\'s truly exceptional. Indulge in luxury and elegance with this stunning bracelet that\'s sure to become a cherished heirloom.\n                        </p>\n                    </div>\n                </div>\n                <div class=\"col-lg-6\">\n                    <div class=\"tp-product-details-desc-thumb\">\n                        <img src=\"/storage/jewelry/products/product-1.png\" alt=\"Diamond Tennis Bracelet\">\n                    </div>\n                </div>\n            </div>\n        </div>\n        <div class=\"tp-product-details-desc-item pb-75\">\n            <div class=\"row\">\n                <div class=\"col-lg-7\">\n                    <div class=\"tp-product-details-desc-thumb\">\n                        <img src=\"/storage/jewelry/products/product-2.png\" alt=\"Close-up of Diamond Tennis Bracelet\">\n                    </div>\n                </div>\n\n                <div class=\"col-lg-5 order-first order-lg-last\">\n                    <div class=\"des-content-2 pl-40\">\n                        <h3 class=\"tp-product-details-desc-title\">\n                            Versatile Style\n                        </h3>\n                        <p>\n                            Effortlessly transition from day to night with our versatile diamond tennis bracelet. Whether paired with a casual outfit or a formal gown, it adds a touch of glamour and sophistication to any look. Treat yourself or someone special to this timeless piece that\'s destined to be cherished for years to come.\n                        </p>\n                    </div>\n                </div>\n            </div>\n        </div>\n        <div class=\"tp-product-details-desc-item\">\n            <div class=\"row\">\n                <div class=\"col-xl-12\">\n                    <div class=\"tp-product-details-desc-banner text-center m-img\">\n                        <h3 class=\"tp-product-details-desc-banner-title tp-product-details-desc-title\">Exquisite Craftsmanship</h3>\n                        <img src=\"/storage/jewelry/products/product-3.png\" alt=\"Jewelry Workshop\">\n                    </div>\n                </div>\n            </div>\n        </div>\n    </div>\n</div>\n','published','[\"jewelry\\/products\\/product-7.png\",\"jewelry\\/products\\/product-3.png\",\"jewelry\\/products\\/product-4.png\",\"jewelry\\/products\\/product-2.png\",\"jewelry\\/products\\/product-1.png\",\"jewelry\\/products\\/product-6.png\"]','4U-168-A1',0,12,0,1,1,3,0,0,2028,1642.68,NULL,NULL,18.00,10.00,10.00,504.00,NULL,126617,'2024-05-10 02:12:04','2024-05-10 02:12:05','in_stock',5,0,'Botble\\ACL\\Models\\User',0,NULL,'digital',NULL,NULL,0,0,0),(17,'Lace-Up Combat Boots','Stay on trend with these high-waisted wide-leg trousers, combining comfort and sophistication. Pair them with heels for a refined look.','<div class=\"row justify-content-center\">\n    <div class=\"col-xl-10\">\n        <div class=\"tp-product-details-desc-item pb-105\">\n            <div class=\"row\">\n                <div class=\"col-lg-6\">\n                    <div class=\"pt-25\">\n                        <span>Diamond Tennis Bracelet</span>\n                        <h3 class=\"tp-product-details-desc-title\">Timeless Elegance</h3>\n                        <p>\n                            Elevate your style with our exquisite diamond tennis bracelet. Crafted with precision and attention to detail, each sparkling diamond is expertly set in lustrous white gold, creating a piece of jewelry that exudes sophistication and luxury. Whether worn alone or layered with other bracelets, this timeless accessory adds a touch of glamour to any ensemble.\n                        </p>\n                    </div>\n                    <div>\n                        <h3 class=\"tp-product-details-desc-title\">Exceptional Quality</h3>\n                        <p>\n                            Our diamond tennis bracelet is crafted from the finest materials to ensure lasting beauty and brilliance. Each diamond is carefully selected for its clarity, cut, and color, resulting in a piece of jewelry that\'s truly exceptional. Indulge in luxury and elegance with this stunning bracelet that\'s sure to become a cherished heirloom.\n                        </p>\n                    </div>\n                </div>\n                <div class=\"col-lg-6\">\n                    <div class=\"tp-product-details-desc-thumb\">\n                        <img src=\"/storage/jewelry/products/product-1.png\" alt=\"Diamond Tennis Bracelet\">\n                    </div>\n                </div>\n            </div>\n        </div>\n        <div class=\"tp-product-details-desc-item pb-75\">\n            <div class=\"row\">\n                <div class=\"col-lg-7\">\n                    <div class=\"tp-product-details-desc-thumb\">\n                        <img src=\"/storage/jewelry/products/product-2.png\" alt=\"Close-up of Diamond Tennis Bracelet\">\n                    </div>\n                </div>\n\n                <div class=\"col-lg-5 order-first order-lg-last\">\n                    <div class=\"des-content-2 pl-40\">\n                        <h3 class=\"tp-product-details-desc-title\">\n                            Versatile Style\n                        </h3>\n                        <p>\n                            Effortlessly transition from day to night with our versatile diamond tennis bracelet. Whether paired with a casual outfit or a formal gown, it adds a touch of glamour and sophistication to any look. Treat yourself or someone special to this timeless piece that\'s destined to be cherished for years to come.\n                        </p>\n                    </div>\n                </div>\n            </div>\n        </div>\n        <div class=\"tp-product-details-desc-item\">\n            <div class=\"row\">\n                <div class=\"col-xl-12\">\n                    <div class=\"tp-product-details-desc-banner text-center m-img\">\n                        <h3 class=\"tp-product-details-desc-banner-title tp-product-details-desc-title\">Exquisite Craftsmanship</h3>\n                        <img src=\"/storage/jewelry/products/product-3.png\" alt=\"Jewelry Workshop\">\n                    </div>\n                </div>\n            </div>\n        </div>\n    </div>\n</div>\n','published','[\"jewelry\\/products\\/product-7.png\",\"jewelry\\/products\\/product-5.png\",\"jewelry\\/products\\/product-3.png\",\"jewelry\\/products\\/product-1.png\",\"jewelry\\/products\\/product-8.png\",\"jewelry\\/products\\/product-4.png\",\"jewelry\\/products\\/product-2.png\"]','HI-113-A1',0,10,0,1,1,3,0,0,1427,NULL,NULL,NULL,12.00,13.00,13.00,659.00,NULL,118598,'2024-05-10 02:12:04','2024-05-10 02:12:05','in_stock',6,0,'Botble\\ACL\\Models\\User',0,NULL,'physical',NULL,NULL,0,0,0),(18,'Cotton Striped T-Shirt Dress','Achieve a polished look with this tailored wool blazer, designed for a flattering fit and versatile enough for both work and casual outings.','<div class=\"row justify-content-center\">\n    <div class=\"col-xl-10\">\n        <div class=\"tp-product-details-desc-item pb-105\">\n            <div class=\"row\">\n                <div class=\"col-lg-6\">\n                    <div class=\"pt-25\">\n                        <span>Diamond Tennis Bracelet</span>\n                        <h3 class=\"tp-product-details-desc-title\">Timeless Elegance</h3>\n                        <p>\n                            Elevate your style with our exquisite diamond tennis bracelet. Crafted with precision and attention to detail, each sparkling diamond is expertly set in lustrous white gold, creating a piece of jewelry that exudes sophistication and luxury. Whether worn alone or layered with other bracelets, this timeless accessory adds a touch of glamour to any ensemble.\n                        </p>\n                    </div>\n                    <div>\n                        <h3 class=\"tp-product-details-desc-title\">Exceptional Quality</h3>\n                        <p>\n                            Our diamond tennis bracelet is crafted from the finest materials to ensure lasting beauty and brilliance. Each diamond is carefully selected for its clarity, cut, and color, resulting in a piece of jewelry that\'s truly exceptional. Indulge in luxury and elegance with this stunning bracelet that\'s sure to become a cherished heirloom.\n                        </p>\n                    </div>\n                </div>\n                <div class=\"col-lg-6\">\n                    <div class=\"tp-product-details-desc-thumb\">\n                        <img src=\"/storage/jewelry/products/product-1.png\" alt=\"Diamond Tennis Bracelet\">\n                    </div>\n                </div>\n            </div>\n        </div>\n        <div class=\"tp-product-details-desc-item pb-75\">\n            <div class=\"row\">\n                <div class=\"col-lg-7\">\n                    <div class=\"tp-product-details-desc-thumb\">\n                        <img src=\"/storage/jewelry/products/product-2.png\" alt=\"Close-up of Diamond Tennis Bracelet\">\n                    </div>\n                </div>\n\n                <div class=\"col-lg-5 order-first order-lg-last\">\n                    <div class=\"des-content-2 pl-40\">\n                        <h3 class=\"tp-product-details-desc-title\">\n                            Versatile Style\n                        </h3>\n                        <p>\n                            Effortlessly transition from day to night with our versatile diamond tennis bracelet. Whether paired with a casual outfit or a formal gown, it adds a touch of glamour and sophistication to any look. Treat yourself or someone special to this timeless piece that\'s destined to be cherished for years to come.\n                        </p>\n                    </div>\n                </div>\n            </div>\n        </div>\n        <div class=\"tp-product-details-desc-item\">\n            <div class=\"row\">\n                <div class=\"col-xl-12\">\n                    <div class=\"tp-product-details-desc-banner text-center m-img\">\n                        <h3 class=\"tp-product-details-desc-banner-title tp-product-details-desc-title\">Exquisite Craftsmanship</h3>\n                        <img src=\"/storage/jewelry/products/product-3.png\" alt=\"Jewelry Workshop\">\n                    </div>\n                </div>\n            </div>\n        </div>\n    </div>\n</div>\n','published','[\"jewelry\\/products\\/product-7.png\",\"jewelry\\/products\\/product-1.png\",\"jewelry\\/products\\/product-5.png\"]','KQ-110',0,17,0,1,0,1,0,0,2386,2024,NULL,NULL,12.00,16.00,20.00,827.00,NULL,175498,'2024-05-10 02:12:04','2024-05-10 02:12:04','in_stock',8,0,'Botble\\ACL\\Models\\User',0,NULL,'physical',NULL,NULL,0,0,0),(19,'Printed Palazzo Pants','Make a bold statement with this chunky necklace, designed to add a touch of glamour to any outfit. The perfect accessory for a night out.','<div class=\"row justify-content-center\">\n    <div class=\"col-xl-10\">\n        <div class=\"tp-product-details-desc-item pb-105\">\n            <div class=\"row\">\n                <div class=\"col-lg-6\">\n                    <div class=\"pt-25\">\n                        <span>Diamond Tennis Bracelet</span>\n                        <h3 class=\"tp-product-details-desc-title\">Timeless Elegance</h3>\n                        <p>\n                            Elevate your style with our exquisite diamond tennis bracelet. Crafted with precision and attention to detail, each sparkling diamond is expertly set in lustrous white gold, creating a piece of jewelry that exudes sophistication and luxury. Whether worn alone or layered with other bracelets, this timeless accessory adds a touch of glamour to any ensemble.\n                        </p>\n                    </div>\n                    <div>\n                        <h3 class=\"tp-product-details-desc-title\">Exceptional Quality</h3>\n                        <p>\n                            Our diamond tennis bracelet is crafted from the finest materials to ensure lasting beauty and brilliance. Each diamond is carefully selected for its clarity, cut, and color, resulting in a piece of jewelry that\'s truly exceptional. Indulge in luxury and elegance with this stunning bracelet that\'s sure to become a cherished heirloom.\n                        </p>\n                    </div>\n                </div>\n                <div class=\"col-lg-6\">\n                    <div class=\"tp-product-details-desc-thumb\">\n                        <img src=\"/storage/jewelry/products/product-1.png\" alt=\"Diamond Tennis Bracelet\">\n                    </div>\n                </div>\n            </div>\n        </div>\n        <div class=\"tp-product-details-desc-item pb-75\">\n            <div class=\"row\">\n                <div class=\"col-lg-7\">\n                    <div class=\"tp-product-details-desc-thumb\">\n                        <img src=\"/storage/jewelry/products/product-2.png\" alt=\"Close-up of Diamond Tennis Bracelet\">\n                    </div>\n                </div>\n\n                <div class=\"col-lg-5 order-first order-lg-last\">\n                    <div class=\"des-content-2 pl-40\">\n                        <h3 class=\"tp-product-details-desc-title\">\n                            Versatile Style\n                        </h3>\n                        <p>\n                            Effortlessly transition from day to night with our versatile diamond tennis bracelet. Whether paired with a casual outfit or a formal gown, it adds a touch of glamour and sophistication to any look. Treat yourself or someone special to this timeless piece that\'s destined to be cherished for years to come.\n                        </p>\n                    </div>\n                </div>\n            </div>\n        </div>\n        <div class=\"tp-product-details-desc-item\">\n            <div class=\"row\">\n                <div class=\"col-xl-12\">\n                    <div class=\"tp-product-details-desc-banner text-center m-img\">\n                        <h3 class=\"tp-product-details-desc-banner-title tp-product-details-desc-title\">Exquisite Craftsmanship</h3>\n                        <img src=\"/storage/jewelry/products/product-3.png\" alt=\"Jewelry Workshop\">\n                    </div>\n                </div>\n            </div>\n        </div>\n    </div>\n</div>\n','published','[\"jewelry\\/products\\/product-6.png\",\"jewelry\\/products\\/product-3.png\",\"jewelry\\/products\\/product-5.png\",\"jewelry\\/products\\/product-4.png\",\"jewelry\\/products\\/product-1.png\",\"jewelry\\/products\\/product-2.png\",\"jewelry\\/products\\/product-8.png\"]','23-137',0,12,0,1,0,2,0,0,1088,113,NULL,NULL,17.00,20.00,15.00,821.00,NULL,82785,'2024-05-10 02:12:04','2024-05-10 02:12:04','in_stock',1,0,'Botble\\ACL\\Models\\User',0,NULL,'physical',NULL,NULL,0,0,0),(20,'Structured Satchel Bag (Digital)','Complete your look with these classic aviator sunglasses, offering a touch of timeless glamour and UV protection for your eyes.','<div class=\"row justify-content-center\">\n    <div class=\"col-xl-10\">\n        <div class=\"tp-product-details-desc-item pb-105\">\n            <div class=\"row\">\n                <div class=\"col-lg-6\">\n                    <div class=\"pt-25\">\n                        <span>Diamond Tennis Bracelet</span>\n                        <h3 class=\"tp-product-details-desc-title\">Timeless Elegance</h3>\n                        <p>\n                            Elevate your style with our exquisite diamond tennis bracelet. Crafted with precision and attention to detail, each sparkling diamond is expertly set in lustrous white gold, creating a piece of jewelry that exudes sophistication and luxury. Whether worn alone or layered with other bracelets, this timeless accessory adds a touch of glamour to any ensemble.\n                        </p>\n                    </div>\n                    <div>\n                        <h3 class=\"tp-product-details-desc-title\">Exceptional Quality</h3>\n                        <p>\n                            Our diamond tennis bracelet is crafted from the finest materials to ensure lasting beauty and brilliance. Each diamond is carefully selected for its clarity, cut, and color, resulting in a piece of jewelry that\'s truly exceptional. Indulge in luxury and elegance with this stunning bracelet that\'s sure to become a cherished heirloom.\n                        </p>\n                    </div>\n                </div>\n                <div class=\"col-lg-6\">\n                    <div class=\"tp-product-details-desc-thumb\">\n                        <img src=\"/storage/jewelry/products/product-1.png\" alt=\"Diamond Tennis Bracelet\">\n                    </div>\n                </div>\n            </div>\n        </div>\n        <div class=\"tp-product-details-desc-item pb-75\">\n            <div class=\"row\">\n                <div class=\"col-lg-7\">\n                    <div class=\"tp-product-details-desc-thumb\">\n                        <img src=\"/storage/jewelry/products/product-2.png\" alt=\"Close-up of Diamond Tennis Bracelet\">\n                    </div>\n                </div>\n\n                <div class=\"col-lg-5 order-first order-lg-last\">\n                    <div class=\"des-content-2 pl-40\">\n                        <h3 class=\"tp-product-details-desc-title\">\n                            Versatile Style\n                        </h3>\n                        <p>\n                            Effortlessly transition from day to night with our versatile diamond tennis bracelet. Whether paired with a casual outfit or a formal gown, it adds a touch of glamour and sophistication to any look. Treat yourself or someone special to this timeless piece that\'s destined to be cherished for years to come.\n                        </p>\n                    </div>\n                </div>\n            </div>\n        </div>\n        <div class=\"tp-product-details-desc-item\">\n            <div class=\"row\">\n                <div class=\"col-xl-12\">\n                    <div class=\"tp-product-details-desc-banner text-center m-img\">\n                        <h3 class=\"tp-product-details-desc-banner-title tp-product-details-desc-title\">Exquisite Craftsmanship</h3>\n                        <img src=\"/storage/jewelry/products/product-3.png\" alt=\"Jewelry Workshop\">\n                    </div>\n                </div>\n            </div>\n        </div>\n    </div>\n</div>\n','published','[\"jewelry\\/products\\/product-6.png\",\"jewelry\\/products\\/product-3.png\",\"jewelry\\/products\\/product-5.png\"]','QJ-196-A1',0,10,0,1,0,1,0,0,966,685.86,NULL,NULL,18.00,15.00,12.00,574.00,NULL,112661,'2024-05-10 02:12:04','2024-05-10 02:12:05','in_stock',1,0,'Botble\\ACL\\Models\\User',0,NULL,'digital',NULL,NULL,0,0,0),(21,'Off-Shoulder Ruffle Top','Accessorize with this bohemian fringe handbag, featuring intricate details and enough space for your essentials. The perfect boho-chic addition to your collection.','<div class=\"row justify-content-center\">\n    <div class=\"col-xl-10\">\n        <div class=\"tp-product-details-desc-item pb-105\">\n            <div class=\"row\">\n                <div class=\"col-lg-6\">\n                    <div class=\"pt-25\">\n                        <span>Diamond Tennis Bracelet</span>\n                        <h3 class=\"tp-product-details-desc-title\">Timeless Elegance</h3>\n                        <p>\n                            Elevate your style with our exquisite diamond tennis bracelet. Crafted with precision and attention to detail, each sparkling diamond is expertly set in lustrous white gold, creating a piece of jewelry that exudes sophistication and luxury. Whether worn alone or layered with other bracelets, this timeless accessory adds a touch of glamour to any ensemble.\n                        </p>\n                    </div>\n                    <div>\n                        <h3 class=\"tp-product-details-desc-title\">Exceptional Quality</h3>\n                        <p>\n                            Our diamond tennis bracelet is crafted from the finest materials to ensure lasting beauty and brilliance. Each diamond is carefully selected for its clarity, cut, and color, resulting in a piece of jewelry that\'s truly exceptional. Indulge in luxury and elegance with this stunning bracelet that\'s sure to become a cherished heirloom.\n                        </p>\n                    </div>\n                </div>\n                <div class=\"col-lg-6\">\n                    <div class=\"tp-product-details-desc-thumb\">\n                        <img src=\"/storage/jewelry/products/product-1.png\" alt=\"Diamond Tennis Bracelet\">\n                    </div>\n                </div>\n            </div>\n        </div>\n        <div class=\"tp-product-details-desc-item pb-75\">\n            <div class=\"row\">\n                <div class=\"col-lg-7\">\n                    <div class=\"tp-product-details-desc-thumb\">\n                        <img src=\"/storage/jewelry/products/product-2.png\" alt=\"Close-up of Diamond Tennis Bracelet\">\n                    </div>\n                </div>\n\n                <div class=\"col-lg-5 order-first order-lg-last\">\n                    <div class=\"des-content-2 pl-40\">\n                        <h3 class=\"tp-product-details-desc-title\">\n                            Versatile Style\n                        </h3>\n                        <p>\n                            Effortlessly transition from day to night with our versatile diamond tennis bracelet. Whether paired with a casual outfit or a formal gown, it adds a touch of glamour and sophistication to any look. Treat yourself or someone special to this timeless piece that\'s destined to be cherished for years to come.\n                        </p>\n                    </div>\n                </div>\n            </div>\n        </div>\n        <div class=\"tp-product-details-desc-item\">\n            <div class=\"row\">\n                <div class=\"col-xl-12\">\n                    <div class=\"tp-product-details-desc-banner text-center m-img\">\n                        <h3 class=\"tp-product-details-desc-banner-title tp-product-details-desc-title\">Exquisite Craftsmanship</h3>\n                        <img src=\"/storage/jewelry/products/product-3.png\" alt=\"Jewelry Workshop\">\n                    </div>\n                </div>\n            </div>\n        </div>\n    </div>\n</div>\n','published','[\"jewelry\\/products\\/product-1.png\",\"jewelry\\/products\\/product-4.png\",\"jewelry\\/products\\/product-7.png\",\"jewelry\\/products\\/product-3.png\",\"jewelry\\/products\\/product-6.png\"]','QC-130',0,19,0,1,0,2,0,0,433,108,NULL,NULL,13.00,13.00,15.00,649.00,NULL,109978,'2024-05-10 02:12:04','2024-05-10 02:12:04','in_stock',6,0,'Botble\\ACL\\Models\\User',0,NULL,'physical',NULL,NULL,0,0,0),(22,'Suede Pointed-Toe Pumps','Step out in style with these leather ankle boots, crafted with a sleek design and comfortable block heel. Versatile enough to pair with both dresses and jeans.','<div class=\"row justify-content-center\">\n    <div class=\"col-xl-10\">\n        <div class=\"tp-product-details-desc-item pb-105\">\n            <div class=\"row\">\n                <div class=\"col-lg-6\">\n                    <div class=\"pt-25\">\n                        <span>Diamond Tennis Bracelet</span>\n                        <h3 class=\"tp-product-details-desc-title\">Timeless Elegance</h3>\n                        <p>\n                            Elevate your style with our exquisite diamond tennis bracelet. Crafted with precision and attention to detail, each sparkling diamond is expertly set in lustrous white gold, creating a piece of jewelry that exudes sophistication and luxury. Whether worn alone or layered with other bracelets, this timeless accessory adds a touch of glamour to any ensemble.\n                        </p>\n                    </div>\n                    <div>\n                        <h3 class=\"tp-product-details-desc-title\">Exceptional Quality</h3>\n                        <p>\n                            Our diamond tennis bracelet is crafted from the finest materials to ensure lasting beauty and brilliance. Each diamond is carefully selected for its clarity, cut, and color, resulting in a piece of jewelry that\'s truly exceptional. Indulge in luxury and elegance with this stunning bracelet that\'s sure to become a cherished heirloom.\n                        </p>\n                    </div>\n                </div>\n                <div class=\"col-lg-6\">\n                    <div class=\"tp-product-details-desc-thumb\">\n                        <img src=\"/storage/jewelry/products/product-1.png\" alt=\"Diamond Tennis Bracelet\">\n                    </div>\n                </div>\n            </div>\n        </div>\n        <div class=\"tp-product-details-desc-item pb-75\">\n            <div class=\"row\">\n                <div class=\"col-lg-7\">\n                    <div class=\"tp-product-details-desc-thumb\">\n                        <img src=\"/storage/jewelry/products/product-2.png\" alt=\"Close-up of Diamond Tennis Bracelet\">\n                    </div>\n                </div>\n\n                <div class=\"col-lg-5 order-first order-lg-last\">\n                    <div class=\"des-content-2 pl-40\">\n                        <h3 class=\"tp-product-details-desc-title\">\n                            Versatile Style\n                        </h3>\n                        <p>\n                            Effortlessly transition from day to night with our versatile diamond tennis bracelet. Whether paired with a casual outfit or a formal gown, it adds a touch of glamour and sophistication to any look. Treat yourself or someone special to this timeless piece that\'s destined to be cherished for years to come.\n                        </p>\n                    </div>\n                </div>\n            </div>\n        </div>\n        <div class=\"tp-product-details-desc-item\">\n            <div class=\"row\">\n                <div class=\"col-xl-12\">\n                    <div class=\"tp-product-details-desc-banner text-center m-img\">\n                        <h3 class=\"tp-product-details-desc-banner-title tp-product-details-desc-title\">Exquisite Craftsmanship</h3>\n                        <img src=\"/storage/jewelry/products/product-3.png\" alt=\"Jewelry Workshop\">\n                    </div>\n                </div>\n            </div>\n        </div>\n    </div>\n</div>\n','published','[\"jewelry\\/products\\/product-7.png\",\"jewelry\\/products\\/product-2.png\",\"jewelry\\/products\\/product-8.png\",\"jewelry\\/products\\/product-5.png\",\"jewelry\\/products\\/product-3.png\"]','QH-197-A1',0,17,0,1,0,5,0,0,426,NULL,NULL,NULL,16.00,16.00,15.00,558.00,NULL,122588,'2024-05-10 02:12:04','2024-05-10 02:12:05','in_stock',3,0,'Botble\\ACL\\Models\\User',0,NULL,'physical',NULL,NULL,0,0,0),(23,'Cropped Cable Knit Sweater','Stay on trend with these high-waisted wide-leg trousers, combining comfort and sophistication. Pair them with heels for a refined look.','<div class=\"row justify-content-center\">\n    <div class=\"col-xl-10\">\n        <div class=\"tp-product-details-desc-item pb-105\">\n            <div class=\"row\">\n                <div class=\"col-lg-6\">\n                    <div class=\"pt-25\">\n                        <span>Diamond Tennis Bracelet</span>\n                        <h3 class=\"tp-product-details-desc-title\">Timeless Elegance</h3>\n                        <p>\n                            Elevate your style with our exquisite diamond tennis bracelet. Crafted with precision and attention to detail, each sparkling diamond is expertly set in lustrous white gold, creating a piece of jewelry that exudes sophistication and luxury. Whether worn alone or layered with other bracelets, this timeless accessory adds a touch of glamour to any ensemble.\n                        </p>\n                    </div>\n                    <div>\n                        <h3 class=\"tp-product-details-desc-title\">Exceptional Quality</h3>\n                        <p>\n                            Our diamond tennis bracelet is crafted from the finest materials to ensure lasting beauty and brilliance. Each diamond is carefully selected for its clarity, cut, and color, resulting in a piece of jewelry that\'s truly exceptional. Indulge in luxury and elegance with this stunning bracelet that\'s sure to become a cherished heirloom.\n                        </p>\n                    </div>\n                </div>\n                <div class=\"col-lg-6\">\n                    <div class=\"tp-product-details-desc-thumb\">\n                        <img src=\"/storage/jewelry/products/product-1.png\" alt=\"Diamond Tennis Bracelet\">\n                    </div>\n                </div>\n            </div>\n        </div>\n        <div class=\"tp-product-details-desc-item pb-75\">\n            <div class=\"row\">\n                <div class=\"col-lg-7\">\n                    <div class=\"tp-product-details-desc-thumb\">\n                        <img src=\"/storage/jewelry/products/product-2.png\" alt=\"Close-up of Diamond Tennis Bracelet\">\n                    </div>\n                </div>\n\n                <div class=\"col-lg-5 order-first order-lg-last\">\n                    <div class=\"des-content-2 pl-40\">\n                        <h3 class=\"tp-product-details-desc-title\">\n                            Versatile Style\n                        </h3>\n                        <p>\n                            Effortlessly transition from day to night with our versatile diamond tennis bracelet. Whether paired with a casual outfit or a formal gown, it adds a touch of glamour and sophistication to any look. Treat yourself or someone special to this timeless piece that\'s destined to be cherished for years to come.\n                        </p>\n                    </div>\n                </div>\n            </div>\n        </div>\n        <div class=\"tp-product-details-desc-item\">\n            <div class=\"row\">\n                <div class=\"col-xl-12\">\n                    <div class=\"tp-product-details-desc-banner text-center m-img\">\n                        <h3 class=\"tp-product-details-desc-banner-title tp-product-details-desc-title\">Exquisite Craftsmanship</h3>\n                        <img src=\"/storage/jewelry/products/product-3.png\" alt=\"Jewelry Workshop\">\n                    </div>\n                </div>\n            </div>\n        </div>\n    </div>\n</div>\n','published','[\"jewelry\\/products\\/product-1.png\",\"jewelry\\/products\\/product-6.png\",\"jewelry\\/products\\/product-3.png\",\"jewelry\\/products\\/product-4.png\"]','FN-105-A1',0,17,0,1,1,1,0,0,2373,NULL,NULL,NULL,13.00,12.00,10.00,815.00,NULL,26603,'2024-05-10 02:12:04','2024-05-10 02:12:05','in_stock',8,0,'Botble\\ACL\\Models\\User',0,NULL,'physical',NULL,NULL,0,0,0),(24,'Athleisure Jogger Pants (Digital)','Achieve a polished look with this tailored wool blazer, designed for a flattering fit and versatile enough for both work and casual outings.','<div class=\"row justify-content-center\">\n    <div class=\"col-xl-10\">\n        <div class=\"tp-product-details-desc-item pb-105\">\n            <div class=\"row\">\n                <div class=\"col-lg-6\">\n                    <div class=\"pt-25\">\n                        <span>Diamond Tennis Bracelet</span>\n                        <h3 class=\"tp-product-details-desc-title\">Timeless Elegance</h3>\n                        <p>\n                            Elevate your style with our exquisite diamond tennis bracelet. Crafted with precision and attention to detail, each sparkling diamond is expertly set in lustrous white gold, creating a piece of jewelry that exudes sophistication and luxury. Whether worn alone or layered with other bracelets, this timeless accessory adds a touch of glamour to any ensemble.\n                        </p>\n                    </div>\n                    <div>\n                        <h3 class=\"tp-product-details-desc-title\">Exceptional Quality</h3>\n                        <p>\n                            Our diamond tennis bracelet is crafted from the finest materials to ensure lasting beauty and brilliance. Each diamond is carefully selected for its clarity, cut, and color, resulting in a piece of jewelry that\'s truly exceptional. Indulge in luxury and elegance with this stunning bracelet that\'s sure to become a cherished heirloom.\n                        </p>\n                    </div>\n                </div>\n                <div class=\"col-lg-6\">\n                    <div class=\"tp-product-details-desc-thumb\">\n                        <img src=\"/storage/jewelry/products/product-1.png\" alt=\"Diamond Tennis Bracelet\">\n                    </div>\n                </div>\n            </div>\n        </div>\n        <div class=\"tp-product-details-desc-item pb-75\">\n            <div class=\"row\">\n                <div class=\"col-lg-7\">\n                    <div class=\"tp-product-details-desc-thumb\">\n                        <img src=\"/storage/jewelry/products/product-2.png\" alt=\"Close-up of Diamond Tennis Bracelet\">\n                    </div>\n                </div>\n\n                <div class=\"col-lg-5 order-first order-lg-last\">\n                    <div class=\"des-content-2 pl-40\">\n                        <h3 class=\"tp-product-details-desc-title\">\n                            Versatile Style\n                        </h3>\n                        <p>\n                            Effortlessly transition from day to night with our versatile diamond tennis bracelet. Whether paired with a casual outfit or a formal gown, it adds a touch of glamour and sophistication to any look. Treat yourself or someone special to this timeless piece that\'s destined to be cherished for years to come.\n                        </p>\n                    </div>\n                </div>\n            </div>\n        </div>\n        <div class=\"tp-product-details-desc-item\">\n            <div class=\"row\">\n                <div class=\"col-xl-12\">\n                    <div class=\"tp-product-details-desc-banner text-center m-img\">\n                        <h3 class=\"tp-product-details-desc-banner-title tp-product-details-desc-title\">Exquisite Craftsmanship</h3>\n                        <img src=\"/storage/jewelry/products/product-3.png\" alt=\"Jewelry Workshop\">\n                    </div>\n                </div>\n            </div>\n        </div>\n    </div>\n</div>\n','published','[\"jewelry\\/products\\/product-8.png\",\"jewelry\\/products\\/product-5.png\",\"jewelry\\/products\\/product-1.png\",\"jewelry\\/products\\/product-3.png\",\"jewelry\\/products\\/product-4.png\",\"jewelry\\/products\\/product-2.png\",\"jewelry\\/products\\/product-7.png\",\"jewelry\\/products\\/product-6.png\"]','IH-120-A1',0,20,0,1,0,2,0,0,1361,1170.46,NULL,NULL,14.00,10.00,18.00,578.00,NULL,151075,'2024-05-10 02:12:04','2024-05-10 02:12:05','in_stock',3,0,'Botble\\ACL\\Models\\User',0,NULL,'digital',NULL,NULL,0,0,0),(25,'Leopard Print Midi Skirt','Top off your look with this chic fedora hat, crafted with a classic silhouette and a timeless appeal. A must-have accessory for any fashion-forward wardrobe.','<div class=\"row justify-content-center\">\n    <div class=\"col-xl-10\">\n        <div class=\"tp-product-details-desc-item pb-105\">\n            <div class=\"row\">\n                <div class=\"col-lg-6\">\n                    <div class=\"pt-25\">\n                        <span>Diamond Tennis Bracelet</span>\n                        <h3 class=\"tp-product-details-desc-title\">Timeless Elegance</h3>\n                        <p>\n                            Elevate your style with our exquisite diamond tennis bracelet. Crafted with precision and attention to detail, each sparkling diamond is expertly set in lustrous white gold, creating a piece of jewelry that exudes sophistication and luxury. Whether worn alone or layered with other bracelets, this timeless accessory adds a touch of glamour to any ensemble.\n                        </p>\n                    </div>\n                    <div>\n                        <h3 class=\"tp-product-details-desc-title\">Exceptional Quality</h3>\n                        <p>\n                            Our diamond tennis bracelet is crafted from the finest materials to ensure lasting beauty and brilliance. Each diamond is carefully selected for its clarity, cut, and color, resulting in a piece of jewelry that\'s truly exceptional. Indulge in luxury and elegance with this stunning bracelet that\'s sure to become a cherished heirloom.\n                        </p>\n                    </div>\n                </div>\n                <div class=\"col-lg-6\">\n                    <div class=\"tp-product-details-desc-thumb\">\n                        <img src=\"/storage/jewelry/products/product-1.png\" alt=\"Diamond Tennis Bracelet\">\n                    </div>\n                </div>\n            </div>\n        </div>\n        <div class=\"tp-product-details-desc-item pb-75\">\n            <div class=\"row\">\n                <div class=\"col-lg-7\">\n                    <div class=\"tp-product-details-desc-thumb\">\n                        <img src=\"/storage/jewelry/products/product-2.png\" alt=\"Close-up of Diamond Tennis Bracelet\">\n                    </div>\n                </div>\n\n                <div class=\"col-lg-5 order-first order-lg-last\">\n                    <div class=\"des-content-2 pl-40\">\n                        <h3 class=\"tp-product-details-desc-title\">\n                            Versatile Style\n                        </h3>\n                        <p>\n                            Effortlessly transition from day to night with our versatile diamond tennis bracelet. Whether paired with a casual outfit or a formal gown, it adds a touch of glamour and sophistication to any look. Treat yourself or someone special to this timeless piece that\'s destined to be cherished for years to come.\n                        </p>\n                    </div>\n                </div>\n            </div>\n        </div>\n        <div class=\"tp-product-details-desc-item\">\n            <div class=\"row\">\n                <div class=\"col-xl-12\">\n                    <div class=\"tp-product-details-desc-banner text-center m-img\">\n                        <h3 class=\"tp-product-details-desc-banner-title tp-product-details-desc-title\">Exquisite Craftsmanship</h3>\n                        <img src=\"/storage/jewelry/products/product-3.png\" alt=\"Jewelry Workshop\">\n                    </div>\n                </div>\n            </div>\n        </div>\n    </div>\n</div>\n','published','[\"jewelry\\/products\\/product-1.png\",\"jewelry\\/products\\/product-7.png\",\"jewelry\\/products\\/product-6.png\"]','18-183-A1',0,19,0,1,1,5,0,0,1029,NULL,NULL,NULL,14.00,16.00,12.00,790.00,NULL,163652,'2024-05-10 02:12:04','2024-05-10 02:12:05','in_stock',2,0,'Botble\\ACL\\Models\\User',0,NULL,'physical',NULL,NULL,0,0,0),(26,'Retro Cat-Eye Sunglasses','Stay on trend with these high-waisted wide-leg trousers, combining comfort and sophistication. Pair them with heels for a refined look.','<div class=\"row justify-content-center\">\n    <div class=\"col-xl-10\">\n        <div class=\"tp-product-details-desc-item pb-105\">\n            <div class=\"row\">\n                <div class=\"col-lg-6\">\n                    <div class=\"pt-25\">\n                        <span>Diamond Tennis Bracelet</span>\n                        <h3 class=\"tp-product-details-desc-title\">Timeless Elegance</h3>\n                        <p>\n                            Elevate your style with our exquisite diamond tennis bracelet. Crafted with precision and attention to detail, each sparkling diamond is expertly set in lustrous white gold, creating a piece of jewelry that exudes sophistication and luxury. Whether worn alone or layered with other bracelets, this timeless accessory adds a touch of glamour to any ensemble.\n                        </p>\n                    </div>\n                    <div>\n                        <h3 class=\"tp-product-details-desc-title\">Exceptional Quality</h3>\n                        <p>\n                            Our diamond tennis bracelet is crafted from the finest materials to ensure lasting beauty and brilliance. Each diamond is carefully selected for its clarity, cut, and color, resulting in a piece of jewelry that\'s truly exceptional. Indulge in luxury and elegance with this stunning bracelet that\'s sure to become a cherished heirloom.\n                        </p>\n                    </div>\n                </div>\n                <div class=\"col-lg-6\">\n                    <div class=\"tp-product-details-desc-thumb\">\n                        <img src=\"/storage/jewelry/products/product-1.png\" alt=\"Diamond Tennis Bracelet\">\n                    </div>\n                </div>\n            </div>\n        </div>\n        <div class=\"tp-product-details-desc-item pb-75\">\n            <div class=\"row\">\n                <div class=\"col-lg-7\">\n                    <div class=\"tp-product-details-desc-thumb\">\n                        <img src=\"/storage/jewelry/products/product-2.png\" alt=\"Close-up of Diamond Tennis Bracelet\">\n                    </div>\n                </div>\n\n                <div class=\"col-lg-5 order-first order-lg-last\">\n                    <div class=\"des-content-2 pl-40\">\n                        <h3 class=\"tp-product-details-desc-title\">\n                            Versatile Style\n                        </h3>\n                        <p>\n                            Effortlessly transition from day to night with our versatile diamond tennis bracelet. Whether paired with a casual outfit or a formal gown, it adds a touch of glamour and sophistication to any look. Treat yourself or someone special to this timeless piece that\'s destined to be cherished for years to come.\n                        </p>\n                    </div>\n                </div>\n            </div>\n        </div>\n        <div class=\"tp-product-details-desc-item\">\n            <div class=\"row\">\n                <div class=\"col-xl-12\">\n                    <div class=\"tp-product-details-desc-banner text-center m-img\">\n                        <h3 class=\"tp-product-details-desc-banner-title tp-product-details-desc-title\">Exquisite Craftsmanship</h3>\n                        <img src=\"/storage/jewelry/products/product-3.png\" alt=\"Jewelry Workshop\">\n                    </div>\n                </div>\n            </div>\n        </div>\n    </div>\n</div>\n','published','[\"jewelry\\/products\\/product-6.png\",\"jewelry\\/products\\/product-7.png\",\"jewelry\\/products\\/product-8.png\",\"jewelry\\/products\\/product-5.png\",\"jewelry\\/products\\/product-3.png\",\"jewelry\\/products\\/product-4.png\"]','GD-146',0,18,0,1,0,3,0,0,1481,668,NULL,NULL,14.00,10.00,18.00,537.00,NULL,111331,'2024-05-10 02:12:04','2024-05-10 02:12:04','in_stock',8,0,'Botble\\ACL\\Models\\User',0,NULL,'physical',NULL,NULL,0,0,0),(27,'Faux Fur Trimmed Coat','Make a bold statement with this chunky necklace, designed to add a touch of glamour to any outfit. The perfect accessory for a night out.','<div class=\"row justify-content-center\">\n    <div class=\"col-xl-10\">\n        <div class=\"tp-product-details-desc-item pb-105\">\n            <div class=\"row\">\n                <div class=\"col-lg-6\">\n                    <div class=\"pt-25\">\n                        <span>Diamond Tennis Bracelet</span>\n                        <h3 class=\"tp-product-details-desc-title\">Timeless Elegance</h3>\n                        <p>\n                            Elevate your style with our exquisite diamond tennis bracelet. Crafted with precision and attention to detail, each sparkling diamond is expertly set in lustrous white gold, creating a piece of jewelry that exudes sophistication and luxury. Whether worn alone or layered with other bracelets, this timeless accessory adds a touch of glamour to any ensemble.\n                        </p>\n                    </div>\n                    <div>\n                        <h3 class=\"tp-product-details-desc-title\">Exceptional Quality</h3>\n                        <p>\n                            Our diamond tennis bracelet is crafted from the finest materials to ensure lasting beauty and brilliance. Each diamond is carefully selected for its clarity, cut, and color, resulting in a piece of jewelry that\'s truly exceptional. Indulge in luxury and elegance with this stunning bracelet that\'s sure to become a cherished heirloom.\n                        </p>\n                    </div>\n                </div>\n                <div class=\"col-lg-6\">\n                    <div class=\"tp-product-details-desc-thumb\">\n                        <img src=\"/storage/jewelry/products/product-1.png\" alt=\"Diamond Tennis Bracelet\">\n                    </div>\n                </div>\n            </div>\n        </div>\n        <div class=\"tp-product-details-desc-item pb-75\">\n            <div class=\"row\">\n                <div class=\"col-lg-7\">\n                    <div class=\"tp-product-details-desc-thumb\">\n                        <img src=\"/storage/jewelry/products/product-2.png\" alt=\"Close-up of Diamond Tennis Bracelet\">\n                    </div>\n                </div>\n\n                <div class=\"col-lg-5 order-first order-lg-last\">\n                    <div class=\"des-content-2 pl-40\">\n                        <h3 class=\"tp-product-details-desc-title\">\n                            Versatile Style\n                        </h3>\n                        <p>\n                            Effortlessly transition from day to night with our versatile diamond tennis bracelet. Whether paired with a casual outfit or a formal gown, it adds a touch of glamour and sophistication to any look. Treat yourself or someone special to this timeless piece that\'s destined to be cherished for years to come.\n                        </p>\n                    </div>\n                </div>\n            </div>\n        </div>\n        <div class=\"tp-product-details-desc-item\">\n            <div class=\"row\">\n                <div class=\"col-xl-12\">\n                    <div class=\"tp-product-details-desc-banner text-center m-img\">\n                        <h3 class=\"tp-product-details-desc-banner-title tp-product-details-desc-title\">Exquisite Craftsmanship</h3>\n                        <img src=\"/storage/jewelry/products/product-3.png\" alt=\"Jewelry Workshop\">\n                    </div>\n                </div>\n            </div>\n        </div>\n    </div>\n</div>\n','published','[\"jewelry\\/products\\/product-4.png\",\"jewelry\\/products\\/product-2.png\",\"jewelry\\/products\\/product-7.png\",\"jewelry\\/products\\/product-5.png\"]','SJ-117-A1',0,14,0,1,1,5,0,0,1680,NULL,NULL,NULL,20.00,16.00,15.00,701.00,NULL,71826,'2024-05-10 02:12:04','2024-05-10 02:12:05','in_stock',3,0,'Botble\\ACL\\Models\\User',0,NULL,'physical',NULL,NULL,0,0,0),(28,'Boho Fringed Kimono (Digital)','Accessorize with this bohemian fringe handbag, featuring intricate details and enough space for your essentials. The perfect boho-chic addition to your collection.','<div class=\"row justify-content-center\">\n    <div class=\"col-xl-10\">\n        <div class=\"tp-product-details-desc-item pb-105\">\n            <div class=\"row\">\n                <div class=\"col-lg-6\">\n                    <div class=\"pt-25\">\n                        <span>Diamond Tennis Bracelet</span>\n                        <h3 class=\"tp-product-details-desc-title\">Timeless Elegance</h3>\n                        <p>\n                            Elevate your style with our exquisite diamond tennis bracelet. Crafted with precision and attention to detail, each sparkling diamond is expertly set in lustrous white gold, creating a piece of jewelry that exudes sophistication and luxury. Whether worn alone or layered with other bracelets, this timeless accessory adds a touch of glamour to any ensemble.\n                        </p>\n                    </div>\n                    <div>\n                        <h3 class=\"tp-product-details-desc-title\">Exceptional Quality</h3>\n                        <p>\n                            Our diamond tennis bracelet is crafted from the finest materials to ensure lasting beauty and brilliance. Each diamond is carefully selected for its clarity, cut, and color, resulting in a piece of jewelry that\'s truly exceptional. Indulge in luxury and elegance with this stunning bracelet that\'s sure to become a cherished heirloom.\n                        </p>\n                    </div>\n                </div>\n                <div class=\"col-lg-6\">\n                    <div class=\"tp-product-details-desc-thumb\">\n                        <img src=\"/storage/jewelry/products/product-1.png\" alt=\"Diamond Tennis Bracelet\">\n                    </div>\n                </div>\n            </div>\n        </div>\n        <div class=\"tp-product-details-desc-item pb-75\">\n            <div class=\"row\">\n                <div class=\"col-lg-7\">\n                    <div class=\"tp-product-details-desc-thumb\">\n                        <img src=\"/storage/jewelry/products/product-2.png\" alt=\"Close-up of Diamond Tennis Bracelet\">\n                    </div>\n                </div>\n\n                <div class=\"col-lg-5 order-first order-lg-last\">\n                    <div class=\"des-content-2 pl-40\">\n                        <h3 class=\"tp-product-details-desc-title\">\n                            Versatile Style\n                        </h3>\n                        <p>\n                            Effortlessly transition from day to night with our versatile diamond tennis bracelet. Whether paired with a casual outfit or a formal gown, it adds a touch of glamour and sophistication to any look. Treat yourself or someone special to this timeless piece that\'s destined to be cherished for years to come.\n                        </p>\n                    </div>\n                </div>\n            </div>\n        </div>\n        <div class=\"tp-product-details-desc-item\">\n            <div class=\"row\">\n                <div class=\"col-xl-12\">\n                    <div class=\"tp-product-details-desc-banner text-center m-img\">\n                        <h3 class=\"tp-product-details-desc-banner-title tp-product-details-desc-title\">Exquisite Craftsmanship</h3>\n                        <img src=\"/storage/jewelry/products/product-3.png\" alt=\"Jewelry Workshop\">\n                    </div>\n                </div>\n            </div>\n        </div>\n    </div>\n</div>\n','published','[\"jewelry\\/products\\/product-3.png\",\"jewelry\\/products\\/product-8.png\",\"jewelry\\/products\\/product-6.png\",\"jewelry\\/products\\/product-7.png\",\"jewelry\\/products\\/product-4.png\"]','EV-179',0,20,0,1,1,1,0,0,693,391,NULL,NULL,15.00,17.00,19.00,858.00,NULL,177362,'2024-05-10 02:12:04','2024-05-10 02:12:04','in_stock',8,0,'Botble\\ACL\\Models\\User',0,NULL,'digital',NULL,NULL,0,0,0),(29,'Ruffled Wrap Dress','Stay cozy and chic in this knit turtleneck sweater, featuring a ribbed texture and a timeless design. Perfect for chilly days and nights.','<div class=\"row justify-content-center\">\n    <div class=\"col-xl-10\">\n        <div class=\"tp-product-details-desc-item pb-105\">\n            <div class=\"row\">\n                <div class=\"col-lg-6\">\n                    <div class=\"pt-25\">\n                        <span>Diamond Tennis Bracelet</span>\n                        <h3 class=\"tp-product-details-desc-title\">Timeless Elegance</h3>\n                        <p>\n                            Elevate your style with our exquisite diamond tennis bracelet. Crafted with precision and attention to detail, each sparkling diamond is expertly set in lustrous white gold, creating a piece of jewelry that exudes sophistication and luxury. Whether worn alone or layered with other bracelets, this timeless accessory adds a touch of glamour to any ensemble.\n                        </p>\n                    </div>\n                    <div>\n                        <h3 class=\"tp-product-details-desc-title\">Exceptional Quality</h3>\n                        <p>\n                            Our diamond tennis bracelet is crafted from the finest materials to ensure lasting beauty and brilliance. Each diamond is carefully selected for its clarity, cut, and color, resulting in a piece of jewelry that\'s truly exceptional. Indulge in luxury and elegance with this stunning bracelet that\'s sure to become a cherished heirloom.\n                        </p>\n                    </div>\n                </div>\n                <div class=\"col-lg-6\">\n                    <div class=\"tp-product-details-desc-thumb\">\n                        <img src=\"/storage/jewelry/products/product-1.png\" alt=\"Diamond Tennis Bracelet\">\n                    </div>\n                </div>\n            </div>\n        </div>\n        <div class=\"tp-product-details-desc-item pb-75\">\n            <div class=\"row\">\n                <div class=\"col-lg-7\">\n                    <div class=\"tp-product-details-desc-thumb\">\n                        <img src=\"/storage/jewelry/products/product-2.png\" alt=\"Close-up of Diamond Tennis Bracelet\">\n                    </div>\n                </div>\n\n                <div class=\"col-lg-5 order-first order-lg-last\">\n                    <div class=\"des-content-2 pl-40\">\n                        <h3 class=\"tp-product-details-desc-title\">\n                            Versatile Style\n                        </h3>\n                        <p>\n                            Effortlessly transition from day to night with our versatile diamond tennis bracelet. Whether paired with a casual outfit or a formal gown, it adds a touch of glamour and sophistication to any look. Treat yourself or someone special to this timeless piece that\'s destined to be cherished for years to come.\n                        </p>\n                    </div>\n                </div>\n            </div>\n        </div>\n        <div class=\"tp-product-details-desc-item\">\n            <div class=\"row\">\n                <div class=\"col-xl-12\">\n                    <div class=\"tp-product-details-desc-banner text-center m-img\">\n                        <h3 class=\"tp-product-details-desc-banner-title tp-product-details-desc-title\">Exquisite Craftsmanship</h3>\n                        <img src=\"/storage/jewelry/products/product-3.png\" alt=\"Jewelry Workshop\">\n                    </div>\n                </div>\n            </div>\n        </div>\n    </div>\n</div>\n','published','[\"jewelry\\/products\\/product-5.png\",\"jewelry\\/products\\/product-1.png\",\"jewelry\\/products\\/product-7.png\",\"jewelry\\/products\\/product-8.png\",\"jewelry\\/products\\/product-4.png\",\"jewelry\\/products\\/product-6.png\",\"jewelry\\/products\\/product-3.png\"]','XP-173-A1',0,11,0,1,1,4,0,0,689,NULL,NULL,NULL,10.00,19.00,11.00,786.00,NULL,89183,'2024-05-10 02:12:04','2024-05-10 02:12:05','in_stock',8,0,'Botble\\ACL\\Models\\User',0,NULL,'physical',NULL,NULL,0,0,0),(30,'Beaded Evening Clutch','Add a pop of color to your outfit with this silk scarf adorned with a geometric print. Wrap it around your neck or tie it to your handbag for a stylish touch.','<div class=\"row justify-content-center\">\n    <div class=\"col-xl-10\">\n        <div class=\"tp-product-details-desc-item pb-105\">\n            <div class=\"row\">\n                <div class=\"col-lg-6\">\n                    <div class=\"pt-25\">\n                        <span>Diamond Tennis Bracelet</span>\n                        <h3 class=\"tp-product-details-desc-title\">Timeless Elegance</h3>\n                        <p>\n                            Elevate your style with our exquisite diamond tennis bracelet. Crafted with precision and attention to detail, each sparkling diamond is expertly set in lustrous white gold, creating a piece of jewelry that exudes sophistication and luxury. Whether worn alone or layered with other bracelets, this timeless accessory adds a touch of glamour to any ensemble.\n                        </p>\n                    </div>\n                    <div>\n                        <h3 class=\"tp-product-details-desc-title\">Exceptional Quality</h3>\n                        <p>\n                            Our diamond tennis bracelet is crafted from the finest materials to ensure lasting beauty and brilliance. Each diamond is carefully selected for its clarity, cut, and color, resulting in a piece of jewelry that\'s truly exceptional. Indulge in luxury and elegance with this stunning bracelet that\'s sure to become a cherished heirloom.\n                        </p>\n                    </div>\n                </div>\n                <div class=\"col-lg-6\">\n                    <div class=\"tp-product-details-desc-thumb\">\n                        <img src=\"/storage/jewelry/products/product-1.png\" alt=\"Diamond Tennis Bracelet\">\n                    </div>\n                </div>\n            </div>\n        </div>\n        <div class=\"tp-product-details-desc-item pb-75\">\n            <div class=\"row\">\n                <div class=\"col-lg-7\">\n                    <div class=\"tp-product-details-desc-thumb\">\n                        <img src=\"/storage/jewelry/products/product-2.png\" alt=\"Close-up of Diamond Tennis Bracelet\">\n                    </div>\n                </div>\n\n                <div class=\"col-lg-5 order-first order-lg-last\">\n                    <div class=\"des-content-2 pl-40\">\n                        <h3 class=\"tp-product-details-desc-title\">\n                            Versatile Style\n                        </h3>\n                        <p>\n                            Effortlessly transition from day to night with our versatile diamond tennis bracelet. Whether paired with a casual outfit or a formal gown, it adds a touch of glamour and sophistication to any look. Treat yourself or someone special to this timeless piece that\'s destined to be cherished for years to come.\n                        </p>\n                    </div>\n                </div>\n            </div>\n        </div>\n        <div class=\"tp-product-details-desc-item\">\n            <div class=\"row\">\n                <div class=\"col-xl-12\">\n                    <div class=\"tp-product-details-desc-banner text-center m-img\">\n                        <h3 class=\"tp-product-details-desc-banner-title tp-product-details-desc-title\">Exquisite Craftsmanship</h3>\n                        <img src=\"/storage/jewelry/products/product-3.png\" alt=\"Jewelry Workshop\">\n                    </div>\n                </div>\n            </div>\n        </div>\n    </div>\n</div>\n','published','[\"jewelry\\/products\\/product-1.png\",\"jewelry\\/products\\/product-6.png\",\"jewelry\\/products\\/product-7.png\",\"jewelry\\/products\\/product-2.png\"]','O5-115-A1',0,13,0,1,1,3,0,0,1674,NULL,NULL,NULL,14.00,15.00,13.00,782.00,NULL,54605,'2024-05-10 02:12:04','2024-05-10 02:12:05','in_stock',6,0,'Botble\\ACL\\Models\\User',0,NULL,'physical',NULL,NULL,0,0,0),(31,'Wide Brim Floppy Hat','Elevate your street style with this vintage denim jacket, featuring distressed detailing and a relaxed fit for a laid-back vibe.','<div class=\"row justify-content-center\">\n    <div class=\"col-xl-10\">\n        <div class=\"tp-product-details-desc-item pb-105\">\n            <div class=\"row\">\n                <div class=\"col-lg-6\">\n                    <div class=\"pt-25\">\n                        <span>Diamond Tennis Bracelet</span>\n                        <h3 class=\"tp-product-details-desc-title\">Timeless Elegance</h3>\n                        <p>\n                            Elevate your style with our exquisite diamond tennis bracelet. Crafted with precision and attention to detail, each sparkling diamond is expertly set in lustrous white gold, creating a piece of jewelry that exudes sophistication and luxury. Whether worn alone or layered with other bracelets, this timeless accessory adds a touch of glamour to any ensemble.\n                        </p>\n                    </div>\n                    <div>\n                        <h3 class=\"tp-product-details-desc-title\">Exceptional Quality</h3>\n                        <p>\n                            Our diamond tennis bracelet is crafted from the finest materials to ensure lasting beauty and brilliance. Each diamond is carefully selected for its clarity, cut, and color, resulting in a piece of jewelry that\'s truly exceptional. Indulge in luxury and elegance with this stunning bracelet that\'s sure to become a cherished heirloom.\n                        </p>\n                    </div>\n                </div>\n                <div class=\"col-lg-6\">\n                    <div class=\"tp-product-details-desc-thumb\">\n                        <img src=\"/storage/jewelry/products/product-1.png\" alt=\"Diamond Tennis Bracelet\">\n                    </div>\n                </div>\n            </div>\n        </div>\n        <div class=\"tp-product-details-desc-item pb-75\">\n            <div class=\"row\">\n                <div class=\"col-lg-7\">\n                    <div class=\"tp-product-details-desc-thumb\">\n                        <img src=\"/storage/jewelry/products/product-2.png\" alt=\"Close-up of Diamond Tennis Bracelet\">\n                    </div>\n                </div>\n\n                <div class=\"col-lg-5 order-first order-lg-last\">\n                    <div class=\"des-content-2 pl-40\">\n                        <h3 class=\"tp-product-details-desc-title\">\n                            Versatile Style\n                        </h3>\n                        <p>\n                            Effortlessly transition from day to night with our versatile diamond tennis bracelet. Whether paired with a casual outfit or a formal gown, it adds a touch of glamour and sophistication to any look. Treat yourself or someone special to this timeless piece that\'s destined to be cherished for years to come.\n                        </p>\n                    </div>\n                </div>\n            </div>\n        </div>\n        <div class=\"tp-product-details-desc-item\">\n            <div class=\"row\">\n                <div class=\"col-xl-12\">\n                    <div class=\"tp-product-details-desc-banner text-center m-img\">\n                        <h3 class=\"tp-product-details-desc-banner-title tp-product-details-desc-title\">Exquisite Craftsmanship</h3>\n                        <img src=\"/storage/jewelry/products/product-3.png\" alt=\"Jewelry Workshop\">\n                    </div>\n                </div>\n            </div>\n        </div>\n    </div>\n</div>\n','published','[\"jewelry\\/products\\/product-6.png\",\"jewelry\\/products\\/product-2.png\",\"jewelry\\/products\\/product-8.png\",\"jewelry\\/products\\/product-7.png\",\"jewelry\\/products\\/product-3.png\",\"jewelry\\/products\\/product-4.png\"]','QR-125',0,18,0,1,0,4,0,0,1152,816,NULL,NULL,11.00,10.00,16.00,861.00,NULL,49371,'2024-05-10 02:12:04','2024-05-10 02:12:04','in_stock',1,0,'Botble\\ACL\\Models\\User',0,NULL,'physical',NULL,NULL,0,0,0),(32,'Denim Overall Jumpsuit (Digital)','Make a statement in this floral maxi dress, perfect for summer events or a casual day out. The flowy silhouette and vibrant print will turn heads wherever you go.','<div class=\"row justify-content-center\">\n    <div class=\"col-xl-10\">\n        <div class=\"tp-product-details-desc-item pb-105\">\n            <div class=\"row\">\n                <div class=\"col-lg-6\">\n                    <div class=\"pt-25\">\n                        <span>Diamond Tennis Bracelet</span>\n                        <h3 class=\"tp-product-details-desc-title\">Timeless Elegance</h3>\n                        <p>\n                            Elevate your style with our exquisite diamond tennis bracelet. Crafted with precision and attention to detail, each sparkling diamond is expertly set in lustrous white gold, creating a piece of jewelry that exudes sophistication and luxury. Whether worn alone or layered with other bracelets, this timeless accessory adds a touch of glamour to any ensemble.\n                        </p>\n                    </div>\n                    <div>\n                        <h3 class=\"tp-product-details-desc-title\">Exceptional Quality</h3>\n                        <p>\n                            Our diamond tennis bracelet is crafted from the finest materials to ensure lasting beauty and brilliance. Each diamond is carefully selected for its clarity, cut, and color, resulting in a piece of jewelry that\'s truly exceptional. Indulge in luxury and elegance with this stunning bracelet that\'s sure to become a cherished heirloom.\n                        </p>\n                    </div>\n                </div>\n                <div class=\"col-lg-6\">\n                    <div class=\"tp-product-details-desc-thumb\">\n                        <img src=\"/storage/jewelry/products/product-1.png\" alt=\"Diamond Tennis Bracelet\">\n                    </div>\n                </div>\n            </div>\n        </div>\n        <div class=\"tp-product-details-desc-item pb-75\">\n            <div class=\"row\">\n                <div class=\"col-lg-7\">\n                    <div class=\"tp-product-details-desc-thumb\">\n                        <img src=\"/storage/jewelry/products/product-2.png\" alt=\"Close-up of Diamond Tennis Bracelet\">\n                    </div>\n                </div>\n\n                <div class=\"col-lg-5 order-first order-lg-last\">\n                    <div class=\"des-content-2 pl-40\">\n                        <h3 class=\"tp-product-details-desc-title\">\n                            Versatile Style\n                        </h3>\n                        <p>\n                            Effortlessly transition from day to night with our versatile diamond tennis bracelet. Whether paired with a casual outfit or a formal gown, it adds a touch of glamour and sophistication to any look. Treat yourself or someone special to this timeless piece that\'s destined to be cherished for years to come.\n                        </p>\n                    </div>\n                </div>\n            </div>\n        </div>\n        <div class=\"tp-product-details-desc-item\">\n            <div class=\"row\">\n                <div class=\"col-xl-12\">\n                    <div class=\"tp-product-details-desc-banner text-center m-img\">\n                        <h3 class=\"tp-product-details-desc-banner-title tp-product-details-desc-title\">Exquisite Craftsmanship</h3>\n                        <img src=\"/storage/jewelry/products/product-3.png\" alt=\"Jewelry Workshop\">\n                    </div>\n                </div>\n            </div>\n        </div>\n    </div>\n</div>\n','published','[\"jewelry\\/products\\/product-4.png\",\"jewelry\\/products\\/product-6.png\",\"jewelry\\/products\\/product-7.png\",\"jewelry\\/products\\/product-2.png\",\"jewelry\\/products\\/product-3.png\",\"jewelry\\/products\\/product-1.png\"]','MD-114',0,16,0,1,1,4,0,0,1614,74,NULL,NULL,20.00,17.00,10.00,574.00,NULL,168362,'2024-05-10 02:12:04','2024-05-10 02:12:04','in_stock',3,0,'Botble\\ACL\\Models\\User',0,NULL,'digital',NULL,NULL,0,0,0),(33,'Embellished Ballet Flats','Stay on trend with these high-waisted wide-leg trousers, combining comfort and sophistication. Pair them with heels for a refined look.','<div class=\"row justify-content-center\">\n    <div class=\"col-xl-10\">\n        <div class=\"tp-product-details-desc-item pb-105\">\n            <div class=\"row\">\n                <div class=\"col-lg-6\">\n                    <div class=\"pt-25\">\n                        <span>Diamond Tennis Bracelet</span>\n                        <h3 class=\"tp-product-details-desc-title\">Timeless Elegance</h3>\n                        <p>\n                            Elevate your style with our exquisite diamond tennis bracelet. Crafted with precision and attention to detail, each sparkling diamond is expertly set in lustrous white gold, creating a piece of jewelry that exudes sophistication and luxury. Whether worn alone or layered with other bracelets, this timeless accessory adds a touch of glamour to any ensemble.\n                        </p>\n                    </div>\n                    <div>\n                        <h3 class=\"tp-product-details-desc-title\">Exceptional Quality</h3>\n                        <p>\n                            Our diamond tennis bracelet is crafted from the finest materials to ensure lasting beauty and brilliance. Each diamond is carefully selected for its clarity, cut, and color, resulting in a piece of jewelry that\'s truly exceptional. Indulge in luxury and elegance with this stunning bracelet that\'s sure to become a cherished heirloom.\n                        </p>\n                    </div>\n                </div>\n                <div class=\"col-lg-6\">\n                    <div class=\"tp-product-details-desc-thumb\">\n                        <img src=\"/storage/jewelry/products/product-1.png\" alt=\"Diamond Tennis Bracelet\">\n                    </div>\n                </div>\n            </div>\n        </div>\n        <div class=\"tp-product-details-desc-item pb-75\">\n            <div class=\"row\">\n                <div class=\"col-lg-7\">\n                    <div class=\"tp-product-details-desc-thumb\">\n                        <img src=\"/storage/jewelry/products/product-2.png\" alt=\"Close-up of Diamond Tennis Bracelet\">\n                    </div>\n                </div>\n\n                <div class=\"col-lg-5 order-first order-lg-last\">\n                    <div class=\"des-content-2 pl-40\">\n                        <h3 class=\"tp-product-details-desc-title\">\n                            Versatile Style\n                        </h3>\n                        <p>\n                            Effortlessly transition from day to night with our versatile diamond tennis bracelet. Whether paired with a casual outfit or a formal gown, it adds a touch of glamour and sophistication to any look. Treat yourself or someone special to this timeless piece that\'s destined to be cherished for years to come.\n                        </p>\n                    </div>\n                </div>\n            </div>\n        </div>\n        <div class=\"tp-product-details-desc-item\">\n            <div class=\"row\">\n                <div class=\"col-xl-12\">\n                    <div class=\"tp-product-details-desc-banner text-center m-img\">\n                        <h3 class=\"tp-product-details-desc-banner-title tp-product-details-desc-title\">Exquisite Craftsmanship</h3>\n                        <img src=\"/storage/jewelry/products/product-3.png\" alt=\"Jewelry Workshop\">\n                    </div>\n                </div>\n            </div>\n        </div>\n    </div>\n</div>\n','published','[\"jewelry\\/products\\/product-2.png\",\"jewelry\\/products\\/product-8.png\",\"jewelry\\/products\\/product-7.png\",\"jewelry\\/products\\/product-3.png\"]','MI-111-A1',0,20,0,1,0,3,0,0,2498,NULL,NULL,NULL,19.00,11.00,10.00,652.00,NULL,14376,'2024-05-10 02:12:04','2024-05-10 02:12:05','in_stock',8,0,'Botble\\ACL\\Models\\User',0,NULL,'physical',NULL,NULL,0,0,0),(34,'Pleated Midi Skirt','Add a pop of color to your outfit with this silk scarf adorned with a geometric print. Wrap it around your neck or tie it to your handbag for a stylish touch.','<div class=\"row justify-content-center\">\n    <div class=\"col-xl-10\">\n        <div class=\"tp-product-details-desc-item pb-105\">\n            <div class=\"row\">\n                <div class=\"col-lg-6\">\n                    <div class=\"pt-25\">\n                        <span>Diamond Tennis Bracelet</span>\n                        <h3 class=\"tp-product-details-desc-title\">Timeless Elegance</h3>\n                        <p>\n                            Elevate your style with our exquisite diamond tennis bracelet. Crafted with precision and attention to detail, each sparkling diamond is expertly set in lustrous white gold, creating a piece of jewelry that exudes sophistication and luxury. Whether worn alone or layered with other bracelets, this timeless accessory adds a touch of glamour to any ensemble.\n                        </p>\n                    </div>\n                    <div>\n                        <h3 class=\"tp-product-details-desc-title\">Exceptional Quality</h3>\n                        <p>\n                            Our diamond tennis bracelet is crafted from the finest materials to ensure lasting beauty and brilliance. Each diamond is carefully selected for its clarity, cut, and color, resulting in a piece of jewelry that\'s truly exceptional. Indulge in luxury and elegance with this stunning bracelet that\'s sure to become a cherished heirloom.\n                        </p>\n                    </div>\n                </div>\n                <div class=\"col-lg-6\">\n                    <div class=\"tp-product-details-desc-thumb\">\n                        <img src=\"/storage/jewelry/products/product-1.png\" alt=\"Diamond Tennis Bracelet\">\n                    </div>\n                </div>\n            </div>\n        </div>\n        <div class=\"tp-product-details-desc-item pb-75\">\n            <div class=\"row\">\n                <div class=\"col-lg-7\">\n                    <div class=\"tp-product-details-desc-thumb\">\n                        <img src=\"/storage/jewelry/products/product-2.png\" alt=\"Close-up of Diamond Tennis Bracelet\">\n                    </div>\n                </div>\n\n                <div class=\"col-lg-5 order-first order-lg-last\">\n                    <div class=\"des-content-2 pl-40\">\n                        <h3 class=\"tp-product-details-desc-title\">\n                            Versatile Style\n                        </h3>\n                        <p>\n                            Effortlessly transition from day to night with our versatile diamond tennis bracelet. Whether paired with a casual outfit or a formal gown, it adds a touch of glamour and sophistication to any look. Treat yourself or someone special to this timeless piece that\'s destined to be cherished for years to come.\n                        </p>\n                    </div>\n                </div>\n            </div>\n        </div>\n        <div class=\"tp-product-details-desc-item\">\n            <div class=\"row\">\n                <div class=\"col-xl-12\">\n                    <div class=\"tp-product-details-desc-banner text-center m-img\">\n                        <h3 class=\"tp-product-details-desc-banner-title tp-product-details-desc-title\">Exquisite Craftsmanship</h3>\n                        <img src=\"/storage/jewelry/products/product-3.png\" alt=\"Jewelry Workshop\">\n                    </div>\n                </div>\n            </div>\n        </div>\n    </div>\n</div>\n','published','[\"jewelry\\/products\\/product-5.png\",\"jewelry\\/products\\/product-8.png\",\"jewelry\\/products\\/product-7.png\"]','K1-197',0,16,0,1,1,1,0,0,1773,983,NULL,NULL,19.00,18.00,12.00,826.00,NULL,110415,'2024-05-10 02:12:04','2024-05-10 02:12:04','in_stock',7,0,'Botble\\ACL\\Models\\User',0,NULL,'physical',NULL,NULL,0,0,0),(35,'Velour Tracksuit Set','Stay on trend with these high-waisted wide-leg trousers, combining comfort and sophistication. Pair them with heels for a refined look.','<div class=\"row justify-content-center\">\n    <div class=\"col-xl-10\">\n        <div class=\"tp-product-details-desc-item pb-105\">\n            <div class=\"row\">\n                <div class=\"col-lg-6\">\n                    <div class=\"pt-25\">\n                        <span>Diamond Tennis Bracelet</span>\n                        <h3 class=\"tp-product-details-desc-title\">Timeless Elegance</h3>\n                        <p>\n                            Elevate your style with our exquisite diamond tennis bracelet. Crafted with precision and attention to detail, each sparkling diamond is expertly set in lustrous white gold, creating a piece of jewelry that exudes sophistication and luxury. Whether worn alone or layered with other bracelets, this timeless accessory adds a touch of glamour to any ensemble.\n                        </p>\n                    </div>\n                    <div>\n                        <h3 class=\"tp-product-details-desc-title\">Exceptional Quality</h3>\n                        <p>\n                            Our diamond tennis bracelet is crafted from the finest materials to ensure lasting beauty and brilliance. Each diamond is carefully selected for its clarity, cut, and color, resulting in a piece of jewelry that\'s truly exceptional. Indulge in luxury and elegance with this stunning bracelet that\'s sure to become a cherished heirloom.\n                        </p>\n                    </div>\n                </div>\n                <div class=\"col-lg-6\">\n                    <div class=\"tp-product-details-desc-thumb\">\n                        <img src=\"/storage/jewelry/products/product-1.png\" alt=\"Diamond Tennis Bracelet\">\n                    </div>\n                </div>\n            </div>\n        </div>\n        <div class=\"tp-product-details-desc-item pb-75\">\n            <div class=\"row\">\n                <div class=\"col-lg-7\">\n                    <div class=\"tp-product-details-desc-thumb\">\n                        <img src=\"/storage/jewelry/products/product-2.png\" alt=\"Close-up of Diamond Tennis Bracelet\">\n                    </div>\n                </div>\n\n                <div class=\"col-lg-5 order-first order-lg-last\">\n                    <div class=\"des-content-2 pl-40\">\n                        <h3 class=\"tp-product-details-desc-title\">\n                            Versatile Style\n                        </h3>\n                        <p>\n                            Effortlessly transition from day to night with our versatile diamond tennis bracelet. Whether paired with a casual outfit or a formal gown, it adds a touch of glamour and sophistication to any look. Treat yourself or someone special to this timeless piece that\'s destined to be cherished for years to come.\n                        </p>\n                    </div>\n                </div>\n            </div>\n        </div>\n        <div class=\"tp-product-details-desc-item\">\n            <div class=\"row\">\n                <div class=\"col-xl-12\">\n                    <div class=\"tp-product-details-desc-banner text-center m-img\">\n                        <h3 class=\"tp-product-details-desc-banner-title tp-product-details-desc-title\">Exquisite Craftsmanship</h3>\n                        <img src=\"/storage/jewelry/products/product-3.png\" alt=\"Jewelry Workshop\">\n                    </div>\n                </div>\n            </div>\n        </div>\n    </div>\n</div>\n','published','[\"jewelry\\/products\\/product-8.png\",\"jewelry\\/products\\/product-1.png\",\"jewelry\\/products\\/product-4.png\",\"jewelry\\/products\\/product-6.png\",\"jewelry\\/products\\/product-2.png\"]','KH-122',0,16,0,1,1,4,0,0,1773,330,NULL,NULL,14.00,16.00,13.00,814.00,NULL,138386,'2024-05-10 02:12:04','2024-05-10 02:12:04','in_stock',8,0,'Botble\\ACL\\Models\\User',0,NULL,'physical',NULL,NULL,0,0,0),(36,'Geometric Patterned Cardigan (Digital)','Stay on trend with these high-waisted wide-leg trousers, combining comfort and sophistication. Pair them with heels for a refined look.','<div class=\"row justify-content-center\">\n    <div class=\"col-xl-10\">\n        <div class=\"tp-product-details-desc-item pb-105\">\n            <div class=\"row\">\n                <div class=\"col-lg-6\">\n                    <div class=\"pt-25\">\n                        <span>Diamond Tennis Bracelet</span>\n                        <h3 class=\"tp-product-details-desc-title\">Timeless Elegance</h3>\n                        <p>\n                            Elevate your style with our exquisite diamond tennis bracelet. Crafted with precision and attention to detail, each sparkling diamond is expertly set in lustrous white gold, creating a piece of jewelry that exudes sophistication and luxury. Whether worn alone or layered with other bracelets, this timeless accessory adds a touch of glamour to any ensemble.\n                        </p>\n                    </div>\n                    <div>\n                        <h3 class=\"tp-product-details-desc-title\">Exceptional Quality</h3>\n                        <p>\n                            Our diamond tennis bracelet is crafted from the finest materials to ensure lasting beauty and brilliance. Each diamond is carefully selected for its clarity, cut, and color, resulting in a piece of jewelry that\'s truly exceptional. Indulge in luxury and elegance with this stunning bracelet that\'s sure to become a cherished heirloom.\n                        </p>\n                    </div>\n                </div>\n                <div class=\"col-lg-6\">\n                    <div class=\"tp-product-details-desc-thumb\">\n                        <img src=\"/storage/jewelry/products/product-1.png\" alt=\"Diamond Tennis Bracelet\">\n                    </div>\n                </div>\n            </div>\n        </div>\n        <div class=\"tp-product-details-desc-item pb-75\">\n            <div class=\"row\">\n                <div class=\"col-lg-7\">\n                    <div class=\"tp-product-details-desc-thumb\">\n                        <img src=\"/storage/jewelry/products/product-2.png\" alt=\"Close-up of Diamond Tennis Bracelet\">\n                    </div>\n                </div>\n\n                <div class=\"col-lg-5 order-first order-lg-last\">\n                    <div class=\"des-content-2 pl-40\">\n                        <h3 class=\"tp-product-details-desc-title\">\n                            Versatile Style\n                        </h3>\n                        <p>\n                            Effortlessly transition from day to night with our versatile diamond tennis bracelet. Whether paired with a casual outfit or a formal gown, it adds a touch of glamour and sophistication to any look. Treat yourself or someone special to this timeless piece that\'s destined to be cherished for years to come.\n                        </p>\n                    </div>\n                </div>\n            </div>\n        </div>\n        <div class=\"tp-product-details-desc-item\">\n            <div class=\"row\">\n                <div class=\"col-xl-12\">\n                    <div class=\"tp-product-details-desc-banner text-center m-img\">\n                        <h3 class=\"tp-product-details-desc-banner-title tp-product-details-desc-title\">Exquisite Craftsmanship</h3>\n                        <img src=\"/storage/jewelry/products/product-3.png\" alt=\"Jewelry Workshop\">\n                    </div>\n                </div>\n            </div>\n        </div>\n    </div>\n</div>\n','published','[\"jewelry\\/products\\/product-3.png\",\"jewelry\\/products\\/product-8.png\",\"jewelry\\/products\\/product-4.png\",\"jewelry\\/products\\/product-1.png\"]','60-177-A1',0,12,0,1,1,1,0,0,1107,907.74,NULL,NULL,15.00,12.00,13.00,682.00,NULL,130574,'2024-05-10 02:12:04','2024-05-10 02:12:05','in_stock',4,0,'Botble\\ACL\\Models\\User',0,NULL,'digital',NULL,NULL,0,0,0),(37,'Buckle Detail Ankle Booties','Make a bold statement with this chunky necklace, designed to add a touch of glamour to any outfit. The perfect accessory for a night out.','<div class=\"row justify-content-center\">\n    <div class=\"col-xl-10\">\n        <div class=\"tp-product-details-desc-item pb-105\">\n            <div class=\"row\">\n                <div class=\"col-lg-6\">\n                    <div class=\"pt-25\">\n                        <span>Diamond Tennis Bracelet</span>\n                        <h3 class=\"tp-product-details-desc-title\">Timeless Elegance</h3>\n                        <p>\n                            Elevate your style with our exquisite diamond tennis bracelet. Crafted with precision and attention to detail, each sparkling diamond is expertly set in lustrous white gold, creating a piece of jewelry that exudes sophistication and luxury. Whether worn alone or layered with other bracelets, this timeless accessory adds a touch of glamour to any ensemble.\n                        </p>\n                    </div>\n                    <div>\n                        <h3 class=\"tp-product-details-desc-title\">Exceptional Quality</h3>\n                        <p>\n                            Our diamond tennis bracelet is crafted from the finest materials to ensure lasting beauty and brilliance. Each diamond is carefully selected for its clarity, cut, and color, resulting in a piece of jewelry that\'s truly exceptional. Indulge in luxury and elegance with this stunning bracelet that\'s sure to become a cherished heirloom.\n                        </p>\n                    </div>\n                </div>\n                <div class=\"col-lg-6\">\n                    <div class=\"tp-product-details-desc-thumb\">\n                        <img src=\"/storage/jewelry/products/product-1.png\" alt=\"Diamond Tennis Bracelet\">\n                    </div>\n                </div>\n            </div>\n        </div>\n        <div class=\"tp-product-details-desc-item pb-75\">\n            <div class=\"row\">\n                <div class=\"col-lg-7\">\n                    <div class=\"tp-product-details-desc-thumb\">\n                        <img src=\"/storage/jewelry/products/product-2.png\" alt=\"Close-up of Diamond Tennis Bracelet\">\n                    </div>\n                </div>\n\n                <div class=\"col-lg-5 order-first order-lg-last\">\n                    <div class=\"des-content-2 pl-40\">\n                        <h3 class=\"tp-product-details-desc-title\">\n                            Versatile Style\n                        </h3>\n                        <p>\n                            Effortlessly transition from day to night with our versatile diamond tennis bracelet. Whether paired with a casual outfit or a formal gown, it adds a touch of glamour and sophistication to any look. Treat yourself or someone special to this timeless piece that\'s destined to be cherished for years to come.\n                        </p>\n                    </div>\n                </div>\n            </div>\n        </div>\n        <div class=\"tp-product-details-desc-item\">\n            <div class=\"row\">\n                <div class=\"col-xl-12\">\n                    <div class=\"tp-product-details-desc-banner text-center m-img\">\n                        <h3 class=\"tp-product-details-desc-banner-title tp-product-details-desc-title\">Exquisite Craftsmanship</h3>\n                        <img src=\"/storage/jewelry/products/product-3.png\" alt=\"Jewelry Workshop\">\n                    </div>\n                </div>\n            </div>\n        </div>\n    </div>\n</div>\n','published','[\"jewelry\\/products\\/product-3.png\",\"jewelry\\/products\\/product-5.png\",\"jewelry\\/products\\/product-8.png\"]','Y3-138',0,13,0,1,1,3,0,0,1735,1127,NULL,NULL,13.00,20.00,20.00,653.00,NULL,84082,'2024-05-10 02:12:04','2024-05-10 02:12:04','in_stock',3,0,'Botble\\ACL\\Models\\User',0,NULL,'physical',NULL,NULL,0,0,0),(38,'Embroidered Bomber Jacket','Elevate your street style with this vintage denim jacket, featuring distressed detailing and a relaxed fit for a laid-back vibe.','<div class=\"row justify-content-center\">\n    <div class=\"col-xl-10\">\n        <div class=\"tp-product-details-desc-item pb-105\">\n            <div class=\"row\">\n                <div class=\"col-lg-6\">\n                    <div class=\"pt-25\">\n                        <span>Diamond Tennis Bracelet</span>\n                        <h3 class=\"tp-product-details-desc-title\">Timeless Elegance</h3>\n                        <p>\n                            Elevate your style with our exquisite diamond tennis bracelet. Crafted with precision and attention to detail, each sparkling diamond is expertly set in lustrous white gold, creating a piece of jewelry that exudes sophistication and luxury. Whether worn alone or layered with other bracelets, this timeless accessory adds a touch of glamour to any ensemble.\n                        </p>\n                    </div>\n                    <div>\n                        <h3 class=\"tp-product-details-desc-title\">Exceptional Quality</h3>\n                        <p>\n                            Our diamond tennis bracelet is crafted from the finest materials to ensure lasting beauty and brilliance. Each diamond is carefully selected for its clarity, cut, and color, resulting in a piece of jewelry that\'s truly exceptional. Indulge in luxury and elegance with this stunning bracelet that\'s sure to become a cherished heirloom.\n                        </p>\n                    </div>\n                </div>\n                <div class=\"col-lg-6\">\n                    <div class=\"tp-product-details-desc-thumb\">\n                        <img src=\"/storage/jewelry/products/product-1.png\" alt=\"Diamond Tennis Bracelet\">\n                    </div>\n                </div>\n            </div>\n        </div>\n        <div class=\"tp-product-details-desc-item pb-75\">\n            <div class=\"row\">\n                <div class=\"col-lg-7\">\n                    <div class=\"tp-product-details-desc-thumb\">\n                        <img src=\"/storage/jewelry/products/product-2.png\" alt=\"Close-up of Diamond Tennis Bracelet\">\n                    </div>\n                </div>\n\n                <div class=\"col-lg-5 order-first order-lg-last\">\n                    <div class=\"des-content-2 pl-40\">\n                        <h3 class=\"tp-product-details-desc-title\">\n                            Versatile Style\n                        </h3>\n                        <p>\n                            Effortlessly transition from day to night with our versatile diamond tennis bracelet. Whether paired with a casual outfit or a formal gown, it adds a touch of glamour and sophistication to any look. Treat yourself or someone special to this timeless piece that\'s destined to be cherished for years to come.\n                        </p>\n                    </div>\n                </div>\n            </div>\n        </div>\n        <div class=\"tp-product-details-desc-item\">\n            <div class=\"row\">\n                <div class=\"col-xl-12\">\n                    <div class=\"tp-product-details-desc-banner text-center m-img\">\n                        <h3 class=\"tp-product-details-desc-banner-title tp-product-details-desc-title\">Exquisite Craftsmanship</h3>\n                        <img src=\"/storage/jewelry/products/product-3.png\" alt=\"Jewelry Workshop\">\n                    </div>\n                </div>\n            </div>\n        </div>\n    </div>\n</div>\n','published','[\"jewelry\\/products\\/product-5.png\",\"jewelry\\/products\\/product-8.png\",\"jewelry\\/products\\/product-2.png\",\"jewelry\\/products\\/product-6.png\"]','TK-200',0,20,0,1,1,3,0,0,1047,819,NULL,NULL,11.00,17.00,18.00,643.00,NULL,125158,'2024-05-10 02:12:04','2024-05-10 02:12:04','in_stock',4,0,'Botble\\ACL\\Models\\User',0,NULL,'physical',NULL,NULL,0,0,0),(39,'Cowl Neck Knit Poncho','Make a bold statement with this chunky necklace, designed to add a touch of glamour to any outfit. The perfect accessory for a night out.','<div class=\"row justify-content-center\">\n    <div class=\"col-xl-10\">\n        <div class=\"tp-product-details-desc-item pb-105\">\n            <div class=\"row\">\n                <div class=\"col-lg-6\">\n                    <div class=\"pt-25\">\n                        <span>Diamond Tennis Bracelet</span>\n                        <h3 class=\"tp-product-details-desc-title\">Timeless Elegance</h3>\n                        <p>\n                            Elevate your style with our exquisite diamond tennis bracelet. Crafted with precision and attention to detail, each sparkling diamond is expertly set in lustrous white gold, creating a piece of jewelry that exudes sophistication and luxury. Whether worn alone or layered with other bracelets, this timeless accessory adds a touch of glamour to any ensemble.\n                        </p>\n                    </div>\n                    <div>\n                        <h3 class=\"tp-product-details-desc-title\">Exceptional Quality</h3>\n                        <p>\n                            Our diamond tennis bracelet is crafted from the finest materials to ensure lasting beauty and brilliance. Each diamond is carefully selected for its clarity, cut, and color, resulting in a piece of jewelry that\'s truly exceptional. Indulge in luxury and elegance with this stunning bracelet that\'s sure to become a cherished heirloom.\n                        </p>\n                    </div>\n                </div>\n                <div class=\"col-lg-6\">\n                    <div class=\"tp-product-details-desc-thumb\">\n                        <img src=\"/storage/jewelry/products/product-1.png\" alt=\"Diamond Tennis Bracelet\">\n                    </div>\n                </div>\n            </div>\n        </div>\n        <div class=\"tp-product-details-desc-item pb-75\">\n            <div class=\"row\">\n                <div class=\"col-lg-7\">\n                    <div class=\"tp-product-details-desc-thumb\">\n                        <img src=\"/storage/jewelry/products/product-2.png\" alt=\"Close-up of Diamond Tennis Bracelet\">\n                    </div>\n                </div>\n\n                <div class=\"col-lg-5 order-first order-lg-last\">\n                    <div class=\"des-content-2 pl-40\">\n                        <h3 class=\"tp-product-details-desc-title\">\n                            Versatile Style\n                        </h3>\n                        <p>\n                            Effortlessly transition from day to night with our versatile diamond tennis bracelet. Whether paired with a casual outfit or a formal gown, it adds a touch of glamour and sophistication to any look. Treat yourself or someone special to this timeless piece that\'s destined to be cherished for years to come.\n                        </p>\n                    </div>\n                </div>\n            </div>\n        </div>\n        <div class=\"tp-product-details-desc-item\">\n            <div class=\"row\">\n                <div class=\"col-xl-12\">\n                    <div class=\"tp-product-details-desc-banner text-center m-img\">\n                        <h3 class=\"tp-product-details-desc-banner-title tp-product-details-desc-title\">Exquisite Craftsmanship</h3>\n                        <img src=\"/storage/jewelry/products/product-3.png\" alt=\"Jewelry Workshop\">\n                    </div>\n                </div>\n            </div>\n        </div>\n    </div>\n</div>\n','published','[\"jewelry\\/products\\/product-8.png\",\"jewelry\\/products\\/product-3.png\",\"jewelry\\/products\\/product-5.png\",\"jewelry\\/products\\/product-7.png\",\"jewelry\\/products\\/product-4.png\",\"jewelry\\/products\\/product-1.png\",\"jewelry\\/products\\/product-2.png\"]','Q4-173',0,13,0,1,1,4,0,0,1861,725,NULL,NULL,15.00,10.00,10.00,809.00,NULL,164836,'2024-05-10 02:12:04','2024-05-10 02:12:04','in_stock',6,0,'Botble\\ACL\\Models\\User',0,NULL,'physical',NULL,NULL,0,0,0),(40,'Chunky Knit Infinity Scarf (Digital)','Step out in style with these leather ankle boots, crafted with a sleek design and comfortable block heel. Versatile enough to pair with both dresses and jeans.','<div class=\"row justify-content-center\">\n    <div class=\"col-xl-10\">\n        <div class=\"tp-product-details-desc-item pb-105\">\n            <div class=\"row\">\n                <div class=\"col-lg-6\">\n                    <div class=\"pt-25\">\n                        <span>Diamond Tennis Bracelet</span>\n                        <h3 class=\"tp-product-details-desc-title\">Timeless Elegance</h3>\n                        <p>\n                            Elevate your style with our exquisite diamond tennis bracelet. Crafted with precision and attention to detail, each sparkling diamond is expertly set in lustrous white gold, creating a piece of jewelry that exudes sophistication and luxury. Whether worn alone or layered with other bracelets, this timeless accessory adds a touch of glamour to any ensemble.\n                        </p>\n                    </div>\n                    <div>\n                        <h3 class=\"tp-product-details-desc-title\">Exceptional Quality</h3>\n                        <p>\n                            Our diamond tennis bracelet is crafted from the finest materials to ensure lasting beauty and brilliance. Each diamond is carefully selected for its clarity, cut, and color, resulting in a piece of jewelry that\'s truly exceptional. Indulge in luxury and elegance with this stunning bracelet that\'s sure to become a cherished heirloom.\n                        </p>\n                    </div>\n                </div>\n                <div class=\"col-lg-6\">\n                    <div class=\"tp-product-details-desc-thumb\">\n                        <img src=\"/storage/jewelry/products/product-1.png\" alt=\"Diamond Tennis Bracelet\">\n                    </div>\n                </div>\n            </div>\n        </div>\n        <div class=\"tp-product-details-desc-item pb-75\">\n            <div class=\"row\">\n                <div class=\"col-lg-7\">\n                    <div class=\"tp-product-details-desc-thumb\">\n                        <img src=\"/storage/jewelry/products/product-2.png\" alt=\"Close-up of Diamond Tennis Bracelet\">\n                    </div>\n                </div>\n\n                <div class=\"col-lg-5 order-first order-lg-last\">\n                    <div class=\"des-content-2 pl-40\">\n                        <h3 class=\"tp-product-details-desc-title\">\n                            Versatile Style\n                        </h3>\n                        <p>\n                            Effortlessly transition from day to night with our versatile diamond tennis bracelet. Whether paired with a casual outfit or a formal gown, it adds a touch of glamour and sophistication to any look. Treat yourself or someone special to this timeless piece that\'s destined to be cherished for years to come.\n                        </p>\n                    </div>\n                </div>\n            </div>\n        </div>\n        <div class=\"tp-product-details-desc-item\">\n            <div class=\"row\">\n                <div class=\"col-xl-12\">\n                    <div class=\"tp-product-details-desc-banner text-center m-img\">\n                        <h3 class=\"tp-product-details-desc-banner-title tp-product-details-desc-title\">Exquisite Craftsmanship</h3>\n                        <img src=\"/storage/jewelry/products/product-3.png\" alt=\"Jewelry Workshop\">\n                    </div>\n                </div>\n            </div>\n        </div>\n    </div>\n</div>\n','published','[\"jewelry\\/products\\/product-3.png\",\"jewelry\\/products\\/product-5.png\",\"jewelry\\/products\\/product-2.png\",\"jewelry\\/products\\/product-7.png\",\"jewelry\\/products\\/product-1.png\"]','YS-168-A1',0,10,0,1,0,1,0,0,304,246.24,NULL,NULL,13.00,14.00,15.00,816.00,NULL,173639,'2024-05-10 02:12:04','2024-05-10 02:12:05','in_stock',2,0,'Botble\\ACL\\Models\\User',0,NULL,'digital',NULL,NULL,0,0,0),(41,'Retro High-Top Sneakers','Accessorize with this bohemian fringe handbag, featuring intricate details and enough space for your essentials. The perfect boho-chic addition to your collection.','<div class=\"row justify-content-center\">\n    <div class=\"col-xl-10\">\n        <div class=\"tp-product-details-desc-item pb-105\">\n            <div class=\"row\">\n                <div class=\"col-lg-6\">\n                    <div class=\"pt-25\">\n                        <span>Diamond Tennis Bracelet</span>\n                        <h3 class=\"tp-product-details-desc-title\">Timeless Elegance</h3>\n                        <p>\n                            Elevate your style with our exquisite diamond tennis bracelet. Crafted with precision and attention to detail, each sparkling diamond is expertly set in lustrous white gold, creating a piece of jewelry that exudes sophistication and luxury. Whether worn alone or layered with other bracelets, this timeless accessory adds a touch of glamour to any ensemble.\n                        </p>\n                    </div>\n                    <div>\n                        <h3 class=\"tp-product-details-desc-title\">Exceptional Quality</h3>\n                        <p>\n                            Our diamond tennis bracelet is crafted from the finest materials to ensure lasting beauty and brilliance. Each diamond is carefully selected for its clarity, cut, and color, resulting in a piece of jewelry that\'s truly exceptional. Indulge in luxury and elegance with this stunning bracelet that\'s sure to become a cherished heirloom.\n                        </p>\n                    </div>\n                </div>\n                <div class=\"col-lg-6\">\n                    <div class=\"tp-product-details-desc-thumb\">\n                        <img src=\"/storage/jewelry/products/product-1.png\" alt=\"Diamond Tennis Bracelet\">\n                    </div>\n                </div>\n            </div>\n        </div>\n        <div class=\"tp-product-details-desc-item pb-75\">\n            <div class=\"row\">\n                <div class=\"col-lg-7\">\n                    <div class=\"tp-product-details-desc-thumb\">\n                        <img src=\"/storage/jewelry/products/product-2.png\" alt=\"Close-up of Diamond Tennis Bracelet\">\n                    </div>\n                </div>\n\n                <div class=\"col-lg-5 order-first order-lg-last\">\n                    <div class=\"des-content-2 pl-40\">\n                        <h3 class=\"tp-product-details-desc-title\">\n                            Versatile Style\n                        </h3>\n                        <p>\n                            Effortlessly transition from day to night with our versatile diamond tennis bracelet. Whether paired with a casual outfit or a formal gown, it adds a touch of glamour and sophistication to any look. Treat yourself or someone special to this timeless piece that\'s destined to be cherished for years to come.\n                        </p>\n                    </div>\n                </div>\n            </div>\n        </div>\n        <div class=\"tp-product-details-desc-item\">\n            <div class=\"row\">\n                <div class=\"col-xl-12\">\n                    <div class=\"tp-product-details-desc-banner text-center m-img\">\n                        <h3 class=\"tp-product-details-desc-banner-title tp-product-details-desc-title\">Exquisite Craftsmanship</h3>\n                        <img src=\"/storage/jewelry/products/product-3.png\" alt=\"Jewelry Workshop\">\n                    </div>\n                </div>\n            </div>\n        </div>\n    </div>\n</div>\n','published','[\"jewelry\\/products\\/product-7.png\",\"jewelry\\/products\\/product-1.png\",\"jewelry\\/products\\/product-8.png\"]','9X-149-A1',0,12,0,1,1,2,0,0,623,NULL,NULL,NULL,20.00,13.00,14.00,796.00,NULL,98280,'2024-05-10 02:12:04','2024-05-10 02:12:05','in_stock',1,0,'Botble\\ACL\\Models\\User',0,NULL,'physical',NULL,NULL,0,0,0),(42,'Faux Leather Leggings','Embrace bohemian vibes with this embroidered boho blouse, featuring intricate stitching and a relaxed fit. Perfect for a casual day with a touch of style.','<div class=\"row justify-content-center\">\n    <div class=\"col-xl-10\">\n        <div class=\"tp-product-details-desc-item pb-105\">\n            <div class=\"row\">\n                <div class=\"col-lg-6\">\n                    <div class=\"pt-25\">\n                        <span>Diamond Tennis Bracelet</span>\n                        <h3 class=\"tp-product-details-desc-title\">Timeless Elegance</h3>\n                        <p>\n                            Elevate your style with our exquisite diamond tennis bracelet. Crafted with precision and attention to detail, each sparkling diamond is expertly set in lustrous white gold, creating a piece of jewelry that exudes sophistication and luxury. Whether worn alone or layered with other bracelets, this timeless accessory adds a touch of glamour to any ensemble.\n                        </p>\n                    </div>\n                    <div>\n                        <h3 class=\"tp-product-details-desc-title\">Exceptional Quality</h3>\n                        <p>\n                            Our diamond tennis bracelet is crafted from the finest materials to ensure lasting beauty and brilliance. Each diamond is carefully selected for its clarity, cut, and color, resulting in a piece of jewelry that\'s truly exceptional. Indulge in luxury and elegance with this stunning bracelet that\'s sure to become a cherished heirloom.\n                        </p>\n                    </div>\n                </div>\n                <div class=\"col-lg-6\">\n                    <div class=\"tp-product-details-desc-thumb\">\n                        <img src=\"/storage/jewelry/products/product-1.png\" alt=\"Diamond Tennis Bracelet\">\n                    </div>\n                </div>\n            </div>\n        </div>\n        <div class=\"tp-product-details-desc-item pb-75\">\n            <div class=\"row\">\n                <div class=\"col-lg-7\">\n                    <div class=\"tp-product-details-desc-thumb\">\n                        <img src=\"/storage/jewelry/products/product-2.png\" alt=\"Close-up of Diamond Tennis Bracelet\">\n                    </div>\n                </div>\n\n                <div class=\"col-lg-5 order-first order-lg-last\">\n                    <div class=\"des-content-2 pl-40\">\n                        <h3 class=\"tp-product-details-desc-title\">\n                            Versatile Style\n                        </h3>\n                        <p>\n                            Effortlessly transition from day to night with our versatile diamond tennis bracelet. Whether paired with a casual outfit or a formal gown, it adds a touch of glamour and sophistication to any look. Treat yourself or someone special to this timeless piece that\'s destined to be cherished for years to come.\n                        </p>\n                    </div>\n                </div>\n            </div>\n        </div>\n        <div class=\"tp-product-details-desc-item\">\n            <div class=\"row\">\n                <div class=\"col-xl-12\">\n                    <div class=\"tp-product-details-desc-banner text-center m-img\">\n                        <h3 class=\"tp-product-details-desc-banner-title tp-product-details-desc-title\">Exquisite Craftsmanship</h3>\n                        <img src=\"/storage/jewelry/products/product-3.png\" alt=\"Jewelry Workshop\">\n                    </div>\n                </div>\n            </div>\n        </div>\n    </div>\n</div>\n','published','[\"jewelry\\/products\\/product-6.png\",\"jewelry\\/products\\/product-5.png\",\"jewelry\\/products\\/product-7.png\",\"jewelry\\/products\\/product-3.png\"]','YE-163-A1',0,11,0,1,1,1,0,0,1364,NULL,NULL,NULL,20.00,17.00,16.00,524.00,NULL,49261,'2024-05-10 02:12:04','2024-05-10 02:12:05','in_stock',5,0,'Botble\\ACL\\Models\\User',0,NULL,'physical',NULL,NULL,0,0,0),(43,'Metallic Pleated Maxi Skirt','Make a statement in this floral maxi dress, perfect for summer events or a casual day out. The flowy silhouette and vibrant print will turn heads wherever you go.','<div class=\"row justify-content-center\">\n    <div class=\"col-xl-10\">\n        <div class=\"tp-product-details-desc-item pb-105\">\n            <div class=\"row\">\n                <div class=\"col-lg-6\">\n                    <div class=\"pt-25\">\n                        <span>Diamond Tennis Bracelet</span>\n                        <h3 class=\"tp-product-details-desc-title\">Timeless Elegance</h3>\n                        <p>\n                            Elevate your style with our exquisite diamond tennis bracelet. Crafted with precision and attention to detail, each sparkling diamond is expertly set in lustrous white gold, creating a piece of jewelry that exudes sophistication and luxury. Whether worn alone or layered with other bracelets, this timeless accessory adds a touch of glamour to any ensemble.\n                        </p>\n                    </div>\n                    <div>\n                        <h3 class=\"tp-product-details-desc-title\">Exceptional Quality</h3>\n                        <p>\n                            Our diamond tennis bracelet is crafted from the finest materials to ensure lasting beauty and brilliance. Each diamond is carefully selected for its clarity, cut, and color, resulting in a piece of jewelry that\'s truly exceptional. Indulge in luxury and elegance with this stunning bracelet that\'s sure to become a cherished heirloom.\n                        </p>\n                    </div>\n                </div>\n                <div class=\"col-lg-6\">\n                    <div class=\"tp-product-details-desc-thumb\">\n                        <img src=\"/storage/jewelry/products/product-1.png\" alt=\"Diamond Tennis Bracelet\">\n                    </div>\n                </div>\n            </div>\n        </div>\n        <div class=\"tp-product-details-desc-item pb-75\">\n            <div class=\"row\">\n                <div class=\"col-lg-7\">\n                    <div class=\"tp-product-details-desc-thumb\">\n                        <img src=\"/storage/jewelry/products/product-2.png\" alt=\"Close-up of Diamond Tennis Bracelet\">\n                    </div>\n                </div>\n\n                <div class=\"col-lg-5 order-first order-lg-last\">\n                    <div class=\"des-content-2 pl-40\">\n                        <h3 class=\"tp-product-details-desc-title\">\n                            Versatile Style\n                        </h3>\n                        <p>\n                            Effortlessly transition from day to night with our versatile diamond tennis bracelet. Whether paired with a casual outfit or a formal gown, it adds a touch of glamour and sophistication to any look. Treat yourself or someone special to this timeless piece that\'s destined to be cherished for years to come.\n                        </p>\n                    </div>\n                </div>\n            </div>\n        </div>\n        <div class=\"tp-product-details-desc-item\">\n            <div class=\"row\">\n                <div class=\"col-xl-12\">\n                    <div class=\"tp-product-details-desc-banner text-center m-img\">\n                        <h3 class=\"tp-product-details-desc-banner-title tp-product-details-desc-title\">Exquisite Craftsmanship</h3>\n                        <img src=\"/storage/jewelry/products/product-3.png\" alt=\"Jewelry Workshop\">\n                    </div>\n                </div>\n            </div>\n        </div>\n    </div>\n</div>\n','published','[\"jewelry\\/products\\/product-2.png\",\"jewelry\\/products\\/product-6.png\",\"jewelry\\/products\\/product-3.png\",\"jewelry\\/products\\/product-4.png\",\"jewelry\\/products\\/product-1.png\",\"jewelry\\/products\\/product-7.png\",\"jewelry\\/products\\/product-5.png\",\"jewelry\\/products\\/product-8.png\"]','DB-166-A1',0,14,0,1,1,2,0,0,1148,NULL,NULL,NULL,12.00,19.00,15.00,713.00,NULL,29531,'2024-05-10 02:12:04','2024-05-10 02:12:05','in_stock',4,0,'Botble\\ACL\\Models\\User',0,NULL,'physical',NULL,NULL,0,0,0),(44,'Floral Maxi Dress',NULL,NULL,'published','[\"jewelry\\/products\\/product-7.png\"]','RZ-156-A1',0,11,0,1,0,5,1,0,2497,NULL,NULL,NULL,11.00,10.00,15.00,676.00,NULL,0,'2024-05-10 02:12:04','2024-05-10 02:12:04','in_stock',NULL,0,'Botble\\ACL\\Models\\User',0,NULL,'physical',NULL,NULL,0,NULL,NULL),(45,'Floral Maxi Dress',NULL,NULL,'published','[\"jewelry\\/products\\/product-6.png\"]','RZ-156-A1-A2',0,11,0,1,0,5,1,0,2497,NULL,NULL,NULL,11.00,10.00,15.00,676.00,NULL,0,'2024-05-10 02:12:04','2024-05-10 02:12:04','in_stock',NULL,0,'Botble\\ACL\\Models\\User',0,NULL,'physical',NULL,NULL,0,0,0),(46,'Leather Ankle Boots',NULL,NULL,'published','[\"jewelry\\/products\\/product-2.png\"]','XH-180-A1',0,12,0,1,0,4,1,0,2345,NULL,NULL,NULL,19.00,20.00,15.00,671.00,NULL,0,'2024-05-10 02:12:04','2024-05-10 02:12:04','in_stock',NULL,0,'Botble\\ACL\\Models\\User',0,NULL,'physical',NULL,NULL,0,NULL,NULL),(47,'Leather Ankle Boots',NULL,NULL,'published','[\"jewelry\\/products\\/product-6.png\"]','XH-180-A1-A2',0,12,0,1,0,4,1,0,2345,NULL,NULL,NULL,19.00,20.00,15.00,671.00,NULL,0,'2024-05-10 02:12:04','2024-05-10 02:12:04','in_stock',NULL,0,'Botble\\ACL\\Models\\User',0,NULL,'physical',NULL,NULL,0,0,0),(48,'Leather Ankle Boots',NULL,NULL,'published','[\"jewelry\\/products\\/product-3.png\"]','XH-180-A1-A3',0,12,0,1,0,4,1,0,2345,NULL,NULL,NULL,19.00,20.00,15.00,671.00,NULL,0,'2024-05-10 02:12:04','2024-05-10 02:12:04','in_stock',NULL,0,'Botble\\ACL\\Models\\User',0,NULL,'physical',NULL,NULL,0,0,0),(49,'Knit Turtleneck Sweater (Digital)',NULL,NULL,'published','[\"jewelry\\/products\\/product-6.png\"]','HU-107-A1',0,18,0,1,0,5,1,0,1735,1231.85,NULL,NULL,19.00,15.00,12.00,764.00,NULL,0,'2024-05-10 02:12:04','2024-05-10 02:12:04','in_stock',NULL,0,'Botble\\ACL\\Models\\User',0,NULL,'digital',NULL,NULL,0,NULL,NULL),(50,'Knit Turtleneck Sweater (Digital)',NULL,NULL,'published','[\"jewelry\\/products\\/product-5.png\"]','HU-107-A1-A2',0,18,0,1,0,5,1,0,1735,1388,NULL,NULL,19.00,15.00,12.00,764.00,NULL,0,'2024-05-10 02:12:04','2024-05-10 02:12:04','in_stock',NULL,0,'Botble\\ACL\\Models\\User',0,NULL,'digital',NULL,NULL,0,0,0),(51,'Bohemian Fringe Handbag',NULL,NULL,'published','[\"jewelry\\/products\\/product-2.png\"]','CL-188-A1',0,17,0,1,0,5,1,0,1218,NULL,NULL,NULL,13.00,19.00,12.00,888.00,NULL,0,'2024-05-10 02:12:04','2024-05-10 02:12:04','in_stock',NULL,0,'Botble\\ACL\\Models\\User',0,NULL,'physical',NULL,NULL,0,NULL,NULL),(52,'Bohemian Fringe Handbag',NULL,NULL,'published','[\"jewelry\\/products\\/product-3.png\"]','CL-188-A1-A2',0,17,0,1,0,5,1,0,1218,NULL,NULL,NULL,13.00,19.00,12.00,888.00,NULL,0,'2024-05-10 02:12:04','2024-05-10 02:12:04','in_stock',NULL,0,'Botble\\ACL\\Models\\User',0,NULL,'physical',NULL,NULL,0,0,0),(53,'Bohemian Fringe Handbag',NULL,NULL,'published','[\"jewelry\\/products\\/product-4.png\"]','CL-188-A1-A3',0,17,0,1,0,5,1,0,1218,NULL,NULL,NULL,13.00,19.00,12.00,888.00,NULL,0,'2024-05-10 02:12:04','2024-05-10 02:12:04','in_stock',NULL,0,'Botble\\ACL\\Models\\User',0,NULL,'physical',NULL,NULL,0,0,0),(54,'Bohemian Fringe Handbag',NULL,NULL,'published','[\"jewelry\\/products\\/product-7.png\"]','CL-188-A1-A4',0,17,0,1,0,5,1,0,1218,NULL,NULL,NULL,13.00,19.00,12.00,888.00,NULL,0,'2024-05-10 02:12:04','2024-05-10 02:12:04','in_stock',NULL,0,'Botble\\ACL\\Models\\User',0,NULL,'physical',NULL,NULL,0,0,0),(55,'Bohemian Fringe Handbag',NULL,NULL,'published','[\"jewelry\\/products\\/product-1.png\"]','CL-188-A1-A5',0,17,0,1,0,5,1,0,1218,NULL,NULL,NULL,13.00,19.00,12.00,888.00,NULL,0,'2024-05-10 02:12:04','2024-05-10 02:12:04','in_stock',NULL,0,'Botble\\ACL\\Models\\User',0,NULL,'physical',NULL,NULL,0,0,0),(56,'High-Waisted Wide Leg Trousers',NULL,NULL,'published','[\"jewelry\\/products\\/product-4.png\"]','3O-189-A1',0,10,0,1,0,2,1,0,773,NULL,NULL,NULL,15.00,10.00,18.00,517.00,NULL,0,'2024-05-10 02:12:04','2024-05-10 02:12:04','in_stock',NULL,0,'Botble\\ACL\\Models\\User',0,NULL,'physical',NULL,NULL,0,NULL,NULL),(57,'Embroidered Boho Blouse',NULL,NULL,'published','[\"jewelry\\/products\\/product-2.png\"]','KG-131-A1',0,12,0,1,0,5,1,0,919,NULL,NULL,NULL,11.00,15.00,19.00,837.00,NULL,0,'2024-05-10 02:12:04','2024-05-10 02:12:04','in_stock',NULL,0,'Botble\\ACL\\Models\\User',0,NULL,'physical',NULL,NULL,0,NULL,NULL),(58,'Embroidered Boho Blouse',NULL,NULL,'published','[\"jewelry\\/products\\/product-3.png\"]','KG-131-A1-A2',0,12,0,1,0,5,1,0,919,NULL,NULL,NULL,11.00,15.00,19.00,837.00,NULL,0,'2024-05-10 02:12:05','2024-05-10 02:12:05','in_stock',NULL,0,'Botble\\ACL\\Models\\User',0,NULL,'physical',NULL,NULL,0,0,0),(59,'Embroidered Boho Blouse',NULL,NULL,'published','[\"jewelry\\/products\\/product-7.png\"]','KG-131-A1-A3',0,12,0,1,0,5,1,0,919,NULL,NULL,NULL,11.00,15.00,19.00,837.00,NULL,0,'2024-05-10 02:12:05','2024-05-10 02:12:05','in_stock',NULL,0,'Botble\\ACL\\Models\\User',0,NULL,'physical',NULL,NULL,0,0,0),(60,'Embroidered Boho Blouse',NULL,NULL,'published','[\"jewelry\\/products\\/product-5.png\"]','KG-131-A1-A4',0,12,0,1,0,5,1,0,919,NULL,NULL,NULL,11.00,15.00,19.00,837.00,NULL,0,'2024-05-10 02:12:05','2024-05-10 02:12:05','in_stock',NULL,0,'Botble\\ACL\\Models\\User',0,NULL,'physical',NULL,NULL,0,0,0),(61,'Statement Chunky Necklace',NULL,NULL,'published','[\"jewelry\\/products\\/product-6.png\"]','35-100-A1',0,14,0,1,0,4,1,0,839,NULL,NULL,NULL,10.00,12.00,16.00,631.00,NULL,0,'2024-05-10 02:12:05','2024-05-10 02:12:05','in_stock',NULL,0,'Botble\\ACL\\Models\\User',0,NULL,'physical',NULL,NULL,0,NULL,NULL),(62,'Statement Chunky Necklace',NULL,NULL,'published','[\"jewelry\\/products\\/product-5.png\"]','35-100-A1-A2',0,14,0,1,0,4,1,0,839,NULL,NULL,NULL,10.00,12.00,16.00,631.00,NULL,0,'2024-05-10 02:12:05','2024-05-10 02:12:05','in_stock',NULL,0,'Botble\\ACL\\Models\\User',0,NULL,'physical',NULL,NULL,0,0,0),(63,'Statement Chunky Necklace',NULL,NULL,'published','[\"jewelry\\/products\\/product-8.png\"]','35-100-A1-A3',0,14,0,1,0,4,1,0,839,NULL,NULL,NULL,10.00,12.00,16.00,631.00,NULL,0,'2024-05-10 02:12:05','2024-05-10 02:12:05','in_stock',NULL,0,'Botble\\ACL\\Models\\User',0,NULL,'physical',NULL,NULL,0,0,0),(64,'Statement Chunky Necklace',NULL,NULL,'published','[\"jewelry\\/products\\/product-7.png\"]','35-100-A1-A4',0,14,0,1,0,4,1,0,839,NULL,NULL,NULL,10.00,12.00,16.00,631.00,NULL,0,'2024-05-10 02:12:05','2024-05-10 02:12:05','in_stock',NULL,0,'Botble\\ACL\\Models\\User',0,NULL,'physical',NULL,NULL,0,0,0),(65,'Chic Fedora Hat (Digital)',NULL,NULL,'published','[\"jewelry\\/products\\/product-7.png\"]','OQ-188-A1',0,20,0,1,0,1,1,0,1448,1303.2,NULL,NULL,20.00,15.00,12.00,581.00,NULL,0,'2024-05-10 02:12:05','2024-05-10 02:12:05','in_stock',NULL,0,'Botble\\ACL\\Models\\User',0,NULL,'digital',NULL,NULL,0,NULL,NULL),(66,'Chic Fedora Hat (Digital)',NULL,NULL,'published','[\"jewelry\\/products\\/product-6.png\"]','OQ-188-A1-A2',0,20,0,1,0,1,1,0,1448,1114.96,NULL,NULL,20.00,15.00,12.00,581.00,NULL,0,'2024-05-10 02:12:05','2024-05-10 02:12:05','in_stock',NULL,0,'Botble\\ACL\\Models\\User',0,NULL,'digital',NULL,NULL,0,0,0),(67,'Chic Fedora Hat (Digital)',NULL,NULL,'published','[\"jewelry\\/products\\/product-4.png\"]','OQ-188-A1-A3',0,20,0,1,0,1,1,0,1448,1274.24,NULL,NULL,20.00,15.00,12.00,581.00,NULL,0,'2024-05-10 02:12:05','2024-05-10 02:12:05','in_stock',NULL,0,'Botble\\ACL\\Models\\User',0,NULL,'digital',NULL,NULL,0,0,0),(68,'Velvet Evening Gown',NULL,NULL,'published','[\"jewelry\\/products\\/product-5.png\"]','8Q-141-A1',0,15,0,1,0,2,1,0,329,NULL,NULL,NULL,10.00,13.00,16.00,860.00,NULL,0,'2024-05-10 02:12:05','2024-05-10 02:12:05','in_stock',NULL,0,'Botble\\ACL\\Models\\User',0,NULL,'physical',NULL,NULL,0,NULL,NULL),(69,'Distressed Skinny Jeans (Digital)',NULL,NULL,'published','[\"jewelry\\/products\\/product-3.png\"]','4U-168-A1',0,12,0,1,0,3,1,0,2028,1642.68,NULL,NULL,18.00,10.00,10.00,504.00,NULL,0,'2024-05-10 02:12:05','2024-05-10 02:12:05','in_stock',NULL,0,'Botble\\ACL\\Models\\User',0,NULL,'digital',NULL,NULL,0,NULL,NULL),(70,'Distressed Skinny Jeans (Digital)',NULL,NULL,'published','[\"jewelry\\/products\\/product-4.png\"]','4U-168-A1-A2',0,12,0,1,0,3,1,0,2028,1602.12,NULL,NULL,18.00,10.00,10.00,504.00,NULL,0,'2024-05-10 02:12:05','2024-05-10 02:12:05','in_stock',NULL,0,'Botble\\ACL\\Models\\User',0,NULL,'digital',NULL,NULL,0,0,0),(71,'Lace-Up Combat Boots',NULL,NULL,'published','[\"jewelry\\/products\\/product-5.png\"]','HI-113-A1',0,10,0,1,0,3,1,0,1427,NULL,NULL,NULL,12.00,13.00,13.00,659.00,NULL,0,'2024-05-10 02:12:05','2024-05-10 02:12:05','in_stock',NULL,0,'Botble\\ACL\\Models\\User',0,NULL,'physical',NULL,NULL,0,NULL,NULL),(72,'Lace-Up Combat Boots',NULL,NULL,'published','[\"jewelry\\/products\\/product-3.png\"]','HI-113-A1-A2',0,10,0,1,0,3,1,0,1427,NULL,NULL,NULL,12.00,13.00,13.00,659.00,NULL,0,'2024-05-10 02:12:05','2024-05-10 02:12:05','in_stock',NULL,0,'Botble\\ACL\\Models\\User',0,NULL,'physical',NULL,NULL,0,0,0),(73,'Structured Satchel Bag (Digital)',NULL,NULL,'published','[\"jewelry\\/products\\/product-3.png\"]','QJ-196-A1',0,10,0,1,0,1,1,0,966,685.86,NULL,NULL,18.00,15.00,12.00,574.00,NULL,0,'2024-05-10 02:12:05','2024-05-10 02:12:05','in_stock',NULL,0,'Botble\\ACL\\Models\\User',0,NULL,'digital',NULL,NULL,0,NULL,NULL),(74,'Suede Pointed-Toe Pumps',NULL,NULL,'published','[\"jewelry\\/products\\/product-2.png\"]','QH-197-A1',0,17,0,1,0,5,1,0,426,NULL,NULL,NULL,16.00,16.00,15.00,558.00,NULL,0,'2024-05-10 02:12:05','2024-05-10 02:12:05','in_stock',NULL,0,'Botble\\ACL\\Models\\User',0,NULL,'physical',NULL,NULL,0,NULL,NULL),(75,'Suede Pointed-Toe Pumps',NULL,NULL,'published','[\"jewelry\\/products\\/product-8.png\"]','QH-197-A1-A2',0,17,0,1,0,5,1,0,426,NULL,NULL,NULL,16.00,16.00,15.00,558.00,NULL,0,'2024-05-10 02:12:05','2024-05-10 02:12:05','in_stock',NULL,0,'Botble\\ACL\\Models\\User',0,NULL,'physical',NULL,NULL,0,0,0),(76,'Cropped Cable Knit Sweater',NULL,NULL,'published','[\"jewelry\\/products\\/product-6.png\"]','FN-105-A1',0,17,0,1,0,1,1,0,2373,NULL,NULL,NULL,13.00,12.00,10.00,815.00,NULL,0,'2024-05-10 02:12:05','2024-05-10 02:12:05','in_stock',NULL,0,'Botble\\ACL\\Models\\User',0,NULL,'physical',NULL,NULL,0,NULL,NULL),(77,'Cropped Cable Knit Sweater',NULL,NULL,'published','[\"jewelry\\/products\\/product-3.png\"]','FN-105-A1-A2',0,17,0,1,0,1,1,0,2373,NULL,NULL,NULL,13.00,12.00,10.00,815.00,NULL,0,'2024-05-10 02:12:05','2024-05-10 02:12:05','in_stock',NULL,0,'Botble\\ACL\\Models\\User',0,NULL,'physical',NULL,NULL,0,0,0),(78,'Cropped Cable Knit Sweater',NULL,NULL,'published','[\"jewelry\\/products\\/product-4.png\"]','FN-105-A1-A3',0,17,0,1,0,1,1,0,2373,NULL,NULL,NULL,13.00,12.00,10.00,815.00,NULL,0,'2024-05-10 02:12:05','2024-05-10 02:12:05','in_stock',NULL,0,'Botble\\ACL\\Models\\User',0,NULL,'physical',NULL,NULL,0,0,0),(79,'Cropped Cable Knit Sweater',NULL,NULL,'published','[\"jewelry\\/products\\/product-1.png\"]','FN-105-A1-A4',0,17,0,1,0,1,1,0,2373,NULL,NULL,NULL,13.00,12.00,10.00,815.00,NULL,0,'2024-05-10 02:12:05','2024-05-10 02:12:05','in_stock',NULL,0,'Botble\\ACL\\Models\\User',0,NULL,'physical',NULL,NULL,0,0,0),(80,'Athleisure Jogger Pants (Digital)',NULL,NULL,'published','[\"jewelry\\/products\\/product-5.png\"]','IH-120-A1',0,20,0,1,0,2,1,0,1361,1170.46,NULL,NULL,14.00,10.00,18.00,578.00,NULL,0,'2024-05-10 02:12:05','2024-05-10 02:12:05','in_stock',NULL,0,'Botble\\ACL\\Models\\User',0,NULL,'digital',NULL,NULL,0,NULL,NULL),(81,'Athleisure Jogger Pants (Digital)',NULL,NULL,'published','[\"jewelry\\/products\\/product-1.png\"]','IH-120-A1-A2',0,20,0,1,0,2,1,0,1361,979.92,NULL,NULL,14.00,10.00,18.00,578.00,NULL,0,'2024-05-10 02:12:05','2024-05-10 02:12:05','in_stock',NULL,0,'Botble\\ACL\\Models\\User',0,NULL,'digital',NULL,NULL,0,0,0),(82,'Athleisure Jogger Pants (Digital)',NULL,NULL,'published','[\"jewelry\\/products\\/product-3.png\"]','IH-120-A1-A3',0,20,0,1,0,2,1,0,1361,1007.14,NULL,NULL,14.00,10.00,18.00,578.00,NULL,0,'2024-05-10 02:12:05','2024-05-10 02:12:05','in_stock',NULL,0,'Botble\\ACL\\Models\\User',0,NULL,'digital',NULL,NULL,0,0,0),(83,'Leopard Print Midi Skirt',NULL,NULL,'published','[\"jewelry\\/products\\/product-7.png\"]','18-183-A1',0,19,0,1,0,5,1,0,1029,NULL,NULL,NULL,14.00,16.00,12.00,790.00,NULL,0,'2024-05-10 02:12:05','2024-05-10 02:12:05','in_stock',NULL,0,'Botble\\ACL\\Models\\User',0,NULL,'physical',NULL,NULL,0,NULL,NULL),(84,'Leopard Print Midi Skirt',NULL,NULL,'published','[\"jewelry\\/products\\/product-6.png\"]','18-183-A1-A2',0,19,0,1,0,5,1,0,1029,NULL,NULL,NULL,14.00,16.00,12.00,790.00,NULL,0,'2024-05-10 02:12:05','2024-05-10 02:12:05','in_stock',NULL,0,'Botble\\ACL\\Models\\User',0,NULL,'physical',NULL,NULL,0,0,0),(85,'Leopard Print Midi Skirt',NULL,NULL,'published','[\"jewelry\\/products\\/product-1.png\"]','18-183-A1-A3',0,19,0,1,0,5,1,0,1029,NULL,NULL,NULL,14.00,16.00,12.00,790.00,NULL,0,'2024-05-10 02:12:05','2024-05-10 02:12:05','in_stock',NULL,0,'Botble\\ACL\\Models\\User',0,NULL,'physical',NULL,NULL,0,0,0),(86,'Leopard Print Midi Skirt',NULL,NULL,'published','[\"jewelry\\/products\\/product-1.png\"]','18-183-A1-A4',0,19,0,1,0,5,1,0,1029,NULL,NULL,NULL,14.00,16.00,12.00,790.00,NULL,0,'2024-05-10 02:12:05','2024-05-10 02:12:05','in_stock',NULL,0,'Botble\\ACL\\Models\\User',0,NULL,'physical',NULL,NULL,0,0,0),(87,'Faux Fur Trimmed Coat',NULL,NULL,'published','[\"jewelry\\/products\\/product-2.png\"]','SJ-117-A1',0,14,0,1,0,5,1,0,1680,NULL,NULL,NULL,20.00,16.00,15.00,701.00,NULL,0,'2024-05-10 02:12:05','2024-05-10 02:12:05','in_stock',NULL,0,'Botble\\ACL\\Models\\User',0,NULL,'physical',NULL,NULL,0,NULL,NULL),(88,'Faux Fur Trimmed Coat',NULL,NULL,'published','[\"jewelry\\/products\\/product-7.png\"]','SJ-117-A1-A2',0,14,0,1,0,5,1,0,1680,NULL,NULL,NULL,20.00,16.00,15.00,701.00,NULL,0,'2024-05-10 02:12:05','2024-05-10 02:12:05','in_stock',NULL,0,'Botble\\ACL\\Models\\User',0,NULL,'physical',NULL,NULL,0,0,0),(89,'Faux Fur Trimmed Coat',NULL,NULL,'published','[\"jewelry\\/products\\/product-5.png\"]','SJ-117-A1-A3',0,14,0,1,0,5,1,0,1680,NULL,NULL,NULL,20.00,16.00,15.00,701.00,NULL,0,'2024-05-10 02:12:05','2024-05-10 02:12:05','in_stock',NULL,0,'Botble\\ACL\\Models\\User',0,NULL,'physical',NULL,NULL,0,0,0),(90,'Ruffled Wrap Dress',NULL,NULL,'published','[\"jewelry\\/products\\/product-1.png\"]','XP-173-A1',0,11,0,1,0,4,1,0,689,NULL,NULL,NULL,10.00,19.00,11.00,786.00,NULL,0,'2024-05-10 02:12:05','2024-05-10 02:12:05','in_stock',NULL,0,'Botble\\ACL\\Models\\User',0,NULL,'physical',NULL,NULL,0,NULL,NULL),(91,'Beaded Evening Clutch',NULL,NULL,'published','[\"jewelry\\/products\\/product-6.png\"]','O5-115-A1',0,13,0,1,0,3,1,0,1674,NULL,NULL,NULL,14.00,15.00,13.00,782.00,NULL,0,'2024-05-10 02:12:05','2024-05-10 02:12:05','in_stock',NULL,0,'Botble\\ACL\\Models\\User',0,NULL,'physical',NULL,NULL,0,NULL,NULL),(92,'Beaded Evening Clutch',NULL,NULL,'published','[\"jewelry\\/products\\/product-7.png\"]','O5-115-A1-A2',0,13,0,1,0,3,1,0,1674,NULL,NULL,NULL,14.00,15.00,13.00,782.00,NULL,0,'2024-05-10 02:12:05','2024-05-10 02:12:05','in_stock',NULL,0,'Botble\\ACL\\Models\\User',0,NULL,'physical',NULL,NULL,0,0,0),(93,'Beaded Evening Clutch',NULL,NULL,'published','[\"jewelry\\/products\\/product-2.png\"]','O5-115-A1-A3',0,13,0,1,0,3,1,0,1674,NULL,NULL,NULL,14.00,15.00,13.00,782.00,NULL,0,'2024-05-10 02:12:05','2024-05-10 02:12:05','in_stock',NULL,0,'Botble\\ACL\\Models\\User',0,NULL,'physical',NULL,NULL,0,0,0),(94,'Embellished Ballet Flats',NULL,NULL,'published','[\"jewelry\\/products\\/product-8.png\"]','MI-111-A1',0,20,0,1,0,3,1,0,2498,NULL,NULL,NULL,19.00,11.00,10.00,652.00,NULL,0,'2024-05-10 02:12:05','2024-05-10 02:12:05','in_stock',NULL,0,'Botble\\ACL\\Models\\User',0,NULL,'physical',NULL,NULL,0,NULL,NULL),(95,'Geometric Patterned Cardigan (Digital)',NULL,NULL,'published','[\"jewelry\\/products\\/product-8.png\"]','60-177-A1',0,12,0,1,0,1,1,0,1107,907.74,NULL,NULL,15.00,12.00,13.00,682.00,NULL,0,'2024-05-10 02:12:05','2024-05-10 02:12:05','in_stock',NULL,0,'Botble\\ACL\\Models\\User',0,NULL,'digital',NULL,NULL,0,NULL,NULL),(96,'Geometric Patterned Cardigan (Digital)',NULL,NULL,'published','[\"jewelry\\/products\\/product-4.png\"]','60-177-A1-A2',0,12,0,1,0,1,1,0,1107,929.88,NULL,NULL,15.00,12.00,13.00,682.00,NULL,0,'2024-05-10 02:12:05','2024-05-10 02:12:05','in_stock',NULL,0,'Botble\\ACL\\Models\\User',0,NULL,'digital',NULL,NULL,0,0,0),(97,'Geometric Patterned Cardigan (Digital)',NULL,NULL,'published','[\"jewelry\\/products\\/product-1.png\"]','60-177-A1-A3',0,12,0,1,0,1,1,0,1107,963.09,NULL,NULL,15.00,12.00,13.00,682.00,NULL,0,'2024-05-10 02:12:05','2024-05-10 02:12:05','in_stock',NULL,0,'Botble\\ACL\\Models\\User',0,NULL,'digital',NULL,NULL,0,0,0),(98,'Chunky Knit Infinity Scarf (Digital)',NULL,NULL,'published','[\"jewelry\\/products\\/product-5.png\"]','YS-168-A1',0,10,0,1,0,1,1,0,304,246.24,NULL,NULL,13.00,14.00,15.00,816.00,NULL,0,'2024-05-10 02:12:05','2024-05-10 02:12:05','in_stock',NULL,0,'Botble\\ACL\\Models\\User',0,NULL,'digital',NULL,NULL,0,NULL,NULL),(99,'Chunky Knit Infinity Scarf (Digital)',NULL,NULL,'published','[\"jewelry\\/products\\/product-2.png\"]','YS-168-A1-A2',0,10,0,1,0,1,1,0,304,231.04,NULL,NULL,13.00,14.00,15.00,816.00,NULL,0,'2024-05-10 02:12:05','2024-05-10 02:12:05','in_stock',NULL,0,'Botble\\ACL\\Models\\User',0,NULL,'digital',NULL,NULL,0,0,0),(100,'Retro High-Top Sneakers',NULL,NULL,'published','[\"jewelry\\/products\\/product-1.png\"]','9X-149-A1',0,12,0,1,0,2,1,0,623,NULL,NULL,NULL,20.00,13.00,14.00,796.00,NULL,0,'2024-05-10 02:12:05','2024-05-10 02:12:05','in_stock',NULL,0,'Botble\\ACL\\Models\\User',0,NULL,'physical',NULL,NULL,0,NULL,NULL),(101,'Retro High-Top Sneakers',NULL,NULL,'published','[\"jewelry\\/products\\/product-8.png\"]','9X-149-A1-A2',0,12,0,1,0,2,1,0,623,NULL,NULL,NULL,20.00,13.00,14.00,796.00,NULL,0,'2024-05-10 02:12:05','2024-05-10 02:12:05','in_stock',NULL,0,'Botble\\ACL\\Models\\User',0,NULL,'physical',NULL,NULL,0,0,0),(102,'Faux Leather Leggings',NULL,NULL,'published','[\"jewelry\\/products\\/product-5.png\"]','YE-163-A1',0,11,0,1,0,1,1,0,1364,NULL,NULL,NULL,20.00,17.00,16.00,524.00,NULL,0,'2024-05-10 02:12:05','2024-05-10 02:12:05','in_stock',NULL,0,'Botble\\ACL\\Models\\User',0,NULL,'physical',NULL,NULL,0,NULL,NULL),(103,'Faux Leather Leggings',NULL,NULL,'published','[\"jewelry\\/products\\/product-7.png\"]','YE-163-A1-A2',0,11,0,1,0,1,1,0,1364,NULL,NULL,NULL,20.00,17.00,16.00,524.00,NULL,0,'2024-05-10 02:12:05','2024-05-10 02:12:05','in_stock',NULL,0,'Botble\\ACL\\Models\\User',0,NULL,'physical',NULL,NULL,0,0,0),(104,'Faux Leather Leggings',NULL,NULL,'published','[\"jewelry\\/products\\/product-3.png\"]','YE-163-A1-A3',0,11,0,1,0,1,1,0,1364,NULL,NULL,NULL,20.00,17.00,16.00,524.00,NULL,0,'2024-05-10 02:12:05','2024-05-10 02:12:05','in_stock',NULL,0,'Botble\\ACL\\Models\\User',0,NULL,'physical',NULL,NULL,0,0,0),(105,'Faux Leather Leggings',NULL,NULL,'published','[\"jewelry\\/products\\/product-6.png\"]','YE-163-A1-A4',0,11,0,1,0,1,1,0,1364,NULL,NULL,NULL,20.00,17.00,16.00,524.00,NULL,0,'2024-05-10 02:12:05','2024-05-10 02:12:05','in_stock',NULL,0,'Botble\\ACL\\Models\\User',0,NULL,'physical',NULL,NULL,0,0,0),(106,'Faux Leather Leggings',NULL,NULL,'published','[\"jewelry\\/products\\/product-6.png\"]','YE-163-A1-A5',0,11,0,1,0,1,1,0,1364,NULL,NULL,NULL,20.00,17.00,16.00,524.00,NULL,0,'2024-05-10 02:12:05','2024-05-10 02:12:05','in_stock',NULL,0,'Botble\\ACL\\Models\\User',0,NULL,'physical',NULL,NULL,0,0,0),(107,'Metallic Pleated Maxi Skirt',NULL,NULL,'published','[\"jewelry\\/products\\/product-6.png\"]','DB-166-A1',0,14,0,1,0,2,1,0,1148,NULL,NULL,NULL,12.00,19.00,15.00,713.00,NULL,0,'2024-05-10 02:12:05','2024-05-10 02:12:05','in_stock',NULL,0,'Botble\\ACL\\Models\\User',0,NULL,'physical',NULL,NULL,0,NULL,NULL),(108,'Metallic Pleated Maxi Skirt',NULL,NULL,'published','[\"jewelry\\/products\\/product-3.png\"]','DB-166-A1-A2',0,14,0,1,0,2,1,0,1148,NULL,NULL,NULL,12.00,19.00,15.00,713.00,NULL,0,'2024-05-10 02:12:05','2024-05-10 02:12:05','in_stock',NULL,0,'Botble\\ACL\\Models\\User',0,NULL,'physical',NULL,NULL,0,0,0),(109,'Metallic Pleated Maxi Skirt',NULL,NULL,'published','[\"jewelry\\/products\\/product-4.png\"]','DB-166-A1-A3',0,14,0,1,0,2,1,0,1148,NULL,NULL,NULL,12.00,19.00,15.00,713.00,NULL,0,'2024-05-10 02:12:05','2024-05-10 02:12:05','in_stock',NULL,0,'Botble\\ACL\\Models\\User',0,NULL,'physical',NULL,NULL,0,0,0);

--
