--
-- Host: 127.0.0.1    Database: shofy
-- ------------------------------------------------------


--
-- Table structure for table `activations`
--

CREATE TABLE `activations` (
  `id` bigint unsigned NOT NULL AUTO_INCREMENT,
  `user_id` bigint unsigned NOT NULL,
  `code` varchar(120) COLLATE utf8mb4_unicode_ci NOT NULL,
  `completed` tinyint(1) NOT NULL DEFAULT '0',
  `completed_at` timestamp NULL DEFAULT NULL,
  `created_at` timestamp NULL DEFAULT NULL,
  `updated_at` timestamp NULL DEFAULT NULL,
  PRIMARY KEY (`id`),
  KEY `activations_user_id_index` (`user_id`)
) ENGINE=InnoDB AUTO_INCREMENT=2 DEFAULT CHARSET=utf8mb4 COLLATE=utf8mb4_unicode_ci;

--
-- Dumping data for table `activations`
--

INSERT INTO `activations` VALUES (1,1,'1IWlYSHpdDtWaiRI6Ux7AyjUd9LTSfwX',1,'2024-05-10 02:10:19','2024-05-10 02:10:19','2024-05-10 02:10:19');

--
-- Table structure for table `admin_notifications`
--

CREATE TABLE `admin_notifications` (
  `id` bigint unsigned NOT NULL AUTO_INCREMENT,
  `title` varchar(191) COLLATE utf8mb4_unicode_ci NOT NULL,
  `action_label` varchar(191) COLLATE utf8mb4_unicode_ci DEFAULT NULL,
  `action_url` varchar(191) COLLATE utf8mb4_unicode_ci DEFAULT NULL,
  `description` varchar(400) COLLATE utf8mb4_unicode_ci DEFAULT NULL,
  `read_at` timestamp NULL DEFAULT NULL,
  `created_at` timestamp NULL DEFAULT NULL,
  `updated_at` timestamp NULL DEFAULT NULL,
  `permission` varchar(191) COLLATE utf8mb4_unicode_ci DEFAULT NULL,
  PRIMARY KEY (`id`)
) ENGINE=InnoDB DEFAULT CHARSET=utf8mb4 COLLATE=utf8mb4_unicode_ci;

--
-- Dumping data for table `admin_notifications`
--


--
-- Table structure for table `ads`
--

CREATE TABLE `ads` (
  `id` bigint unsigned NOT NULL AUTO_INCREMENT,
  `name` varchar(191) COLLATE utf8mb4_unicode_ci NOT NULL,
  `expired_at` datetime DEFAULT NULL,
  `location` varchar(120) COLLATE utf8mb4_unicode_ci DEFAULT NULL,
  `key` varchar(120) COLLATE utf8mb4_unicode_ci NOT NULL,
  `image` varchar(191) COLLATE utf8mb4_unicode_ci DEFAULT NULL,
  `url` varchar(191) COLLATE utf8mb4_unicode_ci DEFAULT NULL,
  `clicked` bigint NOT NULL DEFAULT '0',
  `order` int DEFAULT '0',
  `status` varchar(60) COLLATE utf8mb4_unicode_ci NOT NULL DEFAULT 'published',
  `created_at` timestamp NULL DEFAULT NULL,
  `updated_at` timestamp NULL DEFAULT NULL,
  `open_in_new_tab` tinyint(1) NOT NULL DEFAULT '1',
  `tablet_image` varchar(191) COLLATE utf8mb4_unicode_ci DEFAULT NULL,
  `mobile_image` varchar(191) COLLATE utf8mb4_unicode_ci DEFAULT NULL,
  `ads_type` varchar(191) COLLATE utf8mb4_unicode_ci DEFAULT NULL,
  `google_adsense_slot_id` varchar(191) COLLATE utf8mb4_unicode_ci DEFAULT NULL,
  PRIMARY KEY (`id`),
  UNIQUE KEY `ads_key_unique` (`key`)
) ENGINE=InnoDB AUTO_INCREMENT=8 DEFAULT CHARSET=utf8mb4 COLLATE=utf8mb4_unicode_ci;

--
-- Dumping data for table `ads`
--

INSERT INTO `ads` VALUES (1,'Ads 1','2029-05-10 00:00:00','not_set','UROL9F9ZZVAA','main/banners/1.jpg','/products',0,1,'published','2024-05-10 02:10:32','2024-05-10 02:10:32',1,NULL,NULL,NULL,NULL),(2,'Ads 2','2029-05-10 00:00:00','not_set','B30VDBKO7SBF','main/banners/2.jpg','/products',0,2,'published','2024-05-10 02:10:32','2024-05-10 02:10:32',1,NULL,NULL,NULL,NULL),(3,'Ads 3','2029-05-10 00:00:00','not_set','BN3ZCHLIE95I','main/gadgets/gadget-banner-1.jpg','/products',0,3,'published','2024-05-10 02:10:32','2024-05-10 02:10:32',1,NULL,NULL,NULL,NULL),(4,'Ads 4','2029-05-10 00:00:00','not_set','QGPRRJ2MPZYA','main/gadgets/gadget-banner-2.jpg','/products',0,4,'published','2024-05-10 02:10:32','2024-05-10 02:10:32',1,NULL,NULL,NULL,NULL),(5,'Ads 5','2029-05-10 00:00:00','not_set','B5ZA76ZWMWAE','main/banners/slider-1.png','http://shofy.test',0,5,'published','2024-05-10 02:10:32','2024-05-10 02:10:32',1,NULL,NULL,NULL,NULL),(6,'Ads 6','2029-05-10 00:00:00','not_set','F1LTQS976YPY','main/banners/slider-2.png','http://shofy.test',0,6,'published','2024-05-10 02:10:32','2024-05-10 02:10:32',1,NULL,NULL,NULL,NULL),(7,'Ads 7','2029-05-10 00:00:00','not_set','IHPZ2WBSYJUK','main/banners/slider-3.png','http://shofy.test',0,7,'published','2024-05-10 02:10:32','2024-05-10 02:10:32',1,NULL,NULL,NULL,NULL);

--
-- Table structure for table `ads_translations`
--

CREATE TABLE `ads_translations` (
  `lang_code` varchar(191) COLLATE utf8mb4_unicode_ci NOT NULL,
  `ads_id` bigint unsigned NOT NULL,
  `name` varchar(191) COLLATE utf8mb4_unicode_ci DEFAULT NULL,
  `image` varchar(191) COLLATE utf8mb4_unicode_ci DEFAULT NULL,
  `url` varchar(191) COLLATE utf8mb4_unicode_ci DEFAULT NULL,
  PRIMARY KEY (`lang_code`,`ads_id`)
) ENGINE=InnoDB DEFAULT CHARSET=utf8mb4 COLLATE=utf8mb4_unicode_ci;

--
-- Dumping data for table `ads_translations`
--


--
-- Table structure for table `announcements`
--

CREATE TABLE `announcements` (
  `id` bigint unsigned NOT NULL AUTO_INCREMENT,
  `name` varchar(191) COLLATE utf8mb4_unicode_ci NOT NULL,
  `content` text COLLATE utf8mb4_unicode_ci NOT NULL,
  `has_action` tinyint(1) NOT NULL DEFAULT '0',
  `action_label` varchar(60) COLLATE utf8mb4_unicode_ci DEFAULT NULL,
  `action_url` varchar(400) COLLATE utf8mb4_unicode_ci DEFAULT NULL,
  `action_open_new_tab` tinyint(1) NOT NULL DEFAULT '0',
  `dismissible` tinyint(1) NOT NULL DEFAULT '0',
  `start_date` datetime DEFAULT NULL,
  `end_date` datetime DEFAULT NULL,
  `is_active` tinyint(1) NOT NULL DEFAULT '1',
  `created_at` timestamp NULL DEFAULT NULL,
  `updated_at` timestamp NULL DEFAULT NULL,
  PRIMARY KEY (`id`)
) ENGINE=InnoDB AUTO_INCREMENT=4 DEFAULT CHARSET=utf8mb4 COLLATE=utf8mb4_unicode_ci;

--
-- Dumping data for table `announcements`
--

INSERT INTO `announcements` VALUES (1,'Announcement 1','Enjoy free shipping on all orders over $99! Shop now and save on delivery costs.',0,NULL,NULL,0,1,'2024-05-10 09:10:27',NULL,1,'2024-05-10 02:10:27','2024-05-10 02:10:27'),(2,'Announcement 2','Need assistance? Our customer support is available 24/7 to help you with any questions or concerns.',0,NULL,NULL,0,1,'2024-05-10 09:10:27',NULL,1,'2024-05-10 02:10:27','2024-05-10 02:10:27'),(3,'Announcement 3','Shop with confidence! We offer a hassle-free 30 days return service for your peace of mind.',0,NULL,NULL,0,1,'2024-05-10 09:10:27',NULL,1,'2024-05-10 02:10:27','2024-05-10 02:10:27');

--
-- Table structure for table `announcements_translations`
--

CREATE TABLE `announcements_translations` (
  `lang_code` varchar(191) COLLATE utf8mb4_unicode_ci NOT NULL,
  `announcements_id` bigint unsigned NOT NULL,
  `content` text COLLATE utf8mb4_unicode_ci,
  PRIMARY KEY (`lang_code`,`announcements_id`)
) ENGINE=InnoDB DEFAULT CHARSET=utf8mb4 COLLATE=utf8mb4_unicode_ci;

--
-- Dumping data for table `announcements_translations`
--


--
-- Table structure for table `audit_histories`
--

CREATE TABLE `audit_histories` (
  `id` bigint unsigned NOT NULL AUTO_INCREMENT,
  `user_id` bigint unsigned NOT NULL,
  `module` varchar(60) COLLATE utf8mb4_unicode_ci NOT NULL,
  `request` longtext COLLATE utf8mb4_unicode_ci,
  `action` varchar(120) COLLATE utf8mb4_unicode_ci NOT NULL,
  `user_agent` text COLLATE utf8mb4_unicode_ci,
  `ip_address` varchar(45) COLLATE utf8mb4_unicode_ci DEFAULT NULL,
  `reference_user` bigint unsigned NOT NULL,
  `reference_id` bigint unsigned NOT NULL,
  `reference_name` varchar(191) COLLATE utf8mb4_unicode_ci NOT NULL,
  `type` varchar(20) COLLATE utf8mb4_unicode_ci NOT NULL,
  `created_at` timestamp NULL DEFAULT NULL,
  `updated_at` timestamp NULL DEFAULT NULL,
  PRIMARY KEY (`id`),
  KEY `audit_histories_user_id_index` (`user_id`),
  KEY `audit_histories_module_index` (`module`)
) ENGINE=InnoDB DEFAULT CHARSET=utf8mb4 COLLATE=utf8mb4_unicode_ci;

--
-- Dumping data for table `audit_histories`
--


--
-- Table structure for table `categories`
--

CREATE TABLE `categories` (
  `id` bigint unsigned NOT NULL AUTO_INCREMENT,
  `name` varchar(120) COLLATE utf8mb4_unicode_ci NOT NULL,
  `parent_id` bigint unsigned NOT NULL DEFAULT '0',
  `description` varchar(400) COLLATE utf8mb4_unicode_ci DEFAULT NULL,
  `status` varchar(60) COLLATE utf8mb4_unicode_ci NOT NULL DEFAULT 'published',
  `author_id` bigint unsigned DEFAULT NULL,
  `author_type` varchar(191) COLLATE utf8mb4_unicode_ci NOT NULL DEFAULT 'Botble\\ACL\\Models\\User',
  `icon` varchar(60) COLLATE utf8mb4_unicode_ci DEFAULT NULL,
  `order` tinyint NOT NULL DEFAULT '0',
  `is_featured` tinyint NOT NULL DEFAULT '0',
  `is_default` tinyint unsigned NOT NULL DEFAULT '0',
  `created_at` timestamp NULL DEFAULT NULL,
  `updated_at` timestamp NULL DEFAULT NULL,
  PRIMARY KEY (`id`),
  KEY `categories_parent_id_index` (`parent_id`),
  KEY `categories_status_index` (`status`),
  KEY `categories_created_at_index` (`created_at`)
) ENGINE=InnoDB AUTO_INCREMENT=7 DEFAULT CHARSET=utf8mb4 COLLATE=utf8mb4_unicode_ci;

--
-- Dumping data for table `categories`
--

INSERT INTO `categories` VALUES (1,'Crisp Bread &amp; Cake',0,'Rem ipsum eum incidunt maxime asperiores perferendis. Et veniam dolores magni error fugit.','published',1,'Botble\\ACL\\Models\\User',NULL,0,0,0,'2024-05-10 02:10:23','2024-05-10 02:10:23'),(2,'Fashion',0,'Dolor est pariatur qui vel quidem. Accusamus laboriosam magnam est quo aut et corporis iusto. Sit culpa rerum veritatis ab necessitatibus rem. Qui dicta aut ut veritatis et.','published',1,'Botble\\ACL\\Models\\User',NULL,0,1,0,'2024-05-10 02:10:23','2024-05-10 02:10:23'),(3,'Electronic',0,'Dolorum omnis reprehenderit voluptatum quo eos dolorem. Voluptas qui expedita sed pariatur dolor et. Eligendi nostrum mollitia sit dolor saepe totam.','published',1,'Botble\\ACL\\Models\\User',NULL,0,1,0,'2024-05-10 02:10:23','2024-05-10 02:10:23'),(4,'Commercial',0,'Alias cum dolorum optio ducimus. Dolorum sunt dolorem quibusdam officia. Nam deserunt possimus nihil est. Fugit praesentium eum aut vero.','published',1,'Botble\\ACL\\Models\\User',NULL,0,1,0,'2024-05-10 02:10:23','2024-05-10 02:10:23'),(5,'Organic Fruits',0,'Itaque ullam sunt hic sint. Est suscipit culpa eum dolore veritatis aut. Non sapiente debitis et qui. Inventore voluptatem quo architecto eaque eos et et tempora.','published',1,'Botble\\ACL\\Models\\User',NULL,0,1,0,'2024-05-10 02:10:23','2024-05-10 02:10:23'),(6,'Ecological',0,'Non numquam impedit consequatur optio ullam numquam. Perferendis voluptatem perspiciatis ut ipsam nemo sit. Rerum suscipit aspernatur ut. Accusamus dolores impedit dicta et officia.','published',1,'Botble\\ACL\\Models\\User',NULL,0,1,0,'2024-05-10 02:10:23','2024-05-10 02:10:23');

--
-- Table structure for table `categories_translations`
--

CREATE TABLE `categories_translations` (
  `lang_code` varchar(20) COLLATE utf8mb4_unicode_ci NOT NULL,
  `categories_id` bigint unsigned NOT NULL,
  `name` varchar(191) COLLATE utf8mb4_unicode_ci DEFAULT NULL,
  `description` varchar(400) COLLATE utf8mb4_unicode_ci DEFAULT NULL,
  PRIMARY KEY (`lang_code`,`categories_id`)
) ENGINE=InnoDB DEFAULT CHARSET=utf8mb4 COLLATE=utf8mb4_unicode_ci;

--
-- Dumping data for table `categories_translations`
--


--
-- Table structure for table `cities`
--

CREATE TABLE `cities` (
  `id` bigint unsigned NOT NULL AUTO_INCREMENT,
  `name` varchar(120) COLLATE utf8mb4_unicode_ci NOT NULL,
  `slug` varchar(120) COLLATE utf8mb4_unicode_ci DEFAULT NULL,
  `state_id` bigint unsigned DEFAULT NULL,
  `country_id` bigint unsigned DEFAULT NULL,
  `record_id` varchar(40) COLLATE utf8mb4_unicode_ci DEFAULT NULL,
  `order` tinyint NOT NULL DEFAULT '0',
  `image` varchar(191) COLLATE utf8mb4_unicode_ci DEFAULT NULL,
  `is_default` tinyint unsigned NOT NULL DEFAULT '0',
  `status` varchar(60) COLLATE utf8mb4_unicode_ci NOT NULL DEFAULT 'published',
  `created_at` timestamp NULL DEFAULT NULL,
  `updated_at` timestamp NULL DEFAULT NULL,
  PRIMARY KEY (`id`),
  UNIQUE KEY `cities_slug_unique` (`slug`)
) ENGINE=InnoDB DEFAULT CHARSET=utf8mb4 COLLATE=utf8mb4_unicode_ci;

--
-- Dumping data for table `cities`
--


--
-- Table structure for table `cities_translations`
--

CREATE TABLE `cities_translations` (
  `lang_code` varchar(20) COLLATE utf8mb4_unicode_ci NOT NULL,
  `cities_id` bigint unsigned NOT NULL,
  `name` varchar(120) COLLATE utf8mb4_unicode_ci DEFAULT NULL,
  `slug` varchar(120) COLLATE utf8mb4_unicode_ci DEFAULT NULL,
  PRIMARY KEY (`lang_code`,`cities_id`)
) ENGINE=InnoDB DEFAULT CHARSET=utf8mb4 COLLATE=utf8mb4_unicode_ci;

--
-- Dumping data for table `cities_translations`
--


--
-- Table structure for table `contact_custom_field_options`
--

CREATE TABLE `contact_custom_field_options` (
  `id` bigint unsigned NOT NULL AUTO_INCREMENT,
  `custom_field_id` bigint unsigned NOT NULL,
  `label` varchar(191) COLLATE utf8mb4_unicode_ci DEFAULT NULL,
  `value` varchar(191) COLLATE utf8mb4_unicode_ci NOT NULL,
  `order` int NOT NULL DEFAULT '999',
  `created_at` timestamp NULL DEFAULT NULL,
  `updated_at` timestamp NULL DEFAULT NULL,
  PRIMARY KEY (`id`)
) ENGINE=InnoDB DEFAULT CHARSET=utf8mb4 COLLATE=utf8mb4_unicode_ci;

--
-- Dumping data for table `contact_custom_field_options`
--


--
-- Table structure for table `contact_custom_field_options_translations`
--

CREATE TABLE `contact_custom_field_options_translations` (
  `contact_custom_field_options_id` bigint unsigned NOT NULL,
  `lang_code` varchar(191) COLLATE utf8mb4_unicode_ci NOT NULL,
  `label` varchar(191) COLLATE utf8mb4_unicode_ci DEFAULT NULL,
  `value` varchar(191) COLLATE utf8mb4_unicode_ci DEFAULT NULL,
  PRIMARY KEY (`lang_code`,`contact_custom_field_options_id`)
) ENGINE=InnoDB DEFAULT CHARSET=utf8mb4 COLLATE=utf8mb4_unicode_ci;

--
-- Dumping data for table `contact_custom_field_options_translations`
--


--
-- Table structure for table `contact_custom_fields`
--

CREATE TABLE `contact_custom_fields` (
  `id` bigint unsigned NOT NULL AUTO_INCREMENT,
  `type` varchar(191) COLLATE utf8mb4_unicode_ci NOT NULL,
  `required` tinyint(1) NOT NULL DEFAULT '0',
  `name` varchar(191) COLLATE utf8mb4_unicode_ci NOT NULL,
  `placeholder` varchar(191) COLLATE utf8mb4_unicode_ci DEFAULT NULL,
  `order` int NOT NULL DEFAULT '999',
  `status` varchar(191) COLLATE utf8mb4_unicode_ci NOT NULL DEFAULT 'published',
  `created_at` timestamp NULL DEFAULT NULL,
  `updated_at` timestamp NULL DEFAULT NULL,
  PRIMARY KEY (`id`)
) ENGINE=InnoDB DEFAULT CHARSET=utf8mb4 COLLATE=utf8mb4_unicode_ci;

--
-- Dumping data for table `contact_custom_fields`
--


--
-- Table structure for table `contact_custom_fields_translations`
--

CREATE TABLE `contact_custom_fields_translations` (
  `contact_custom_fields_id` bigint unsigned NOT NULL,
  `lang_code` varchar(191) COLLATE utf8mb4_unicode_ci NOT NULL,
  `name` varchar(191) COLLATE utf8mb4_unicode_ci DEFAULT NULL,
  `placeholder` varchar(191) COLLATE utf8mb4_unicode_ci DEFAULT NULL,
  PRIMARY KEY (`lang_code`,`contact_custom_fields_id`)
) ENGINE=InnoDB DEFAULT CHARSET=utf8mb4 COLLATE=utf8mb4_unicode_ci;

--
-- Dumping data for table `contact_custom_fields_translations`
--


--
-- Table structure for table `contact_replies`
--

CREATE TABLE `contact_replies` (
  `id` bigint unsigned NOT NULL AUTO_INCREMENT,
  `message` longtext COLLATE utf8mb4_unicode_ci NOT NULL,
  `contact_id` bigint unsigned NOT NULL,
  `created_at` timestamp NULL DEFAULT NULL,
  `updated_at` timestamp NULL DEFAULT NULL,
  PRIMARY KEY (`id`)
) ENGINE=InnoDB DEFAULT CHARSET=utf8mb4 COLLATE=utf8mb4_unicode_ci;

--
-- Dumping data for table `contact_replies`
--


--
-- Table structure for table `contacts`
--

CREATE TABLE `contacts` (
  `id` bigint unsigned NOT NULL AUTO_INCREMENT,
  `name` varchar(60) COLLATE utf8mb4_unicode_ci NOT NULL,
  `email` varchar(60) COLLATE utf8mb4_unicode_ci DEFAULT NULL,
  `phone` varchar(60) COLLATE utf8mb4_unicode_ci DEFAULT NULL,
  `address` varchar(120) COLLATE utf8mb4_unicode_ci DEFAULT NULL,
  `subject` varchar(120) COLLATE utf8mb4_unicode_ci DEFAULT NULL,
  `content` longtext COLLATE utf8mb4_unicode_ci NOT NULL,
  `custom_fields` text COLLATE utf8mb4_unicode_ci,
  `status` varchar(60) COLLATE utf8mb4_unicode_ci NOT NULL DEFAULT 'unread',
  `created_at` timestamp NULL DEFAULT NULL,
  `updated_at` timestamp NULL DEFAULT NULL,
  PRIMARY KEY (`id`)
) ENGINE=InnoDB AUTO_INCREMENT=11 DEFAULT CHARSET=utf8mb4 COLLATE=utf8mb4_unicode_ci;

--
-- Dumping data for table `contacts`
--

INSERT INTO `contacts` VALUES (1,'Roslyn Gulgowski','jayne.walter@example.org','+1-505-603-8165','51868 Juwan Spurs Apt. 106\nDerrickfort, AL 59172','Mollitia omnis tempora ut quibusdam.','Delectus aliquid et ducimus nam possimus nobis. Occaecati voluptatibus necessitatibus suscipit aut dicta natus. Nemo doloribus quasi nemo nulla quis. Ipsa quam non accusantium animi odit. Aut facere assumenda facilis cumque minima laudantium quia. Eius quos architecto fuga ipsam. Omnis sint minus praesentium tempore est est et. Porro harum reiciendis minus excepturi qui et aut voluptatem. Amet voluptas maiores sit qui. Delectus quod ut inventore accusamus molestiae commodi.',NULL,'unread','2024-05-10 02:10:22','2024-05-10 02:10:22'),(2,'Maggie Gutmann','dbraun@example.com','1-520-313-2252','737 Rupert Falls Suite 936\nRodrigohaven, WV 76561','Error optio necessitatibus voluptatem dolorum.','Odit delectus quisquam est tempora minus. Vero sequi quam enim incidunt occaecati doloremque occaecati. Explicabo quae saepe exercitationem velit dolorem. Numquam dolor sequi id. Quia officiis sit deleniti quas. Laboriosam tempora deleniti consectetur adipisci. Deserunt consequatur omnis inventore et et.',NULL,'read','2024-05-10 02:10:22','2024-05-10 02:10:22'),(3,'Dr. Donato Ziemann','sienna.vonrueden@example.org','1-283-461-3697','201 Betsy Summit Apt. 333\nDavontemouth, MI 81915-7029','Quas ea tenetur odio numquam optio ut optio.','Animi sint et aut id tempora recusandae qui. Quae unde et enim eum dolor rem. Est sed similique rerum et. Beatae magnam sit iste maiores et eum. Tempora aut consequatur reiciendis quia. Qui tenetur nostrum numquam perferendis ut at cum. Facilis est explicabo eum. Omnis dolores et ea. Aliquid repellendus error eaque dolorum. Totam blanditiis ipsam quia dolor in. Sint distinctio voluptatem et adipisci. Sapiente quos dolorum reprehenderit.',NULL,'read','2024-05-10 02:10:22','2024-05-10 02:10:22'),(4,'Ray Gerlach','koepp.dejuan@example.net','815-632-5483','99241 Delmer Field Suite 417\nRossiechester, ME 68408-8690','Fugit earum ipsa laboriosam veniam.','Consequatur asperiores vitae commodi quaerat eligendi. Quisquam dolorem quis illo autem suscipit eius. Ipsam deleniti repudiandae tempora expedita dolor delectus incidunt. Id eaque amet et minima hic et commodi reiciendis. Error aut assumenda quidem quisquam vero. Quasi repudiandae molestiae sit provident unde voluptatem deserunt eos. Consequuntur in est rerum excepturi voluptatum. Et autem adipisci repudiandae aut incidunt sed.',NULL,'read','2024-05-10 02:10:22','2024-05-10 02:10:22'),(5,'Sarina Grimes','breitenberg.marty@example.net','469.910.3456','626 Keven Crossroad Suite 274\nHickleport, MO 68964-2930','Doloremque cum voluptate consectetur porro.','Corporis quisquam quod tempore consequatur totam sed adipisci. Cupiditate minus consequuntur in non impedit expedita. Sunt quidem facere fugit ut rerum iure. Tempore est odio laudantium deleniti. Magnam perspiciatis aut voluptas reprehenderit nulla qui. Voluptatem aut sequi quia aut dolores ratione optio. Consequatur aliquid dolorum ut.',NULL,'read','2024-05-10 02:10:22','2024-05-10 02:10:22'),(6,'Ms. Elza Bode','felicity36@example.com','+1-814-907-8061','7840 Muller Mall Suite 576\nSouth Florencio, NY 79527','Amet beatae velit dolorem iure quaerat.','Et sapiente occaecati dolor illo commodi. Facilis optio voluptates quam perspiciatis. Minus nobis iste exercitationem eos nihil. Et nostrum qui ratione architecto in. Quidem placeat accusamus cumque et. Molestiae ea ut voluptatem officia velit eligendi. Eius non ullam dolores quasi. Esse in quisquam rerum molestiae velit ullam repellat sed. Et aliquid aut rerum molestiae facere architecto. Officia qui debitis iusto tempora et mollitia debitis.',NULL,'read','2024-05-10 02:10:22','2024-05-10 02:10:22'),(7,'Theresa Wilderman','abbey.feil@example.com','+1 (541) 576-8012','365 Mabel Harbors Suite 379\nGoyetteland, FL 48811','Ea et excepturi laboriosam libero.','Temporibus eos harum eaque sunt. Ullam nihil aut sint soluta commodi. Et ut est id. Est quam commodi distinctio at. Dolorem aut doloribus omnis possimus corporis. Harum facilis aut possimus et. Voluptatem asperiores sunt quia magnam recusandae adipisci. Suscipit itaque repellendus dolor est. Pariatur numquam est quam laudantium exercitationem nam sint. Laudantium et ut deleniti veritatis molestias vero et totam. Non deleniti ea magnam vitae autem veritatis ea.',NULL,'unread','2024-05-10 02:10:22','2024-05-10 02:10:22'),(8,'Mr. Kayleigh Rolfson','vcremin@example.org','726.418.8538','6467 Abernathy Pine\nNorth Haylie, OH 18685-2347','Ut suscipit quasi aperiam qui.','Qui enim deserunt qui aut ut provident inventore. Facere soluta magni ullam aliquid occaecati recusandae. Numquam rerum maxime laboriosam atque. Consequatur enim dolorem aut ea. Non quo hic sequi illo qui. Ipsum quam recusandae vero necessitatibus incidunt. Et sit cupiditate id quo cum. Accusamus aliquam nostrum aut cumque velit magnam. Veniam doloribus impedit sunt expedita. Recusandae suscipit asperiores aut et a in rerum.',NULL,'read','2024-05-10 02:10:22','2024-05-10 02:10:22'),(9,'Eliezer Gleichner','dorothea.lang@example.com','435-453-7178','7102 Garnett Shoal Apt. 170\nPort Breanneberg, AK 96243-5542','Labore dolores exercitationem nostrum explicabo.','Voluptatem vero necessitatibus illum sunt rerum eos neque. Non molestiae magni sit rerum. Ut aperiam iste sed fugiat atque atque soluta. Blanditiis quod id iure voluptatem ut modi. Omnis cupiditate sit laborum et eos voluptates. Et aspernatur sit laborum aut ea. Alias fugit voluptates animi. Consequatur enim qui iste sunt laudantium in placeat. Necessitatibus optio eaque mollitia.',NULL,'read','2024-05-10 02:10:22','2024-05-10 02:10:22'),(10,'Dr. Myrtis Kihn IV','mdavis@example.net','424.898.8013','309 Kautzer Plaza\nWest Theodora, NY 13887','Itaque voluptas qui nulla dolores.','In enim veritatis quibusdam sit et quas aut. Eos commodi quae ratione adipisci velit. Aut delectus accusantium cum aliquam et laudantium. Vitae rerum officia aspernatur quis est. Aperiam quas sit veritatis enim ea est fugiat. Totam nostrum omnis autem fugiat est. Iste labore dolore ut consectetur. Praesentium nostrum molestiae sint officia repellat laborum nihil. Ea veniam labore rerum delectus architecto culpa et aut.',NULL,'unread','2024-05-10 02:10:22','2024-05-10 02:10:22');

--
-- Table structure for table `countries`
--

CREATE TABLE `countries` (
  `id` bigint unsigned NOT NULL AUTO_INCREMENT,
  `name` varchar(120) COLLATE utf8mb4_unicode_ci NOT NULL,
  `nationality` varchar(120) COLLATE utf8mb4_unicode_ci DEFAULT NULL,
  `order` tinyint NOT NULL DEFAULT '0',
  `is_default` tinyint unsigned NOT NULL DEFAULT '0',
  `status` varchar(60) COLLATE utf8mb4_unicode_ci NOT NULL DEFAULT 'published',
  `created_at` timestamp NULL DEFAULT NULL,
  `updated_at` timestamp NULL DEFAULT NULL,
  `code` varchar(10) COLLATE utf8mb4_unicode_ci DEFAULT NULL,
  PRIMARY KEY (`id`)
) ENGINE=InnoDB DEFAULT CHARSET=utf8mb4 COLLATE=utf8mb4_unicode_ci;

--
-- Dumping data for table `countries`
--


--
-- Table structure for table `countries_translations`
--

CREATE TABLE `countries_translations` (
  `lang_code` varchar(20) COLLATE utf8mb4_unicode_ci NOT NULL,
  `countries_id` bigint unsigned NOT NULL,
  `name` varchar(120) COLLATE utf8mb4_unicode_ci DEFAULT NULL,
  `nationality` varchar(120) COLLATE utf8mb4_unicode_ci DEFAULT NULL,
  PRIMARY KEY (`lang_code`,`countries_id`)
) ENGINE=InnoDB DEFAULT CHARSET=utf8mb4 COLLATE=utf8mb4_unicode_ci;

--
-- Dumping data for table `countries_translations`
--


--
-- Table structure for table `dashboard_widget_settings`
--

CREATE TABLE `dashboard_widget_settings` (
  `id` bigint unsigned NOT NULL AUTO_INCREMENT,
  `settings` text COLLATE utf8mb4_unicode_ci,
  `user_id` bigint unsigned NOT NULL,
  `widget_id` bigint unsigned NOT NULL,
  `order` tinyint unsigned NOT NULL DEFAULT '0',
  `status` tinyint unsigned NOT NULL DEFAULT '1',
  `created_at` timestamp NULL DEFAULT NULL,
  `updated_at` timestamp NULL DEFAULT NULL,
  PRIMARY KEY (`id`),
  KEY `dashboard_widget_settings_user_id_index` (`user_id`),
  KEY `dashboard_widget_settings_widget_id_index` (`widget_id`)
) ENGINE=InnoDB DEFAULT CHARSET=utf8mb4 COLLATE=utf8mb4_unicode_ci;

--
-- Dumping data for table `dashboard_widget_settings`
--


--
-- Table structure for table `dashboard_widgets`
--

CREATE TABLE `dashboard_widgets` (
  `id` bigint unsigned NOT NULL AUTO_INCREMENT,
  `name` varchar(120) COLLATE utf8mb4_unicode_ci NOT NULL,
  `created_at` timestamp NULL DEFAULT NULL,
  `updated_at` timestamp NULL DEFAULT NULL,
  PRIMARY KEY (`id`)
) ENGINE=InnoDB DEFAULT CHARSET=utf8mb4 COLLATE=utf8mb4_unicode_ci;

--
-- Dumping data for table `dashboard_widgets`
--


--
-- Table structure for table `ec_brands`
--

CREATE TABLE `ec_brands` (
  `id` bigint unsigned NOT NULL AUTO_INCREMENT,
  `name` varchar(191) COLLATE utf8mb4_unicode_ci NOT NULL,
  `description` mediumtext COLLATE utf8mb4_unicode_ci,
  `website` varchar(191) COLLATE utf8mb4_unicode_ci DEFAULT NULL,
  `logo` varchar(191) COLLATE utf8mb4_unicode_ci DEFAULT NULL,
  `status` varchar(60) COLLATE utf8mb4_unicode_ci NOT NULL DEFAULT 'published',
  `order` tinyint unsigned NOT NULL DEFAULT '0',
  `is_featured` tinyint unsigned NOT NULL DEFAULT '0',
  `created_at` timestamp NULL DEFAULT NULL,
  `updated_at` timestamp NULL DEFAULT NULL,
  PRIMARY KEY (`id`)
) ENGINE=InnoDB AUTO_INCREMENT=6 DEFAULT CHARSET=utf8mb4 COLLATE=utf8mb4_unicode_ci;

--
-- Dumping data for table `ec_brands`
--

INSERT INTO `ec_brands` VALUES (1,'FoodPound','New Snacks Release',NULL,'main/brands/1.png','published',0,1,'2024-05-10 02:10:19','2024-05-10 02:10:19'),(2,'iTea JSC','Happy Tea 100% Organic. From $29.9',NULL,'main/brands/2.png','published',1,1,'2024-05-10 02:10:19','2024-05-10 02:10:19'),(3,'Soda Brand','Fresh Meat Sausage. BUY 2 GET 1!',NULL,'main/brands/3.png','published',2,1,'2024-05-10 02:10:19','2024-05-10 02:10:19'),(4,'Shofy','Fresh Meat Sausage. BUY 2 GET 1!',NULL,'main/brands/4.png','published',3,1,'2024-05-10 02:10:19','2024-05-10 02:10:19'),(5,'Soda Brand','Fresh Meat Sausage. BUY 2 GET 1!',NULL,'main/brands/5.png','published',4,1,'2024-05-10 02:10:19','2024-05-10 02:10:19');

--
-- Table structure for table `ec_brands_translations`
--

CREATE TABLE `ec_brands_translations` (
  `lang_code` varchar(191) COLLATE utf8mb4_unicode_ci NOT NULL,
  `ec_brands_id` bigint unsigned NOT NULL,
  `name` varchar(191) COLLATE utf8mb4_unicode_ci DEFAULT NULL,
  `description` mediumtext COLLATE utf8mb4_unicode_ci,
  PRIMARY KEY (`lang_code`,`ec_brands_id`)
) ENGINE=InnoDB DEFAULT CHARSET=utf8mb4 COLLATE=utf8mb4_unicode_ci;

--
-- Dumping data for table `ec_brands_translations`
--


--
-- Table structure for table `ec_cart`
--

CREATE TABLE `ec_cart` (
  `identifier` varchar(60) COLLATE utf8mb4_unicode_ci NOT NULL,
  `instance` varchar(60) COLLATE utf8mb4_unicode_ci NOT NULL,
  `content` longtext COLLATE utf8mb4_unicode_ci NOT NULL,
  `created_at` timestamp NULL DEFAULT NULL,
  `updated_at` timestamp NULL DEFAULT NULL,
  PRIMARY KEY (`identifier`,`instance`)
) ENGINE=InnoDB DEFAULT CHARSET=utf8mb4 COLLATE=utf8mb4_unicode_ci;

--
-- Dumping data for table `ec_cart`
--


--
-- Table structure for table `ec_currencies`
--

CREATE TABLE `ec_currencies` (
  `id` bigint unsigned NOT NULL AUTO_INCREMENT,
  `title` varchar(191) COLLATE utf8mb4_unicode_ci NOT NULL,
  `symbol` varchar(10) COLLATE utf8mb4_unicode_ci NOT NULL,
  `is_prefix_symbol` tinyint unsigned NOT NULL DEFAULT '0',
  `decimals` tinyint unsigned DEFAULT '0',
  `order` int unsigned DEFAULT '0',
  `is_default` tinyint NOT NULL DEFAULT '0',
  `exchange_rate` double NOT NULL DEFAULT '1',
  `created_at` timestamp NULL DEFAULT NULL,
  `updated_at` timestamp NULL DEFAULT NULL,
  PRIMARY KEY (`id`)
) ENGINE=InnoDB AUTO_INCREMENT=5 DEFAULT CHARSET=utf8mb4 COLLATE=utf8mb4_unicode_ci;

--
-- Dumping data for table `ec_currencies`
--

INSERT INTO `ec_currencies` VALUES (1,'USD','$',1,2,0,1,1,'2024-05-10 02:10:19','2024-05-10 02:10:19'),(2,'EUR','€',0,2,1,0,0.84,'2024-05-10 02:10:19','2024-05-10 02:10:19'),(3,'VND','₫',0,0,2,0,23203,'2024-05-10 02:10:19','2024-05-10 02:10:19'),(4,'NGN','₦',1,2,2,0,895.52,'2024-05-10 02:10:19','2024-05-10 02:10:19');

--
-- Table structure for table `ec_customer_addresses`
--

CREATE TABLE `ec_customer_addresses` (
  `id` bigint unsigned NOT NULL AUTO_INCREMENT,
  `name` varchar(191) COLLATE utf8mb4_unicode_ci NOT NULL,
  `email` varchar(60) COLLATE utf8mb4_unicode_ci DEFAULT NULL,
  `phone` varchar(20) COLLATE utf8mb4_unicode_ci DEFAULT NULL,
  `country` varchar(120) COLLATE utf8mb4_unicode_ci DEFAULT NULL,
  `state` varchar(120) COLLATE utf8mb4_unicode_ci DEFAULT NULL,
  `city` varchar(120) COLLATE utf8mb4_unicode_ci DEFAULT NULL,
  `address` varchar(191) COLLATE utf8mb4_unicode_ci DEFAULT NULL,
  `customer_id` bigint unsigned NOT NULL,
  `is_default` tinyint unsigned NOT NULL DEFAULT '0',
  `created_at` timestamp NULL DEFAULT NULL,
  `updated_at` timestamp NULL DEFAULT NULL,
  `zip_code` varchar(20) COLLATE utf8mb4_unicode_ci DEFAULT NULL,
  PRIMARY KEY (`id`)
) ENGINE=InnoDB AUTO_INCREMENT=13 DEFAULT CHARSET=utf8mb4 COLLATE=utf8mb4_unicode_ci;

--
-- Dumping data for table `ec_customer_addresses`
--

INSERT INTO `ec_customer_addresses` VALUES (1,'Golden Runolfsdottir','customer@botble.com','+17312474512','DO','Kansas','Lake Kristoferstad','49979 Marjorie Cove Suite 901',1,1,'2024-05-10 02:10:20','2024-05-10 02:10:20','85293'),(2,'Golden Runolfsdottir','customer@botble.com','+13086707617','BZ','Hawaii','Rooseveltfurt','75839 Collier Rue',1,0,'2024-05-10 02:10:20','2024-05-10 02:10:20','46911'),(3,'Elza Stroman','vendor@botble.com','+14255397520','PK','Virginia','Parisianton','9645 Connelly Via',2,1,'2024-05-10 02:10:20','2024-05-10 02:10:20','71994-6051'),(4,'Elza Stroman','vendor@botble.com','+18028331517','HT','Maryland','Arnoldshire','378 Berge Estates Apt. 620',2,0,'2024-05-10 02:10:20','2024-05-10 02:10:20','15781'),(5,'Prof. Minnie Fadel II','langosh.roberto@example.org','+14847125116','CZ','Ohio','East Grover','63116 Lucius Underpass',3,1,'2024-05-10 02:10:20','2024-05-10 02:10:20','26084-4549'),(6,'Miss Carissa Hane','gislason.nelda@example.com','+14849390663','SM','Virginia','Lake Faustinofurt','464 Bins Gardens',4,1,'2024-05-10 02:10:21','2024-05-10 02:10:21','30555'),(7,'Timmothy Orn','zachary.rau@example.net','+13182966338','SG','Wisconsin','Mayerburgh','4577 Muller Springs Suite 754',5,1,'2024-05-10 02:10:21','2024-05-10 02:10:21','64123-5904'),(8,'Dr. Durward Keebler II','boyle.elmer@example.com','+17546121267','SJ','Idaho','Stacymouth','104 Benton Garden',6,1,'2024-05-10 02:10:21','2024-05-10 02:10:21','62991-9098'),(9,'Prof. Tyree Schaefer DVM','patsy03@example.net','+12542582274','KZ','Missouri','Beerstad','7173 Jaskolski Lane',7,1,'2024-05-10 02:10:21','2024-05-10 02:10:21','62971'),(10,'Joaquin Gibson','preston83@example.org','+17579592348','UG','Hawaii','Kennedymouth','7985 Stroman Isle',8,1,'2024-05-10 02:10:22','2024-05-10 02:10:22','04487-6250'),(11,'Jodie Koelpin','jerrell09@example.org','+13467086002','TH','Nebraska','McKenziefurt','740 Pattie Cliff Suite 939',9,1,'2024-05-10 02:10:22','2024-05-10 02:10:22','28580'),(12,'Carli Wunsch MD','colten.shields@example.net','+16077277176','DK','West Virginia','East Kaleigh','204 Nola Hollow Suite 342',10,1,'2024-05-10 02:10:22','2024-05-10 02:10:22','96885');

--
-- Table structure for table `ec_customer_deletion_requests`
--

CREATE TABLE `ec_customer_deletion_requests` (
  `id` bigint unsigned NOT NULL AUTO_INCREMENT,
  `customer_id` bigint unsigned NOT NULL,
  `customer_name` varchar(191) COLLATE utf8mb4_unicode_ci DEFAULT NULL,
  `customer_phone` varchar(191) COLLATE utf8mb4_unicode_ci DEFAULT NULL,
  `customer_email` varchar(191) COLLATE utf8mb4_unicode_ci DEFAULT NULL,
  `token` varchar(191) COLLATE utf8mb4_unicode_ci NOT NULL,
  `status` varchar(50) COLLATE utf8mb4_unicode_ci NOT NULL DEFAULT 'waiting_for_confirmation',
  `reason` text COLLATE utf8mb4_unicode_ci,
  `confirmed_at` datetime DEFAULT NULL,
  `created_at` timestamp NULL DEFAULT NULL,
  `updated_at` timestamp NULL DEFAULT NULL,
  PRIMARY KEY (`id`),
  UNIQUE KEY `ec_customer_deletion_requests_token_unique` (`token`)
) ENGINE=InnoDB DEFAULT CHARSET=utf8mb4 COLLATE=utf8mb4_unicode_ci;

--
-- Dumping data for table `ec_customer_deletion_requests`
--


--
-- Table structure for table `ec_customer_password_resets`
--

CREATE TABLE `ec_customer_password_resets` (
  `email` varchar(191) COLLATE utf8mb4_unicode_ci NOT NULL,
  `token` varchar(191) COLLATE utf8mb4_unicode_ci NOT NULL,
  `created_at` timestamp NULL DEFAULT NULL,
  KEY `ec_customer_password_resets_email_index` (`email`),
  KEY `ec_customer_password_resets_token_index` (`token`)
) ENGINE=InnoDB DEFAULT CHARSET=utf8mb4 COLLATE=utf8mb4_unicode_ci;

--
-- Dumping data for table `ec_customer_password_resets`
--


--
-- Table structure for table `ec_customer_recently_viewed_products`
--

CREATE TABLE `ec_customer_recently_viewed_products` (
  `id` bigint unsigned NOT NULL AUTO_INCREMENT,
  `customer_id` bigint unsigned NOT NULL,
  `product_id` bigint unsigned NOT NULL,
  PRIMARY KEY (`id`)
) ENGINE=InnoDB DEFAULT CHARSET=utf8mb4 COLLATE=utf8mb4_unicode_ci;

--
-- Dumping data for table `ec_customer_recently_viewed_products`
--


--
-- Table structure for table `ec_customer_used_coupons`
--

CREATE TABLE `ec_customer_used_coupons` (
  `discount_id` bigint unsigned NOT NULL,
  `customer_id` bigint unsigned NOT NULL,
  PRIMARY KEY (`discount_id`,`customer_id`)
) ENGINE=InnoDB DEFAULT CHARSET=utf8mb4 COLLATE=utf8mb4_unicode_ci;

--
-- Dumping data for table `ec_customer_used_coupons`
--


--
-- Table structure for table `ec_customers`
--

CREATE TABLE `ec_customers` (
  `id` bigint unsigned NOT NULL AUTO_INCREMENT,
  `name` varchar(191) COLLATE utf8mb4_unicode_ci NOT NULL,
  `email` varchar(191) COLLATE utf8mb4_unicode_ci NOT NULL,
  `password` varchar(191) COLLATE utf8mb4_unicode_ci NOT NULL,
  `avatar` varchar(191) COLLATE utf8mb4_unicode_ci DEFAULT NULL,
  `dob` date DEFAULT NULL,
  `phone` varchar(20) COLLATE utf8mb4_unicode_ci DEFAULT NULL,
  `remember_token` varchar(100) COLLATE utf8mb4_unicode_ci DEFAULT NULL,
  `created_at` timestamp NULL DEFAULT NULL,
  `updated_at` timestamp NULL DEFAULT NULL,
  `confirmed_at` datetime DEFAULT NULL,
  `email_verify_token` varchar(120) COLLATE utf8mb4_unicode_ci DEFAULT NULL,
  `is_vendor` tinyint(1) NOT NULL DEFAULT '0',
  `vendor_verified_at` datetime DEFAULT NULL,
  `status` varchar(60) COLLATE utf8mb4_unicode_ci NOT NULL DEFAULT 'activated',
  `private_notes` text COLLATE utf8mb4_unicode_ci,
  PRIMARY KEY (`id`),
  UNIQUE KEY `ec_customers_email_unique` (`email`)
) ENGINE=InnoDB AUTO_INCREMENT=11 DEFAULT CHARSET=utf8mb4 COLLATE=utf8mb4_unicode_ci;

--
-- Dumping data for table `ec_customers`
--

INSERT INTO `ec_customers` VALUES (1,'Golden Runolfsdottir','customer@botble.com','$2y$12$62BEEhTWfYK4hjDdKsYKJeWzsvngkazMrGSeXyfj0/a76CO4tRbAG','main/customers/6.jpg','1984-04-26','+18478078496',NULL,'2024-05-10 02:10:20','2024-05-10 02:10:20','2024-05-10 09:10:20',NULL,0,NULL,'activated',NULL),(2,'Elza Stroman','vendor@botble.com','$2y$12$W62RGjhUanmZTN2FjH5Q1u6/FqLLvf6bPaM8KyN2dDiohDI2p8dga','main/customers/8.jpg','1979-05-07','+12677821806',NULL,'2024-05-10 02:10:20','2024-05-10 02:10:24','2024-05-10 09:10:20',NULL,1,'2024-05-10 09:10:24','activated',NULL),(3,'Prof. Minnie Fadel II','langosh.roberto@example.org','$2y$12$SNyPyAboHc0ZP9h4MpSqsOvepMcsjDu.38mRg320DvgZNVR.qFJRC','main/customers/1.jpg','1977-04-14','+18047398894',NULL,'2024-05-10 02:10:20','2024-05-10 02:10:25','2024-05-10 09:10:20',NULL,1,'2024-05-10 09:10:24','activated',NULL),(4,'Miss Carissa Hane','gislason.nelda@example.com','$2y$12$qXla5I/f3u/dBr7XgT6klemwCo7KSCmscANMsaJJZe4boC3bnjsTq','main/customers/2.jpg','1991-04-20','+17248895280',NULL,'2024-05-10 02:10:21','2024-05-10 02:10:25','2024-05-10 09:10:20',NULL,1,'2024-05-10 09:10:24','activated',NULL),(5,'Timmothy Orn','zachary.rau@example.net','$2y$12$IiVXUoJJYB3uWYA29fMecewXsDyWsbUbqY43BEZ5a648gBWuXZIia','main/customers/3.jpg','1976-04-10','+16578946386',NULL,'2024-05-10 02:10:21','2024-05-10 02:10:25','2024-05-10 09:10:20',NULL,1,'2024-05-10 09:10:24','activated',NULL),(6,'Dr. Durward Keebler II','boyle.elmer@example.com','$2y$12$1vk95fOMyzUI7MjVonIOlO7HsSae5a4lyhxQglqbCM7i50m9rFd4q','main/customers/4.jpg','1986-05-03','+13218478623',NULL,'2024-05-10 02:10:21','2024-05-10 02:10:26','2024-05-10 09:10:20',NULL,1,'2024-05-10 09:10:24','activated',NULL),(7,'Prof. Tyree Schaefer DVM','patsy03@example.net','$2y$12$69QwqlOhyod4W564OMZvwua4D.Su.RSfRBJA0WcwKXj1YVTer4UWS','main/customers/5.jpg','2003-04-14','+18569264699',NULL,'2024-05-10 02:10:21','2024-05-10 02:10:26','2024-05-10 09:10:20',NULL,1,'2024-05-10 09:10:24','activated',NULL),(8,'Joaquin Gibson','preston83@example.org','$2y$12$Rc27bLa5rmib71lWtZyRceMaYHX4mPJGHzgvrq3xATcELefunrqvW','main/customers/6.jpg','1985-05-08','+13077794225',NULL,'2024-05-10 02:10:22','2024-05-10 02:10:26','2024-05-10 09:10:20',NULL,1,'2024-05-10 09:10:24','activated',NULL),(9,'Jodie Koelpin','jerrell09@example.org','$2y$12$B353fnD.KUOCp1WOBbkdBea7lNawYd36N5JbpjAvBX3fsE9ibr2DG','main/customers/7.jpg','1984-04-20','+12198469461',NULL,'2024-05-10 02:10:22','2024-05-10 02:10:27','2024-05-10 09:10:20',NULL,0,NULL,'activated',NULL),(10,'Carli Wunsch MD','colten.shields@example.net','$2y$12$78CzWi9CspJv8c0ONQzwbej5TG.7mFKMIC/4gmeDc66r1B8GOPy3m','main/customers/8.jpg','1997-04-19','+16405938824',NULL,'2024-05-10 02:10:22','2024-05-10 02:10:27','2024-05-10 09:10:20',NULL,0,NULL,'activated',NULL);

--
-- Table structure for table `ec_discount_customers`
--

CREATE TABLE `ec_discount_customers` (
  `discount_id` bigint unsigned NOT NULL,
  `customer_id` bigint unsigned NOT NULL,
  PRIMARY KEY (`discount_id`,`customer_id`)
) ENGINE=InnoDB DEFAULT CHARSET=utf8mb4 COLLATE=utf8mb4_unicode_ci;

--
-- Dumping data for table `ec_discount_customers`
--


--
-- Table structure for table `ec_discount_product_categories`
--

CREATE TABLE `ec_discount_product_categories` (
  `discount_id` bigint unsigned NOT NULL,
  `product_category_id` bigint unsigned NOT NULL,
  PRIMARY KEY (`discount_id`,`product_category_id`)
) ENGINE=InnoDB DEFAULT CHARSET=utf8mb4 COLLATE=utf8mb4_unicode_ci;

--
-- Dumping data for table `ec_discount_product_categories`
--


--
-- Table structure for table `ec_discount_product_collections`
--

CREATE TABLE `ec_discount_product_collections` (
  `discount_id` bigint unsigned NOT NULL,
  `product_collection_id` bigint unsigned NOT NULL,
  PRIMARY KEY (`discount_id`,`product_collection_id`)
) ENGINE=InnoDB DEFAULT CHARSET=utf8mb4 COLLATE=utf8mb4_unicode_ci;

--
-- Dumping data for table `ec_discount_product_collections`
--


--
-- Table structure for table `ec_discount_products`
--

CREATE TABLE `ec_discount_products` (
  `discount_id` bigint unsigned NOT NULL,
  `product_id` bigint unsigned NOT NULL,
  PRIMARY KEY (`discount_id`,`product_id`)
) ENGINE=InnoDB DEFAULT CHARSET=utf8mb4 COLLATE=utf8mb4_unicode_ci;

--
-- Dumping data for table `ec_discount_products`
--


--
-- Table structure for table `ec_discounts`
--

CREATE TABLE `ec_discounts` (
  `id` bigint unsigned NOT NULL AUTO_INCREMENT,
  `title` varchar(120) COLLATE utf8mb4_unicode_ci DEFAULT NULL,
  `code` varchar(20) COLLATE utf8mb4_unicode_ci DEFAULT NULL,
  `start_date` datetime DEFAULT NULL,
  `end_date` datetime DEFAULT NULL,
  `quantity` int DEFAULT NULL,
  `total_used` int unsigned NOT NULL DEFAULT '0',
  `value` double DEFAULT NULL,
  `type` varchar(60) COLLATE utf8mb4_unicode_ci DEFAULT 'coupon',
  `can_use_with_promotion` tinyint(1) NOT NULL DEFAULT '0',
  `discount_on` varchar(20) COLLATE utf8mb4_unicode_ci DEFAULT NULL,
  `product_quantity` int unsigned DEFAULT NULL,
  `type_option` varchar(100) COLLATE utf8mb4_unicode_ci NOT NULL DEFAULT 'amount',
  `target` varchar(100) COLLATE utf8mb4_unicode_ci NOT NULL DEFAULT 'all-orders',
  `min_order_price` decimal(15,2) DEFAULT NULL,
  `apply_via_url` tinyint(1) NOT NULL DEFAULT '0',
  `display_at_checkout` tinyint(1) NOT NULL DEFAULT '0',
  `created_at` timestamp NULL DEFAULT NULL,
  `updated_at` timestamp NULL DEFAULT NULL,
  `store_id` bigint unsigned DEFAULT NULL,
  `description` varchar(400) COLLATE utf8mb4_unicode_ci DEFAULT NULL,
  PRIMARY KEY (`id`),
  UNIQUE KEY `ec_discounts_code_unique` (`code`)
) ENGINE=InnoDB AUTO_INCREMENT=11 DEFAULT CHARSET=utf8mb4 COLLATE=utf8mb4_unicode_ci;

--
-- Dumping data for table `ec_discounts`
--

INSERT INTO `ec_discounts` VALUES (1,'Discount 1','USDPOMY0R1O9','2024-05-09 09:10:24',NULL,NULL,0,612,'coupon',0,NULL,NULL,'shipping','all-orders',NULL,0,1,'2024-05-10 02:10:24','2024-05-10 02:10:24',NULL,NULL),(2,'Discount 2','FQRTSVCKHTYU','2024-05-09 09:10:24',NULL,NULL,0,131,'coupon',0,NULL,NULL,'amount','all-orders',NULL,0,1,'2024-05-10 02:10:24','2024-05-10 02:10:24',NULL,NULL),(3,'Discount 3','UPDRYFIEQJ6G','2024-05-09 09:10:24',NULL,NULL,0,443,'coupon',0,NULL,NULL,'shipping','all-orders',NULL,0,1,'2024-05-10 02:10:24','2024-05-10 02:10:24',NULL,NULL),(4,'Discount 4','ADEI1LEDLT4Z','2024-05-09 09:10:24','2024-05-28 09:10:24',NULL,0,550,'coupon',0,NULL,NULL,'same-price','all-orders',NULL,0,1,'2024-05-10 02:10:24','2024-05-10 02:10:24',NULL,NULL),(5,'Discount 5','3YSH33MPBORF','2024-05-09 09:10:24',NULL,NULL,0,609,'coupon',0,NULL,NULL,'amount','all-orders',NULL,0,1,'2024-05-10 02:10:24','2024-05-10 02:10:24',NULL,NULL),(6,'Discount 6','GJESAVY2FLJF','2024-05-09 09:10:24','2024-05-22 09:10:24',NULL,0,28,'coupon',0,NULL,NULL,'percentage','all-orders',NULL,0,1,'2024-05-10 02:10:24','2024-05-10 02:10:24',NULL,NULL),(7,'Discount 7','SZTX7YLQZKAC','2024-05-09 09:10:24',NULL,NULL,0,713,'coupon',0,NULL,NULL,'same-price','all-orders',NULL,0,1,'2024-05-10 02:10:24','2024-05-10 02:10:24',NULL,NULL),(8,'Discount 8','XB7LXTVLOIVO','2024-05-09 09:10:24',NULL,NULL,0,175,'coupon',0,NULL,NULL,'shipping','all-orders',NULL,0,1,'2024-05-10 02:10:24','2024-05-10 02:10:24',NULL,NULL),(9,'Discount 9','OHRXWYRZJ2FD','2024-05-09 09:10:24','2024-05-19 09:10:24',NULL,0,260,'coupon',0,NULL,NULL,'amount','all-orders',NULL,0,1,'2024-05-10 02:10:24','2024-05-10 02:10:24',NULL,NULL),(10,'Discount 10','ERLLQJUEBATX','2024-05-09 09:10:24','2024-05-25 09:10:24',NULL,0,55,'coupon',0,NULL,NULL,'amount','all-orders',NULL,0,1,'2024-05-10 02:10:24','2024-05-10 02:10:24',NULL,NULL);

--
-- Table structure for table `ec_flash_sale_products`
--

CREATE TABLE `ec_flash_sale_products` (
  `flash_sale_id` bigint unsigned NOT NULL,
  `product_id` bigint unsigned NOT NULL,
  `price` double unsigned DEFAULT NULL,
  `quantity` int unsigned DEFAULT NULL,
  `sold` int unsigned NOT NULL DEFAULT '0'
) ENGINE=InnoDB DEFAULT CHARSET=utf8mb4 COLLATE=utf8mb4_unicode_ci;

--
-- Dumping data for table `ec_flash_sale_products`
--

INSERT INTO `ec_flash_sale_products` VALUES (1,1,993.24,14,2),(1,2,115.5,7,3),(1,3,115.8,12,1),(1,4,454.968,8,3),(1,5,1291.4,10,2),(1,6,801.24,20,4),(1,7,817.2,7,2),(1,8,660.92,14,5),(1,9,754.22,7,5),(1,10,66.65,12,5);

--
-- Table structure for table `ec_flash_sales`
--

CREATE TABLE `ec_flash_sales` (
  `id` bigint unsigned NOT NULL AUTO_INCREMENT,
  `name` varchar(191) COLLATE utf8mb4_unicode_ci NOT NULL,
  `end_date` datetime NOT NULL,
  `status` varchar(60) COLLATE utf8mb4_unicode_ci NOT NULL DEFAULT 'published',
  `created_at` timestamp NULL DEFAULT NULL,
  `updated_at` timestamp NULL DEFAULT NULL,
  PRIMARY KEY (`id`)
) ENGINE=InnoDB AUTO_INCREMENT=2 DEFAULT CHARSET=utf8mb4 COLLATE=utf8mb4_unicode_ci;

--
-- Dumping data for table `ec_flash_sales`
--

INSERT INTO `ec_flash_sales` VALUES (1,'Winter Sale','2024-06-03 00:00:00','published','2024-05-10 02:10:32','2024-05-10 02:10:32');

--
-- Table structure for table `ec_flash_sales_translations`
--

CREATE TABLE `ec_flash_sales_translations` (
  `lang_code` varchar(191) COLLATE utf8mb4_unicode_ci NOT NULL,
  `ec_flash_sales_id` bigint unsigned NOT NULL,
  `name` varchar(191) COLLATE utf8mb4_unicode_ci DEFAULT NULL,
  PRIMARY KEY (`lang_code`,`ec_flash_sales_id`)
) ENGINE=InnoDB DEFAULT CHARSET=utf8mb4 COLLATE=utf8mb4_unicode_ci;

--
-- Dumping data for table `ec_flash_sales_translations`
--


--
-- Table structure for table `ec_global_option_value`
--

CREATE TABLE `ec_global_option_value` (
  `option_id` bigint unsigned NOT NULL COMMENT 'option id',
  `id` bigint unsigned NOT NULL AUTO_INCREMENT,
  `option_value` tinytext COLLATE utf8mb4_unicode_ci COMMENT 'option value',
  `affect_price` double DEFAULT NULL COMMENT 'value of price of this option affect',
  `order` int NOT NULL DEFAULT '9999',
  `affect_type` tinyint NOT NULL DEFAULT '0' COMMENT '0. fixed 1. percent',
  `created_at` timestamp NULL DEFAULT NULL,
  `updated_at` timestamp NULL DEFAULT NULL,
  PRIMARY KEY (`id`)
) ENGINE=InnoDB AUTO_INCREMENT=13 DEFAULT CHARSET=utf8mb4 COLLATE=utf8mb4_unicode_ci;

--
-- Dumping data for table `ec_global_option_value`
--

INSERT INTO `ec_global_option_value` VALUES (1,1,'1 Year',0,9999,0,'2024-05-10 02:10:24','2024-05-10 02:10:24'),(1,2,'2 Year',10,9999,0,'2024-05-10 02:10:24','2024-05-10 02:10:24'),(1,3,'3 Year',20,9999,0,'2024-05-10 02:10:24','2024-05-10 02:10:24'),(2,4,'4GB',0,9999,0,'2024-05-10 02:10:24','2024-05-10 02:10:24'),(2,5,'8GB',10,9999,0,'2024-05-10 02:10:24','2024-05-10 02:10:24'),(2,6,'16GB',20,9999,0,'2024-05-10 02:10:24','2024-05-10 02:10:24'),(3,7,'Core i5',0,9999,0,'2024-05-10 02:10:24','2024-05-10 02:10:24'),(3,8,'Core i7',10,9999,0,'2024-05-10 02:10:24','2024-05-10 02:10:24'),(3,9,'Core i9',20,9999,0,'2024-05-10 02:10:24','2024-05-10 02:10:24'),(4,10,'128GB',0,9999,0,'2024-05-10 02:10:24','2024-05-10 02:10:24'),(4,11,'256GB',10,9999,0,'2024-05-10 02:10:24','2024-05-10 02:10:24'),(4,12,'512GB',20,9999,0,'2024-05-10 02:10:24','2024-05-10 02:10:24');

--
-- Table structure for table `ec_global_option_value_translations`
--

CREATE TABLE `ec_global_option_value_translations` (
  `lang_code` varchar(191) COLLATE utf8mb4_unicode_ci NOT NULL,
  `ec_global_option_value_id` bigint unsigned NOT NULL,
  `option_value` varchar(191) COLLATE utf8mb4_unicode_ci DEFAULT NULL,
  PRIMARY KEY (`lang_code`,`ec_global_option_value_id`)
) ENGINE=InnoDB DEFAULT CHARSET=utf8mb4 COLLATE=utf8mb4_unicode_ci;

--
-- Dumping data for table `ec_global_option_value_translations`
--


--
-- Table structure for table `ec_global_options`
--

CREATE TABLE `ec_global_options` (
  `id` bigint unsigned NOT NULL AUTO_INCREMENT,
  `name` varchar(191) COLLATE utf8mb4_unicode_ci NOT NULL COMMENT 'Name of options',
  `option_type` varchar(191) COLLATE utf8mb4_unicode_ci NOT NULL COMMENT 'option type',
  `required` tinyint(1) NOT NULL DEFAULT '0' COMMENT 'Checked if this option is required',
  `created_at` timestamp NULL DEFAULT NULL,
  `updated_at` timestamp NULL DEFAULT NULL,
  PRIMARY KEY (`id`)
) ENGINE=InnoDB AUTO_INCREMENT=5 DEFAULT CHARSET=utf8mb4 COLLATE=utf8mb4_unicode_ci;

--
-- Dumping data for table `ec_global_options`
--

INSERT INTO `ec_global_options` VALUES (1,'Warranty','Botble\\Ecommerce\\Option\\OptionType\\RadioButton',1,'2024-05-10 02:10:24','2024-05-10 02:10:24'),(2,'RAM','Botble\\Ecommerce\\Option\\OptionType\\RadioButton',1,'2024-05-10 02:10:24','2024-05-10 02:10:24'),(3,'CPU','Botble\\Ecommerce\\Option\\OptionType\\RadioButton',1,'2024-05-10 02:10:24','2024-05-10 02:10:24'),(4,'HDD','Botble\\Ecommerce\\Option\\OptionType\\Dropdown',0,'2024-05-10 02:10:24','2024-05-10 02:10:24');

--
-- Table structure for table `ec_global_options_translations`
--

CREATE TABLE `ec_global_options_translations` (
  `lang_code` varchar(191) COLLATE utf8mb4_unicode_ci NOT NULL,
  `ec_global_options_id` bigint unsigned NOT NULL,
  `name` varchar(191) COLLATE utf8mb4_unicode_ci DEFAULT NULL,
  PRIMARY KEY (`lang_code`,`ec_global_options_id`)
) ENGINE=InnoDB DEFAULT CHARSET=utf8mb4 COLLATE=utf8mb4_unicode_ci;

--
-- Dumping data for table `ec_global_options_translations`
--


--
-- Table structure for table `ec_grouped_products`
--

CREATE TABLE `ec_grouped_products` (
  `id` bigint unsigned NOT NULL AUTO_INCREMENT,
  `parent_product_id` bigint unsigned NOT NULL,
  `product_id` bigint unsigned NOT NULL,
  `fixed_qty` int NOT NULL DEFAULT '1',
  PRIMARY KEY (`id`)
) ENGINE=InnoDB DEFAULT CHARSET=utf8mb4 COLLATE=utf8mb4_unicode_ci;

--
-- Dumping data for table `ec_grouped_products`
--


--
-- Table structure for table `ec_invoice_items`
--

CREATE TABLE `ec_invoice_items` (
  `id` bigint unsigned NOT NULL AUTO_INCREMENT,
  `invoice_id` bigint unsigned NOT NULL,
  `reference_type` varchar(191) COLLATE utf8mb4_unicode_ci NOT NULL,
  `reference_id` bigint unsigned NOT NULL,
  `name` varchar(191) COLLATE utf8mb4_unicode_ci NOT NULL,
  `description` varchar(400) COLLATE utf8mb4_unicode_ci DEFAULT NULL,
  `image` varchar(191) COLLATE utf8mb4_unicode_ci DEFAULT NULL,
  `qty` int unsigned NOT NULL,
  `price` decimal(15,2) NOT NULL DEFAULT '0.00',
  `sub_total` decimal(15,2) unsigned NOT NULL,
  `tax_amount` decimal(15,2) unsigned NOT NULL DEFAULT '0.00',
  `discount_amount` decimal(15,2) unsigned NOT NULL DEFAULT '0.00',
  `amount` decimal(15,2) unsigned NOT NULL,
  `options` text COLLATE utf8mb4_unicode_ci,
  `created_at` timestamp NULL DEFAULT NULL,
  `updated_at` timestamp NULL DEFAULT NULL,
  PRIMARY KEY (`id`),
  KEY `ec_invoice_items_reference_type_reference_id_index` (`reference_type`,`reference_id`)
) ENGINE=InnoDB DEFAULT CHARSET=utf8mb4 COLLATE=utf8mb4_unicode_ci;

--
-- Dumping data for table `ec_invoice_items`
--


--
-- Table structure for table `ec_invoices`
--

CREATE TABLE `ec_invoices` (
  `id` bigint unsigned NOT NULL AUTO_INCREMENT,
  `reference_type` varchar(191) COLLATE utf8mb4_unicode_ci NOT NULL,
  `reference_id` bigint unsigned NOT NULL,
  `code` varchar(191) COLLATE utf8mb4_unicode_ci NOT NULL,
  `customer_name` varchar(191) COLLATE utf8mb4_unicode_ci DEFAULT NULL,
  `company_name` varchar(191) COLLATE utf8mb4_unicode_ci DEFAULT NULL,
  `company_logo` varchar(191) COLLATE utf8mb4_unicode_ci DEFAULT NULL,
  `customer_email` varchar(191) COLLATE utf8mb4_unicode_ci DEFAULT NULL,
  `customer_phone` varchar(191) COLLATE utf8mb4_unicode_ci DEFAULT NULL,
  `customer_address` varchar(191) COLLATE utf8mb4_unicode_ci DEFAULT NULL,
  `customer_tax_id` varchar(191) COLLATE utf8mb4_unicode_ci DEFAULT NULL,
  `sub_total` decimal(15,2) unsigned NOT NULL,
  `tax_amount` decimal(15,2) unsigned NOT NULL DEFAULT '0.00',
  `shipping_amount` decimal(15,2) unsigned NOT NULL DEFAULT '0.00',
  `discount_amount` decimal(15,2) unsigned NOT NULL DEFAULT '0.00',
  `shipping_option` varchar(60) COLLATE utf8mb4_unicode_ci DEFAULT NULL,
  `shipping_method` varchar(60) COLLATE utf8mb4_unicode_ci NOT NULL DEFAULT 'default',
  `coupon_code` varchar(120) COLLATE utf8mb4_unicode_ci DEFAULT NULL,
  `discount_description` varchar(191) COLLATE utf8mb4_unicode_ci DEFAULT NULL,
  `amount` decimal(15,2) unsigned NOT NULL,
  `description` text COLLATE utf8mb4_unicode_ci,
  `payment_id` bigint unsigned DEFAULT NULL,
  `status` varchar(191) COLLATE utf8mb4_unicode_ci NOT NULL DEFAULT 'pending',
  `paid_at` timestamp NULL DEFAULT NULL,
  `created_at` timestamp NULL DEFAULT NULL,
  `updated_at` timestamp NULL DEFAULT NULL,
  PRIMARY KEY (`id`),
  UNIQUE KEY `ec_invoices_code_unique` (`code`),
  KEY `ec_invoices_reference_type_reference_id_index` (`reference_type`,`reference_id`),
  KEY `ec_invoices_payment_id_index` (`payment_id`),
  KEY `ec_invoices_status_index` (`status`)
) ENGINE=InnoDB DEFAULT CHARSET=utf8mb4 COLLATE=utf8mb4_unicode_ci;

--
-- Dumping data for table `ec_invoices`
--


--
-- Table structure for table `ec_option_value`
--

CREATE TABLE `ec_option_value` (
  `option_id` bigint unsigned NOT NULL COMMENT 'option id',
  `id` bigint unsigned NOT NULL AUTO_INCREMENT,
  `option_value` tinytext COLLATE utf8mb4_unicode_ci COMMENT 'option value',
  `affect_price` double DEFAULT NULL COMMENT 'value of price of this option affect',
  `order` int NOT NULL DEFAULT '9999',
  `affect_type` tinyint NOT NULL DEFAULT '0' COMMENT '0. fixed 1. percent',
  `created_at` timestamp NULL DEFAULT NULL,
  `updated_at` timestamp NULL DEFAULT NULL,
  PRIMARY KEY (`id`)
) ENGINE=InnoDB DEFAULT CHARSET=utf8mb4 COLLATE=utf8mb4_unicode_ci;

--
-- Dumping data for table `ec_option_value`
--


--
-- Table structure for table `ec_option_value_translations`
--

CREATE TABLE `ec_option_value_translations` (
  `lang_code` varchar(191) COLLATE utf8mb4_unicode_ci NOT NULL,
  `ec_option_value_id` bigint unsigned NOT NULL,
  `option_value` varchar(191) COLLATE utf8mb4_unicode_ci DEFAULT NULL,
  PRIMARY KEY (`lang_code`,`ec_option_value_id`)
) ENGINE=InnoDB DEFAULT CHARSET=utf8mb4 COLLATE=utf8mb4_unicode_ci;

--
-- Dumping data for table `ec_option_value_translations`
--


--
-- Table structure for table `ec_options`
--

CREATE TABLE `ec_options` (
  `id` bigint unsigned NOT NULL AUTO_INCREMENT,
  `name` varchar(191) COLLATE utf8mb4_unicode_ci NOT NULL COMMENT 'Name of options',
  `option_type` varchar(191) COLLATE utf8mb4_unicode_ci DEFAULT NULL COMMENT 'option type',
  `product_id` bigint unsigned NOT NULL DEFAULT '0',
  `order` int NOT NULL DEFAULT '9999',
  `required` tinyint(1) NOT NULL DEFAULT '0' COMMENT 'Checked if this option is required',
  `created_at` timestamp NULL DEFAULT NULL,
  `updated_at` timestamp NULL DEFAULT NULL,
  PRIMARY KEY (`id`)
) ENGINE=InnoDB DEFAULT CHARSET=utf8mb4 COLLATE=utf8mb4_unicode_ci;

--
-- Dumping data for table `ec_options`
--


--
-- Table structure for table `ec_options_translations`
--

CREATE TABLE `ec_options_translations` (
  `lang_code` varchar(191) COLLATE utf8mb4_unicode_ci NOT NULL,
  `ec_options_id` bigint unsigned NOT NULL,
  `name` varchar(191) COLLATE utf8mb4_unicode_ci DEFAULT NULL,
  PRIMARY KEY (`lang_code`,`ec_options_id`)
) ENGINE=InnoDB DEFAULT CHARSET=utf8mb4 COLLATE=utf8mb4_unicode_ci;

--
-- Dumping data for table `ec_options_translations`
--


--
-- Table structure for table `ec_order_addresses`
--

CREATE TABLE `ec_order_addresses` (
  `id` bigint unsigned NOT NULL AUTO_INCREMENT,
  `name` varchar(191) COLLATE utf8mb4_unicode_ci NOT NULL,
  `phone` varchar(20) COLLATE utf8mb4_unicode_ci DEFAULT NULL,
  `email` varchar(191) COLLATE utf8mb4_unicode_ci DEFAULT NULL,
  `country` varchar(120) COLLATE utf8mb4_unicode_ci DEFAULT NULL,
  `state` varchar(120) COLLATE utf8mb4_unicode_ci DEFAULT NULL,
  `city` varchar(120) COLLATE utf8mb4_unicode_ci DEFAULT NULL,
  `address` varchar(191) COLLATE utf8mb4_unicode_ci DEFAULT NULL,
  `order_id` bigint unsigned NOT NULL,
  `zip_code` varchar(20) COLLATE utf8mb4_unicode_ci DEFAULT NULL,
  `type` varchar(60) COLLATE utf8mb4_unicode_ci NOT NULL DEFAULT 'shipping_address',
  PRIMARY KEY (`id`)
) ENGINE=InnoDB DEFAULT CHARSET=utf8mb4 COLLATE=utf8mb4_unicode_ci;

--
-- Dumping data for table `ec_order_addresses`
--


--
-- Table structure for table `ec_order_histories`
--

CREATE TABLE `ec_order_histories` (
  `id` bigint unsigned NOT NULL AUTO_INCREMENT,
  `action` varchar(120) COLLATE utf8mb4_unicode_ci NOT NULL,
  `description` varchar(400) COLLATE utf8mb4_unicode_ci DEFAULT NULL,
  `user_id` bigint unsigned DEFAULT NULL,
  `order_id` bigint unsigned NOT NULL,
  `extras` text COLLATE utf8mb4_unicode_ci,
  `created_at` timestamp NULL DEFAULT NULL,
  `updated_at` timestamp NULL DEFAULT NULL,
  PRIMARY KEY (`id`)
) ENGINE=InnoDB DEFAULT CHARSET=utf8mb4 COLLATE=utf8mb4_unicode_ci;

--
-- Dumping data for table `ec_order_histories`
--


--
-- Table structure for table `ec_order_product`
--

CREATE TABLE `ec_order_product` (
  `id` bigint unsigned NOT NULL AUTO_INCREMENT,
  `order_id` bigint unsigned NOT NULL,
  `qty` int NOT NULL,
  `price` decimal(15,2) NOT NULL,
  `tax_amount` decimal(15,2) NOT NULL,
  `options` text COLLATE utf8mb4_unicode_ci,
  `product_options` text COLLATE utf8mb4_unicode_ci COMMENT 'product option data',
  `product_id` bigint unsigned DEFAULT NULL,
  `product_name` varchar(191) COLLATE utf8mb4_unicode_ci NOT NULL,
  `product_image` varchar(191) COLLATE utf8mb4_unicode_ci DEFAULT NULL,
  `weight` double(8,2) DEFAULT '0.00',
  `restock_quantity` int unsigned DEFAULT '0',
  `created_at` timestamp NULL DEFAULT NULL,
  `updated_at` timestamp NULL DEFAULT NULL,
  `product_type` varchar(60) COLLATE utf8mb4_unicode_ci NOT NULL DEFAULT 'physical',
  `times_downloaded` int NOT NULL DEFAULT '0',
  `license_code` char(36) COLLATE utf8mb4_unicode_ci DEFAULT NULL,
  PRIMARY KEY (`id`)
) ENGINE=InnoDB DEFAULT CHARSET=utf8mb4 COLLATE=utf8mb4_unicode_ci;

--
-- Dumping data for table `ec_order_product`
--


--
-- Table structure for table `ec_order_referrals`
--

CREATE TABLE `ec_order_referrals` (
  `id` bigint unsigned NOT NULL AUTO_INCREMENT,
  `ip` varchar(39) COLLATE utf8mb4_unicode_ci DEFAULT NULL,
  `landing_domain` varchar(191) COLLATE utf8mb4_unicode_ci DEFAULT NULL,
  `landing_page` varchar(191) COLLATE utf8mb4_unicode_ci DEFAULT NULL,
  `landing_params` varchar(191) COLLATE utf8mb4_unicode_ci DEFAULT NULL,
  `referral` varchar(191) COLLATE utf8mb4_unicode_ci DEFAULT NULL,
  `gclid` varchar(191) COLLATE utf8mb4_unicode_ci DEFAULT NULL,
  `fclid` varchar(191) COLLATE utf8mb4_unicode_ci DEFAULT NULL,
  `utm_source` varchar(191) COLLATE utf8mb4_unicode_ci DEFAULT NULL,
  `utm_campaign` varchar(191) COLLATE utf8mb4_unicode_ci DEFAULT NULL,
  `utm_medium` varchar(191) COLLATE utf8mb4_unicode_ci DEFAULT NULL,
  `utm_term` varchar(191) COLLATE utf8mb4_unicode_ci DEFAULT NULL,
  `utm_content` varchar(191) COLLATE utf8mb4_unicode_ci DEFAULT NULL,
  `referrer_url` text COLLATE utf8mb4_unicode_ci,
  `referrer_domain` varchar(191) COLLATE utf8mb4_unicode_ci DEFAULT NULL,
  `order_id` bigint unsigned DEFAULT NULL,
  `created_at` timestamp NULL DEFAULT NULL,
  `updated_at` timestamp NULL DEFAULT NULL,
  PRIMARY KEY (`id`),
  KEY `ec_order_referrals_order_id_index` (`order_id`)
) ENGINE=InnoDB DEFAULT CHARSET=utf8mb4 COLLATE=utf8mb4_unicode_ci;

--
-- Dumping data for table `ec_order_referrals`
--


--
-- Table structure for table `ec_order_return_histories`
--

CREATE TABLE `ec_order_return_histories` (
  `id` bigint unsigned NOT NULL AUTO_INCREMENT,
  `user_id` bigint unsigned DEFAULT NULL,
  `order_return_id` bigint unsigned NOT NULL,
  `action` varchar(191) COLLATE utf8mb4_unicode_ci NOT NULL,
  `description` varchar(400) COLLATE utf8mb4_unicode_ci DEFAULT NULL,
  `reason` varchar(191) COLLATE utf8mb4_unicode_ci DEFAULT NULL,
  `created_at` timestamp NULL DEFAULT NULL,
  `updated_at` timestamp NULL DEFAULT NULL,
  PRIMARY KEY (`id`)
) ENGINE=InnoDB DEFAULT CHARSET=utf8mb4 COLLATE=utf8mb4_unicode_ci;

--
-- Dumping data for table `ec_order_return_histories`
--


--
-- Table structure for table `ec_order_return_items`
--

CREATE TABLE `ec_order_return_items` (
  `id` bigint unsigned NOT NULL AUTO_INCREMENT,
  `order_return_id` bigint unsigned NOT NULL COMMENT 'Order return id',
  `order_product_id` bigint unsigned NOT NULL COMMENT 'Order product id',
  `product_id` bigint unsigned NOT NULL COMMENT 'Product id',
  `product_name` varchar(191) COLLATE utf8mb4_unicode_ci NOT NULL,
  `product_image` varchar(191) COLLATE utf8mb4_unicode_ci DEFAULT NULL,
  `qty` int NOT NULL COMMENT 'Quantity return',
  `price` decimal(15,2) NOT NULL COMMENT 'Price Product',
  `reason` text COLLATE utf8mb4_unicode_ci,
  `created_at` timestamp NULL DEFAULT NULL,
  `updated_at` timestamp NULL DEFAULT NULL,
  `refund_amount` decimal(12,2) DEFAULT '0.00',
  PRIMARY KEY (`id`)
) ENGINE=InnoDB DEFAULT CHARSET=utf8mb4 COLLATE=utf8mb4_unicode_ci;

--
-- Dumping data for table `ec_order_return_items`
--


--
-- Table structure for table `ec_order_returns`
--

CREATE TABLE `ec_order_returns` (
  `id` bigint unsigned NOT NULL AUTO_INCREMENT,
  `code` varchar(191) COLLATE utf8mb4_unicode_ci DEFAULT NULL,
  `order_id` bigint unsigned NOT NULL COMMENT 'Order ID',
  `store_id` bigint unsigned DEFAULT NULL COMMENT 'Store ID',
  `user_id` bigint unsigned NOT NULL COMMENT 'Customer ID',
  `reason` text COLLATE utf8mb4_unicode_ci COMMENT 'Reason return order',
  `order_status` varchar(191) COLLATE utf8mb4_unicode_ci DEFAULT NULL COMMENT 'Order current status',
  `return_status` varchar(191) COLLATE utf8mb4_unicode_ci NOT NULL COMMENT 'Return status',
  `created_at` timestamp NULL DEFAULT NULL,
  `updated_at` timestamp NULL DEFAULT NULL,
  PRIMARY KEY (`id`),
  UNIQUE KEY `ec_order_returns_code_unique` (`code`)
) ENGINE=InnoDB DEFAULT CHARSET=utf8mb4 COLLATE=utf8mb4_unicode_ci;

--
-- Dumping data for table `ec_order_returns`
--


--
-- Table structure for table `ec_order_tax_information`
--

CREATE TABLE `ec_order_tax_information` (
  `id` bigint unsigned NOT NULL AUTO_INCREMENT,
  `order_id` bigint unsigned NOT NULL,
  `company_name` varchar(120) COLLATE utf8mb4_unicode_ci NOT NULL,
  `company_address` varchar(191) COLLATE utf8mb4_unicode_ci NOT NULL,
  `company_tax_code` varchar(20) COLLATE utf8mb4_unicode_ci NOT NULL,
  `company_email` varchar(60) COLLATE utf8mb4_unicode_ci NOT NULL,
  `created_at` timestamp NULL DEFAULT NULL,
  `updated_at` timestamp NULL DEFAULT NULL,
  PRIMARY KEY (`id`),
  KEY `ec_order_tax_information_order_id_index` (`order_id`)
) ENGINE=InnoDB DEFAULT CHARSET=utf8mb4 COLLATE=utf8mb4_unicode_ci;

--
-- Dumping data for table `ec_order_tax_information`
--


--
-- Table structure for table `ec_orders`
--

CREATE TABLE `ec_orders` (
  `id` bigint unsigned NOT NULL AUTO_INCREMENT,
  `code` varchar(191) COLLATE utf8mb4_unicode_ci DEFAULT NULL,
  `user_id` bigint unsigned NOT NULL,
  `shipping_option` varchar(60) COLLATE utf8mb4_unicode_ci DEFAULT NULL,
  `shipping_method` varchar(60) COLLATE utf8mb4_unicode_ci NOT NULL DEFAULT 'default',
  `status` varchar(120) COLLATE utf8mb4_unicode_ci NOT NULL DEFAULT 'pending',
  `amount` decimal(15,2) NOT NULL,
  `tax_amount` decimal(15,2) DEFAULT NULL,
  `shipping_amount` decimal(15,2) DEFAULT NULL,
  `description` text COLLATE utf8mb4_unicode_ci,
  `coupon_code` varchar(120) COLLATE utf8mb4_unicode_ci DEFAULT NULL,
  `discount_amount` decimal(15,2) DEFAULT NULL,
  `sub_total` decimal(15,2) NOT NULL,
  `is_confirmed` tinyint(1) NOT NULL DEFAULT '0',
  `discount_description` varchar(191) COLLATE utf8mb4_unicode_ci DEFAULT NULL,
  `is_finished` tinyint(1) DEFAULT '0',
  `cancellation_reason` varchar(191) COLLATE utf8mb4_unicode_ci DEFAULT NULL,
  `cancellation_reason_description` varchar(191) COLLATE utf8mb4_unicode_ci DEFAULT NULL,
  `completed_at` timestamp NULL DEFAULT NULL,
  `token` varchar(120) COLLATE utf8mb4_unicode_ci DEFAULT NULL,
  `payment_id` bigint unsigned DEFAULT NULL,
  `created_at` timestamp NULL DEFAULT NULL,
  `updated_at` timestamp NULL DEFAULT NULL,
  `store_id` bigint unsigned DEFAULT NULL,
  `proof_file` varchar(191) COLLATE utf8mb4_unicode_ci DEFAULT NULL,
  PRIMARY KEY (`id`),
  UNIQUE KEY `ec_orders_code_unique` (`code`),
  KEY `ec_orders_user_id_status_created_at_index` (`user_id`,`status`,`created_at`)
) ENGINE=InnoDB DEFAULT CHARSET=utf8mb4 COLLATE=utf8mb4_unicode_ci;

--
-- Dumping data for table `ec_orders`
--


--
-- Table structure for table `ec_product_attribute_sets`
--

CREATE TABLE `ec_product_attribute_sets` (
  `id` bigint unsigned NOT NULL AUTO_INCREMENT,
  `title` varchar(120) COLLATE utf8mb4_unicode_ci NOT NULL,
  `slug` varchar(120) COLLATE utf8mb4_unicode_ci DEFAULT NULL,
  `display_layout` varchar(191) COLLATE utf8mb4_unicode_ci NOT NULL DEFAULT 'swatch_dropdown',
  `is_searchable` tinyint unsigned NOT NULL DEFAULT '1',
  `is_comparable` tinyint unsigned NOT NULL DEFAULT '1',
  `is_use_in_product_listing` tinyint unsigned NOT NULL DEFAULT '0',
  `status` varchar(60) COLLATE utf8mb4_unicode_ci NOT NULL DEFAULT 'published',
  `order` tinyint unsigned NOT NULL DEFAULT '0',
  `created_at` timestamp NULL DEFAULT NULL,
  `updated_at` timestamp NULL DEFAULT NULL,
  `use_image_from_product_variation` tinyint unsigned NOT NULL DEFAULT '0',
  PRIMARY KEY (`id`)
) ENGINE=InnoDB AUTO_INCREMENT=5 DEFAULT CHARSET=utf8mb4 COLLATE=utf8mb4_unicode_ci;

--
-- Dumping data for table `ec_product_attribute_sets`
--

INSERT INTO `ec_product_attribute_sets` VALUES (1,'Color','color','visual',1,1,1,'published',0,'2024-05-10 02:10:19','2024-05-10 02:10:19',0),(2,'Size','size','text',1,1,1,'published',1,'2024-05-10 02:10:19','2024-05-10 02:10:19',0),(3,'Weight','weight','text',1,1,1,'published',0,'2024-05-10 02:10:19','2024-05-10 02:10:19',0),(4,'Boxes','boxes','text',1,1,1,'published',1,'2024-05-10 02:10:19','2024-05-10 02:10:19',0);

--
-- Table structure for table `ec_product_attribute_sets_translations`
--

CREATE TABLE `ec_product_attribute_sets_translations` (
  `lang_code` varchar(191) COLLATE utf8mb4_unicode_ci NOT NULL,
  `ec_product_attribute_sets_id` bigint unsigned NOT NULL,
  `title` varchar(191) COLLATE utf8mb4_unicode_ci DEFAULT NULL,
  PRIMARY KEY (`lang_code`,`ec_product_attribute_sets_id`)
) ENGINE=InnoDB DEFAULT CHARSET=utf8mb4 COLLATE=utf8mb4_unicode_ci;

--
-- Dumping data for table `ec_product_attribute_sets_translations`
--


--
-- Table structure for table `ec_product_attributes`
--

CREATE TABLE `ec_product_attributes` (
  `id` bigint unsigned NOT NULL AUTO_INCREMENT,
  `attribute_set_id` bigint unsigned NOT NULL,
  `title` varchar(120) COLLATE utf8mb4_unicode_ci NOT NULL,
  `slug` varchar(120) COLLATE utf8mb4_unicode_ci DEFAULT NULL,
  `color` varchar(50) COLLATE utf8mb4_unicode_ci DEFAULT NULL,
  `image` varchar(191) COLLATE utf8mb4_unicode_ci DEFAULT NULL,
  `is_default` tinyint unsigned NOT NULL DEFAULT '0',
  `order` tinyint unsigned NOT NULL DEFAULT '0',
  `created_at` timestamp NULL DEFAULT NULL,
  `updated_at` timestamp NULL DEFAULT NULL,
  PRIMARY KEY (`id`),
  KEY `attribute_set_status_index` (`attribute_set_id`)
) ENGINE=InnoDB AUTO_INCREMENT=21 DEFAULT CHARSET=utf8mb4 COLLATE=utf8mb4_unicode_ci;

--
-- Dumping data for table `ec_product_attributes`
--

INSERT INTO `ec_product_attributes` VALUES (1,1,'Green','green','#5FB7D4',NULL,1,1,'2024-05-10 02:10:19','2024-05-10 02:10:19'),(2,1,'Blue','blue','#333333',NULL,0,2,'2024-05-10 02:10:19','2024-05-10 02:10:19'),(3,1,'Red','red','#DA323F',NULL,0,3,'2024-05-10 02:10:19','2024-05-10 02:10:19'),(4,1,'Black','black','#2F366C',NULL,0,4,'2024-05-10 02:10:19','2024-05-10 02:10:19'),(5,1,'Brown','brown','#87554B',NULL,0,5,'2024-05-10 02:10:19','2024-05-10 02:10:19'),(6,2,'S','s',NULL,NULL,1,1,'2024-05-10 02:10:19','2024-05-10 02:10:19'),(7,2,'M','m',NULL,NULL,0,2,'2024-05-10 02:10:19','2024-05-10 02:10:19'),(8,2,'L','l',NULL,NULL,0,3,'2024-05-10 02:10:19','2024-05-10 02:10:19'),(9,2,'XL','xl',NULL,NULL,0,4,'2024-05-10 02:10:19','2024-05-10 02:10:19'),(10,2,'XXL','xxl',NULL,NULL,0,5,'2024-05-10 02:10:19','2024-05-10 02:10:19'),(11,3,'1KG','1kg',NULL,NULL,1,1,'2024-05-10 02:10:19','2024-05-10 02:10:19'),(12,3,'2KG','2kg',NULL,NULL,0,2,'2024-05-10 02:10:19','2024-05-10 02:10:19'),(13,3,'3KG','3kg',NULL,NULL,0,3,'2024-05-10 02:10:19','2024-05-10 02:10:19'),(14,3,'4KG','4kg',NULL,NULL,0,4,'2024-05-10 02:10:19','2024-05-10 02:10:19'),(15,3,'5KG','5kg',NULL,NULL,0,5,'2024-05-10 02:10:19','2024-05-10 02:10:19'),(16,4,'1 Box','1-box',NULL,NULL,1,1,'2024-05-10 02:10:19','2024-05-10 02:10:19'),(17,4,'2 Boxes','2-boxes',NULL,NULL,0,2,'2024-05-10 02:10:19','2024-05-10 02:10:19'),(18,4,'3 Boxes','3-boxes',NULL,NULL,0,3,'2024-05-10 02:10:19','2024-05-10 02:10:19'),(19,4,'4 Boxes','4-boxes',NULL,NULL,0,4,'2024-05-10 02:10:19','2024-05-10 02:10:19'),(20,4,'5 Boxes','5-boxes',NULL,NULL,0,5,'2024-05-10 02:10:19','2024-05-10 02:10:19');

--
-- Table structure for table `ec_product_attributes_translations`
--

CREATE TABLE `ec_product_attributes_translations` (
  `lang_code` varchar(191) COLLATE utf8mb4_unicode_ci NOT NULL,
  `ec_product_attributes_id` bigint unsigned NOT NULL,
  `title` varchar(191) COLLATE utf8mb4_unicode_ci DEFAULT NULL,
  PRIMARY KEY (`lang_code`,`ec_product_attributes_id`)
) ENGINE=InnoDB DEFAULT CHARSET=utf8mb4 COLLATE=utf8mb4_unicode_ci;

--
-- Dumping data for table `ec_product_attributes_translations`
--


--
-- Table structure for table `ec_product_categories`
--

CREATE TABLE `ec_product_categories` (
  `id` bigint unsigned NOT NULL AUTO_INCREMENT,
  `name` varchar(191) COLLATE utf8mb4_unicode_ci NOT NULL,
  `parent_id` bigint unsigned NOT NULL DEFAULT '0',
  `description` mediumtext COLLATE utf8mb4_unicode_ci,
  `status` varchar(60) COLLATE utf8mb4_unicode_ci NOT NULL DEFAULT 'published',
  `order` int unsigned NOT NULL DEFAULT '0',
  `image` varchar(191) COLLATE utf8mb4_unicode_ci DEFAULT NULL,
  `is_featured` tinyint unsigned NOT NULL DEFAULT '0',
  `created_at` timestamp NULL DEFAULT NULL,
  `updated_at` timestamp NULL DEFAULT NULL,
  `icon` varchar(191) COLLATE utf8mb4_unicode_ci DEFAULT NULL,
  `icon_image` varchar(191) COLLATE utf8mb4_unicode_ci DEFAULT NULL,
  PRIMARY KEY (`id`),
  KEY `ec_product_categories_parent_id_status_created_at_index` (`parent_id`,`status`,`created_at`),
  KEY `ec_product_categories_parent_id_status_index` (`parent_id`,`status`)
) ENGINE=InnoDB AUTO_INCREMENT=39 DEFAULT CHARSET=utf8mb4 COLLATE=utf8mb4_unicode_ci;

--
-- Dumping data for table `ec_product_categories`
--

INSERT INTO `ec_product_categories` VALUES (1,'New Arrivals',0,NULL,'published',0,NULL,0,'2024-05-10 02:10:28','2024-05-10 02:10:28','ti ti-home',NULL),(2,'Electronics',0,NULL,'published',1,NULL,0,'2024-05-10 02:10:28','2024-05-10 02:10:28','ti ti-device-tv',NULL),(3,'Featured',2,NULL,'published',0,'main/product-categories/menu-1.jpg',0,'2024-05-10 02:10:28','2024-05-10 02:10:28',NULL,NULL),(4,'New Arrivals',3,NULL,'published',0,NULL,0,'2024-05-10 02:10:28','2024-05-10 02:10:28',NULL,NULL),(5,'Best Sellers',3,NULL,'published',1,NULL,0,'2024-05-10 02:10:28','2024-05-10 02:10:28',NULL,NULL),(6,'Mobile Phone',3,NULL,'published',2,'main/product-categories/2.png',1,'2024-05-10 02:10:28','2024-05-10 02:10:28',NULL,NULL),(7,'Computers & Laptops',2,NULL,'published',1,'main/product-categories/menu-2.jpg',1,'2024-05-10 02:10:28','2024-05-10 02:10:28',NULL,NULL),(8,'Top Brands',7,NULL,'published',0,NULL,0,'2024-05-10 02:10:28','2024-05-10 02:10:28',NULL,NULL),(9,'Weekly Best Selling',7,NULL,'published',1,NULL,0,'2024-05-10 02:10:28','2024-05-10 02:10:28',NULL,NULL),(10,'CPU Heat Pipes',7,NULL,'published',2,'main/product-categories/3.png',1,'2024-05-10 02:10:28','2024-05-10 02:10:28',NULL,NULL),(11,'CPU Coolers',7,NULL,'published',3,'main/product-categories/category-thumb-9.jpg',0,'2024-05-10 02:10:28','2024-05-10 02:10:28',NULL,NULL),(12,'Accessories',2,NULL,'published',2,'main/product-categories/menu-3.jpg',0,'2024-05-10 02:10:28','2024-05-10 02:10:28',NULL,NULL),(13,'Headphones',12,NULL,'published',0,'main/product-categories/1.png',1,'2024-05-10 02:10:28','2024-05-10 02:10:28',NULL,NULL),(14,'Wireless Headphones',12,NULL,'published',1,'main/product-categories/category-thumb-1.jpg',0,'2024-05-10 02:10:28','2024-05-10 02:10:28',NULL,NULL),(15,'TWS Earphones',12,NULL,'published',2,'main/product-categories/category-thumb-6.jpg',0,'2024-05-10 02:10:28','2024-05-10 02:10:28',NULL,NULL),(16,'Smart Watch',12,NULL,'published',3,'main/product-categories/4.png',1,'2024-05-10 02:10:28','2024-05-10 02:10:28',NULL,NULL),(17,'Gaming Console',2,NULL,'published',3,'main/product-categories/category-thumb-8.jpg',0,'2024-05-10 02:10:28','2024-05-10 02:10:28',NULL,NULL),(18,'Playstation',2,NULL,'published',4,'main/product-categories/category-thumb-12.jpg',0,'2024-05-10 02:10:28','2024-05-10 02:10:28',NULL,NULL),(19,'Gifts',0,NULL,'published',2,NULL,0,'2024-05-10 02:10:28','2024-05-10 02:10:28','ti ti-gift',NULL),(20,'Computers',0,NULL,'published',3,NULL,0,'2024-05-10 02:10:28','2024-05-10 02:10:28','ti ti-device-laptop',NULL),(21,'Desktop',20,NULL,'published',0,'main/product-categories/category-thumb-5.jpg',0,'2024-05-10 02:10:28','2024-05-10 02:10:28','ti ti-device-desktop',NULL),(22,'Laptop',20,NULL,'published',1,'main/product-categories/category-thumb-3.jpg',0,'2024-05-10 02:10:28','2024-05-10 02:10:28','ti ti-device-laptop',NULL),(23,'Tablet',20,NULL,'published',2,'main/product-categories/category-thumb-4.jpg',0,'2024-05-10 02:10:28','2024-05-10 02:10:28','ti ti-device-tablet',NULL),(24,'Accessories',20,NULL,'published',3,NULL,0,'2024-05-10 02:10:28','2024-05-10 02:10:28','ti ti-keyboard',NULL),(25,'Smartphones & Tablets',0,NULL,'published',4,'main/product-categories/category-thumb-10.jpg',0,'2024-05-10 02:10:28','2024-05-10 02:10:28','ti ti-device-mobile',NULL),(26,'TV,\n                Video & Music',0,NULL,'published',5,NULL,0,'2024-05-10 02:10:28','2024-05-10 02:10:28','ti ti-device-tv',NULL),(27,'Cameras',0,NULL,'published',6,NULL,0,'2024-05-10 02:10:28','2024-05-10 02:10:28','ti ti-camera',NULL),(28,'Cooking',0,NULL,'published',7,NULL,0,'2024-05-10 02:10:28','2024-05-10 02:10:28','ti ti-grill-spatula',NULL),(29,'Accessories',0,NULL,'published',8,NULL,0,'2024-05-10 02:10:28','2024-05-10 02:10:28','ti ti-building-store',NULL),(30,'With Bluetooth',29,NULL,'published',0,'main/product-categories/5.png',1,'2024-05-10 02:10:28','2024-05-10 02:10:28',NULL,NULL),(31,'Sports',0,NULL,'published',9,NULL,0,'2024-05-10 02:10:28','2024-05-10 02:10:28','ti ti-ball-football',NULL),(32,'Electronics Gadgets',0,NULL,'published',10,NULL,0,'2024-05-10 02:10:28','2024-05-10 02:10:28','ti ti-cpu-2',NULL),(33,'Micrscope',32,NULL,'published',0,NULL,0,'2024-05-10 02:10:28','2024-05-10 02:10:28',NULL,NULL),(34,'Remote Control',32,NULL,'published',1,NULL,0,'2024-05-10 02:10:28','2024-05-10 02:10:28',NULL,NULL),(35,'Monitor',32,NULL,'published',2,NULL,0,'2024-05-10 02:10:28','2024-05-10 02:10:28',NULL,NULL),(36,'Thermometer',32,NULL,'published',3,NULL,0,'2024-05-10 02:10:28','2024-05-10 02:10:28',NULL,NULL),(37,'Backpack',32,NULL,'published',4,NULL,0,'2024-05-10 02:10:28','2024-05-10 02:10:28',NULL,NULL),(38,'Headphones',32,NULL,'published',5,'main/product-categories/category-thumb-1.jpg',0,'2024-05-10 02:10:28','2024-05-10 02:10:28',NULL,NULL);

--
-- Table structure for table `ec_product_categories_translations`
--

CREATE TABLE `ec_product_categories_translations` (
  `lang_code` varchar(191) COLLATE utf8mb4_unicode_ci NOT NULL,
  `ec_product_categories_id` bigint unsigned NOT NULL,
  `name` varchar(191) COLLATE utf8mb4_unicode_ci DEFAULT NULL,
  `description` mediumtext COLLATE utf8mb4_unicode_ci,
  PRIMARY KEY (`lang_code`,`ec_product_categories_id`)
) ENGINE=InnoDB DEFAULT CHARSET=utf8mb4 COLLATE=utf8mb4_unicode_ci;

--
-- Dumping data for table `ec_product_categories_translations`
--


--
-- Table structure for table `ec_product_categorizables`
--

CREATE TABLE `ec_product_categorizables` (
  `category_id` bigint unsigned NOT NULL,
  `reference_id` bigint unsigned NOT NULL,
  `reference_type` varchar(120) COLLATE utf8mb4_unicode_ci NOT NULL,
  PRIMARY KEY (`category_id`,`reference_id`,`reference_type`),
  KEY `ec_product_categorizables_category_id_index` (`category_id`),
  KEY `ec_product_categorizables_reference_id_index` (`reference_id`),
  KEY `ec_product_categorizables_reference_type_index` (`reference_type`)
) ENGINE=InnoDB DEFAULT CHARSET=utf8mb4 COLLATE=utf8mb4_unicode_ci;

--
-- Dumping data for table `ec_product_categorizables`
--


--
-- Table structure for table `ec_product_category_product`
--

CREATE TABLE `ec_product_category_product` (
  `category_id` bigint unsigned NOT NULL,
  `product_id` bigint unsigned NOT NULL,
  PRIMARY KEY (`product_id`,`category_id`),
  KEY `ec_product_category_product_category_id_index` (`category_id`),
  KEY `ec_product_category_product_product_id_index` (`product_id`)
) ENGINE=InnoDB DEFAULT CHARSET=utf8mb4 COLLATE=utf8mb4_unicode_ci;

--
-- Dumping data for table `ec_product_category_product`
--

INSERT INTO `ec_product_category_product` VALUES (1,9),(1,10),(1,14),(1,26),(1,28),(1,32),(1,36),(1,37),(1,39),(1,41),(1,48),(1,53),(2,38),(3,7),(3,39),(3,52),(3,53),(4,2),(4,5),(4,8),(4,49),(5,22),(5,30),(5,34),(5,40),(5,46),(5,55),(6,13),(6,17),(6,18),(6,22),(6,48),(7,23),(7,37),(8,10),(8,20),(8,42),(8,57),(9,1),(9,16),(9,24),(9,31),(9,32),(9,45),(10,3),(10,12),(10,48),(10,54),(10,56),(11,2),(11,3),(11,24),(11,27),(11,29),(12,4),(12,5),(12,9),(12,11),(12,29),(12,47),(12,54),(13,12),(13,18),(13,20),(13,25),(13,30),(14,6),(14,8),(14,10),(14,11),(14,19),(14,44),(15,26),(15,27),(15,29),(15,56),(15,57),(16,5),(16,14),(16,39),(16,42),(16,46),(16,51),(17,5),(17,21),(17,25),(17,30),(17,34),(17,47),(17,56),(18,2),(18,3),(18,12),(18,31),(18,33),(18,51),(18,53),(19,10),(19,22),(19,35),(19,43),(19,44),(19,47),(19,49),(19,54),(20,17),(20,21),(20,23),(20,32),(20,36),(20,43),(20,49),(20,51),(20,55),(21,1),(21,26),(21,50),(22,6),(22,7),(22,11),(22,13),(22,25),(22,46),(22,57),(23,9),(23,14),(23,22),(23,38),(23,51),(24,15),(24,35),(24,38),(24,43),(24,45),(25,6),(25,21),(25,28),(25,30),(25,37),(25,40),(25,44),(25,47),(26,20),(26,41),(26,54),(27,1),(27,7),(27,11),(27,17),(27,27),(27,33),(27,42),(28,15),(28,19),(28,24),(28,27),(28,35),(28,37),(28,42),(28,45),(29,7),(29,8),(29,18),(29,21),(29,28),(29,38),(29,48),(30,12),(30,19),(30,33),(30,34),(30,50),(31,15),(31,23),(31,26),(31,41),(31,44),(31,50),(32,3),(32,13),(32,23),(32,36),(32,41),(32,50),(32,55),(32,56),(33,4),(33,13),(33,25),(33,31),(33,52),(34,8),(34,14),(34,16),(34,32),(34,33),(34,46),(34,57),(35,6),(35,15),(35,18),(35,20),(35,29),(35,31),(35,35),(35,40),(35,52),(36,4),(36,9),(36,16),(36,19),(36,34),(36,36),(36,39),(36,43),(36,52),(37,1),(37,4),(37,16),(37,28),(37,40),(37,49),(37,53),(38,2),(38,17),(38,24),(38,45),(38,55);

--
-- Table structure for table `ec_product_collection_products`
--

CREATE TABLE `ec_product_collection_products` (
  `product_collection_id` bigint unsigned NOT NULL,
  `product_id` bigint unsigned NOT NULL,
  PRIMARY KEY (`product_id`,`product_collection_id`),
  KEY `ec_product_collection_products_product_collection_id_index` (`product_collection_id`),
  KEY `ec_product_collection_products_product_id_index` (`product_id`)
) ENGINE=InnoDB DEFAULT CHARSET=utf8mb4 COLLATE=utf8mb4_unicode_ci;

--
-- Dumping data for table `ec_product_collection_products`
--

INSERT INTO `ec_product_collection_products` VALUES (1,9),(1,10),(1,19),(1,29),(1,41),(1,44),(1,49),(1,51),(1,54),(1,57),(2,13),(2,21),(2,22),(2,30),(2,36),(2,37),(2,38),(2,45),(2,46),(2,48),(2,50),(3,1),(3,2),(3,3),(3,4),(3,5),(3,6),(3,8),(3,11),(3,12),(3,14),(3,18),(3,20),(3,23),(3,26),(3,27),(3,28),(3,31),(3,32),(3,33),(3,34),(3,39),(3,42),(3,43),(3,52),(3,55),(3,56),(4,7),(4,15),(4,16),(4,17),(4,24),(4,25),(4,35),(4,40),(4,47),(4,53);

--
-- Table structure for table `ec_product_collections`
--

CREATE TABLE `ec_product_collections` (
  `id` bigint unsigned NOT NULL AUTO_INCREMENT,
  `name` varchar(191) COLLATE utf8mb4_unicode_ci NOT NULL,
  `slug` varchar(191) COLLATE utf8mb4_unicode_ci NOT NULL,
  `description` varchar(400) COLLATE utf8mb4_unicode_ci DEFAULT NULL,
  `image` varchar(191) COLLATE utf8mb4_unicode_ci DEFAULT NULL,
  `status` varchar(60) COLLATE utf8mb4_unicode_ci NOT NULL DEFAULT 'published',
  `created_at` timestamp NULL DEFAULT NULL,
  `updated_at` timestamp NULL DEFAULT NULL,
  `is_featured` tinyint unsigned NOT NULL DEFAULT '0',
  PRIMARY KEY (`id`)
) ENGINE=InnoDB AUTO_INCREMENT=5 DEFAULT CHARSET=utf8mb4 COLLATE=utf8mb4_unicode_ci;

--
-- Dumping data for table `ec_product_collections`
--

INSERT INTO `ec_product_collections` VALUES (1,'Weekly Gadget Spotlight','weekly-gadget-spotlight',NULL,NULL,'published','2024-05-10 02:10:28','2024-05-10 02:10:28',0),(2,'Electronics Trendsetters','electronics-trendsetters',NULL,NULL,'published','2024-05-10 02:10:28','2024-05-10 02:10:28',0),(3,'Digital Workspace Gear','digital-workspace-gear',NULL,NULL,'published','2024-05-10 02:10:28','2024-05-10 02:10:28',0),(4,'Cutting-Edge Tech Showcase','cutting-edge-tech-showcase',NULL,NULL,'published','2024-05-10 02:10:28','2024-05-10 02:10:28',0);

--
-- Table structure for table `ec_product_collections_translations`
--

CREATE TABLE `ec_product_collections_translations` (
  `lang_code` varchar(191) COLLATE utf8mb4_unicode_ci NOT NULL,
  `ec_product_collections_id` bigint unsigned NOT NULL,
  `name` varchar(191) COLLATE utf8mb4_unicode_ci DEFAULT NULL,
  `description` varchar(400) COLLATE utf8mb4_unicode_ci DEFAULT NULL,
  PRIMARY KEY (`lang_code`,`ec_product_collections_id`)
) ENGINE=InnoDB DEFAULT CHARSET=utf8mb4 COLLATE=utf8mb4_unicode_ci;

--
-- Dumping data for table `ec_product_collections_translations`
--


--
-- Table structure for table `ec_product_cross_sale_relations`
--

CREATE TABLE `ec_product_cross_sale_relations` (
  `from_product_id` bigint unsigned NOT NULL,
  `to_product_id` bigint unsigned NOT NULL,
  `is_variant` tinyint(1) NOT NULL DEFAULT '0',
  `price` decimal(15,2) DEFAULT '0.00',
  `price_type` varchar(191) COLLATE utf8mb4_unicode_ci NOT NULL DEFAULT 'fixed',
  `apply_to_all_variations` tinyint(1) NOT NULL DEFAULT '1',
  PRIMARY KEY (`from_product_id`,`to_product_id`),
  KEY `ec_product_cross_sale_relations_from_product_id_index` (`from_product_id`),
  KEY `ec_product_cross_sale_relations_to_product_id_index` (`to_product_id`)
) ENGINE=InnoDB DEFAULT CHARSET=utf8mb4 COLLATE=utf8mb4_unicode_ci;

--
-- Dumping data for table `ec_product_cross_sale_relations`
--

INSERT INTO `ec_product_cross_sale_relations` VALUES (1,22,0,0.00,'fixed',1),(1,23,0,0.00,'fixed',1),(1,37,0,0.00,'fixed',1),(1,48,0,0.00,'fixed',1),(1,49,0,0.00,'fixed',1),(1,56,0,0.00,'fixed',1),(2,1,0,0.00,'fixed',1),(2,5,0,0.00,'fixed',1),(2,6,0,0.00,'fixed',1),(2,12,0,0.00,'fixed',1),(2,35,0,0.00,'fixed',1),(2,41,0,0.00,'fixed',1),(2,52,0,0.00,'fixed',1),(3,7,0,0.00,'fixed',1),(3,16,0,0.00,'fixed',1),(3,28,0,0.00,'fixed',1),(3,37,0,0.00,'fixed',1),(3,44,0,0.00,'fixed',1),(3,53,0,0.00,'fixed',1),(3,55,0,0.00,'fixed',1),(4,2,0,0.00,'fixed',1),(4,9,0,0.00,'fixed',1),(4,15,0,0.00,'fixed',1),(4,19,0,0.00,'fixed',1),(4,28,0,0.00,'fixed',1),(4,31,0,0.00,'fixed',1),(4,40,0,0.00,'fixed',1),(5,8,0,0.00,'fixed',1),(5,22,0,0.00,'fixed',1),(5,23,0,0.00,'fixed',1),(5,31,0,0.00,'fixed',1),(5,32,0,0.00,'fixed',1),(5,33,0,0.00,'fixed',1),(5,44,0,0.00,'fixed',1),(6,4,0,0.00,'fixed',1),(6,5,0,0.00,'fixed',1),(6,12,0,0.00,'fixed',1),(6,16,0,0.00,'fixed',1),(6,20,0,0.00,'fixed',1),(6,36,0,0.00,'fixed',1),(7,6,0,0.00,'fixed',1),(7,10,0,0.00,'fixed',1),(7,15,0,0.00,'fixed',1),(7,24,0,0.00,'fixed',1),(7,27,0,0.00,'fixed',1),(7,28,0,0.00,'fixed',1),(7,43,0,0.00,'fixed',1),(8,12,0,0.00,'fixed',1),(8,22,0,0.00,'fixed',1),(8,40,0,0.00,'fixed',1),(8,41,0,0.00,'fixed',1),(8,55,0,0.00,'fixed',1),(8,57,0,0.00,'fixed',1),(9,5,0,0.00,'fixed',1),(9,14,0,0.00,'fixed',1),(9,23,0,0.00,'fixed',1),(9,27,0,0.00,'fixed',1),(9,34,0,0.00,'fixed',1),(9,44,0,0.00,'fixed',1),(9,49,0,0.00,'fixed',1),(10,3,0,0.00,'fixed',1),(10,4,0,0.00,'fixed',1),(10,17,0,0.00,'fixed',1),(10,24,0,0.00,'fixed',1),(10,42,0,0.00,'fixed',1),(10,44,0,0.00,'fixed',1),(10,48,0,0.00,'fixed',1),(11,6,0,0.00,'fixed',1),(11,15,0,0.00,'fixed',1),(11,16,0,0.00,'fixed',1),(11,18,0,0.00,'fixed',1),(11,23,0,0.00,'fixed',1),(11,44,0,0.00,'fixed',1),(11,45,0,0.00,'fixed',1),(12,3,0,0.00,'fixed',1),(12,14,0,0.00,'fixed',1),(12,16,0,0.00,'fixed',1),(12,17,0,0.00,'fixed',1),(12,33,0,0.00,'fixed',1),(12,47,0,0.00,'fixed',1),(12,57,0,0.00,'fixed',1),(13,3,0,0.00,'fixed',1),(13,17,0,0.00,'fixed',1),(13,22,0,0.00,'fixed',1),(13,25,0,0.00,'fixed',1),(13,30,0,0.00,'fixed',1),(13,34,0,0.00,'fixed',1),(13,49,0,0.00,'fixed',1),(14,2,0,0.00,'fixed',1),(14,17,0,0.00,'fixed',1),(14,36,0,0.00,'fixed',1),(14,43,0,0.00,'fixed',1),(14,51,0,0.00,'fixed',1),(14,53,0,0.00,'fixed',1),(14,56,0,0.00,'fixed',1),(15,8,0,0.00,'fixed',1),(15,9,0,0.00,'fixed',1),(15,38,0,0.00,'fixed',1),(15,42,0,0.00,'fixed',1),(15,44,0,0.00,'fixed',1),(15,52,0,0.00,'fixed',1),(15,53,0,0.00,'fixed',1),(16,1,0,0.00,'fixed',1),(16,6,0,0.00,'fixed',1),(16,25,0,0.00,'fixed',1),(16,34,0,0.00,'fixed',1),(16,36,0,0.00,'fixed',1),(16,41,0,0.00,'fixed',1),(17,8,0,0.00,'fixed',1),(17,13,0,0.00,'fixed',1),(17,27,0,0.00,'fixed',1),(17,39,0,0.00,'fixed',1),(17,40,0,0.00,'fixed',1),(17,50,0,0.00,'fixed',1),(18,1,0,0.00,'fixed',1),(18,19,0,0.00,'fixed',1),(18,21,0,0.00,'fixed',1),(18,30,0,0.00,'fixed',1),(18,36,0,0.00,'fixed',1),(18,37,0,0.00,'fixed',1),(18,39,0,0.00,'fixed',1),(19,23,0,0.00,'fixed',1),(19,27,0,0.00,'fixed',1),(19,29,0,0.00,'fixed',1),(19,32,0,0.00,'fixed',1),(19,36,0,0.00,'fixed',1),(19,39,0,0.00,'fixed',1),(19,54,0,0.00,'fixed',1),(20,3,0,0.00,'fixed',1),(20,5,0,0.00,'fixed',1),(20,11,0,0.00,'fixed',1),(20,19,0,0.00,'fixed',1),(20,26,0,0.00,'fixed',1),(20,33,0,0.00,'fixed',1),(20,48,0,0.00,'fixed',1),(21,3,0,0.00,'fixed',1),(21,12,0,0.00,'fixed',1),(21,31,0,0.00,'fixed',1),(21,47,0,0.00,'fixed',1),(21,49,0,0.00,'fixed',1),(21,50,0,0.00,'fixed',1),(21,54,0,0.00,'fixed',1),(22,7,0,0.00,'fixed',1),(22,11,0,0.00,'fixed',1),(22,16,0,0.00,'fixed',1),(22,31,0,0.00,'fixed',1),(22,34,0,0.00,'fixed',1),(22,48,0,0.00,'fixed',1),(22,54,0,0.00,'fixed',1),(23,18,0,0.00,'fixed',1),(23,27,0,0.00,'fixed',1),(23,49,0,0.00,'fixed',1),(23,52,0,0.00,'fixed',1),(23,54,0,0.00,'fixed',1),(23,56,0,0.00,'fixed',1),(24,8,0,0.00,'fixed',1),(24,11,0,0.00,'fixed',1),(24,23,0,0.00,'fixed',1),(24,34,0,0.00,'fixed',1),(24,47,0,0.00,'fixed',1),(24,51,0,0.00,'fixed',1),(24,57,0,0.00,'fixed',1),(25,14,0,0.00,'fixed',1),(25,19,0,0.00,'fixed',1),(25,22,0,0.00,'fixed',1),(25,28,0,0.00,'fixed',1),(25,29,0,0.00,'fixed',1),(25,31,0,0.00,'fixed',1),(25,49,0,0.00,'fixed',1),(26,2,0,0.00,'fixed',1),(26,13,0,0.00,'fixed',1),(26,15,0,0.00,'fixed',1),(26,20,0,0.00,'fixed',1),(26,38,0,0.00,'fixed',1),(26,39,0,0.00,'fixed',1),(26,41,0,0.00,'fixed',1),(27,4,0,0.00,'fixed',1),(27,9,0,0.00,'fixed',1),(27,12,0,0.00,'fixed',1),(27,30,0,0.00,'fixed',1),(27,31,0,0.00,'fixed',1),(27,35,0,0.00,'fixed',1),(27,48,0,0.00,'fixed',1),(28,4,0,0.00,'fixed',1),(28,10,0,0.00,'fixed',1),(28,15,0,0.00,'fixed',1),(28,16,0,0.00,'fixed',1),(28,31,0,0.00,'fixed',1),(28,38,0,0.00,'fixed',1),(28,46,0,0.00,'fixed',1),(29,1,0,0.00,'fixed',1),(29,14,0,0.00,'fixed',1),(29,32,0,0.00,'fixed',1),(29,40,0,0.00,'fixed',1),(29,41,0,0.00,'fixed',1),(29,46,0,0.00,'fixed',1),(29,56,0,0.00,'fixed',1),(30,1,0,0.00,'fixed',1),(30,4,0,0.00,'fixed',1),(30,16,0,0.00,'fixed',1),(30,17,0,0.00,'fixed',1),(30,31,0,0.00,'fixed',1),(30,47,0,0.00,'fixed',1),(31,6,0,0.00,'fixed',1),(31,23,0,0.00,'fixed',1),(31,24,0,0.00,'fixed',1),(31,32,0,0.00,'fixed',1),(31,37,0,0.00,'fixed',1),(31,40,0,0.00,'fixed',1),(32,3,0,0.00,'fixed',1),(32,22,0,0.00,'fixed',1),(32,37,0,0.00,'fixed',1),(32,41,0,0.00,'fixed',1),(32,44,0,0.00,'fixed',1),(32,46,0,0.00,'fixed',1),(32,47,0,0.00,'fixed',1),(33,7,0,0.00,'fixed',1),(33,12,0,0.00,'fixed',1),(33,41,0,0.00,'fixed',1),(33,42,0,0.00,'fixed',1),(33,43,0,0.00,'fixed',1),(33,47,0,0.00,'fixed',1),(34,1,0,0.00,'fixed',1),(34,4,0,0.00,'fixed',1),(34,23,0,0.00,'fixed',1),(34,27,0,0.00,'fixed',1),(34,33,0,0.00,'fixed',1),(34,37,0,0.00,'fixed',1),(34,57,0,0.00,'fixed',1),(35,5,0,0.00,'fixed',1),(35,12,0,0.00,'fixed',1),(35,20,0,0.00,'fixed',1),(35,21,0,0.00,'fixed',1),(35,36,0,0.00,'fixed',1),(35,49,0,0.00,'fixed',1),(35,57,0,0.00,'fixed',1),(36,10,0,0.00,'fixed',1),(36,16,0,0.00,'fixed',1),(36,18,0,0.00,'fixed',1),(36,19,0,0.00,'fixed',1),(36,27,0,0.00,'fixed',1),(36,43,0,0.00,'fixed',1),(36,56,0,0.00,'fixed',1),(37,5,0,0.00,'fixed',1),(37,10,0,0.00,'fixed',1),(37,14,0,0.00,'fixed',1),(37,21,0,0.00,'fixed',1),(37,34,0,0.00,'fixed',1),(37,49,0,0.00,'fixed',1),(37,52,0,0.00,'fixed',1),(38,17,0,0.00,'fixed',1),(38,18,0,0.00,'fixed',1),(38,19,0,0.00,'fixed',1),(38,21,0,0.00,'fixed',1),(38,24,0,0.00,'fixed',1),(38,50,0,0.00,'fixed',1),(38,55,0,0.00,'fixed',1),(39,10,0,0.00,'fixed',1),(39,11,0,0.00,'fixed',1),(39,14,0,0.00,'fixed',1),(39,32,0,0.00,'fixed',1),(39,33,0,0.00,'fixed',1),(39,43,0,0.00,'fixed',1),(39,44,0,0.00,'fixed',1),(40,1,0,0.00,'fixed',1),(40,2,0,0.00,'fixed',1),(40,14,0,0.00,'fixed',1),(40,22,0,0.00,'fixed',1),(40,23,0,0.00,'fixed',1),(40,42,0,0.00,'fixed',1),(40,49,0,0.00,'fixed',1),(41,10,0,0.00,'fixed',1),(41,14,0,0.00,'fixed',1),(41,19,0,0.00,'fixed',1),(41,31,0,0.00,'fixed',1),(41,43,0,0.00,'fixed',1),(42,2,0,0.00,'fixed',1),(42,6,0,0.00,'fixed',1),(42,14,0,0.00,'fixed',1),(42,40,0,0.00,'fixed',1),(42,48,0,0.00,'fixed',1),(42,50,0,0.00,'fixed',1),(42,55,0,0.00,'fixed',1),(43,1,0,0.00,'fixed',1),(43,8,0,0.00,'fixed',1),(43,9,0,0.00,'fixed',1),(43,22,0,0.00,'fixed',1),(43,45,0,0.00,'fixed',1),(43,48,0,0.00,'fixed',1),(43,55,0,0.00,'fixed',1),(44,2,0,0.00,'fixed',1),(44,5,0,0.00,'fixed',1),(44,8,0,0.00,'fixed',1),(44,35,0,0.00,'fixed',1),(44,38,0,0.00,'fixed',1),(44,53,0,0.00,'fixed',1),(44,57,0,0.00,'fixed',1),(45,1,0,0.00,'fixed',1),(45,8,0,0.00,'fixed',1),(45,10,0,0.00,'fixed',1),(45,20,0,0.00,'fixed',1),(45,34,0,0.00,'fixed',1),(45,40,0,0.00,'fixed',1),(45,49,0,0.00,'fixed',1),(46,4,0,0.00,'fixed',1),(46,16,0,0.00,'fixed',1),(46,18,0,0.00,'fixed',1),(46,21,0,0.00,'fixed',1),(46,32,0,0.00,'fixed',1),(46,34,0,0.00,'fixed',1),(46,52,0,0.00,'fixed',1),(47,5,0,0.00,'fixed',1),(47,16,0,0.00,'fixed',1),(47,17,0,0.00,'fixed',1),(47,30,0,0.00,'fixed',1),(47,31,0,0.00,'fixed',1),(47,40,0,0.00,'fixed',1),(47,45,0,0.00,'fixed',1),(48,13,0,0.00,'fixed',1),(48,17,0,0.00,'fixed',1),(48,29,0,0.00,'fixed',1),(48,33,0,0.00,'fixed',1),(48,36,0,0.00,'fixed',1),(48,44,0,0.00,'fixed',1),(48,52,0,0.00,'fixed',1),(49,4,0,0.00,'fixed',1),(49,10,0,0.00,'fixed',1),(49,11,0,0.00,'fixed',1),(49,21,0,0.00,'fixed',1),(49,25,0,0.00,'fixed',1),(49,34,0,0.00,'fixed',1),(49,55,0,0.00,'fixed',1),(50,1,0,0.00,'fixed',1),(50,3,0,0.00,'fixed',1),(50,7,0,0.00,'fixed',1),(50,11,0,0.00,'fixed',1),(50,12,0,0.00,'fixed',1),(50,15,0,0.00,'fixed',1),(50,26,0,0.00,'fixed',1),(51,5,0,0.00,'fixed',1),(51,11,0,0.00,'fixed',1),(51,12,0,0.00,'fixed',1),(51,27,0,0.00,'fixed',1),(51,29,0,0.00,'fixed',1),(51,38,0,0.00,'fixed',1),(52,4,0,0.00,'fixed',1),(52,10,0,0.00,'fixed',1),(52,15,0,0.00,'fixed',1),(52,23,0,0.00,'fixed',1),(52,26,0,0.00,'fixed',1),(52,39,0,0.00,'fixed',1),(52,53,0,0.00,'fixed',1),(53,6,0,0.00,'fixed',1),(53,7,0,0.00,'fixed',1),(53,14,0,0.00,'fixed',1),(53,28,0,0.00,'fixed',1),(53,29,0,0.00,'fixed',1),(53,50,0,0.00,'fixed',1),(54,10,0,0.00,'fixed',1),(54,14,0,0.00,'fixed',1),(54,18,0,0.00,'fixed',1),(54,19,0,0.00,'fixed',1),(54,28,0,0.00,'fixed',1),(54,36,0,0.00,'fixed',1),(54,39,0,0.00,'fixed',1),(55,25,0,0.00,'fixed',1),(55,26,0,0.00,'fixed',1),(55,28,0,0.00,'fixed',1),(55,36,0,0.00,'fixed',1),(55,44,0,0.00,'fixed',1),(56,14,0,0.00,'fixed',1),(56,24,0,0.00,'fixed',1),(56,26,0,0.00,'fixed',1),(56,27,0,0.00,'fixed',1),(56,34,0,0.00,'fixed',1),(56,36,0,0.00,'fixed',1),(57,18,0,0.00,'fixed',1),(57,26,0,0.00,'fixed',1),(57,28,0,0.00,'fixed',1),(57,35,0,0.00,'fixed',1),(57,36,0,0.00,'fixed',1),(57,49,0,0.00,'fixed',1);

--
-- Table structure for table `ec_product_files`
--

CREATE TABLE `ec_product_files` (
  `id` bigint unsigned NOT NULL AUTO_INCREMENT,
  `product_id` bigint unsigned DEFAULT NULL,
  `url` varchar(400) COLLATE utf8mb4_unicode_ci DEFAULT NULL,
  `extras` mediumtext COLLATE utf8mb4_unicode_ci,
  `created_at` timestamp NULL DEFAULT NULL,
  `updated_at` timestamp NULL DEFAULT NULL,
  PRIMARY KEY (`id`),
  KEY `ec_product_files_product_id_index` (`product_id`)
) ENGINE=InnoDB AUTO_INCREMENT=40 DEFAULT CHARSET=utf8mb4 COLLATE=utf8mb4_unicode_ci;

--
-- Dumping data for table `ec_product_files`
--

INSERT INTO `ec_product_files` VALUES (1,4,'ecommerce/digital-product-files/product-3.jpg','{\"filename\":\"product-3.jpg\",\"url\":\"ecommerce\\/digital-product-files\\/product-3.jpg\",\"mime_type\":\"image\\/jpeg\",\"size\":9803,\"modified\":\"2024-05-10 09:10:32\",\"name\":\"product-3\",\"extension\":\"jpg\"}','2024-05-10 02:10:32','2024-05-10 02:10:32'),(2,4,'ecommerce/digital-product-files/product-17.jpg','{\"filename\":\"product-17.jpg\",\"url\":\"ecommerce\\/digital-product-files\\/product-17.jpg\",\"mime_type\":\"image\\/jpeg\",\"size\":9803,\"modified\":\"2024-05-10 09:10:32\",\"name\":\"product-17\",\"extension\":\"jpg\"}','2024-05-10 02:10:32','2024-05-10 02:10:32'),(3,8,'ecommerce/digital-product-files/product-details-desc-1.jpg','{\"filename\":\"product-details-desc-1.jpg\",\"url\":\"ecommerce\\/digital-product-files\\/product-details-desc-1.jpg\",\"mime_type\":\"image\\/jpeg\",\"size\":9803,\"modified\":\"2024-05-10 09:10:32\",\"name\":\"product-details-desc-1\",\"extension\":\"jpg\"}','2024-05-10 02:10:32','2024-05-10 02:10:32'),(4,8,'ecommerce/digital-product-files/product-6.jpg','{\"filename\":\"product-6.jpg\",\"url\":\"ecommerce\\/digital-product-files\\/product-6.jpg\",\"mime_type\":\"image\\/jpeg\",\"size\":9803,\"modified\":\"2024-05-10 09:10:32\",\"name\":\"product-6\",\"extension\":\"jpg\"}','2024-05-10 02:10:32','2024-05-10 02:10:32'),(5,12,'ecommerce/digital-product-files/product-12.jpg','{\"filename\":\"product-12.jpg\",\"url\":\"ecommerce\\/digital-product-files\\/product-12.jpg\",\"mime_type\":\"image\\/jpeg\",\"size\":9803,\"modified\":\"2024-05-10 09:10:32\",\"name\":\"product-12\",\"extension\":\"jpg\"}','2024-05-10 02:10:32','2024-05-10 02:10:32'),(6,12,'ecommerce/digital-product-files/product-details-desc-1.jpg','{\"filename\":\"product-details-desc-1.jpg\",\"url\":\"ecommerce\\/digital-product-files\\/product-details-desc-1.jpg\",\"mime_type\":\"image\\/jpeg\",\"size\":9803,\"modified\":\"2024-05-10 09:10:32\",\"name\":\"product-details-desc-1\",\"extension\":\"jpg\"}','2024-05-10 02:10:32','2024-05-10 02:10:32'),(7,16,'ecommerce/digital-product-files/product-1.jpg','{\"filename\":\"product-1.jpg\",\"url\":\"ecommerce\\/digital-product-files\\/product-1.jpg\",\"mime_type\":\"image\\/jpeg\",\"size\":9803,\"modified\":\"2024-05-10 09:10:32\",\"name\":\"product-1\",\"extension\":\"jpg\"}','2024-05-10 02:10:32','2024-05-10 02:10:32'),(8,16,'ecommerce/digital-product-files/product-11.jpg','{\"filename\":\"product-11.jpg\",\"url\":\"ecommerce\\/digital-product-files\\/product-11.jpg\",\"mime_type\":\"image\\/jpeg\",\"size\":9803,\"modified\":\"2024-05-10 09:10:32\",\"name\":\"product-11\",\"extension\":\"jpg\"}','2024-05-10 02:10:32','2024-05-10 02:10:32'),(9,20,'ecommerce/digital-product-files/product-15.jpg','{\"filename\":\"product-15.jpg\",\"url\":\"ecommerce\\/digital-product-files\\/product-15.jpg\",\"mime_type\":\"image\\/jpeg\",\"size\":9803,\"modified\":\"2024-05-10 09:10:32\",\"name\":\"product-15\",\"extension\":\"jpg\"}','2024-05-10 02:10:32','2024-05-10 02:10:32'),(10,20,'ecommerce/digital-product-files/product-details-desc-2.jpg','{\"filename\":\"product-details-desc-2.jpg\",\"url\":\"ecommerce\\/digital-product-files\\/product-details-desc-2.jpg\",\"mime_type\":\"image\\/jpeg\",\"size\":9803,\"modified\":\"2024-05-10 09:10:32\",\"name\":\"product-details-desc-2\",\"extension\":\"jpg\"}','2024-05-10 02:10:32','2024-05-10 02:10:32'),(11,24,'ecommerce/digital-product-files/product-10.jpg','{\"filename\":\"product-10.jpg\",\"url\":\"ecommerce\\/digital-product-files\\/product-10.jpg\",\"mime_type\":\"image\\/jpeg\",\"size\":9803,\"modified\":\"2024-05-10 09:10:32\",\"name\":\"product-10\",\"extension\":\"jpg\"}','2024-05-10 02:10:32','2024-05-10 02:10:32'),(12,24,'ecommerce/digital-product-files/product-5.jpg','{\"filename\":\"product-5.jpg\",\"url\":\"ecommerce\\/digital-product-files\\/product-5.jpg\",\"mime_type\":\"image\\/jpeg\",\"size\":9803,\"modified\":\"2024-05-10 09:10:32\",\"name\":\"product-5\",\"extension\":\"jpg\"}','2024-05-10 02:10:32','2024-05-10 02:10:32'),(13,28,'ecommerce/digital-product-files/product-10.jpg','{\"filename\":\"product-10.jpg\",\"url\":\"ecommerce\\/digital-product-files\\/product-10.jpg\",\"mime_type\":\"image\\/jpeg\",\"size\":9803,\"modified\":\"2024-05-10 09:10:32\",\"name\":\"product-10\",\"extension\":\"jpg\"}','2024-05-10 02:10:32','2024-05-10 02:10:32'),(14,28,'ecommerce/digital-product-files/product-16.jpg','{\"filename\":\"product-16.jpg\",\"url\":\"ecommerce\\/digital-product-files\\/product-16.jpg\",\"mime_type\":\"image\\/jpeg\",\"size\":9803,\"modified\":\"2024-05-10 09:10:32\",\"name\":\"product-16\",\"extension\":\"jpg\"}','2024-05-10 02:10:32','2024-05-10 02:10:32'),(15,32,'ecommerce/digital-product-files/product-16.jpg','{\"filename\":\"product-16.jpg\",\"url\":\"ecommerce\\/digital-product-files\\/product-16.jpg\",\"mime_type\":\"image\\/jpeg\",\"size\":9803,\"modified\":\"2024-05-10 09:10:32\",\"name\":\"product-16\",\"extension\":\"jpg\"}','2024-05-10 02:10:32','2024-05-10 02:10:32'),(16,32,'ecommerce/digital-product-files/product-19.jpg','{\"filename\":\"product-19.jpg\",\"url\":\"ecommerce\\/digital-product-files\\/product-19.jpg\",\"mime_type\":\"image\\/jpeg\",\"size\":9803,\"modified\":\"2024-05-10 09:10:32\",\"name\":\"product-19\",\"extension\":\"jpg\"}','2024-05-10 02:10:32','2024-05-10 02:10:32'),(17,36,'ecommerce/digital-product-files/product-6.jpg','{\"filename\":\"product-6.jpg\",\"url\":\"ecommerce\\/digital-product-files\\/product-6.jpg\",\"mime_type\":\"image\\/jpeg\",\"size\":9803,\"modified\":\"2024-05-10 09:10:32\",\"name\":\"product-6\",\"extension\":\"jpg\"}','2024-05-10 02:10:32','2024-05-10 02:10:32'),(18,36,'ecommerce/digital-product-files/product-11.jpg','{\"filename\":\"product-11.jpg\",\"url\":\"ecommerce\\/digital-product-files\\/product-11.jpg\",\"mime_type\":\"image\\/jpeg\",\"size\":9803,\"modified\":\"2024-05-10 09:10:32\",\"name\":\"product-11\",\"extension\":\"jpg\"}','2024-05-10 02:10:32','2024-05-10 02:10:32'),(19,40,'ecommerce/digital-product-files/product-details-desc-1.jpg','{\"filename\":\"product-details-desc-1.jpg\",\"url\":\"ecommerce\\/digital-product-files\\/product-details-desc-1.jpg\",\"mime_type\":\"image\\/jpeg\",\"size\":9803,\"modified\":\"2024-05-10 09:10:32\",\"name\":\"product-details-desc-1\",\"extension\":\"jpg\"}','2024-05-10 02:10:32','2024-05-10 02:10:32'),(20,40,'ecommerce/digital-product-files/product-1.jpg','{\"filename\":\"product-1.jpg\",\"url\":\"ecommerce\\/digital-product-files\\/product-1.jpg\",\"mime_type\":\"image\\/jpeg\",\"size\":9803,\"modified\":\"2024-05-10 09:10:32\",\"name\":\"product-1\",\"extension\":\"jpg\"}','2024-05-10 02:10:32','2024-05-10 02:10:32'),(21,44,'ecommerce/digital-product-files/product-details-desc-2.jpg','{\"filename\":\"product-details-desc-2.jpg\",\"url\":\"ecommerce\\/digital-product-files\\/product-details-desc-2.jpg\",\"mime_type\":\"image\\/jpeg\",\"size\":9803,\"modified\":\"2024-05-10 09:10:32\",\"name\":\"product-details-desc-2\",\"extension\":\"jpg\"}','2024-05-10 02:10:32','2024-05-10 02:10:32'),(22,44,'ecommerce/digital-product-files/product-11.jpg','{\"filename\":\"product-11.jpg\",\"url\":\"ecommerce\\/digital-product-files\\/product-11.jpg\",\"mime_type\":\"image\\/jpeg\",\"size\":9803,\"modified\":\"2024-05-10 09:10:32\",\"name\":\"product-11\",\"extension\":\"jpg\"}','2024-05-10 02:10:32','2024-05-10 02:10:32'),(23,48,'ecommerce/digital-product-files/product-18.jpg','{\"filename\":\"product-18.jpg\",\"url\":\"ecommerce\\/digital-product-files\\/product-18.jpg\",\"mime_type\":\"image\\/jpeg\",\"size\":9803,\"modified\":\"2024-05-10 09:10:32\",\"name\":\"product-18\",\"extension\":\"jpg\"}','2024-05-10 02:10:32','2024-05-10 02:10:32'),(24,48,'ecommerce/digital-product-files/product-8.jpg','{\"filename\":\"product-8.jpg\",\"url\":\"ecommerce\\/digital-product-files\\/product-8.jpg\",\"mime_type\":\"image\\/jpeg\",\"size\":9803,\"modified\":\"2024-05-10 09:10:32\",\"name\":\"product-8\",\"extension\":\"jpg\"}','2024-05-10 02:10:32','2024-05-10 02:10:32'),(25,52,'ecommerce/digital-product-files/product-13.jpg','{\"filename\":\"product-13.jpg\",\"url\":\"ecommerce\\/digital-product-files\\/product-13.jpg\",\"mime_type\":\"image\\/jpeg\",\"size\":9803,\"modified\":\"2024-05-10 09:10:32\",\"name\":\"product-13\",\"extension\":\"jpg\"}','2024-05-10 02:10:32','2024-05-10 02:10:32'),(26,52,'ecommerce/digital-product-files/product-8.jpg','{\"filename\":\"product-8.jpg\",\"url\":\"ecommerce\\/digital-product-files\\/product-8.jpg\",\"mime_type\":\"image\\/jpeg\",\"size\":9803,\"modified\":\"2024-05-10 09:10:32\",\"name\":\"product-8\",\"extension\":\"jpg\"}','2024-05-10 02:10:32','2024-05-10 02:10:32'),(27,56,'ecommerce/digital-product-files/product-details-desc-2.jpg','{\"filename\":\"product-details-desc-2.jpg\",\"url\":\"ecommerce\\/digital-product-files\\/product-details-desc-2.jpg\",\"mime_type\":\"image\\/jpeg\",\"size\":9803,\"modified\":\"2024-05-10 09:10:32\",\"name\":\"product-details-desc-2\",\"extension\":\"jpg\"}','2024-05-10 02:10:32','2024-05-10 02:10:32'),(28,56,'ecommerce/digital-product-files/product-18.jpg','{\"filename\":\"product-18.jpg\",\"url\":\"ecommerce\\/digital-product-files\\/product-18.jpg\",\"mime_type\":\"image\\/jpeg\",\"size\":9803,\"modified\":\"2024-05-10 09:10:32\",\"name\":\"product-18\",\"extension\":\"jpg\"}','2024-05-10 02:10:32','2024-05-10 02:10:32'),(29,61,'ecommerce/digital-product-files/product-17.jpg','{\"filename\":\"product-17.jpg\",\"url\":\"ecommerce\\/digital-product-files\\/product-17.jpg\",\"mime_type\":\"image\\/jpeg\",\"size\":9803,\"modified\":\"2024-05-10 09:10:32\",\"name\":\"product-17\",\"extension\":\"jpg\"}','2024-05-10 02:10:32','2024-05-10 02:10:32'),(30,62,'ecommerce/digital-product-files/product-19.jpg','{\"filename\":\"product-19.jpg\",\"url\":\"ecommerce\\/digital-product-files\\/product-19.jpg\",\"mime_type\":\"image\\/jpeg\",\"size\":9803,\"modified\":\"2024-05-10 09:10:32\",\"name\":\"product-19\",\"extension\":\"jpg\"}','2024-05-10 02:10:32','2024-05-10 02:10:32'),(31,63,'ecommerce/digital-product-files/product-1.jpg','{\"filename\":\"product-1.jpg\",\"url\":\"ecommerce\\/digital-product-files\\/product-1.jpg\",\"mime_type\":\"image\\/jpeg\",\"size\":9803,\"modified\":\"2024-05-10 09:10:32\",\"name\":\"product-1\",\"extension\":\"jpg\"}','2024-05-10 02:10:32','2024-05-10 02:10:32'),(32,64,'ecommerce/digital-product-files/product-3.jpg','{\"filename\":\"product-3.jpg\",\"url\":\"ecommerce\\/digital-product-files\\/product-3.jpg\",\"mime_type\":\"image\\/jpeg\",\"size\":9803,\"modified\":\"2024-05-10 09:10:32\",\"name\":\"product-3\",\"extension\":\"jpg\"}','2024-05-10 02:10:32','2024-05-10 02:10:32'),(33,90,'ecommerce/digital-product-files/product-details-desc-2.jpg','{\"filename\":\"product-details-desc-2.jpg\",\"url\":\"ecommerce\\/digital-product-files\\/product-details-desc-2.jpg\",\"mime_type\":\"image\\/jpeg\",\"size\":9803,\"modified\":\"2024-05-10 09:10:32\",\"name\":\"product-details-desc-2\",\"extension\":\"jpg\"}','2024-05-10 02:10:32','2024-05-10 02:10:32'),(34,91,'ecommerce/digital-product-files/product-13.jpg','{\"filename\":\"product-13.jpg\",\"url\":\"ecommerce\\/digital-product-files\\/product-13.jpg\",\"mime_type\":\"image\\/jpeg\",\"size\":9803,\"modified\":\"2024-05-10 09:10:32\",\"name\":\"product-13\",\"extension\":\"jpg\"}','2024-05-10 02:10:32','2024-05-10 02:10:32'),(35,102,'ecommerce/digital-product-files/product-16.jpg','{\"filename\":\"product-16.jpg\",\"url\":\"ecommerce\\/digital-product-files\\/product-16.jpg\",\"mime_type\":\"image\\/jpeg\",\"size\":9803,\"modified\":\"2024-05-10 09:10:32\",\"name\":\"product-16\",\"extension\":\"jpg\"}','2024-05-10 02:10:32','2024-05-10 02:10:32'),(36,103,'ecommerce/digital-product-files/product-details-desc-2.jpg','{\"filename\":\"product-details-desc-2.jpg\",\"url\":\"ecommerce\\/digital-product-files\\/product-details-desc-2.jpg\",\"mime_type\":\"image\\/jpeg\",\"size\":9803,\"modified\":\"2024-05-10 09:10:32\",\"name\":\"product-details-desc-2\",\"extension\":\"jpg\"}','2024-05-10 02:10:32','2024-05-10 02:10:32'),(37,110,'ecommerce/digital-product-files/product-19.jpg','{\"filename\":\"product-19.jpg\",\"url\":\"ecommerce\\/digital-product-files\\/product-19.jpg\",\"mime_type\":\"image\\/jpeg\",\"size\":9803,\"modified\":\"2024-05-10 09:10:32\",\"name\":\"product-19\",\"extension\":\"jpg\"}','2024-05-10 02:10:32','2024-05-10 02:10:32'),(38,114,'ecommerce/digital-product-files/product-11.jpg','{\"filename\":\"product-11.jpg\",\"url\":\"ecommerce\\/digital-product-files\\/product-11.jpg\",\"mime_type\":\"image\\/jpeg\",\"size\":9803,\"modified\":\"2024-05-10 09:10:32\",\"name\":\"product-11\",\"extension\":\"jpg\"}','2024-05-10 02:10:32','2024-05-10 02:10:32'),(39,115,'ecommerce/digital-product-files/product-7.jpg','{\"filename\":\"product-7.jpg\",\"url\":\"ecommerce\\/digital-product-files\\/product-7.jpg\",\"mime_type\":\"image\\/jpeg\",\"size\":9803,\"modified\":\"2024-05-10 09:10:32\",\"name\":\"product-7\",\"extension\":\"jpg\"}','2024-05-10 02:10:32','2024-05-10 02:10:32');

--
-- Table structure for table `ec_product_label_products`
--

CREATE TABLE `ec_product_label_products` (
  `product_label_id` bigint unsigned NOT NULL,
  `product_id` bigint unsigned NOT NULL,
  PRIMARY KEY (`product_label_id`,`product_id`),
  KEY `ec_product_label_products_product_label_id_index` (`product_label_id`),
  KEY `ec_product_label_products_product_id_index` (`product_id`)
) ENGINE=InnoDB DEFAULT CHARSET=utf8mb4 COLLATE=utf8mb4_unicode_ci;

--
-- Dumping data for table `ec_product_label_products`
--

INSERT INTO `ec_product_label_products` VALUES (1,15),(1,21),(1,24),(1,27),(1,33),(1,42),(1,45),(1,54),(1,57),(2,3),(2,6),(2,9),(2,12),(2,18),(2,30),(2,36),(2,39),(2,48),(3,51);

--
-- Table structure for table `ec_product_labels`
--

CREATE TABLE `ec_product_labels` (
  `id` bigint unsigned NOT NULL AUTO_INCREMENT,
  `name` varchar(191) COLLATE utf8mb4_unicode_ci NOT NULL,
  `color` varchar(120) COLLATE utf8mb4_unicode_ci DEFAULT NULL,
  `status` varchar(60) COLLATE utf8mb4_unicode_ci NOT NULL DEFAULT 'published',
  `created_at` timestamp NULL DEFAULT NULL,
  `updated_at` timestamp NULL DEFAULT NULL,
  PRIMARY KEY (`id`)
) ENGINE=InnoDB AUTO_INCREMENT=4 DEFAULT CHARSET=utf8mb4 COLLATE=utf8mb4_unicode_ci;

--
-- Dumping data for table `ec_product_labels`
--

INSERT INTO `ec_product_labels` VALUES (1,'Hot','#AC2200','published','2024-05-10 02:10:19','2024-05-10 02:10:19'),(2,'New','#006554','published','2024-05-10 02:10:19','2024-05-10 02:10:19'),(3,'Sale','#9A3B00','published','2024-05-10 02:10:19','2024-05-10 02:10:19');

--
-- Table structure for table `ec_product_labels_translations`
--

CREATE TABLE `ec_product_labels_translations` (
  `lang_code` varchar(191) COLLATE utf8mb4_unicode_ci NOT NULL,
  `ec_product_labels_id` bigint unsigned NOT NULL,
  `name` varchar(191) COLLATE utf8mb4_unicode_ci DEFAULT NULL,
  `description` varchar(400) COLLATE utf8mb4_unicode_ci DEFAULT NULL,
  PRIMARY KEY (`lang_code`,`ec_product_labels_id`)
) ENGINE=InnoDB DEFAULT CHARSET=utf8mb4 COLLATE=utf8mb4_unicode_ci;

--
-- Dumping data for table `ec_product_labels_translations`
--


--
-- Table structure for table `ec_product_related_relations`
--

CREATE TABLE `ec_product_related_relations` (
  `from_product_id` bigint unsigned NOT NULL,
  `to_product_id` bigint unsigned NOT NULL,
  PRIMARY KEY (`from_product_id`,`to_product_id`),
  KEY `ec_product_related_relations_from_product_id_index` (`from_product_id`),
  KEY `ec_product_related_relations_to_product_id_index` (`to_product_id`)
) ENGINE=InnoDB DEFAULT CHARSET=utf8mb4 COLLATE=utf8mb4_unicode_ci;

--
-- Dumping data for table `ec_product_related_relations`
--


--
-- Table structure for table `ec_product_tag_product`
--

CREATE TABLE `ec_product_tag_product` (
  `product_id` bigint unsigned NOT NULL,
  `tag_id` bigint unsigned NOT NULL,
  PRIMARY KEY (`product_id`,`tag_id`),
  KEY `ec_product_tag_product_product_id_index` (`product_id`),
  KEY `ec_product_tag_product_tag_id_index` (`tag_id`)
) ENGINE=InnoDB DEFAULT CHARSET=utf8mb4 COLLATE=utf8mb4_unicode_ci;

--
-- Dumping data for table `ec_product_tag_product`
--

INSERT INTO `ec_product_tag_product` VALUES (1,2),(1,3),(1,6),(2,2),(2,4),(2,5),(3,2),(3,3),(3,4),(4,2),(4,3),(4,6),(5,2),(5,4),(5,6),(6,3),(6,4),(6,6),(7,3),(7,4),(7,6),(8,1),(8,2),(8,4),(9,1),(9,3),(9,4),(10,2),(10,4),(10,5),(11,4),(11,5),(11,6),(12,3),(12,4),(12,5),(13,1),(13,4),(13,6),(14,1),(14,5),(14,6),(15,4),(15,5),(15,6),(16,1),(16,2),(16,4),(17,1),(17,4),(17,5),(18,1),(18,3),(18,6),(19,1),(19,4),(19,6),(20,1),(20,2),(20,5),(21,2),(21,4),(21,5),(22,1),(22,2),(22,4),(23,2),(23,5),(23,6),(24,1),(24,3),(24,5),(25,2),(25,3),(25,5),(26,3),(26,4),(26,6),(27,3),(27,5),(27,6),(28,1),(28,2),(28,5),(29,2),(29,5),(29,6),(30,1),(30,4),(30,6),(31,1),(31,4),(31,6),(32,1),(32,4),(32,5),(33,3),(33,4),(33,5),(34,1),(34,2),(34,5),(35,2),(35,3),(35,4),(36,2),(36,4),(36,6),(37,1),(37,4),(37,6),(38,2),(38,3),(38,5),(39,1),(39,3),(39,6),(40,2),(40,3),(40,4),(41,1),(41,3),(41,4),(42,1),(42,2),(42,4),(43,1),(43,2),(43,3),(44,1),(44,3),(44,6),(45,1),(45,3),(45,5),(46,3),(46,5),(46,6),(47,2),(47,4),(47,5),(48,2),(48,4),(48,5),(49,1),(49,3),(49,4),(50,1),(50,3),(50,4),(51,3),(51,5),(51,6),(52,1),(52,3),(52,5),(53,2),(53,3),(53,5),(54,2),(54,5),(54,6),(55,2),(55,3),(55,5),(56,1),(56,3),(56,6),(57,1),(57,2),(57,4);

--
-- Table structure for table `ec_product_tags`
--

CREATE TABLE `ec_product_tags` (
  `id` bigint unsigned NOT NULL AUTO_INCREMENT,
  `name` varchar(120) COLLATE utf8mb4_unicode_ci NOT NULL,
  `description` varchar(400) COLLATE utf8mb4_unicode_ci DEFAULT NULL,
  `status` varchar(60) COLLATE utf8mb4_unicode_ci NOT NULL DEFAULT 'published',
  `created_at` timestamp NULL DEFAULT NULL,
  `updated_at` timestamp NULL DEFAULT NULL,
  PRIMARY KEY (`id`)
) ENGINE=InnoDB AUTO_INCREMENT=7 DEFAULT CHARSET=utf8mb4 COLLATE=utf8mb4_unicode_ci;

--
-- Dumping data for table `ec_product_tags`
--

INSERT INTO `ec_product_tags` VALUES (1,'Electronic',NULL,'published','2024-05-10 02:10:22','2024-05-10 02:10:22'),(2,'Mobile',NULL,'published','2024-05-10 02:10:22','2024-05-10 02:10:22'),(3,'Iphone',NULL,'published','2024-05-10 02:10:22','2024-05-10 02:10:22'),(4,'Printer',NULL,'published','2024-05-10 02:10:22','2024-05-10 02:10:22'),(5,'Office',NULL,'published','2024-05-10 02:10:22','2024-05-10 02:10:22'),(6,'IT',NULL,'published','2024-05-10 02:10:22','2024-05-10 02:10:22');

--
-- Table structure for table `ec_product_tags_translations`
--

CREATE TABLE `ec_product_tags_translations` (
  `lang_code` varchar(191) COLLATE utf8mb4_unicode_ci NOT NULL,
  `ec_product_tags_id` bigint unsigned NOT NULL,
  `name` varchar(191) COLLATE utf8mb4_unicode_ci DEFAULT NULL,
  PRIMARY KEY (`lang_code`,`ec_product_tags_id`)
) ENGINE=InnoDB DEFAULT CHARSET=utf8mb4 COLLATE=utf8mb4_unicode_ci;

--
-- Dumping data for table `ec_product_tags_translations`
--


--
-- Table structure for table `ec_product_up_sale_relations`
--

CREATE TABLE `ec_product_up_sale_relations` (
  `from_product_id` bigint unsigned NOT NULL,
  `to_product_id` bigint unsigned NOT NULL,
  PRIMARY KEY (`from_product_id`,`to_product_id`),
  KEY `ec_product_up_sale_relations_from_product_id_index` (`from_product_id`),
  KEY `ec_product_up_sale_relations_to_product_id_index` (`to_product_id`)
) ENGINE=InnoDB DEFAULT CHARSET=utf8mb4 COLLATE=utf8mb4_unicode_ci;

--
-- Dumping data for table `ec_product_up_sale_relations`
--


--
-- Table structure for table `ec_product_variation_items`
--

CREATE TABLE `ec_product_variation_items` (
  `id` bigint unsigned NOT NULL AUTO_INCREMENT,
  `attribute_id` bigint unsigned NOT NULL,
  `variation_id` bigint unsigned NOT NULL,
  PRIMARY KEY (`id`),
  UNIQUE KEY `ec_product_variation_items_attribute_id_variation_id_unique` (`attribute_id`,`variation_id`),
  KEY `attribute_variation_index` (`attribute_id`,`variation_id`)
) ENGINE=InnoDB AUTO_INCREMENT=167 DEFAULT CHARSET=utf8mb4 COLLATE=utf8mb4_unicode_ci;

--
-- Dumping data for table `ec_product_variation_items`
--

INSERT INTO `ec_product_variation_items` VALUES (13,1,7),(39,1,20),(47,1,24),(51,1,26),(55,1,28),(61,1,31),(67,1,34),(71,1,36),(77,1,39),(83,1,42),(19,2,10),(35,2,18),(41,2,21),(57,2,29),(63,2,32),(69,2,35),(79,2,40),(85,2,43),(9,3,5),(11,3,6),(21,3,11),(23,3,12),(33,3,17),(49,3,25),(81,3,41),(87,3,44),(1,4,1),(5,4,3),(25,4,13),(27,4,14),(53,4,27),(59,4,30),(75,4,38),(3,5,2),(7,5,4),(15,5,8),(17,5,9),(29,5,15),(31,5,16),(37,5,19),(43,5,22),(45,5,23),(65,5,33),(73,5,37),(8,6,4),(10,6,5),(12,6,6),(44,6,22),(46,6,23),(62,6,31),(70,6,35),(22,7,11),(34,7,17),(36,7,18),(40,7,20),(60,7,30),(68,7,34),(74,7,37),(84,7,42),(4,8,2),(6,8,3),(14,8,7),(16,8,8),(20,8,10),(24,8,12),(28,8,14),(30,8,15),(42,8,21),(48,8,24),(52,8,26),(86,8,43),(2,9,1),(18,9,9),(26,9,13),(32,9,16),(38,9,19),(50,9,25),(54,9,27),(58,9,29),(66,9,33),(76,9,38),(82,9,41),(88,9,44),(56,10,28),(64,10,32),(72,10,36),(78,10,39),(80,10,40),(99,11,50),(125,11,63),(129,11,65),(131,11,66),(151,11,76),(155,11,78),(159,11,80),(103,12,52),(105,12,53),(127,12,64),(147,12,74),(153,12,77),(163,12,82),(165,12,83),(93,13,47),(95,13,48),(101,13,51),(113,13,57),(115,13,58),(123,13,62),(135,13,68),(137,13,69),(139,13,70),(141,13,71),(149,13,75),(97,14,49),(107,14,54),(119,14,60),(143,14,72),(161,14,81),(89,15,45),(91,15,46),(109,15,55),(111,15,56),(117,15,59),(121,15,61),(133,15,67),(145,15,73),(157,15,79),(90,16,45),(92,16,46),(102,16,51),(138,16,69),(144,16,72),(166,16,83),(96,17,48),(112,17,56),(116,17,58),(124,17,62),(126,17,63),(128,17,64),(130,17,65),(134,17,67),(142,17,71),(156,17,78),(160,17,80),(164,17,82),(100,18,50),(104,18,52),(106,18,53),(108,18,54),(118,18,59),(120,18,60),(132,18,66),(136,18,68),(148,18,74),(94,19,47),(98,19,49),(110,19,55),(114,19,57),(152,19,76),(154,19,77),(162,19,81),(122,20,61),(140,20,70),(146,20,73),(150,20,75),(158,20,79);

--
-- Table structure for table `ec_product_variations`
--

CREATE TABLE `ec_product_variations` (
  `id` bigint unsigned NOT NULL AUTO_INCREMENT,
  `product_id` bigint unsigned DEFAULT NULL,
  `configurable_product_id` bigint unsigned NOT NULL,
  `is_default` tinyint NOT NULL DEFAULT '0',
  PRIMARY KEY (`id`),
  UNIQUE KEY `ec_product_variations_product_id_configurable_product_id_unique` (`product_id`,`configurable_product_id`),
  KEY `configurable_product_index` (`product_id`,`configurable_product_id`)
) ENGINE=InnoDB AUTO_INCREMENT=84 DEFAULT CHARSET=utf8mb4 COLLATE=utf8mb4_unicode_ci;

--
-- Dumping data for table `ec_product_variations`
--

INSERT INTO `ec_product_variations` VALUES (1,58,1,1),(2,59,1,0),(3,60,1,0),(4,61,4,1),(5,62,4,0),(6,63,4,0),(7,64,4,0),(8,65,5,1),(9,66,5,0),(10,67,5,0),(11,68,5,0),(12,69,6,1),(13,70,6,0),(14,71,6,0),(15,72,7,1),(16,73,7,0),(17,74,7,0),(18,75,11,1),(19,76,11,0),(20,77,11,0),(21,78,13,1),(22,79,13,0),(23,80,13,0),(24,81,13,0),(25,82,13,0),(26,83,14,1),(27,84,17,1),(28,85,17,0),(29,86,17,0),(30,87,17,0),(31,88,19,1),(32,89,19,0),(33,90,20,1),(34,91,20,0),(35,92,22,1),(36,93,22,0),(37,94,23,1),(38,95,23,0),(39,96,25,1),(40,97,25,0),(41,98,25,0),(42,99,25,0),(43,100,26,1),(44,101,26,0),(45,102,28,1),(46,103,28,0),(47,104,29,1),(48,105,29,0),(49,106,30,1),(50,107,30,0),(51,108,31,1),(52,109,31,0),(53,110,32,1),(54,111,33,1),(55,112,33,0),(56,113,33,0),(57,114,36,1),(58,115,36,0),(59,116,37,1),(60,117,41,1),(61,118,41,0),(62,119,41,0),(63,120,41,0),(64,121,42,1),(65,122,42,0),(66,123,42,0),(67,124,42,0),(68,125,43,1),(69,126,45,1),(70,127,45,0),(71,128,45,0),(72,129,46,1),(73,130,46,0),(74,131,50,1),(75,132,50,0),(76,133,50,0),(77,134,53,1),(78,135,53,0),(79,136,55,1),(80,137,55,0),(81,138,57,1),(82,139,57,0),(83,140,57,0);

--
-- Table structure for table `ec_product_views`
--

CREATE TABLE `ec_product_views` (
  `id` bigint unsigned NOT NULL AUTO_INCREMENT,
  `product_id` bigint unsigned NOT NULL,
  `views` int NOT NULL DEFAULT '1',
  `date` date NOT NULL DEFAULT '2024-05-10',
  PRIMARY KEY (`id`),
  UNIQUE KEY `ec_product_views_product_id_date_unique` (`product_id`,`date`),
  KEY `ec_product_views_product_id_index` (`product_id`)
) ENGINE=InnoDB DEFAULT CHARSET=utf8mb4 COLLATE=utf8mb4_unicode_ci;

--
-- Dumping data for table `ec_product_views`
--


--
-- Table structure for table `ec_product_with_attribute_set`
--

CREATE TABLE `ec_product_with_attribute_set` (
  `attribute_set_id` bigint unsigned NOT NULL,
  `product_id` bigint unsigned NOT NULL,
  `order` tinyint unsigned NOT NULL DEFAULT '0',
  PRIMARY KEY (`product_id`,`attribute_set_id`)
) ENGINE=InnoDB DEFAULT CHARSET=utf8mb4 COLLATE=utf8mb4_unicode_ci;

--
-- Dumping data for table `ec_product_with_attribute_set`
--

INSERT INTO `ec_product_with_attribute_set` VALUES (1,1,0),(2,1,0),(1,4,0),(2,4,0),(1,5,0),(2,5,0),(1,6,0),(2,6,0),(1,7,0),(2,7,0),(1,11,0),(2,11,0),(1,13,0),(2,13,0),(1,14,0),(2,14,0),(1,17,0),(2,17,0),(1,19,0),(2,19,0),(1,20,0),(2,20,0),(1,22,0),(2,22,0),(1,23,0),(2,23,0),(1,25,0),(2,25,0),(1,26,0),(2,26,0),(3,28,0),(4,28,0),(3,29,0),(4,29,0),(3,30,0),(4,30,0),(3,31,0),(4,31,0),(3,32,0),(4,32,0),(3,33,0),(4,33,0),(3,36,0),(4,36,0),(3,37,0),(4,37,0),(3,41,0),(4,41,0),(3,42,0),(4,42,0),(3,43,0),(4,43,0),(3,45,0),(4,45,0),(3,46,0),(4,46,0),(3,50,0),(4,50,0),(3,53,0),(4,53,0),(3,55,0),(4,55,0),(3,57,0),(4,57,0);

--
-- Table structure for table `ec_products`
--

CREATE TABLE `ec_products` (
  `id` bigint unsigned NOT NULL AUTO_INCREMENT,
  `name` varchar(191) COLLATE utf8mb4_unicode_ci NOT NULL,
  `description` text COLLATE utf8mb4_unicode_ci,
  `content` longtext COLLATE utf8mb4_unicode_ci,
  `status` varchar(60) COLLATE utf8mb4_unicode_ci NOT NULL DEFAULT 'published',
  `images` text COLLATE utf8mb4_unicode_ci,
  `sku` varchar(191) COLLATE utf8mb4_unicode_ci DEFAULT NULL,
  `order` int unsigned NOT NULL DEFAULT '0',
  `quantity` int unsigned DEFAULT NULL,
  `allow_checkout_when_out_of_stock` tinyint unsigned NOT NULL DEFAULT '0',
  `with_storehouse_management` tinyint unsigned NOT NULL DEFAULT '0',
  `is_featured` tinyint unsigned NOT NULL DEFAULT '0',
  `brand_id` bigint unsigned DEFAULT NULL,
  `is_variation` tinyint NOT NULL DEFAULT '0',
  `sale_type` tinyint NOT NULL DEFAULT '0',
  `price` double unsigned DEFAULT NULL,
  `sale_price` double unsigned DEFAULT NULL,
  `start_date` timestamp NULL DEFAULT NULL,
  `end_date` timestamp NULL DEFAULT NULL,
  `length` double(8,2) DEFAULT NULL,
  `wide` double(8,2) DEFAULT NULL,
  `height` double(8,2) DEFAULT NULL,
  `weight` double(8,2) DEFAULT NULL,
  `tax_id` bigint unsigned DEFAULT NULL,
  `views` bigint NOT NULL DEFAULT '0',
  `created_at` timestamp NULL DEFAULT NULL,
  `updated_at` timestamp NULL DEFAULT NULL,
  `stock_status` varchar(191) COLLATE utf8mb4_unicode_ci DEFAULT 'in_stock',
  `store_id` bigint unsigned DEFAULT NULL,
  `created_by_id` bigint unsigned DEFAULT '0',
  `created_by_type` varchar(191) COLLATE utf8mb4_unicode_ci NOT NULL DEFAULT 'Botble\\ACL\\Models\\User',
  `approved_by` bigint unsigned DEFAULT '0',
  `image` varchar(191) COLLATE utf8mb4_unicode_ci DEFAULT NULL,
  `product_type` varchar(60) COLLATE utf8mb4_unicode_ci DEFAULT 'physical',
  `barcode` varchar(50) COLLATE utf8mb4_unicode_ci DEFAULT NULL,
  `cost_per_item` double DEFAULT NULL,
  `generate_license_code` tinyint(1) NOT NULL DEFAULT '0',
  `minimum_order_quantity` int unsigned DEFAULT '0',
  `maximum_order_quantity` int unsigned DEFAULT '0',
  PRIMARY KEY (`id`),
  KEY `ec_products_brand_id_status_is_variation_created_at_index` (`brand_id`,`status`,`is_variation`,`created_at`),
  KEY `sale_type_index` (`sale_type`),
  KEY `start_date_index` (`start_date`),
  KEY `end_date_index` (`end_date`),
  KEY `sale_price_index` (`sale_price`),
  KEY `is_variation_index` (`is_variation`),
  KEY `ec_products_sku_index` (`sku`)
) ENGINE=InnoDB AUTO_INCREMENT=141 DEFAULT CHARSET=utf8mb4 COLLATE=utf8mb4_unicode_ci;

--
-- Dumping data for table `ec_products`
--

INSERT INTO `ec_products` VALUES (1,'EcoTech Marine Radion XR30w G5 Pro LED Light Fixture','The headset also offers MS Teams Certifications and other features like Busylight, Calls controls, Voice guiding, and Wireless range (ft): Up to 100 feet. Best-in-class. Boom The most recent Jabra Evolve2 75 USB-A MS Teams Stereo Headset offers professional-grade call performance that leads the industry, yet Evolve2 75 wins best-in-class.','<div class=\"row justify-content-center\">\n    <div class=\"col-xl-10\">\n        <div class=\"tp-product-details-desc-item pb-105\">\n            <div class=\"row\">\n                <div class=\"col-lg-6\">\n                    <div class=\"pt-25\">\n                        <span>Galaxy A8 tablet</span>\n                        <h3 class=\"tp-product-details-desc-title\">Your world at a glance</h3>\n                        <p>\n                            With a slim design, a vibrant entertainment system, and <br>\n                            outstanding performance, the new Galaxy Tab A7 is a stylish new <br>\n                            companion for your life.Dive head-first into the things you love, <br>\n                            and easily share your favorite moments. Learn, explore, connect <br>\n                            and be inspired.\n                        </p>\n                    </div>\n                    <div>\n                        <h3 class=\"tp-product-details-desc-title\">Draw inspiration with S Pen</h3>\n                        <p>\n                            S Pen is a bundle of writing instruments in one. Its natural grip, <br>\n                            low latency and impressive pressure sensitivity will make it your go-to for everything from drawing to editing documents. And S Pen won\'t get misplaced thanks.\n                        </p>\n                    </div>\n                </div>\n                <div class=\"col-lg-6\">\n                    <div class=\"tp-product-details-desc-thumb\">\n                        <img src=\"/storage/main/products/product-details-desc-1.jpg\" alt=\"product\">\n                    </div>\n                </div>\n            </div>\n        </div>\n        <div class=\"tp-product-details-desc-item pb-75\">\n            <div class=\"row\">\n                <div class=\"col-lg-7\">\n                    <div class=\"tp-product-details-desc-thumb\">\n                        <img src=\"/storage/main/products/product-details-desc-2.jpg\" alt=\"product\">\n                    </div>\n                </div>\n\n                <div class=\"col-lg-5 order-first order-lg-last\">\n                    <div class=\"des-content-2 pl-40\">\n                        <h3 class=\"tp-product-details-desc-title\">\n                            Carry with <br>\n                            Confidence and style\n                        </h3>\n                        <p>\n                            Wrap your tablet in a sleek case that\'s as stylish as it is convenient. Galaxy Tab S6 Lite Book Cover folds around and clings magnetically, so you can easily gear up as you\'re headed out the door. There\'s even a\n                            compartment for S pen, so you can be sure it doesn\'t get left behind.\n                        </p>\n                    </div>\n                </div>\n            </div>\n        </div>\n        <div class=\"tp-product-details-desc-item\">\n            <div class=\"row\">\n                <div class=\"col-xl-12\">\n                    <div class=\"tp-product-details-desc-banner text-center m-img\">\n                        <h3 class=\"tp-product-details-desc-banner-title tp-product-details-desc-title\">Speed Memory Power = Epic Races</h3>\n                        <img src=\"/storage/main/products/product-details-desc-3.jpg\" alt=\"product\">\n                    </div>\n                </div>\n            </div>\n        </div>\n    </div>\n</div>\n','published','[\"main\\/products\\/product-7.jpg\",\"main\\/products\\/product-9.jpg\",\"main\\/products\\/product-16.jpg\",\"main\\/products\\/product-15.jpg\",\"main\\/products\\/product-20.jpg\"]','IL-117-A1',0,20,0,1,1,4,0,0,1116,NULL,NULL,NULL,17.00,13.00,13.00,551.00,NULL,101499,'2024-05-10 02:10:29','2024-05-10 02:10:31','in_stock',6,0,'Botble\\ACL\\Models\\User',0,NULL,'physical',NULL,NULL,0,0,0),(2,'Philips Hue White and Color Ambiance A19 LED Smart Bulb','We can provide exceptional noise isolation and the best all-day comfort by mixing firm foam for the outer with soft foam for the interior of the ear cushions. So that you may receive Active Noise-Cancellation (ANC) performance that is even greater in a headset that you can wear for whatever length you wish.','<div class=\"row justify-content-center\">\n    <div class=\"col-xl-10\">\n        <div class=\"tp-product-details-desc-item pb-105\">\n            <div class=\"row\">\n                <div class=\"col-lg-6\">\n                    <div class=\"pt-25\">\n                        <span>Galaxy A8 tablet</span>\n                        <h3 class=\"tp-product-details-desc-title\">Your world at a glance</h3>\n                        <p>\n                            With a slim design, a vibrant entertainment system, and <br>\n                            outstanding performance, the new Galaxy Tab A7 is a stylish new <br>\n                            companion for your life.Dive head-first into the things you love, <br>\n                            and easily share your favorite moments. Learn, explore, connect <br>\n                            and be inspired.\n                        </p>\n                    </div>\n                    <div>\n                        <h3 class=\"tp-product-details-desc-title\">Draw inspiration with S Pen</h3>\n                        <p>\n                            S Pen is a bundle of writing instruments in one. Its natural grip, <br>\n                            low latency and impressive pressure sensitivity will make it your go-to for everything from drawing to editing documents. And S Pen won\'t get misplaced thanks.\n                        </p>\n                    </div>\n                </div>\n                <div class=\"col-lg-6\">\n                    <div class=\"tp-product-details-desc-thumb\">\n                        <img src=\"/storage/main/products/product-details-desc-1.jpg\" alt=\"product\">\n                    </div>\n                </div>\n            </div>\n        </div>\n        <div class=\"tp-product-details-desc-item pb-75\">\n            <div class=\"row\">\n                <div class=\"col-lg-7\">\n                    <div class=\"tp-product-details-desc-thumb\">\n                        <img src=\"/storage/main/products/product-details-desc-2.jpg\" alt=\"product\">\n                    </div>\n                </div>\n\n                <div class=\"col-lg-5 order-first order-lg-last\">\n                    <div class=\"des-content-2 pl-40\">\n                        <h3 class=\"tp-product-details-desc-title\">\n                            Carry with <br>\n                            Confidence and style\n                        </h3>\n                        <p>\n                            Wrap your tablet in a sleek case that\'s as stylish as it is convenient. Galaxy Tab S6 Lite Book Cover folds around and clings magnetically, so you can easily gear up as you\'re headed out the door. There\'s even a\n                            compartment for S pen, so you can be sure it doesn\'t get left behind.\n                        </p>\n                    </div>\n                </div>\n            </div>\n        </div>\n        <div class=\"tp-product-details-desc-item\">\n            <div class=\"row\">\n                <div class=\"col-xl-12\">\n                    <div class=\"tp-product-details-desc-banner text-center m-img\">\n                        <h3 class=\"tp-product-details-desc-banner-title tp-product-details-desc-title\">Speed Memory Power = Epic Races</h3>\n                        <img src=\"/storage/main/products/product-details-desc-3.jpg\" alt=\"product\">\n                    </div>\n                </div>\n            </div>\n        </div>\n    </div>\n</div>\n','published','[\"main\\/products\\/product-2.jpg\",\"main\\/products\\/product-4.jpg\",\"main\\/products\\/product-13.jpg\",\"main\\/products\\/product-18.jpg\",\"main\\/products\\/product-19.jpg\",\"main\\/products\\/product-17.jpg\",\"main\\/products\\/product-12.jpg\",\"main\\/products\\/product-details-desc-1.jpg\"]','OJ-170',0,19,0,1,0,1,0,0,1170,154,NULL,NULL,12.00,12.00,12.00,747.00,NULL,171088,'2024-05-10 02:10:29','2024-05-10 02:10:29','in_stock',6,0,'Botble\\ACL\\Models\\User',0,NULL,'physical',NULL,NULL,0,0,0),(3,'Samsung Galaxy Tab S7+ 12.4-Inch Android Tablet','Additionally, this includes a redesigned microphone boom arm that is 33 percent shorter than the Evolve 75 and offers the industry-leading call performance for which Jabra headsets are known.','<div class=\"row justify-content-center\">\n    <div class=\"col-xl-10\">\n        <div class=\"tp-product-details-desc-item pb-105\">\n            <div class=\"row\">\n                <div class=\"col-lg-6\">\n                    <div class=\"pt-25\">\n                        <span>Galaxy A8 tablet</span>\n                        <h3 class=\"tp-product-details-desc-title\">Your world at a glance</h3>\n                        <p>\n                            With a slim design, a vibrant entertainment system, and <br>\n                            outstanding performance, the new Galaxy Tab A7 is a stylish new <br>\n                            companion for your life.Dive head-first into the things you love, <br>\n                            and easily share your favorite moments. Learn, explore, connect <br>\n                            and be inspired.\n                        </p>\n                    </div>\n                    <div>\n                        <h3 class=\"tp-product-details-desc-title\">Draw inspiration with S Pen</h3>\n                        <p>\n                            S Pen is a bundle of writing instruments in one. Its natural grip, <br>\n                            low latency and impressive pressure sensitivity will make it your go-to for everything from drawing to editing documents. And S Pen won\'t get misplaced thanks.\n                        </p>\n                    </div>\n                </div>\n                <div class=\"col-lg-6\">\n                    <div class=\"tp-product-details-desc-thumb\">\n                        <img src=\"/storage/main/products/product-details-desc-1.jpg\" alt=\"product\">\n                    </div>\n                </div>\n            </div>\n        </div>\n        <div class=\"tp-product-details-desc-item pb-75\">\n            <div class=\"row\">\n                <div class=\"col-lg-7\">\n                    <div class=\"tp-product-details-desc-thumb\">\n                        <img src=\"/storage/main/products/product-details-desc-2.jpg\" alt=\"product\">\n                    </div>\n                </div>\n\n                <div class=\"col-lg-5 order-first order-lg-last\">\n                    <div class=\"des-content-2 pl-40\">\n                        <h3 class=\"tp-product-details-desc-title\">\n                            Carry with <br>\n                            Confidence and style\n                        </h3>\n                        <p>\n                            Wrap your tablet in a sleek case that\'s as stylish as it is convenient. Galaxy Tab S6 Lite Book Cover folds around and clings magnetically, so you can easily gear up as you\'re headed out the door. There\'s even a\n                            compartment for S pen, so you can be sure it doesn\'t get left behind.\n                        </p>\n                    </div>\n                </div>\n            </div>\n        </div>\n        <div class=\"tp-product-details-desc-item\">\n            <div class=\"row\">\n                <div class=\"col-xl-12\">\n                    <div class=\"tp-product-details-desc-banner text-center m-img\">\n                        <h3 class=\"tp-product-details-desc-banner-title tp-product-details-desc-title\">Speed Memory Power = Epic Races</h3>\n                        <img src=\"/storage/main/products/product-details-desc-3.jpg\" alt=\"product\">\n                    </div>\n                </div>\n            </div>\n        </div>\n    </div>\n</div>\n','published','[\"main\\/products\\/product-12.jpg\",\"main\\/products\\/product-10.jpg\",\"main\\/products\\/product-details-desc-3.jpg\"]','CZ-137',0,20,0,1,1,3,0,0,521,386,NULL,NULL,13.00,18.00,10.00,834.00,NULL,153019,'2024-05-10 02:10:29','2024-05-10 02:10:29','in_stock',2,0,'Botble\\ACL\\Models\\User',0,NULL,'physical',NULL,NULL,0,0,0),(4,'Apple MacBook Pro 16-Inch Laptop (Digital)','It complies with Microsoft\'s Open Office criteria and is specially tuned for outstanding conversations in open-plan workplaces and other loud environments when the microphone boom arm is lowered in Performance Mode','<div class=\"row justify-content-center\">\n    <div class=\"col-xl-10\">\n        <div class=\"tp-product-details-desc-item pb-105\">\n            <div class=\"row\">\n                <div class=\"col-lg-6\">\n                    <div class=\"pt-25\">\n                        <span>Galaxy A8 tablet</span>\n                        <h3 class=\"tp-product-details-desc-title\">Your world at a glance</h3>\n                        <p>\n                            With a slim design, a vibrant entertainment system, and <br>\n                            outstanding performance, the new Galaxy Tab A7 is a stylish new <br>\n                            companion for your life.Dive head-first into the things you love, <br>\n                            and easily share your favorite moments. Learn, explore, connect <br>\n                            and be inspired.\n                        </p>\n                    </div>\n                    <div>\n                        <h3 class=\"tp-product-details-desc-title\">Draw inspiration with S Pen</h3>\n                        <p>\n                            S Pen is a bundle of writing instruments in one. Its natural grip, <br>\n                            low latency and impressive pressure sensitivity will make it your go-to for everything from drawing to editing documents. And S Pen won\'t get misplaced thanks.\n                        </p>\n                    </div>\n                </div>\n                <div class=\"col-lg-6\">\n                    <div class=\"tp-product-details-desc-thumb\">\n                        <img src=\"/storage/main/products/product-details-desc-1.jpg\" alt=\"product\">\n                    </div>\n                </div>\n            </div>\n        </div>\n        <div class=\"tp-product-details-desc-item pb-75\">\n            <div class=\"row\">\n                <div class=\"col-lg-7\">\n                    <div class=\"tp-product-details-desc-thumb\">\n                        <img src=\"/storage/main/products/product-details-desc-2.jpg\" alt=\"product\">\n                    </div>\n                </div>\n\n                <div class=\"col-lg-5 order-first order-lg-last\">\n                    <div class=\"des-content-2 pl-40\">\n                        <h3 class=\"tp-product-details-desc-title\">\n                            Carry with <br>\n                            Confidence and style\n                        </h3>\n                        <p>\n                            Wrap your tablet in a sleek case that\'s as stylish as it is convenient. Galaxy Tab S6 Lite Book Cover folds around and clings magnetically, so you can easily gear up as you\'re headed out the door. There\'s even a\n                            compartment for S pen, so you can be sure it doesn\'t get left behind.\n                        </p>\n                    </div>\n                </div>\n            </div>\n        </div>\n        <div class=\"tp-product-details-desc-item\">\n            <div class=\"row\">\n                <div class=\"col-xl-12\">\n                    <div class=\"tp-product-details-desc-banner text-center m-img\">\n                        <h3 class=\"tp-product-details-desc-banner-title tp-product-details-desc-title\">Speed Memory Power = Epic Races</h3>\n                        <img src=\"/storage/main/products/product-details-desc-3.jpg\" alt=\"product\">\n                    </div>\n                </div>\n            </div>\n        </div>\n    </div>\n</div>\n','published','[\"main\\/products\\/product-3.jpg\",\"main\\/products\\/product-17.jpg\",\"main\\/products\\/product-19.jpg\",\"main\\/products\\/product-1.jpg\"]','SU-136-A1',0,18,0,1,0,4,0,0,1136,1011.04,NULL,NULL,14.00,20.00,13.00,686.00,NULL,61328,'2024-05-10 02:10:29','2024-05-10 02:10:31','in_stock',4,0,'Botble\\ACL\\Models\\User',0,NULL,'digital',NULL,NULL,0,0,0),(5,'Sony WH-1000XM4 Wireless Noise-Canceling Headphones','The headset also offers MS Teams Certifications and other features like Busylight, Calls controls, Voice guiding, and Wireless range (ft): Up to 100 feet. Best-in-class. Boom The most recent Jabra Evolve2 75 USB-A MS Teams Stereo Headset offers professional-grade call performance that leads the industry, yet Evolve2 75 wins best-in-class.','<div class=\"row justify-content-center\">\n    <div class=\"col-xl-10\">\n        <div class=\"tp-product-details-desc-item pb-105\">\n            <div class=\"row\">\n                <div class=\"col-lg-6\">\n                    <div class=\"pt-25\">\n                        <span>Galaxy A8 tablet</span>\n                        <h3 class=\"tp-product-details-desc-title\">Your world at a glance</h3>\n                        <p>\n                            With a slim design, a vibrant entertainment system, and <br>\n                            outstanding performance, the new Galaxy Tab A7 is a stylish new <br>\n                            companion for your life.Dive head-first into the things you love, <br>\n                            and easily share your favorite moments. Learn, explore, connect <br>\n                            and be inspired.\n                        </p>\n                    </div>\n                    <div>\n                        <h3 class=\"tp-product-details-desc-title\">Draw inspiration with S Pen</h3>\n                        <p>\n                            S Pen is a bundle of writing instruments in one. Its natural grip, <br>\n                            low latency and impressive pressure sensitivity will make it your go-to for everything from drawing to editing documents. And S Pen won\'t get misplaced thanks.\n                        </p>\n                    </div>\n                </div>\n                <div class=\"col-lg-6\">\n                    <div class=\"tp-product-details-desc-thumb\">\n                        <img src=\"/storage/main/products/product-details-desc-1.jpg\" alt=\"product\">\n                    </div>\n                </div>\n            </div>\n        </div>\n        <div class=\"tp-product-details-desc-item pb-75\">\n            <div class=\"row\">\n                <div class=\"col-lg-7\">\n                    <div class=\"tp-product-details-desc-thumb\">\n                        <img src=\"/storage/main/products/product-details-desc-2.jpg\" alt=\"product\">\n                    </div>\n                </div>\n\n                <div class=\"col-lg-5 order-first order-lg-last\">\n                    <div class=\"des-content-2 pl-40\">\n                        <h3 class=\"tp-product-details-desc-title\">\n                            Carry with <br>\n                            Confidence and style\n                        </h3>\n                        <p>\n                            Wrap your tablet in a sleek case that\'s as stylish as it is convenient. Galaxy Tab S6 Lite Book Cover folds around and clings magnetically, so you can easily gear up as you\'re headed out the door. There\'s even a\n                            compartment for S pen, so you can be sure it doesn\'t get left behind.\n                        </p>\n                    </div>\n                </div>\n            </div>\n        </div>\n        <div class=\"tp-product-details-desc-item\">\n            <div class=\"row\">\n                <div class=\"col-xl-12\">\n                    <div class=\"tp-product-details-desc-banner text-center m-img\">\n                        <h3 class=\"tp-product-details-desc-banner-title tp-product-details-desc-title\">Speed Memory Power = Epic Races</h3>\n                        <img src=\"/storage/main/products/product-details-desc-3.jpg\" alt=\"product\">\n                    </div>\n                </div>\n            </div>\n        </div>\n    </div>\n</div>\n','published','[\"main\\/products\\/product-13.jpg\",\"main\\/products\\/product-details-desc-1.jpg\",\"main\\/products\\/product-3.jpg\",\"main\\/products\\/product-details-desc-2.jpg\",\"main\\/products\\/product-14.jpg\",\"main\\/products\\/product-17.jpg\",\"main\\/products\\/product-10.jpg\",\"main\\/products\\/product-20.jpg\"]','VP-165-A1',0,20,0,1,0,1,0,0,2348,NULL,NULL,NULL,10.00,17.00,19.00,597.00,NULL,17330,'2024-05-10 02:10:29','2024-05-10 02:10:31','in_stock',4,0,'Botble\\ACL\\Models\\User',0,NULL,'physical',NULL,NULL,0,0,0),(6,'DJI Mavic Air 2 Drone','It complies with Microsoft\'s Open Office criteria and is specially tuned for outstanding conversations in open-plan workplaces and other loud environments when the microphone boom arm is lowered in Performance Mode','<div class=\"row justify-content-center\">\n    <div class=\"col-xl-10\">\n        <div class=\"tp-product-details-desc-item pb-105\">\n            <div class=\"row\">\n                <div class=\"col-lg-6\">\n                    <div class=\"pt-25\">\n                        <span>Galaxy A8 tablet</span>\n                        <h3 class=\"tp-product-details-desc-title\">Your world at a glance</h3>\n                        <p>\n                            With a slim design, a vibrant entertainment system, and <br>\n                            outstanding performance, the new Galaxy Tab A7 is a stylish new <br>\n                            companion for your life.Dive head-first into the things you love, <br>\n                            and easily share your favorite moments. Learn, explore, connect <br>\n                            and be inspired.\n                        </p>\n                    </div>\n                    <div>\n                        <h3 class=\"tp-product-details-desc-title\">Draw inspiration with S Pen</h3>\n                        <p>\n                            S Pen is a bundle of writing instruments in one. Its natural grip, <br>\n                            low latency and impressive pressure sensitivity will make it your go-to for everything from drawing to editing documents. And S Pen won\'t get misplaced thanks.\n                        </p>\n                    </div>\n                </div>\n                <div class=\"col-lg-6\">\n                    <div class=\"tp-product-details-desc-thumb\">\n                        <img src=\"/storage/main/products/product-details-desc-1.jpg\" alt=\"product\">\n                    </div>\n                </div>\n            </div>\n        </div>\n        <div class=\"tp-product-details-desc-item pb-75\">\n            <div class=\"row\">\n                <div class=\"col-lg-7\">\n                    <div class=\"tp-product-details-desc-thumb\">\n                        <img src=\"/storage/main/products/product-details-desc-2.jpg\" alt=\"product\">\n                    </div>\n                </div>\n\n                <div class=\"col-lg-5 order-first order-lg-last\">\n                    <div class=\"des-content-2 pl-40\">\n                        <h3 class=\"tp-product-details-desc-title\">\n                            Carry with <br>\n                            Confidence and style\n                        </h3>\n                        <p>\n                            Wrap your tablet in a sleek case that\'s as stylish as it is convenient. Galaxy Tab S6 Lite Book Cover folds around and clings magnetically, so you can easily gear up as you\'re headed out the door. There\'s even a\n                            compartment for S pen, so you can be sure it doesn\'t get left behind.\n                        </p>\n                    </div>\n                </div>\n            </div>\n        </div>\n        <div class=\"tp-product-details-desc-item\">\n            <div class=\"row\">\n                <div class=\"col-xl-12\">\n                    <div class=\"tp-product-details-desc-banner text-center m-img\">\n                        <h3 class=\"tp-product-details-desc-banner-title tp-product-details-desc-title\">Speed Memory Power = Epic Races</h3>\n                        <img src=\"/storage/main/products/product-details-desc-3.jpg\" alt=\"product\">\n                    </div>\n                </div>\n            </div>\n        </div>\n    </div>\n</div>\n','published','[\"main\\/products\\/product-6.jpg\",\"main\\/products\\/product-5.jpg\",\"main\\/products\\/product-4.jpg\"]','BM-197-A1',0,20,0,1,0,4,0,0,2428,NULL,NULL,NULL,14.00,19.00,20.00,662.00,NULL,102491,'2024-05-10 02:10:29','2024-05-10 02:10:31','in_stock',8,0,'Botble\\ACL\\Models\\User',0,NULL,'physical',NULL,NULL,0,0,0),(7,'GoPro HERO9 Black Action Camera','Jabra Evolve2 75 USB-A MS Teams Stereo Headset The Jabra Evolve2 75 USB-A MS Teams Stereo Headset has replaced previous hybrid working standards. Industry-leading call quality thanks to top-notch audio engineering.','<div class=\"row justify-content-center\">\n    <div class=\"col-xl-10\">\n        <div class=\"tp-product-details-desc-item pb-105\">\n            <div class=\"row\">\n                <div class=\"col-lg-6\">\n                    <div class=\"pt-25\">\n                        <span>Galaxy A8 tablet</span>\n                        <h3 class=\"tp-product-details-desc-title\">Your world at a glance</h3>\n                        <p>\n                            With a slim design, a vibrant entertainment system, and <br>\n                            outstanding performance, the new Galaxy Tab A7 is a stylish new <br>\n                            companion for your life.Dive head-first into the things you love, <br>\n                            and easily share your favorite moments. Learn, explore, connect <br>\n                            and be inspired.\n                        </p>\n                    </div>\n                    <div>\n                        <h3 class=\"tp-product-details-desc-title\">Draw inspiration with S Pen</h3>\n                        <p>\n                            S Pen is a bundle of writing instruments in one. Its natural grip, <br>\n                            low latency and impressive pressure sensitivity will make it your go-to for everything from drawing to editing documents. And S Pen won\'t get misplaced thanks.\n                        </p>\n                    </div>\n                </div>\n                <div class=\"col-lg-6\">\n                    <div class=\"tp-product-details-desc-thumb\">\n                        <img src=\"/storage/main/products/product-details-desc-1.jpg\" alt=\"product\">\n                    </div>\n                </div>\n            </div>\n        </div>\n        <div class=\"tp-product-details-desc-item pb-75\">\n            <div class=\"row\">\n                <div class=\"col-lg-7\">\n                    <div class=\"tp-product-details-desc-thumb\">\n                        <img src=\"/storage/main/products/product-details-desc-2.jpg\" alt=\"product\">\n                    </div>\n                </div>\n\n                <div class=\"col-lg-5 order-first order-lg-last\">\n                    <div class=\"des-content-2 pl-40\">\n                        <h3 class=\"tp-product-details-desc-title\">\n                            Carry with <br>\n                            Confidence and style\n                        </h3>\n                        <p>\n                            Wrap your tablet in a sleek case that\'s as stylish as it is convenient. Galaxy Tab S6 Lite Book Cover folds around and clings magnetically, so you can easily gear up as you\'re headed out the door. There\'s even a\n                            compartment for S pen, so you can be sure it doesn\'t get left behind.\n                        </p>\n                    </div>\n                </div>\n            </div>\n        </div>\n        <div class=\"tp-product-details-desc-item\">\n            <div class=\"row\">\n                <div class=\"col-xl-12\">\n                    <div class=\"tp-product-details-desc-banner text-center m-img\">\n                        <h3 class=\"tp-product-details-desc-banner-title tp-product-details-desc-title\">Speed Memory Power = Epic Races</h3>\n                        <img src=\"/storage/main/products/product-details-desc-3.jpg\" alt=\"product\">\n                    </div>\n                </div>\n            </div>\n        </div>\n    </div>\n</div>\n','published','[\"main\\/products\\/product-1.jpg\",\"main\\/products\\/product-10.jpg\",\"main\\/products\\/product-2.jpg\"]','DI-193-A1',0,11,0,1,0,4,0,0,1135,NULL,NULL,NULL,20.00,11.00,13.00,862.00,NULL,95461,'2024-05-10 02:10:30','2024-05-10 02:10:31','in_stock',2,0,'Botble\\ACL\\Models\\User',0,NULL,'physical',NULL,NULL,0,0,0),(8,'Bose SoundLink Revolve+ Portable Bluetooth Speaker (Digital)','We can provide exceptional noise isolation and the best all-day comfort by mixing firm foam for the outer with soft foam for the interior of the ear cushions. So that you may receive Active Noise-Cancellation (ANC) performance that is even greater in a headset that you can wear for whatever length you wish.','<div class=\"row justify-content-center\">\n    <div class=\"col-xl-10\">\n        <div class=\"tp-product-details-desc-item pb-105\">\n            <div class=\"row\">\n                <div class=\"col-lg-6\">\n                    <div class=\"pt-25\">\n                        <span>Galaxy A8 tablet</span>\n                        <h3 class=\"tp-product-details-desc-title\">Your world at a glance</h3>\n                        <p>\n                            With a slim design, a vibrant entertainment system, and <br>\n                            outstanding performance, the new Galaxy Tab A7 is a stylish new <br>\n                            companion for your life.Dive head-first into the things you love, <br>\n                            and easily share your favorite moments. Learn, explore, connect <br>\n                            and be inspired.\n                        </p>\n                    </div>\n                    <div>\n                        <h3 class=\"tp-product-details-desc-title\">Draw inspiration with S Pen</h3>\n                        <p>\n                            S Pen is a bundle of writing instruments in one. Its natural grip, <br>\n                            low latency and impressive pressure sensitivity will make it your go-to for everything from drawing to editing documents. And S Pen won\'t get misplaced thanks.\n                        </p>\n                    </div>\n                </div>\n                <div class=\"col-lg-6\">\n                    <div class=\"tp-product-details-desc-thumb\">\n                        <img src=\"/storage/main/products/product-details-desc-1.jpg\" alt=\"product\">\n                    </div>\n                </div>\n            </div>\n        </div>\n        <div class=\"tp-product-details-desc-item pb-75\">\n            <div class=\"row\">\n                <div class=\"col-lg-7\">\n                    <div class=\"tp-product-details-desc-thumb\">\n                        <img src=\"/storage/main/products/product-details-desc-2.jpg\" alt=\"product\">\n                    </div>\n                </div>\n\n                <div class=\"col-lg-5 order-first order-lg-last\">\n                    <div class=\"des-content-2 pl-40\">\n                        <h3 class=\"tp-product-details-desc-title\">\n                            Carry with <br>\n                            Confidence and style\n                        </h3>\n                        <p>\n                            Wrap your tablet in a sleek case that\'s as stylish as it is convenient. Galaxy Tab S6 Lite Book Cover folds around and clings magnetically, so you can easily gear up as you\'re headed out the door. There\'s even a\n                            compartment for S pen, so you can be sure it doesn\'t get left behind.\n                        </p>\n                    </div>\n                </div>\n            </div>\n        </div>\n        <div class=\"tp-product-details-desc-item\">\n            <div class=\"row\">\n                <div class=\"col-xl-12\">\n                    <div class=\"tp-product-details-desc-banner text-center m-img\">\n                        <h3 class=\"tp-product-details-desc-banner-title tp-product-details-desc-title\">Speed Memory Power = Epic Races</h3>\n                        <img src=\"/storage/main/products/product-details-desc-3.jpg\" alt=\"product\">\n                    </div>\n                </div>\n            </div>\n        </div>\n    </div>\n</div>\n','published','[\"main\\/products\\/product-details-desc-1.jpg\",\"main\\/products\\/product-6.jpg\",\"main\\/products\\/product-19.jpg\",\"main\\/products\\/product-8.jpg\",\"main\\/products\\/product-1.jpg\"]','NQ-104',0,17,0,1,0,1,0,0,1503,1066,NULL,NULL,19.00,15.00,13.00,818.00,NULL,167770,'2024-05-10 02:10:30','2024-05-10 02:10:30','in_stock',4,0,'Botble\\ACL\\Models\\User',0,NULL,'digital',NULL,NULL,0,0,0),(9,'Nest Learning Thermostat (3rd Generation)','Additionally, this includes a redesigned microphone boom arm that is 33 percent shorter than the Evolve 75 and offers the industry-leading call performance for which Jabra headsets are known.','<div class=\"row justify-content-center\">\n    <div class=\"col-xl-10\">\n        <div class=\"tp-product-details-desc-item pb-105\">\n            <div class=\"row\">\n                <div class=\"col-lg-6\">\n                    <div class=\"pt-25\">\n                        <span>Galaxy A8 tablet</span>\n                        <h3 class=\"tp-product-details-desc-title\">Your world at a glance</h3>\n                        <p>\n                            With a slim design, a vibrant entertainment system, and <br>\n                            outstanding performance, the new Galaxy Tab A7 is a stylish new <br>\n                            companion for your life.Dive head-first into the things you love, <br>\n                            and easily share your favorite moments. Learn, explore, connect <br>\n                            and be inspired.\n                        </p>\n                    </div>\n                    <div>\n                        <h3 class=\"tp-product-details-desc-title\">Draw inspiration with S Pen</h3>\n                        <p>\n                            S Pen is a bundle of writing instruments in one. Its natural grip, <br>\n                            low latency and impressive pressure sensitivity will make it your go-to for everything from drawing to editing documents. And S Pen won\'t get misplaced thanks.\n                        </p>\n                    </div>\n                </div>\n                <div class=\"col-lg-6\">\n                    <div class=\"tp-product-details-desc-thumb\">\n                        <img src=\"/storage/main/products/product-details-desc-1.jpg\" alt=\"product\">\n                    </div>\n                </div>\n            </div>\n        </div>\n        <div class=\"tp-product-details-desc-item pb-75\">\n            <div class=\"row\">\n                <div class=\"col-lg-7\">\n                    <div class=\"tp-product-details-desc-thumb\">\n                        <img src=\"/storage/main/products/product-details-desc-2.jpg\" alt=\"product\">\n                    </div>\n                </div>\n\n                <div class=\"col-lg-5 order-first order-lg-last\">\n                    <div class=\"des-content-2 pl-40\">\n                        <h3 class=\"tp-product-details-desc-title\">\n                            Carry with <br>\n                            Confidence and style\n                        </h3>\n                        <p>\n                            Wrap your tablet in a sleek case that\'s as stylish as it is convenient. Galaxy Tab S6 Lite Book Cover folds around and clings magnetically, so you can easily gear up as you\'re headed out the door. There\'s even a\n                            compartment for S pen, so you can be sure it doesn\'t get left behind.\n                        </p>\n                    </div>\n                </div>\n            </div>\n        </div>\n        <div class=\"tp-product-details-desc-item\">\n            <div class=\"row\">\n                <div class=\"col-xl-12\">\n                    <div class=\"tp-product-details-desc-banner text-center m-img\">\n                        <h3 class=\"tp-product-details-desc-banner-title tp-product-details-desc-title\">Speed Memory Power = Epic Races</h3>\n                        <img src=\"/storage/main/products/product-details-desc-3.jpg\" alt=\"product\">\n                    </div>\n                </div>\n            </div>\n        </div>\n    </div>\n</div>\n','published','[\"main\\/products\\/product-19.jpg\",\"main\\/products\\/product-details-desc-3.jpg\",\"main\\/products\\/product-2.jpg\",\"main\\/products\\/product-details-desc-1.jpg\",\"main\\/products\\/product-5.jpg\",\"main\\/products\\/product-20.jpg\",\"main\\/products\\/product-10.jpg\"]','SJ-106',0,13,0,1,1,1,0,0,2290,877,NULL,NULL,15.00,19.00,15.00,620.00,NULL,26745,'2024-05-10 02:10:30','2024-05-10 02:10:30','in_stock',2,0,'Botble\\ACL\\Models\\User',0,NULL,'physical',NULL,NULL,0,0,0),(10,'Ring Video Doorbell Pro','The headset also offers MS Teams Certifications and other features like Busylight, Calls controls, Voice guiding, and Wireless range (ft): Up to 100 feet. Best-in-class. Boom The most recent Jabra Evolve2 75 USB-A MS Teams Stereo Headset offers professional-grade call performance that leads the industry, yet Evolve2 75 wins best-in-class.','<div class=\"row justify-content-center\">\n    <div class=\"col-xl-10\">\n        <div class=\"tp-product-details-desc-item pb-105\">\n            <div class=\"row\">\n                <div class=\"col-lg-6\">\n                    <div class=\"pt-25\">\n                        <span>Galaxy A8 tablet</span>\n                        <h3 class=\"tp-product-details-desc-title\">Your world at a glance</h3>\n                        <p>\n                            With a slim design, a vibrant entertainment system, and <br>\n                            outstanding performance, the new Galaxy Tab A7 is a stylish new <br>\n                            companion for your life.Dive head-first into the things you love, <br>\n                            and easily share your favorite moments. Learn, explore, connect <br>\n                            and be inspired.\n                        </p>\n                    </div>\n                    <div>\n                        <h3 class=\"tp-product-details-desc-title\">Draw inspiration with S Pen</h3>\n                        <p>\n                            S Pen is a bundle of writing instruments in one. Its natural grip, <br>\n                            low latency and impressive pressure sensitivity will make it your go-to for everything from drawing to editing documents. And S Pen won\'t get misplaced thanks.\n                        </p>\n                    </div>\n                </div>\n                <div class=\"col-lg-6\">\n                    <div class=\"tp-product-details-desc-thumb\">\n                        <img src=\"/storage/main/products/product-details-desc-1.jpg\" alt=\"product\">\n                    </div>\n                </div>\n            </div>\n        </div>\n        <div class=\"tp-product-details-desc-item pb-75\">\n            <div class=\"row\">\n                <div class=\"col-lg-7\">\n                    <div class=\"tp-product-details-desc-thumb\">\n                        <img src=\"/storage/main/products/product-details-desc-2.jpg\" alt=\"product\">\n                    </div>\n                </div>\n\n                <div class=\"col-lg-5 order-first order-lg-last\">\n                    <div class=\"des-content-2 pl-40\">\n                        <h3 class=\"tp-product-details-desc-title\">\n                            Carry with <br>\n                            Confidence and style\n                        </h3>\n                        <p>\n                            Wrap your tablet in a sleek case that\'s as stylish as it is convenient. Galaxy Tab S6 Lite Book Cover folds around and clings magnetically, so you can easily gear up as you\'re headed out the door. There\'s even a\n                            compartment for S pen, so you can be sure it doesn\'t get left behind.\n                        </p>\n                    </div>\n                </div>\n            </div>\n        </div>\n        <div class=\"tp-product-details-desc-item\">\n            <div class=\"row\">\n                <div class=\"col-xl-12\">\n                    <div class=\"tp-product-details-desc-banner text-center m-img\">\n                        <h3 class=\"tp-product-details-desc-banner-title tp-product-details-desc-title\">Speed Memory Power = Epic Races</h3>\n                        <img src=\"/storage/main/products/product-details-desc-3.jpg\" alt=\"product\">\n                    </div>\n                </div>\n            </div>\n        </div>\n    </div>\n</div>\n','published','[\"main\\/products\\/product-17.jpg\",\"main\\/products\\/product-5.jpg\",\"main\\/products\\/product-details-desc-2.jpg\",\"main\\/products\\/product-18.jpg\",\"main\\/products\\/product-6.jpg\"]','UN-128',0,20,0,1,1,4,0,0,1694,155,NULL,NULL,13.00,13.00,11.00,574.00,NULL,90391,'2024-05-10 02:10:30','2024-05-10 02:10:30','in_stock',1,0,'Botble\\ACL\\Models\\User',0,NULL,'physical',NULL,NULL,0,0,0),(11,'Amazon Echo Show 10 (3rd Gen)','We can provide exceptional noise isolation and the best all-day comfort by mixing firm foam for the outer with soft foam for the interior of the ear cushions. So that you may receive Active Noise-Cancellation (ANC) performance that is even greater in a headset that you can wear for whatever length you wish.','<div class=\"row justify-content-center\">\n    <div class=\"col-xl-10\">\n        <div class=\"tp-product-details-desc-item pb-105\">\n            <div class=\"row\">\n                <div class=\"col-lg-6\">\n                    <div class=\"pt-25\">\n                        <span>Galaxy A8 tablet</span>\n                        <h3 class=\"tp-product-details-desc-title\">Your world at a glance</h3>\n                        <p>\n                            With a slim design, a vibrant entertainment system, and <br>\n                            outstanding performance, the new Galaxy Tab A7 is a stylish new <br>\n                            companion for your life.Dive head-first into the things you love, <br>\n                            and easily share your favorite moments. Learn, explore, connect <br>\n                            and be inspired.\n                        </p>\n                    </div>\n                    <div>\n                        <h3 class=\"tp-product-details-desc-title\">Draw inspiration with S Pen</h3>\n                        <p>\n                            S Pen is a bundle of writing instruments in one. Its natural grip, <br>\n                            low latency and impressive pressure sensitivity will make it your go-to for everything from drawing to editing documents. And S Pen won\'t get misplaced thanks.\n                        </p>\n                    </div>\n                </div>\n                <div class=\"col-lg-6\">\n                    <div class=\"tp-product-details-desc-thumb\">\n                        <img src=\"/storage/main/products/product-details-desc-1.jpg\" alt=\"product\">\n                    </div>\n                </div>\n            </div>\n        </div>\n        <div class=\"tp-product-details-desc-item pb-75\">\n            <div class=\"row\">\n                <div class=\"col-lg-7\">\n                    <div class=\"tp-product-details-desc-thumb\">\n                        <img src=\"/storage/main/products/product-details-desc-2.jpg\" alt=\"product\">\n                    </div>\n                </div>\n\n                <div class=\"col-lg-5 order-first order-lg-last\">\n                    <div class=\"des-content-2 pl-40\">\n                        <h3 class=\"tp-product-details-desc-title\">\n                            Carry with <br>\n                            Confidence and style\n                        </h3>\n                        <p>\n                            Wrap your tablet in a sleek case that\'s as stylish as it is convenient. Galaxy Tab S6 Lite Book Cover folds around and clings magnetically, so you can easily gear up as you\'re headed out the door. There\'s even a\n                            compartment for S pen, so you can be sure it doesn\'t get left behind.\n                        </p>\n                    </div>\n                </div>\n            </div>\n        </div>\n        <div class=\"tp-product-details-desc-item\">\n            <div class=\"row\">\n                <div class=\"col-xl-12\">\n                    <div class=\"tp-product-details-desc-banner text-center m-img\">\n                        <h3 class=\"tp-product-details-desc-banner-title tp-product-details-desc-title\">Speed Memory Power = Epic Races</h3>\n                        <img src=\"/storage/main/products/product-details-desc-3.jpg\" alt=\"product\">\n                    </div>\n                </div>\n            </div>\n        </div>\n    </div>\n</div>\n','published','[\"main\\/products\\/product-9.jpg\",\"main\\/products\\/product-11.jpg\",\"main\\/products\\/product-17.jpg\"]','KM-176-A1',0,13,0,1,1,3,0,0,2226,NULL,NULL,NULL,15.00,16.00,20.00,632.00,NULL,113546,'2024-05-10 02:10:30','2024-05-10 02:10:31','in_stock',8,0,'Botble\\ACL\\Models\\User',0,NULL,'physical',NULL,NULL,0,0,0),(12,'Samsung QN90A Neo QLED 4K Smart TV (Digital)','With this intelligent headset, you can stay connected and productive from the first call of the day to the last train home. With an ergonomic earcup design, this headset invented a brand-new dual-foam technology. You will be comfortable from the first call to the last thanks to the re-engineered leatherette ear cushion design that allows for better airflow.','<div class=\"row justify-content-center\">\n    <div class=\"col-xl-10\">\n        <div class=\"tp-product-details-desc-item pb-105\">\n            <div class=\"row\">\n                <div class=\"col-lg-6\">\n                    <div class=\"pt-25\">\n                        <span>Galaxy A8 tablet</span>\n                        <h3 class=\"tp-product-details-desc-title\">Your world at a glance</h3>\n                        <p>\n                            With a slim design, a vibrant entertainment system, and <br>\n                            outstanding performance, the new Galaxy Tab A7 is a stylish new <br>\n                            companion for your life.Dive head-first into the things you love, <br>\n                            and easily share your favorite moments. Learn, explore, connect <br>\n                            and be inspired.\n                        </p>\n                    </div>\n                    <div>\n                        <h3 class=\"tp-product-details-desc-title\">Draw inspiration with S Pen</h3>\n                        <p>\n                            S Pen is a bundle of writing instruments in one. Its natural grip, <br>\n                            low latency and impressive pressure sensitivity will make it your go-to for everything from drawing to editing documents. And S Pen won\'t get misplaced thanks.\n                        </p>\n                    </div>\n                </div>\n                <div class=\"col-lg-6\">\n                    <div class=\"tp-product-details-desc-thumb\">\n                        <img src=\"/storage/main/products/product-details-desc-1.jpg\" alt=\"product\">\n                    </div>\n                </div>\n            </div>\n        </div>\n        <div class=\"tp-product-details-desc-item pb-75\">\n            <div class=\"row\">\n                <div class=\"col-lg-7\">\n                    <div class=\"tp-product-details-desc-thumb\">\n                        <img src=\"/storage/main/products/product-details-desc-2.jpg\" alt=\"product\">\n                    </div>\n                </div>\n\n                <div class=\"col-lg-5 order-first order-lg-last\">\n                    <div class=\"des-content-2 pl-40\">\n                        <h3 class=\"tp-product-details-desc-title\">\n                            Carry with <br>\n                            Confidence and style\n                        </h3>\n                        <p>\n                            Wrap your tablet in a sleek case that\'s as stylish as it is convenient. Galaxy Tab S6 Lite Book Cover folds around and clings magnetically, so you can easily gear up as you\'re headed out the door. There\'s even a\n                            compartment for S pen, so you can be sure it doesn\'t get left behind.\n                        </p>\n                    </div>\n                </div>\n            </div>\n        </div>\n        <div class=\"tp-product-details-desc-item\">\n            <div class=\"row\">\n                <div class=\"col-xl-12\">\n                    <div class=\"tp-product-details-desc-banner text-center m-img\">\n                        <h3 class=\"tp-product-details-desc-banner-title tp-product-details-desc-title\">Speed Memory Power = Epic Races</h3>\n                        <img src=\"/storage/main/products/product-details-desc-3.jpg\" alt=\"product\">\n                    </div>\n                </div>\n            </div>\n        </div>\n    </div>\n</div>\n','published','[\"main\\/products\\/product-12.jpg\",\"main\\/products\\/product-details-desc-1.jpg\",\"main\\/products\\/product-7.jpg\",\"main\\/products\\/product-19.jpg\",\"main\\/products\\/product-18.jpg\"]','VD-187',0,20,0,1,1,1,0,0,351,72,NULL,NULL,18.00,15.00,19.00,874.00,NULL,162055,'2024-05-10 02:10:30','2024-05-10 02:10:30','in_stock',7,0,'Botble\\ACL\\Models\\User',0,NULL,'digital',NULL,NULL,0,0,0),(13,'LG OLED C1 Series 4K Smart TV','With this intelligent headset, you can stay connected and productive from the first call of the day to the last train home. With an ergonomic earcup design, this headset invented a brand-new dual-foam technology. You will be comfortable from the first call to the last thanks to the re-engineered leatherette ear cushion design that allows for better airflow.','<div class=\"row justify-content-center\">\n    <div class=\"col-xl-10\">\n        <div class=\"tp-product-details-desc-item pb-105\">\n            <div class=\"row\">\n                <div class=\"col-lg-6\">\n                    <div class=\"pt-25\">\n                        <span>Galaxy A8 tablet</span>\n                        <h3 class=\"tp-product-details-desc-title\">Your world at a glance</h3>\n                        <p>\n                            With a slim design, a vibrant entertainment system, and <br>\n                            outstanding performance, the new Galaxy Tab A7 is a stylish new <br>\n                            companion for your life.Dive head-first into the things you love, <br>\n                            and easily share your favorite moments. Learn, explore, connect <br>\n                            and be inspired.\n                        </p>\n                    </div>\n                    <div>\n                        <h3 class=\"tp-product-details-desc-title\">Draw inspiration with S Pen</h3>\n                        <p>\n                            S Pen is a bundle of writing instruments in one. Its natural grip, <br>\n                            low latency and impressive pressure sensitivity will make it your go-to for everything from drawing to editing documents. And S Pen won\'t get misplaced thanks.\n                        </p>\n                    </div>\n                </div>\n                <div class=\"col-lg-6\">\n                    <div class=\"tp-product-details-desc-thumb\">\n                        <img src=\"/storage/main/products/product-details-desc-1.jpg\" alt=\"product\">\n                    </div>\n                </div>\n            </div>\n        </div>\n        <div class=\"tp-product-details-desc-item pb-75\">\n            <div class=\"row\">\n                <div class=\"col-lg-7\">\n                    <div class=\"tp-product-details-desc-thumb\">\n                        <img src=\"/storage/main/products/product-details-desc-2.jpg\" alt=\"product\">\n                    </div>\n                </div>\n\n                <div class=\"col-lg-5 order-first order-lg-last\">\n                    <div class=\"des-content-2 pl-40\">\n                        <h3 class=\"tp-product-details-desc-title\">\n                            Carry with <br>\n                            Confidence and style\n                        </h3>\n                        <p>\n                            Wrap your tablet in a sleek case that\'s as stylish as it is convenient. Galaxy Tab S6 Lite Book Cover folds around and clings magnetically, so you can easily gear up as you\'re headed out the door. There\'s even a\n                            compartment for S pen, so you can be sure it doesn\'t get left behind.\n                        </p>\n                    </div>\n                </div>\n            </div>\n        </div>\n        <div class=\"tp-product-details-desc-item\">\n            <div class=\"row\">\n                <div class=\"col-xl-12\">\n                    <div class=\"tp-product-details-desc-banner text-center m-img\">\n                        <h3 class=\"tp-product-details-desc-banner-title tp-product-details-desc-title\">Speed Memory Power = Epic Races</h3>\n                        <img src=\"/storage/main/products/product-details-desc-3.jpg\" alt=\"product\">\n                    </div>\n                </div>\n            </div>\n        </div>\n    </div>\n</div>\n','published','[\"main\\/products\\/product-8.jpg\",\"main\\/products\\/product-3.jpg\",\"main\\/products\\/product-14.jpg\",\"main\\/products\\/product-7.jpg\",\"main\\/products\\/product-4.jpg\",\"main\\/products\\/product-12.jpg\",\"main\\/products\\/product-19.jpg\"]','0A-200-A1',0,20,0,1,1,4,0,0,1433,NULL,NULL,NULL,20.00,19.00,14.00,655.00,NULL,138850,'2024-05-10 02:10:30','2024-05-10 02:10:31','in_stock',3,0,'Botble\\ACL\\Models\\User',0,NULL,'physical',NULL,NULL,0,0,0),(14,'Sony X950H 4K Ultra HD Smart LED TV','We can provide exceptional noise isolation and the best all-day comfort by mixing firm foam for the outer with soft foam for the interior of the ear cushions. So that you may receive Active Noise-Cancellation (ANC) performance that is even greater in a headset that you can wear for whatever length you wish.','<div class=\"row justify-content-center\">\n    <div class=\"col-xl-10\">\n        <div class=\"tp-product-details-desc-item pb-105\">\n            <div class=\"row\">\n                <div class=\"col-lg-6\">\n                    <div class=\"pt-25\">\n                        <span>Galaxy A8 tablet</span>\n                        <h3 class=\"tp-product-details-desc-title\">Your world at a glance</h3>\n                        <p>\n                            With a slim design, a vibrant entertainment system, and <br>\n                            outstanding performance, the new Galaxy Tab A7 is a stylish new <br>\n                            companion for your life.Dive head-first into the things you love, <br>\n                            and easily share your favorite moments. Learn, explore, connect <br>\n                            and be inspired.\n                        </p>\n                    </div>\n                    <div>\n                        <h3 class=\"tp-product-details-desc-title\">Draw inspiration with S Pen</h3>\n                        <p>\n                            S Pen is a bundle of writing instruments in one. Its natural grip, <br>\n                            low latency and impressive pressure sensitivity will make it your go-to for everything from drawing to editing documents. And S Pen won\'t get misplaced thanks.\n                        </p>\n                    </div>\n                </div>\n                <div class=\"col-lg-6\">\n                    <div class=\"tp-product-details-desc-thumb\">\n                        <img src=\"/storage/main/products/product-details-desc-1.jpg\" alt=\"product\">\n                    </div>\n                </div>\n            </div>\n        </div>\n        <div class=\"tp-product-details-desc-item pb-75\">\n            <div class=\"row\">\n                <div class=\"col-lg-7\">\n                    <div class=\"tp-product-details-desc-thumb\">\n                        <img src=\"/storage/main/products/product-details-desc-2.jpg\" alt=\"product\">\n                    </div>\n                </div>\n\n                <div class=\"col-lg-5 order-first order-lg-last\">\n                    <div class=\"des-content-2 pl-40\">\n                        <h3 class=\"tp-product-details-desc-title\">\n                            Carry with <br>\n                            Confidence and style\n                        </h3>\n                        <p>\n                            Wrap your tablet in a sleek case that\'s as stylish as it is convenient. Galaxy Tab S6 Lite Book Cover folds around and clings magnetically, so you can easily gear up as you\'re headed out the door. There\'s even a\n                            compartment for S pen, so you can be sure it doesn\'t get left behind.\n                        </p>\n                    </div>\n                </div>\n            </div>\n        </div>\n        <div class=\"tp-product-details-desc-item\">\n            <div class=\"row\">\n                <div class=\"col-xl-12\">\n                    <div class=\"tp-product-details-desc-banner text-center m-img\">\n                        <h3 class=\"tp-product-details-desc-banner-title tp-product-details-desc-title\">Speed Memory Power = Epic Races</h3>\n                        <img src=\"/storage/main/products/product-details-desc-3.jpg\" alt=\"product\">\n                    </div>\n                </div>\n            </div>\n        </div>\n    </div>\n</div>\n','published','[\"main\\/products\\/product-10.jpg\",\"main\\/products\\/product-7.jpg\",\"main\\/products\\/product-6.jpg\",\"main\\/products\\/product-9.jpg\"]','LT-187-A1',0,11,0,1,0,1,0,0,2468,NULL,NULL,NULL,16.00,18.00,14.00,604.00,NULL,21346,'2024-05-10 02:10:30','2024-05-10 02:10:31','in_stock',5,0,'Botble\\ACL\\Models\\User',0,NULL,'physical',NULL,NULL,0,0,0),(15,'Apple Watch Series 7','Additionally, this includes a redesigned microphone boom arm that is 33 percent shorter than the Evolve 75 and offers the industry-leading call performance for which Jabra headsets are known.','<div class=\"row justify-content-center\">\n    <div class=\"col-xl-10\">\n        <div class=\"tp-product-details-desc-item pb-105\">\n            <div class=\"row\">\n                <div class=\"col-lg-6\">\n                    <div class=\"pt-25\">\n                        <span>Galaxy A8 tablet</span>\n                        <h3 class=\"tp-product-details-desc-title\">Your world at a glance</h3>\n                        <p>\n                            With a slim design, a vibrant entertainment system, and <br>\n                            outstanding performance, the new Galaxy Tab A7 is a stylish new <br>\n                            companion for your life.Dive head-first into the things you love, <br>\n                            and easily share your favorite moments. Learn, explore, connect <br>\n                            and be inspired.\n                        </p>\n                    </div>\n                    <div>\n                        <h3 class=\"tp-product-details-desc-title\">Draw inspiration with S Pen</h3>\n                        <p>\n                            S Pen is a bundle of writing instruments in one. Its natural grip, <br>\n                            low latency and impressive pressure sensitivity will make it your go-to for everything from drawing to editing documents. And S Pen won\'t get misplaced thanks.\n                        </p>\n                    </div>\n                </div>\n                <div class=\"col-lg-6\">\n                    <div class=\"tp-product-details-desc-thumb\">\n                        <img src=\"/storage/main/products/product-details-desc-1.jpg\" alt=\"product\">\n                    </div>\n                </div>\n            </div>\n        </div>\n        <div class=\"tp-product-details-desc-item pb-75\">\n            <div class=\"row\">\n                <div class=\"col-lg-7\">\n                    <div class=\"tp-product-details-desc-thumb\">\n                        <img src=\"/storage/main/products/product-details-desc-2.jpg\" alt=\"product\">\n                    </div>\n                </div>\n\n                <div class=\"col-lg-5 order-first order-lg-last\">\n                    <div class=\"des-content-2 pl-40\">\n                        <h3 class=\"tp-product-details-desc-title\">\n                            Carry with <br>\n                            Confidence and style\n                        </h3>\n                        <p>\n                            Wrap your tablet in a sleek case that\'s as stylish as it is convenient. Galaxy Tab S6 Lite Book Cover folds around and clings magnetically, so you can easily gear up as you\'re headed out the door. There\'s even a\n                            compartment for S pen, so you can be sure it doesn\'t get left behind.\n                        </p>\n                    </div>\n                </div>\n            </div>\n        </div>\n        <div class=\"tp-product-details-desc-item\">\n            <div class=\"row\">\n                <div class=\"col-xl-12\">\n                    <div class=\"tp-product-details-desc-banner text-center m-img\">\n                        <h3 class=\"tp-product-details-desc-banner-title tp-product-details-desc-title\">Speed Memory Power = Epic Races</h3>\n                        <img src=\"/storage/main/products/product-details-desc-3.jpg\" alt=\"product\">\n                    </div>\n                </div>\n            </div>\n        </div>\n    </div>\n</div>\n','published','[\"main\\/products\\/product-5.jpg\",\"main\\/products\\/product-1.jpg\",\"main\\/products\\/product-17.jpg\",\"main\\/products\\/product-11.jpg\",\"main\\/products\\/product-10.jpg\",\"main\\/products\\/product-12.jpg\",\"main\\/products\\/product-details-desc-2.jpg\"]','FC-118',0,14,0,1,1,5,0,0,1332,464,NULL,NULL,10.00,14.00,15.00,827.00,NULL,25936,'2024-05-10 02:10:30','2024-05-10 02:10:30','in_stock',5,0,'Botble\\ACL\\Models\\User',0,NULL,'physical',NULL,NULL,0,0,0),(16,'Fitbit Charge 5 Fitness Tracker (Digital)','The headset also offers MS Teams Certifications and other features like Busylight, Calls controls, Voice guiding, and Wireless range (ft): Up to 100 feet. Best-in-class. Boom The most recent Jabra Evolve2 75 USB-A MS Teams Stereo Headset offers professional-grade call performance that leads the industry, yet Evolve2 75 wins best-in-class.','<div class=\"row justify-content-center\">\n    <div class=\"col-xl-10\">\n        <div class=\"tp-product-details-desc-item pb-105\">\n            <div class=\"row\">\n                <div class=\"col-lg-6\">\n                    <div class=\"pt-25\">\n                        <span>Galaxy A8 tablet</span>\n                        <h3 class=\"tp-product-details-desc-title\">Your world at a glance</h3>\n                        <p>\n                            With a slim design, a vibrant entertainment system, and <br>\n                            outstanding performance, the new Galaxy Tab A7 is a stylish new <br>\n                            companion for your life.Dive head-first into the things you love, <br>\n                            and easily share your favorite moments. Learn, explore, connect <br>\n                            and be inspired.\n                        </p>\n                    </div>\n                    <div>\n                        <h3 class=\"tp-product-details-desc-title\">Draw inspiration with S Pen</h3>\n                        <p>\n                            S Pen is a bundle of writing instruments in one. Its natural grip, <br>\n                            low latency and impressive pressure sensitivity will make it your go-to for everything from drawing to editing documents. And S Pen won\'t get misplaced thanks.\n                        </p>\n                    </div>\n                </div>\n                <div class=\"col-lg-6\">\n                    <div class=\"tp-product-details-desc-thumb\">\n                        <img src=\"/storage/main/products/product-details-desc-1.jpg\" alt=\"product\">\n                    </div>\n                </div>\n            </div>\n        </div>\n        <div class=\"tp-product-details-desc-item pb-75\">\n            <div class=\"row\">\n                <div class=\"col-lg-7\">\n                    <div class=\"tp-product-details-desc-thumb\">\n                        <img src=\"/storage/main/products/product-details-desc-2.jpg\" alt=\"product\">\n                    </div>\n                </div>\n\n                <div class=\"col-lg-5 order-first order-lg-last\">\n                    <div class=\"des-content-2 pl-40\">\n                        <h3 class=\"tp-product-details-desc-title\">\n                            Carry with <br>\n                            Confidence and style\n                        </h3>\n                        <p>\n                            Wrap your tablet in a sleek case that\'s as stylish as it is convenient. Galaxy Tab S6 Lite Book Cover folds around and clings magnetically, so you can easily gear up as you\'re headed out the door. There\'s even a\n                            compartment for S pen, so you can be sure it doesn\'t get left behind.\n                        </p>\n                    </div>\n                </div>\n            </div>\n        </div>\n        <div class=\"tp-product-details-desc-item\">\n            <div class=\"row\">\n                <div class=\"col-xl-12\">\n                    <div class=\"tp-product-details-desc-banner text-center m-img\">\n                        <h3 class=\"tp-product-details-desc-banner-title tp-product-details-desc-title\">Speed Memory Power = Epic Races</h3>\n                        <img src=\"/storage/main/products/product-details-desc-3.jpg\" alt=\"product\">\n                    </div>\n                </div>\n            </div>\n        </div>\n    </div>\n</div>\n','published','[\"main\\/products\\/product-1.jpg\",\"main\\/products\\/product-11.jpg\",\"main\\/products\\/product-4.jpg\",\"main\\/products\\/product-5.jpg\",\"main\\/products\\/product-10.jpg\",\"main\\/products\\/product-9.jpg\",\"main\\/products\\/product-6.jpg\"]','BX-112',0,17,0,1,1,3,0,0,1264,785,NULL,NULL,13.00,15.00,15.00,813.00,NULL,73864,'2024-05-10 02:10:30','2024-05-10 02:10:30','in_stock',4,0,'Botble\\ACL\\Models\\User',0,NULL,'digital',NULL,NULL,0,0,0),(17,'Garmin Fenix 7X Sapphire Solar GPS Watch','The headset also offers MS Teams Certifications and other features like Busylight, Calls controls, Voice guiding, and Wireless range (ft): Up to 100 feet. Best-in-class. Boom The most recent Jabra Evolve2 75 USB-A MS Teams Stereo Headset offers professional-grade call performance that leads the industry, yet Evolve2 75 wins best-in-class.','<div class=\"row justify-content-center\">\n    <div class=\"col-xl-10\">\n        <div class=\"tp-product-details-desc-item pb-105\">\n            <div class=\"row\">\n                <div class=\"col-lg-6\">\n                    <div class=\"pt-25\">\n                        <span>Galaxy A8 tablet</span>\n                        <h3 class=\"tp-product-details-desc-title\">Your world at a glance</h3>\n                        <p>\n                            With a slim design, a vibrant entertainment system, and <br>\n                            outstanding performance, the new Galaxy Tab A7 is a stylish new <br>\n                            companion for your life.Dive head-first into the things you love, <br>\n                            and easily share your favorite moments. Learn, explore, connect <br>\n                            and be inspired.\n                        </p>\n                    </div>\n                    <div>\n                        <h3 class=\"tp-product-details-desc-title\">Draw inspiration with S Pen</h3>\n                        <p>\n                            S Pen is a bundle of writing instruments in one. Its natural grip, <br>\n                            low latency and impressive pressure sensitivity will make it your go-to for everything from drawing to editing documents. And S Pen won\'t get misplaced thanks.\n                        </p>\n                    </div>\n                </div>\n                <div class=\"col-lg-6\">\n                    <div class=\"tp-product-details-desc-thumb\">\n                        <img src=\"/storage/main/products/product-details-desc-1.jpg\" alt=\"product\">\n                    </div>\n                </div>\n            </div>\n        </div>\n        <div class=\"tp-product-details-desc-item pb-75\">\n            <div class=\"row\">\n                <div class=\"col-lg-7\">\n                    <div class=\"tp-product-details-desc-thumb\">\n                        <img src=\"/storage/main/products/product-details-desc-2.jpg\" alt=\"product\">\n                    </div>\n                </div>\n\n                <div class=\"col-lg-5 order-first order-lg-last\">\n                    <div class=\"des-content-2 pl-40\">\n                        <h3 class=\"tp-product-details-desc-title\">\n                            Carry with <br>\n                            Confidence and style\n                        </h3>\n                        <p>\n                            Wrap your tablet in a sleek case that\'s as stylish as it is convenient. Galaxy Tab S6 Lite Book Cover folds around and clings magnetically, so you can easily gear up as you\'re headed out the door. There\'s even a\n                            compartment for S pen, so you can be sure it doesn\'t get left behind.\n                        </p>\n                    </div>\n                </div>\n            </div>\n        </div>\n        <div class=\"tp-product-details-desc-item\">\n            <div class=\"row\">\n                <div class=\"col-xl-12\">\n                    <div class=\"tp-product-details-desc-banner text-center m-img\">\n                        <h3 class=\"tp-product-details-desc-banner-title tp-product-details-desc-title\">Speed Memory Power = Epic Races</h3>\n                        <img src=\"/storage/main/products/product-details-desc-3.jpg\" alt=\"product\">\n                    </div>\n                </div>\n            </div>\n        </div>\n    </div>\n</div>\n','published','[\"main\\/products\\/product-11.jpg\",\"main\\/products\\/product-20.jpg\",\"main\\/products\\/product-details-desc-2.jpg\"]','IL-168-A1',0,18,0,1,0,5,0,0,1362,NULL,NULL,NULL,15.00,14.00,17.00,566.00,NULL,49762,'2024-05-10 02:10:30','2024-05-10 02:10:31','in_stock',2,0,'Botble\\ACL\\Models\\User',0,NULL,'physical',NULL,NULL,0,0,0),(18,'Microsoft Surface Pro 8','Jabra Evolve2 75 USB-A MS Teams Stereo Headset The Jabra Evolve2 75 USB-A MS Teams Stereo Headset has replaced previous hybrid working standards. Industry-leading call quality thanks to top-notch audio engineering.','<div class=\"row justify-content-center\">\n    <div class=\"col-xl-10\">\n        <div class=\"tp-product-details-desc-item pb-105\">\n            <div class=\"row\">\n                <div class=\"col-lg-6\">\n                    <div class=\"pt-25\">\n                        <span>Galaxy A8 tablet</span>\n                        <h3 class=\"tp-product-details-desc-title\">Your world at a glance</h3>\n                        <p>\n                            With a slim design, a vibrant entertainment system, and <br>\n                            outstanding performance, the new Galaxy Tab A7 is a stylish new <br>\n                            companion for your life.Dive head-first into the things you love, <br>\n                            and easily share your favorite moments. Learn, explore, connect <br>\n                            and be inspired.\n                        </p>\n                    </div>\n                    <div>\n                        <h3 class=\"tp-product-details-desc-title\">Draw inspiration with S Pen</h3>\n                        <p>\n                            S Pen is a bundle of writing instruments in one. Its natural grip, <br>\n                            low latency and impressive pressure sensitivity will make it your go-to for everything from drawing to editing documents. And S Pen won\'t get misplaced thanks.\n                        </p>\n                    </div>\n                </div>\n                <div class=\"col-lg-6\">\n                    <div class=\"tp-product-details-desc-thumb\">\n                        <img src=\"/storage/main/products/product-details-desc-1.jpg\" alt=\"product\">\n                    </div>\n                </div>\n            </div>\n        </div>\n        <div class=\"tp-product-details-desc-item pb-75\">\n            <div class=\"row\">\n                <div class=\"col-lg-7\">\n                    <div class=\"tp-product-details-desc-thumb\">\n                        <img src=\"/storage/main/products/product-details-desc-2.jpg\" alt=\"product\">\n                    </div>\n                </div>\n\n                <div class=\"col-lg-5 order-first order-lg-last\">\n                    <div class=\"des-content-2 pl-40\">\n                        <h3 class=\"tp-product-details-desc-title\">\n                            Carry with <br>\n                            Confidence and style\n                        </h3>\n                        <p>\n                            Wrap your tablet in a sleek case that\'s as stylish as it is convenient. Galaxy Tab S6 Lite Book Cover folds around and clings magnetically, so you can easily gear up as you\'re headed out the door. There\'s even a\n                            compartment for S pen, so you can be sure it doesn\'t get left behind.\n                        </p>\n                    </div>\n                </div>\n            </div>\n        </div>\n        <div class=\"tp-product-details-desc-item\">\n            <div class=\"row\">\n                <div class=\"col-xl-12\">\n                    <div class=\"tp-product-details-desc-banner text-center m-img\">\n                        <h3 class=\"tp-product-details-desc-banner-title tp-product-details-desc-title\">Speed Memory Power = Epic Races</h3>\n                        <img src=\"/storage/main/products/product-details-desc-3.jpg\" alt=\"product\">\n                    </div>\n                </div>\n            </div>\n        </div>\n    </div>\n</div>\n','published','[\"main\\/products\\/product-details-desc-3.jpg\",\"main\\/products\\/product-11.jpg\",\"main\\/products\\/product-details-desc-2.jpg\",\"main\\/products\\/product-8.jpg\",\"main\\/products\\/product-4.jpg\"]','GK-120',0,12,0,1,0,1,0,0,563,307,NULL,NULL,19.00,11.00,20.00,759.00,NULL,180470,'2024-05-10 02:10:30','2024-05-10 02:10:30','in_stock',1,0,'Botble\\ACL\\Models\\User',0,NULL,'physical',NULL,NULL,0,0,0),(19,'Lenovo ThinkPad X1 Carbon Gen 9 Laptop','The headset also offers MS Teams Certifications and other features like Busylight, Calls controls, Voice guiding, and Wireless range (ft): Up to 100 feet. Best-in-class. Boom The most recent Jabra Evolve2 75 USB-A MS Teams Stereo Headset offers professional-grade call performance that leads the industry, yet Evolve2 75 wins best-in-class.','<div class=\"row justify-content-center\">\n    <div class=\"col-xl-10\">\n        <div class=\"tp-product-details-desc-item pb-105\">\n            <div class=\"row\">\n                <div class=\"col-lg-6\">\n                    <div class=\"pt-25\">\n                        <span>Galaxy A8 tablet</span>\n                        <h3 class=\"tp-product-details-desc-title\">Your world at a glance</h3>\n                        <p>\n                            With a slim design, a vibrant entertainment system, and <br>\n                            outstanding performance, the new Galaxy Tab A7 is a stylish new <br>\n                            companion for your life.Dive head-first into the things you love, <br>\n                            and easily share your favorite moments. Learn, explore, connect <br>\n                            and be inspired.\n                        </p>\n                    </div>\n                    <div>\n                        <h3 class=\"tp-product-details-desc-title\">Draw inspiration with S Pen</h3>\n                        <p>\n                            S Pen is a bundle of writing instruments in one. Its natural grip, <br>\n                            low latency and impressive pressure sensitivity will make it your go-to for everything from drawing to editing documents. And S Pen won\'t get misplaced thanks.\n                        </p>\n                    </div>\n                </div>\n                <div class=\"col-lg-6\">\n                    <div class=\"tp-product-details-desc-thumb\">\n                        <img src=\"/storage/main/products/product-details-desc-1.jpg\" alt=\"product\">\n                    </div>\n                </div>\n            </div>\n        </div>\n        <div class=\"tp-product-details-desc-item pb-75\">\n            <div class=\"row\">\n                <div class=\"col-lg-7\">\n                    <div class=\"tp-product-details-desc-thumb\">\n                        <img src=\"/storage/main/products/product-details-desc-2.jpg\" alt=\"product\">\n                    </div>\n                </div>\n\n                <div class=\"col-lg-5 order-first order-lg-last\">\n                    <div class=\"des-content-2 pl-40\">\n                        <h3 class=\"tp-product-details-desc-title\">\n                            Carry with <br>\n                            Confidence and style\n                        </h3>\n                        <p>\n                            Wrap your tablet in a sleek case that\'s as stylish as it is convenient. Galaxy Tab S6 Lite Book Cover folds around and clings magnetically, so you can easily gear up as you\'re headed out the door. There\'s even a\n                            compartment for S pen, so you can be sure it doesn\'t get left behind.\n                        </p>\n                    </div>\n                </div>\n            </div>\n        </div>\n        <div class=\"tp-product-details-desc-item\">\n            <div class=\"row\">\n                <div class=\"col-xl-12\">\n                    <div class=\"tp-product-details-desc-banner text-center m-img\">\n                        <h3 class=\"tp-product-details-desc-banner-title tp-product-details-desc-title\">Speed Memory Power = Epic Races</h3>\n                        <img src=\"/storage/main/products/product-details-desc-3.jpg\" alt=\"product\">\n                    </div>\n                </div>\n            </div>\n        </div>\n    </div>\n</div>\n','published','[\"main\\/products\\/product-details-desc-2.jpg\",\"main\\/products\\/product-2.jpg\",\"main\\/products\\/product-16.jpg\",\"main\\/products\\/product-14.jpg\",\"main\\/products\\/product-7.jpg\",\"main\\/products\\/product-17.jpg\"]','CW-124-A1',0,19,0,1,0,2,0,0,432,NULL,NULL,NULL,12.00,20.00,12.00,538.00,NULL,67420,'2024-05-10 02:10:30','2024-05-10 02:10:31','in_stock',6,0,'Botble\\ACL\\Models\\User',0,NULL,'physical',NULL,NULL,0,0,0),(20,'HP Spectre x360 14-Inch Convertible Laptop (Digital)','It complies with Microsoft\'s Open Office criteria and is specially tuned for outstanding conversations in open-plan workplaces and other loud environments when the microphone boom arm is lowered in Performance Mode','<div class=\"row justify-content-center\">\n    <div class=\"col-xl-10\">\n        <div class=\"tp-product-details-desc-item pb-105\">\n            <div class=\"row\">\n                <div class=\"col-lg-6\">\n                    <div class=\"pt-25\">\n                        <span>Galaxy A8 tablet</span>\n                        <h3 class=\"tp-product-details-desc-title\">Your world at a glance</h3>\n                        <p>\n                            With a slim design, a vibrant entertainment system, and <br>\n                            outstanding performance, the new Galaxy Tab A7 is a stylish new <br>\n                            companion for your life.Dive head-first into the things you love, <br>\n                            and easily share your favorite moments. Learn, explore, connect <br>\n                            and be inspired.\n                        </p>\n                    </div>\n                    <div>\n                        <h3 class=\"tp-product-details-desc-title\">Draw inspiration with S Pen</h3>\n                        <p>\n                            S Pen is a bundle of writing instruments in one. Its natural grip, <br>\n                            low latency and impressive pressure sensitivity will make it your go-to for everything from drawing to editing documents. And S Pen won\'t get misplaced thanks.\n                        </p>\n                    </div>\n                </div>\n                <div class=\"col-lg-6\">\n                    <div class=\"tp-product-details-desc-thumb\">\n                        <img src=\"/storage/main/products/product-details-desc-1.jpg\" alt=\"product\">\n                    </div>\n                </div>\n            </div>\n        </div>\n        <div class=\"tp-product-details-desc-item pb-75\">\n            <div class=\"row\">\n                <div class=\"col-lg-7\">\n                    <div class=\"tp-product-details-desc-thumb\">\n                        <img src=\"/storage/main/products/product-details-desc-2.jpg\" alt=\"product\">\n                    </div>\n                </div>\n\n                <div class=\"col-lg-5 order-first order-lg-last\">\n                    <div class=\"des-content-2 pl-40\">\n                        <h3 class=\"tp-product-details-desc-title\">\n                            Carry with <br>\n                            Confidence and style\n                        </h3>\n                        <p>\n                            Wrap your tablet in a sleek case that\'s as stylish as it is convenient. Galaxy Tab S6 Lite Book Cover folds around and clings magnetically, so you can easily gear up as you\'re headed out the door. There\'s even a\n                            compartment for S pen, so you can be sure it doesn\'t get left behind.\n                        </p>\n                    </div>\n                </div>\n            </div>\n        </div>\n        <div class=\"tp-product-details-desc-item\">\n            <div class=\"row\">\n                <div class=\"col-xl-12\">\n                    <div class=\"tp-product-details-desc-banner text-center m-img\">\n                        <h3 class=\"tp-product-details-desc-banner-title tp-product-details-desc-title\">Speed Memory Power = Epic Races</h3>\n                        <img src=\"/storage/main/products/product-details-desc-3.jpg\" alt=\"product\">\n                    </div>\n                </div>\n            </div>\n        </div>\n    </div>\n</div>\n','published','[\"main\\/products\\/product-15.jpg\",\"main\\/products\\/product-details-desc-2.jpg\",\"main\\/products\\/product-13.jpg\",\"main\\/products\\/product-3.jpg\",\"main\\/products\\/product-6.jpg\"]','E0-107-A1',0,14,0,1,1,5,0,0,1150,828,NULL,NULL,12.00,19.00,12.00,614.00,NULL,102349,'2024-05-10 02:10:30','2024-05-10 02:10:31','in_stock',6,0,'Botble\\ACL\\Models\\User',0,NULL,'digital',NULL,NULL,0,0,0),(21,'Razer Blade 15 Advanced Gaming Laptop','With this intelligent headset, you can stay connected and productive from the first call of the day to the last train home. With an ergonomic earcup design, this headset invented a brand-new dual-foam technology. You will be comfortable from the first call to the last thanks to the re-engineered leatherette ear cushion design that allows for better airflow.','<div class=\"row justify-content-center\">\n    <div class=\"col-xl-10\">\n        <div class=\"tp-product-details-desc-item pb-105\">\n            <div class=\"row\">\n                <div class=\"col-lg-6\">\n                    <div class=\"pt-25\">\n                        <span>Galaxy A8 tablet</span>\n                        <h3 class=\"tp-product-details-desc-title\">Your world at a glance</h3>\n                        <p>\n                            With a slim design, a vibrant entertainment system, and <br>\n                            outstanding performance, the new Galaxy Tab A7 is a stylish new <br>\n                            companion for your life.Dive head-first into the things you love, <br>\n                            and easily share your favorite moments. Learn, explore, connect <br>\n                            and be inspired.\n                        </p>\n                    </div>\n                    <div>\n                        <h3 class=\"tp-product-details-desc-title\">Draw inspiration with S Pen</h3>\n                        <p>\n                            S Pen is a bundle of writing instruments in one. Its natural grip, <br>\n                            low latency and impressive pressure sensitivity will make it your go-to for everything from drawing to editing documents. And S Pen won\'t get misplaced thanks.\n                        </p>\n                    </div>\n                </div>\n                <div class=\"col-lg-6\">\n                    <div class=\"tp-product-details-desc-thumb\">\n                        <img src=\"/storage/main/products/product-details-desc-1.jpg\" alt=\"product\">\n                    </div>\n                </div>\n            </div>\n        </div>\n        <div class=\"tp-product-details-desc-item pb-75\">\n            <div class=\"row\">\n                <div class=\"col-lg-7\">\n                    <div class=\"tp-product-details-desc-thumb\">\n                        <img src=\"/storage/main/products/product-details-desc-2.jpg\" alt=\"product\">\n                    </div>\n                </div>\n\n                <div class=\"col-lg-5 order-first order-lg-last\">\n                    <div class=\"des-content-2 pl-40\">\n                        <h3 class=\"tp-product-details-desc-title\">\n                            Carry with <br>\n                            Confidence and style\n                        </h3>\n                        <p>\n                            Wrap your tablet in a sleek case that\'s as stylish as it is convenient. Galaxy Tab S6 Lite Book Cover folds around and clings magnetically, so you can easily gear up as you\'re headed out the door. There\'s even a\n                            compartment for S pen, so you can be sure it doesn\'t get left behind.\n                        </p>\n                    </div>\n                </div>\n            </div>\n        </div>\n        <div class=\"tp-product-details-desc-item\">\n            <div class=\"row\">\n                <div class=\"col-xl-12\">\n                    <div class=\"tp-product-details-desc-banner text-center m-img\">\n                        <h3 class=\"tp-product-details-desc-banner-title tp-product-details-desc-title\">Speed Memory Power = Epic Races</h3>\n                        <img src=\"/storage/main/products/product-details-desc-3.jpg\" alt=\"product\">\n                    </div>\n                </div>\n            </div>\n        </div>\n    </div>\n</div>\n','published','[\"main\\/products\\/product-3.jpg\",\"main\\/products\\/product-4.jpg\",\"main\\/products\\/product-19.jpg\",\"main\\/products\\/product-16.jpg\",\"main\\/products\\/product-details-desc-3.jpg\",\"main\\/products\\/product-2.jpg\",\"main\\/products\\/product-10.jpg\",\"main\\/products\\/product-12.jpg\"]','4K-180',0,11,0,1,1,3,0,0,301,5,NULL,NULL,11.00,10.00,10.00,537.00,NULL,60063,'2024-05-10 02:10:30','2024-05-10 02:10:30','in_stock',8,0,'Botble\\ACL\\Models\\User',0,NULL,'physical',NULL,NULL,0,0,0),(22,'Alienware m15 R6 Gaming Laptop','Jabra Evolve2 75 USB-A MS Teams Stereo Headset The Jabra Evolve2 75 USB-A MS Teams Stereo Headset has replaced previous hybrid working standards. Industry-leading call quality thanks to top-notch audio engineering.','<div class=\"row justify-content-center\">\n    <div class=\"col-xl-10\">\n        <div class=\"tp-product-details-desc-item pb-105\">\n            <div class=\"row\">\n                <div class=\"col-lg-6\">\n                    <div class=\"pt-25\">\n                        <span>Galaxy A8 tablet</span>\n                        <h3 class=\"tp-product-details-desc-title\">Your world at a glance</h3>\n                        <p>\n                            With a slim design, a vibrant entertainment system, and <br>\n                            outstanding performance, the new Galaxy Tab A7 is a stylish new <br>\n                            companion for your life.Dive head-first into the things you love, <br>\n                            and easily share your favorite moments. Learn, explore, connect <br>\n                            and be inspired.\n                        </p>\n                    </div>\n                    <div>\n                        <h3 class=\"tp-product-details-desc-title\">Draw inspiration with S Pen</h3>\n                        <p>\n                            S Pen is a bundle of writing instruments in one. Its natural grip, <br>\n                            low latency and impressive pressure sensitivity will make it your go-to for everything from drawing to editing documents. And S Pen won\'t get misplaced thanks.\n                        </p>\n                    </div>\n                </div>\n                <div class=\"col-lg-6\">\n                    <div class=\"tp-product-details-desc-thumb\">\n                        <img src=\"/storage/main/products/product-details-desc-1.jpg\" alt=\"product\">\n                    </div>\n                </div>\n            </div>\n        </div>\n        <div class=\"tp-product-details-desc-item pb-75\">\n            <div class=\"row\">\n                <div class=\"col-lg-7\">\n                    <div class=\"tp-product-details-desc-thumb\">\n                        <img src=\"/storage/main/products/product-details-desc-2.jpg\" alt=\"product\">\n                    </div>\n                </div>\n\n                <div class=\"col-lg-5 order-first order-lg-last\">\n                    <div class=\"des-content-2 pl-40\">\n                        <h3 class=\"tp-product-details-desc-title\">\n                            Carry with <br>\n                            Confidence and style\n                        </h3>\n                        <p>\n                            Wrap your tablet in a sleek case that\'s as stylish as it is convenient. Galaxy Tab S6 Lite Book Cover folds around and clings magnetically, so you can easily gear up as you\'re headed out the door. There\'s even a\n                            compartment for S pen, so you can be sure it doesn\'t get left behind.\n                        </p>\n                    </div>\n                </div>\n            </div>\n        </div>\n        <div class=\"tp-product-details-desc-item\">\n            <div class=\"row\">\n                <div class=\"col-xl-12\">\n                    <div class=\"tp-product-details-desc-banner text-center m-img\">\n                        <h3 class=\"tp-product-details-desc-banner-title tp-product-details-desc-title\">Speed Memory Power = Epic Races</h3>\n                        <img src=\"/storage/main/products/product-details-desc-3.jpg\" alt=\"product\">\n                    </div>\n                </div>\n            </div>\n        </div>\n    </div>\n</div>\n','published','[\"main\\/products\\/product-10.jpg\",\"main\\/products\\/product-5.jpg\",\"main\\/products\\/product-3.jpg\",\"main\\/products\\/product-9.jpg\",\"main\\/products\\/product-14.jpg\",\"main\\/products\\/product-16.jpg\",\"main\\/products\\/product-details-desc-2.jpg\",\"main\\/products\\/product-details-desc-3.jpg\"]','0R-177-A1',0,13,0,1,1,4,0,0,1749,NULL,NULL,NULL,14.00,14.00,10.00,552.00,NULL,50519,'2024-05-10 02:10:30','2024-05-10 02:10:31','in_stock',2,0,'Botble\\ACL\\Models\\User',0,NULL,'physical',NULL,NULL,0,0,0),(23,'Corsair K95 RGB Platinum XT Mechanical Gaming Keyboard','We can provide exceptional noise isolation and the best all-day comfort by mixing firm foam for the outer with soft foam for the interior of the ear cushions. So that you may receive Active Noise-Cancellation (ANC) performance that is even greater in a headset that you can wear for whatever length you wish.','<div class=\"row justify-content-center\">\n    <div class=\"col-xl-10\">\n        <div class=\"tp-product-details-desc-item pb-105\">\n            <div class=\"row\">\n                <div class=\"col-lg-6\">\n                    <div class=\"pt-25\">\n                        <span>Galaxy A8 tablet</span>\n                        <h3 class=\"tp-product-details-desc-title\">Your world at a glance</h3>\n                        <p>\n                            With a slim design, a vibrant entertainment system, and <br>\n                            outstanding performance, the new Galaxy Tab A7 is a stylish new <br>\n                            companion for your life.Dive head-first into the things you love, <br>\n                            and easily share your favorite moments. Learn, explore, connect <br>\n                            and be inspired.\n                        </p>\n                    </div>\n                    <div>\n                        <h3 class=\"tp-product-details-desc-title\">Draw inspiration with S Pen</h3>\n                        <p>\n                            S Pen is a bundle of writing instruments in one. Its natural grip, <br>\n                            low latency and impressive pressure sensitivity will make it your go-to for everything from drawing to editing documents. And S Pen won\'t get misplaced thanks.\n                        </p>\n                    </div>\n                </div>\n                <div class=\"col-lg-6\">\n                    <div class=\"tp-product-details-desc-thumb\">\n                        <img src=\"/storage/main/products/product-details-desc-1.jpg\" alt=\"product\">\n                    </div>\n                </div>\n            </div>\n        </div>\n        <div class=\"tp-product-details-desc-item pb-75\">\n            <div class=\"row\">\n                <div class=\"col-lg-7\">\n                    <div class=\"tp-product-details-desc-thumb\">\n                        <img src=\"/storage/main/products/product-details-desc-2.jpg\" alt=\"product\">\n                    </div>\n                </div>\n\n                <div class=\"col-lg-5 order-first order-lg-last\">\n                    <div class=\"des-content-2 pl-40\">\n                        <h3 class=\"tp-product-details-desc-title\">\n                            Carry with <br>\n                            Confidence and style\n                        </h3>\n                        <p>\n                            Wrap your tablet in a sleek case that\'s as stylish as it is convenient. Galaxy Tab S6 Lite Book Cover folds around and clings magnetically, so you can easily gear up as you\'re headed out the door. There\'s even a\n                            compartment for S pen, so you can be sure it doesn\'t get left behind.\n                        </p>\n                    </div>\n                </div>\n            </div>\n        </div>\n        <div class=\"tp-product-details-desc-item\">\n            <div class=\"row\">\n                <div class=\"col-xl-12\">\n                    <div class=\"tp-product-details-desc-banner text-center m-img\">\n                        <h3 class=\"tp-product-details-desc-banner-title tp-product-details-desc-title\">Speed Memory Power = Epic Races</h3>\n                        <img src=\"/storage/main/products/product-details-desc-3.jpg\" alt=\"product\">\n                    </div>\n                </div>\n            </div>\n        </div>\n    </div>\n</div>\n','published','[\"main\\/products\\/product-13.jpg\",\"main\\/products\\/product-7.jpg\",\"main\\/products\\/product-6.jpg\",\"main\\/products\\/product-14.jpg\"]','DV-190-A1',0,20,0,1,1,2,0,0,922,NULL,NULL,NULL,17.00,14.00,12.00,891.00,NULL,91604,'2024-05-10 02:10:30','2024-05-10 02:10:31','in_stock',3,0,'Botble\\ACL\\Models\\User',0,NULL,'physical',NULL,NULL,0,0,0),(24,'Logitech G Pro X Superlight Wireless Gaming Mouse (Digital)','The headset also offers MS Teams Certifications and other features like Busylight, Calls controls, Voice guiding, and Wireless range (ft): Up to 100 feet. Best-in-class. Boom The most recent Jabra Evolve2 75 USB-A MS Teams Stereo Headset offers professional-grade call performance that leads the industry, yet Evolve2 75 wins best-in-class.','<div class=\"row justify-content-center\">\n    <div class=\"col-xl-10\">\n        <div class=\"tp-product-details-desc-item pb-105\">\n            <div class=\"row\">\n                <div class=\"col-lg-6\">\n                    <div class=\"pt-25\">\n                        <span>Galaxy A8 tablet</span>\n                        <h3 class=\"tp-product-details-desc-title\">Your world at a glance</h3>\n                        <p>\n                            With a slim design, a vibrant entertainment system, and <br>\n                            outstanding performance, the new Galaxy Tab A7 is a stylish new <br>\n                            companion for your life.Dive head-first into the things you love, <br>\n                            and easily share your favorite moments. Learn, explore, connect <br>\n                            and be inspired.\n                        </p>\n                    </div>\n                    <div>\n                        <h3 class=\"tp-product-details-desc-title\">Draw inspiration with S Pen</h3>\n                        <p>\n                            S Pen is a bundle of writing instruments in one. Its natural grip, <br>\n                            low latency and impressive pressure sensitivity will make it your go-to for everything from drawing to editing documents. And S Pen won\'t get misplaced thanks.\n                        </p>\n                    </div>\n                </div>\n                <div class=\"col-lg-6\">\n                    <div class=\"tp-product-details-desc-thumb\">\n                        <img src=\"/storage/main/products/product-details-desc-1.jpg\" alt=\"product\">\n                    </div>\n                </div>\n            </div>\n        </div>\n        <div class=\"tp-product-details-desc-item pb-75\">\n            <div class=\"row\">\n                <div class=\"col-lg-7\">\n                    <div class=\"tp-product-details-desc-thumb\">\n                        <img src=\"/storage/main/products/product-details-desc-2.jpg\" alt=\"product\">\n                    </div>\n                </div>\n\n                <div class=\"col-lg-5 order-first order-lg-last\">\n                    <div class=\"des-content-2 pl-40\">\n                        <h3 class=\"tp-product-details-desc-title\">\n                            Carry with <br>\n                            Confidence and style\n                        </h3>\n                        <p>\n                            Wrap your tablet in a sleek case that\'s as stylish as it is convenient. Galaxy Tab S6 Lite Book Cover folds around and clings magnetically, so you can easily gear up as you\'re headed out the door. There\'s even a\n                            compartment for S pen, so you can be sure it doesn\'t get left behind.\n                        </p>\n                    </div>\n                </div>\n            </div>\n        </div>\n        <div class=\"tp-product-details-desc-item\">\n            <div class=\"row\">\n                <div class=\"col-xl-12\">\n                    <div class=\"tp-product-details-desc-banner text-center m-img\">\n                        <h3 class=\"tp-product-details-desc-banner-title tp-product-details-desc-title\">Speed Memory Power = Epic Races</h3>\n                        <img src=\"/storage/main/products/product-details-desc-3.jpg\" alt=\"product\">\n                    </div>\n                </div>\n            </div>\n        </div>\n    </div>\n</div>\n','published','[\"main\\/products\\/product-10.jpg\",\"main\\/products\\/product-5.jpg\",\"main\\/products\\/product-2.jpg\",\"main\\/products\\/product-3.jpg\",\"main\\/products\\/product-8.jpg\",\"main\\/products\\/product-15.jpg\",\"main\\/products\\/product-17.jpg\"]','MW-120',0,14,0,1,0,3,0,0,822,226,NULL,NULL,15.00,11.00,15.00,886.00,NULL,41585,'2024-05-10 02:10:30','2024-05-10 02:10:30','in_stock',5,0,'Botble\\ACL\\Models\\User',0,NULL,'digital',NULL,NULL,0,0,0),(25,'SteelSeries Arctis Pro Wireless Gaming Headset','The headset also offers MS Teams Certifications and other features like Busylight, Calls controls, Voice guiding, and Wireless range (ft): Up to 100 feet. Best-in-class. Boom The most recent Jabra Evolve2 75 USB-A MS Teams Stereo Headset offers professional-grade call performance that leads the industry, yet Evolve2 75 wins best-in-class.','<div class=\"row justify-content-center\">\n    <div class=\"col-xl-10\">\n        <div class=\"tp-product-details-desc-item pb-105\">\n            <div class=\"row\">\n                <div class=\"col-lg-6\">\n                    <div class=\"pt-25\">\n                        <span>Galaxy A8 tablet</span>\n                        <h3 class=\"tp-product-details-desc-title\">Your world at a glance</h3>\n                        <p>\n                            With a slim design, a vibrant entertainment system, and <br>\n                            outstanding performance, the new Galaxy Tab A7 is a stylish new <br>\n                            companion for your life.Dive head-first into the things you love, <br>\n                            and easily share your favorite moments. Learn, explore, connect <br>\n                            and be inspired.\n                        </p>\n                    </div>\n                    <div>\n                        <h3 class=\"tp-product-details-desc-title\">Draw inspiration with S Pen</h3>\n                        <p>\n                            S Pen is a bundle of writing instruments in one. Its natural grip, <br>\n                            low latency and impressive pressure sensitivity will make it your go-to for everything from drawing to editing documents. And S Pen won\'t get misplaced thanks.\n                        </p>\n                    </div>\n                </div>\n                <div class=\"col-lg-6\">\n                    <div class=\"tp-product-details-desc-thumb\">\n                        <img src=\"/storage/main/products/product-details-desc-1.jpg\" alt=\"product\">\n                    </div>\n                </div>\n            </div>\n        </div>\n        <div class=\"tp-product-details-desc-item pb-75\">\n            <div class=\"row\">\n                <div class=\"col-lg-7\">\n                    <div class=\"tp-product-details-desc-thumb\">\n                        <img src=\"/storage/main/products/product-details-desc-2.jpg\" alt=\"product\">\n                    </div>\n                </div>\n\n                <div class=\"col-lg-5 order-first order-lg-last\">\n                    <div class=\"des-content-2 pl-40\">\n                        <h3 class=\"tp-product-details-desc-title\">\n                            Carry with <br>\n                            Confidence and style\n                        </h3>\n                        <p>\n                            Wrap your tablet in a sleek case that\'s as stylish as it is convenient. Galaxy Tab S6 Lite Book Cover folds around and clings magnetically, so you can easily gear up as you\'re headed out the door. There\'s even a\n                            compartment for S pen, so you can be sure it doesn\'t get left behind.\n                        </p>\n                    </div>\n                </div>\n            </div>\n        </div>\n        <div class=\"tp-product-details-desc-item\">\n            <div class=\"row\">\n                <div class=\"col-xl-12\">\n                    <div class=\"tp-product-details-desc-banner text-center m-img\">\n                        <h3 class=\"tp-product-details-desc-banner-title tp-product-details-desc-title\">Speed Memory Power = Epic Races</h3>\n                        <img src=\"/storage/main/products/product-details-desc-3.jpg\" alt=\"product\">\n                    </div>\n                </div>\n            </div>\n        </div>\n    </div>\n</div>\n','published','[\"main\\/products\\/product-7.jpg\",\"main\\/products\\/product-18.jpg\",\"main\\/products\\/product-details-desc-3.jpg\",\"main\\/products\\/product-8.jpg\",\"main\\/products\\/product-details-desc-2.jpg\"]','9F-181-A1',0,18,0,1,0,3,0,0,958,NULL,NULL,NULL,14.00,20.00,16.00,624.00,NULL,142285,'2024-05-10 02:10:30','2024-05-10 02:10:31','in_stock',7,0,'Botble\\ACL\\Models\\User',0,NULL,'physical',NULL,NULL,0,0,0),(26,'Elgato Stream Deck XL','It complies with Microsoft\'s Open Office criteria and is specially tuned for outstanding conversations in open-plan workplaces and other loud environments when the microphone boom arm is lowered in Performance Mode','<div class=\"row justify-content-center\">\n    <div class=\"col-xl-10\">\n        <div class=\"tp-product-details-desc-item pb-105\">\n            <div class=\"row\">\n                <div class=\"col-lg-6\">\n                    <div class=\"pt-25\">\n                        <span>Galaxy A8 tablet</span>\n                        <h3 class=\"tp-product-details-desc-title\">Your world at a glance</h3>\n                        <p>\n                            With a slim design, a vibrant entertainment system, and <br>\n                            outstanding performance, the new Galaxy Tab A7 is a stylish new <br>\n                            companion for your life.Dive head-first into the things you love, <br>\n                            and easily share your favorite moments. Learn, explore, connect <br>\n                            and be inspired.\n                        </p>\n                    </div>\n                    <div>\n                        <h3 class=\"tp-product-details-desc-title\">Draw inspiration with S Pen</h3>\n                        <p>\n                            S Pen is a bundle of writing instruments in one. Its natural grip, <br>\n                            low latency and impressive pressure sensitivity will make it your go-to for everything from drawing to editing documents. And S Pen won\'t get misplaced thanks.\n                        </p>\n                    </div>\n                </div>\n                <div class=\"col-lg-6\">\n                    <div class=\"tp-product-details-desc-thumb\">\n                        <img src=\"/storage/main/products/product-details-desc-1.jpg\" alt=\"product\">\n                    </div>\n                </div>\n            </div>\n        </div>\n        <div class=\"tp-product-details-desc-item pb-75\">\n            <div class=\"row\">\n                <div class=\"col-lg-7\">\n                    <div class=\"tp-product-details-desc-thumb\">\n                        <img src=\"/storage/main/products/product-details-desc-2.jpg\" alt=\"product\">\n                    </div>\n                </div>\n\n                <div class=\"col-lg-5 order-first order-lg-last\">\n                    <div class=\"des-content-2 pl-40\">\n                        <h3 class=\"tp-product-details-desc-title\">\n                            Carry with <br>\n                            Confidence and style\n                        </h3>\n                        <p>\n                            Wrap your tablet in a sleek case that\'s as stylish as it is convenient. Galaxy Tab S6 Lite Book Cover folds around and clings magnetically, so you can easily gear up as you\'re headed out the door. There\'s even a\n                            compartment for S pen, so you can be sure it doesn\'t get left behind.\n                        </p>\n                    </div>\n                </div>\n            </div>\n        </div>\n        <div class=\"tp-product-details-desc-item\">\n            <div class=\"row\">\n                <div class=\"col-xl-12\">\n                    <div class=\"tp-product-details-desc-banner text-center m-img\">\n                        <h3 class=\"tp-product-details-desc-banner-title tp-product-details-desc-title\">Speed Memory Power = Epic Races</h3>\n                        <img src=\"/storage/main/products/product-details-desc-3.jpg\" alt=\"product\">\n                    </div>\n                </div>\n            </div>\n        </div>\n    </div>\n</div>\n','published','[\"main\\/products\\/product-14.jpg\",\"main\\/products\\/product-19.jpg\",\"main\\/products\\/product-8.jpg\",\"main\\/products\\/product-3.jpg\",\"main\\/products\\/product-9.jpg\",\"main\\/products\\/product-20.jpg\"]','LA-180-A1',0,19,0,1,0,3,0,0,345,NULL,NULL,NULL,12.00,13.00,20.00,596.00,NULL,40299,'2024-05-10 02:10:30','2024-05-10 02:10:31','in_stock',1,0,'Botble\\ACL\\Models\\User',0,NULL,'physical',NULL,NULL,0,0,0),(27,'Nintendo Switch OLED Model','The headset also offers MS Teams Certifications and other features like Busylight, Calls controls, Voice guiding, and Wireless range (ft): Up to 100 feet. Best-in-class. Boom The most recent Jabra Evolve2 75 USB-A MS Teams Stereo Headset offers professional-grade call performance that leads the industry, yet Evolve2 75 wins best-in-class.','<div class=\"row justify-content-center\">\n    <div class=\"col-xl-10\">\n        <div class=\"tp-product-details-desc-item pb-105\">\n            <div class=\"row\">\n                <div class=\"col-lg-6\">\n                    <div class=\"pt-25\">\n                        <span>Galaxy A8 tablet</span>\n                        <h3 class=\"tp-product-details-desc-title\">Your world at a glance</h3>\n                        <p>\n                            With a slim design, a vibrant entertainment system, and <br>\n                            outstanding performance, the new Galaxy Tab A7 is a stylish new <br>\n                            companion for your life.Dive head-first into the things you love, <br>\n                            and easily share your favorite moments. Learn, explore, connect <br>\n                            and be inspired.\n                        </p>\n                    </div>\n                    <div>\n                        <h3 class=\"tp-product-details-desc-title\">Draw inspiration with S Pen</h3>\n                        <p>\n                            S Pen is a bundle of writing instruments in one. Its natural grip, <br>\n                            low latency and impressive pressure sensitivity will make it your go-to for everything from drawing to editing documents. And S Pen won\'t get misplaced thanks.\n                        </p>\n                    </div>\n                </div>\n                <div class=\"col-lg-6\">\n                    <div class=\"tp-product-details-desc-thumb\">\n                        <img src=\"/storage/main/products/product-details-desc-1.jpg\" alt=\"product\">\n                    </div>\n                </div>\n            </div>\n        </div>\n        <div class=\"tp-product-details-desc-item pb-75\">\n            <div class=\"row\">\n                <div class=\"col-lg-7\">\n                    <div class=\"tp-product-details-desc-thumb\">\n                        <img src=\"/storage/main/products/product-details-desc-2.jpg\" alt=\"product\">\n                    </div>\n                </div>\n\n                <div class=\"col-lg-5 order-first order-lg-last\">\n                    <div class=\"des-content-2 pl-40\">\n                        <h3 class=\"tp-product-details-desc-title\">\n                            Carry with <br>\n                            Confidence and style\n                        </h3>\n                        <p>\n                            Wrap your tablet in a sleek case that\'s as stylish as it is convenient. Galaxy Tab S6 Lite Book Cover folds around and clings magnetically, so you can easily gear up as you\'re headed out the door. There\'s even a\n                            compartment for S pen, so you can be sure it doesn\'t get left behind.\n                        </p>\n                    </div>\n                </div>\n            </div>\n        </div>\n        <div class=\"tp-product-details-desc-item\">\n            <div class=\"row\">\n                <div class=\"col-xl-12\">\n                    <div class=\"tp-product-details-desc-banner text-center m-img\">\n                        <h3 class=\"tp-product-details-desc-banner-title tp-product-details-desc-title\">Speed Memory Power = Epic Races</h3>\n                        <img src=\"/storage/main/products/product-details-desc-3.jpg\" alt=\"product\">\n                    </div>\n                </div>\n            </div>\n        </div>\n    </div>\n</div>\n','published','[\"main\\/products\\/product-1.jpg\",\"main\\/products\\/product-12.jpg\",\"main\\/products\\/product-18.jpg\",\"main\\/products\\/product-9.jpg\"]','W3-119',0,11,0,1,1,1,0,0,297,38,NULL,NULL,18.00,10.00,20.00,523.00,NULL,174265,'2024-05-10 02:10:30','2024-05-10 02:10:30','in_stock',3,0,'Botble\\ACL\\Models\\User',0,NULL,'physical',NULL,NULL,0,0,0),(28,'PlayStation 5 Console (Digital)','Jabra Evolve2 75 USB-A MS Teams Stereo Headset The Jabra Evolve2 75 USB-A MS Teams Stereo Headset has replaced previous hybrid working standards. Industry-leading call quality thanks to top-notch audio engineering.','<div class=\"row justify-content-center\">\n    <div class=\"col-xl-10\">\n        <div class=\"tp-product-details-desc-item pb-105\">\n            <div class=\"row\">\n                <div class=\"col-lg-6\">\n                    <div class=\"pt-25\">\n                        <span>Galaxy A8 tablet</span>\n                        <h3 class=\"tp-product-details-desc-title\">Your world at a glance</h3>\n                        <p>\n                            With a slim design, a vibrant entertainment system, and <br>\n                            outstanding performance, the new Galaxy Tab A7 is a stylish new <br>\n                            companion for your life.Dive head-first into the things you love, <br>\n                            and easily share your favorite moments. Learn, explore, connect <br>\n                            and be inspired.\n                        </p>\n                    </div>\n                    <div>\n                        <h3 class=\"tp-product-details-desc-title\">Draw inspiration with S Pen</h3>\n                        <p>\n                            S Pen is a bundle of writing instruments in one. Its natural grip, <br>\n                            low latency and impressive pressure sensitivity will make it your go-to for everything from drawing to editing documents. And S Pen won\'t get misplaced thanks.\n                        </p>\n                    </div>\n                </div>\n                <div class=\"col-lg-6\">\n                    <div class=\"tp-product-details-desc-thumb\">\n                        <img src=\"/storage/main/products/product-details-desc-1.jpg\" alt=\"product\">\n                    </div>\n                </div>\n            </div>\n        </div>\n        <div class=\"tp-product-details-desc-item pb-75\">\n            <div class=\"row\">\n                <div class=\"col-lg-7\">\n                    <div class=\"tp-product-details-desc-thumb\">\n                        <img src=\"/storage/main/products/product-details-desc-2.jpg\" alt=\"product\">\n                    </div>\n                </div>\n\n                <div class=\"col-lg-5 order-first order-lg-last\">\n                    <div class=\"des-content-2 pl-40\">\n                        <h3 class=\"tp-product-details-desc-title\">\n                            Carry with <br>\n                            Confidence and style\n                        </h3>\n                        <p>\n                            Wrap your tablet in a sleek case that\'s as stylish as it is convenient. Galaxy Tab S6 Lite Book Cover folds around and clings magnetically, so you can easily gear up as you\'re headed out the door. There\'s even a\n                            compartment for S pen, so you can be sure it doesn\'t get left behind.\n                        </p>\n                    </div>\n                </div>\n            </div>\n        </div>\n        <div class=\"tp-product-details-desc-item\">\n            <div class=\"row\">\n                <div class=\"col-xl-12\">\n                    <div class=\"tp-product-details-desc-banner text-center m-img\">\n                        <h3 class=\"tp-product-details-desc-banner-title tp-product-details-desc-title\">Speed Memory Power = Epic Races</h3>\n                        <img src=\"/storage/main/products/product-details-desc-3.jpg\" alt=\"product\">\n                    </div>\n                </div>\n            </div>\n        </div>\n    </div>\n</div>\n','published','[\"main\\/products\\/product-10.jpg\",\"main\\/products\\/product-16.jpg\",\"main\\/products\\/product-details-desc-2.jpg\",\"main\\/products\\/product-13.jpg\",\"main\\/products\\/product-9.jpg\",\"main\\/products\\/product-details-desc-1.jpg\"]','CH-185-A1',0,20,0,1,1,4,0,0,483,420.21,NULL,NULL,15.00,15.00,15.00,655.00,NULL,91810,'2024-05-10 02:10:30','2024-05-10 02:10:31','in_stock',4,0,'Botble\\ACL\\Models\\User',0,NULL,'digital',NULL,NULL,0,0,0),(29,'Xbox Series X Console','Additionally, this includes a redesigned microphone boom arm that is 33 percent shorter than the Evolve 75 and offers the industry-leading call performance for which Jabra headsets are known.','<div class=\"row justify-content-center\">\n    <div class=\"col-xl-10\">\n        <div class=\"tp-product-details-desc-item pb-105\">\n            <div class=\"row\">\n                <div class=\"col-lg-6\">\n                    <div class=\"pt-25\">\n                        <span>Galaxy A8 tablet</span>\n                        <h3 class=\"tp-product-details-desc-title\">Your world at a glance</h3>\n                        <p>\n                            With a slim design, a vibrant entertainment system, and <br>\n                            outstanding performance, the new Galaxy Tab A7 is a stylish new <br>\n                            companion for your life.Dive head-first into the things you love, <br>\n                            and easily share your favorite moments. Learn, explore, connect <br>\n                            and be inspired.\n                        </p>\n                    </div>\n                    <div>\n                        <h3 class=\"tp-product-details-desc-title\">Draw inspiration with S Pen</h3>\n                        <p>\n                            S Pen is a bundle of writing instruments in one. Its natural grip, <br>\n                            low latency and impressive pressure sensitivity will make it your go-to for everything from drawing to editing documents. And S Pen won\'t get misplaced thanks.\n                        </p>\n                    </div>\n                </div>\n                <div class=\"col-lg-6\">\n                    <div class=\"tp-product-details-desc-thumb\">\n                        <img src=\"/storage/main/products/product-details-desc-1.jpg\" alt=\"product\">\n                    </div>\n                </div>\n            </div>\n        </div>\n        <div class=\"tp-product-details-desc-item pb-75\">\n            <div class=\"row\">\n                <div class=\"col-lg-7\">\n                    <div class=\"tp-product-details-desc-thumb\">\n                        <img src=\"/storage/main/products/product-details-desc-2.jpg\" alt=\"product\">\n                    </div>\n                </div>\n\n                <div class=\"col-lg-5 order-first order-lg-last\">\n                    <div class=\"des-content-2 pl-40\">\n                        <h3 class=\"tp-product-details-desc-title\">\n                            Carry with <br>\n                            Confidence and style\n                        </h3>\n                        <p>\n                            Wrap your tablet in a sleek case that\'s as stylish as it is convenient. Galaxy Tab S6 Lite Book Cover folds around and clings magnetically, so you can easily gear up as you\'re headed out the door. There\'s even a\n                            compartment for S pen, so you can be sure it doesn\'t get left behind.\n                        </p>\n                    </div>\n                </div>\n            </div>\n        </div>\n        <div class=\"tp-product-details-desc-item\">\n            <div class=\"row\">\n                <div class=\"col-xl-12\">\n                    <div class=\"tp-product-details-desc-banner text-center m-img\">\n                        <h3 class=\"tp-product-details-desc-banner-title tp-product-details-desc-title\">Speed Memory Power = Epic Races</h3>\n                        <img src=\"/storage/main/products/product-details-desc-3.jpg\" alt=\"product\">\n                    </div>\n                </div>\n            </div>\n        </div>\n    </div>\n</div>\n','published','[\"main\\/products\\/product-19.jpg\",\"main\\/products\\/product-17.jpg\",\"main\\/products\\/product-14.jpg\",\"main\\/products\\/product-6.jpg\",\"main\\/products\\/product-7.jpg\",\"main\\/products\\/product-18.jpg\",\"main\\/products\\/product-8.jpg\",\"main\\/products\\/product-16.jpg\"]','RK-104-A1',0,11,0,1,1,3,0,0,744,NULL,NULL,NULL,13.00,15.00,17.00,709.00,NULL,179959,'2024-05-10 02:10:30','2024-05-10 02:10:31','in_stock',2,0,'Botble\\ACL\\Models\\User',0,NULL,'physical',NULL,NULL,0,0,0),(30,'Oculus Quest 2 VR Headset','It complies with Microsoft\'s Open Office criteria and is specially tuned for outstanding conversations in open-plan workplaces and other loud environments when the microphone boom arm is lowered in Performance Mode','<div class=\"row justify-content-center\">\n    <div class=\"col-xl-10\">\n        <div class=\"tp-product-details-desc-item pb-105\">\n            <div class=\"row\">\n                <div class=\"col-lg-6\">\n                    <div class=\"pt-25\">\n                        <span>Galaxy A8 tablet</span>\n                        <h3 class=\"tp-product-details-desc-title\">Your world at a glance</h3>\n                        <p>\n                            With a slim design, a vibrant entertainment system, and <br>\n                            outstanding performance, the new Galaxy Tab A7 is a stylish new <br>\n                            companion for your life.Dive head-first into the things you love, <br>\n                            and easily share your favorite moments. Learn, explore, connect <br>\n                            and be inspired.\n                        </p>\n                    </div>\n                    <div>\n                        <h3 class=\"tp-product-details-desc-title\">Draw inspiration with S Pen</h3>\n                        <p>\n                            S Pen is a bundle of writing instruments in one. Its natural grip, <br>\n                            low latency and impressive pressure sensitivity will make it your go-to for everything from drawing to editing documents. And S Pen won\'t get misplaced thanks.\n                        </p>\n                    </div>\n                </div>\n                <div class=\"col-lg-6\">\n                    <div class=\"tp-product-details-desc-thumb\">\n                        <img src=\"/storage/main/products/product-details-desc-1.jpg\" alt=\"product\">\n                    </div>\n                </div>\n            </div>\n        </div>\n        <div class=\"tp-product-details-desc-item pb-75\">\n            <div class=\"row\">\n                <div class=\"col-lg-7\">\n                    <div class=\"tp-product-details-desc-thumb\">\n                        <img src=\"/storage/main/products/product-details-desc-2.jpg\" alt=\"product\">\n                    </div>\n                </div>\n\n                <div class=\"col-lg-5 order-first order-lg-last\">\n                    <div class=\"des-content-2 pl-40\">\n                        <h3 class=\"tp-product-details-desc-title\">\n                            Carry with <br>\n                            Confidence and style\n                        </h3>\n                        <p>\n                            Wrap your tablet in a sleek case that\'s as stylish as it is convenient. Galaxy Tab S6 Lite Book Cover folds around and clings magnetically, so you can easily gear up as you\'re headed out the door. There\'s even a\n                            compartment for S pen, so you can be sure it doesn\'t get left behind.\n                        </p>\n                    </div>\n                </div>\n            </div>\n        </div>\n        <div class=\"tp-product-details-desc-item\">\n            <div class=\"row\">\n                <div class=\"col-xl-12\">\n                    <div class=\"tp-product-details-desc-banner text-center m-img\">\n                        <h3 class=\"tp-product-details-desc-banner-title tp-product-details-desc-title\">Speed Memory Power = Epic Races</h3>\n                        <img src=\"/storage/main/products/product-details-desc-3.jpg\" alt=\"product\">\n                    </div>\n                </div>\n            </div>\n        </div>\n    </div>\n</div>\n','published','[\"main\\/products\\/product-17.jpg\",\"main\\/products\\/product-details-desc-2.jpg\",\"main\\/products\\/product-3.jpg\",\"main\\/products\\/product-20.jpg\",\"main\\/products\\/product-16.jpg\"]','1A-185-A1',0,11,0,1,0,5,0,0,2325,NULL,NULL,NULL,13.00,18.00,11.00,609.00,NULL,182242,'2024-05-10 02:10:30','2024-05-10 02:10:31','in_stock',8,0,'Botble\\ACL\\Models\\User',0,NULL,'physical',NULL,NULL,0,0,0),(31,'HTC Vive Cosmos Elite VR Headset','We can provide exceptional noise isolation and the best all-day comfort by mixing firm foam for the outer with soft foam for the interior of the ear cushions. So that you may receive Active Noise-Cancellation (ANC) performance that is even greater in a headset that you can wear for whatever length you wish.','<div class=\"row justify-content-center\">\n    <div class=\"col-xl-10\">\n        <div class=\"tp-product-details-desc-item pb-105\">\n            <div class=\"row\">\n                <div class=\"col-lg-6\">\n                    <div class=\"pt-25\">\n                        <span>Galaxy A8 tablet</span>\n                        <h3 class=\"tp-product-details-desc-title\">Your world at a glance</h3>\n                        <p>\n                            With a slim design, a vibrant entertainment system, and <br>\n                            outstanding performance, the new Galaxy Tab A7 is a stylish new <br>\n                            companion for your life.Dive head-first into the things you love, <br>\n                            and easily share your favorite moments. Learn, explore, connect <br>\n                            and be inspired.\n                        </p>\n                    </div>\n                    <div>\n                        <h3 class=\"tp-product-details-desc-title\">Draw inspiration with S Pen</h3>\n                        <p>\n                            S Pen is a bundle of writing instruments in one. Its natural grip, <br>\n                            low latency and impressive pressure sensitivity will make it your go-to for everything from drawing to editing documents. And S Pen won\'t get misplaced thanks.\n                        </p>\n                    </div>\n                </div>\n                <div class=\"col-lg-6\">\n                    <div class=\"tp-product-details-desc-thumb\">\n                        <img src=\"/storage/main/products/product-details-desc-1.jpg\" alt=\"product\">\n                    </div>\n                </div>\n            </div>\n        </div>\n        <div class=\"tp-product-details-desc-item pb-75\">\n            <div class=\"row\">\n                <div class=\"col-lg-7\">\n                    <div class=\"tp-product-details-desc-thumb\">\n                        <img src=\"/storage/main/products/product-details-desc-2.jpg\" alt=\"product\">\n                    </div>\n                </div>\n\n                <div class=\"col-lg-5 order-first order-lg-last\">\n                    <div class=\"des-content-2 pl-40\">\n                        <h3 class=\"tp-product-details-desc-title\">\n                            Carry with <br>\n                            Confidence and style\n                        </h3>\n                        <p>\n                            Wrap your tablet in a sleek case that\'s as stylish as it is convenient. Galaxy Tab S6 Lite Book Cover folds around and clings magnetically, so you can easily gear up as you\'re headed out the door. There\'s even a\n                            compartment for S pen, so you can be sure it doesn\'t get left behind.\n                        </p>\n                    </div>\n                </div>\n            </div>\n        </div>\n        <div class=\"tp-product-details-desc-item\">\n            <div class=\"row\">\n                <div class=\"col-xl-12\">\n                    <div class=\"tp-product-details-desc-banner text-center m-img\">\n                        <h3 class=\"tp-product-details-desc-banner-title tp-product-details-desc-title\">Speed Memory Power = Epic Races</h3>\n                        <img src=\"/storage/main/products/product-details-desc-3.jpg\" alt=\"product\">\n                    </div>\n                </div>\n            </div>\n        </div>\n    </div>\n</div>\n','published','[\"main\\/products\\/product-13.jpg\",\"main\\/products\\/product-details-desc-3.jpg\",\"main\\/products\\/product-19.jpg\"]','YW-102-A1',0,20,0,1,0,3,0,0,2001,NULL,NULL,NULL,15.00,12.00,15.00,603.00,NULL,21568,'2024-05-10 02:10:30','2024-05-10 02:10:31','in_stock',2,0,'Botble\\ACL\\Models\\User',0,NULL,'physical',NULL,NULL,0,0,0),(32,'Samsung Odyssey G9 49-Inch Curved Gaming Monitor (Digital)','It complies with Microsoft\'s Open Office criteria and is specially tuned for outstanding conversations in open-plan workplaces and other loud environments when the microphone boom arm is lowered in Performance Mode','<div class=\"row justify-content-center\">\n    <div class=\"col-xl-10\">\n        <div class=\"tp-product-details-desc-item pb-105\">\n            <div class=\"row\">\n                <div class=\"col-lg-6\">\n                    <div class=\"pt-25\">\n                        <span>Galaxy A8 tablet</span>\n                        <h3 class=\"tp-product-details-desc-title\">Your world at a glance</h3>\n                        <p>\n                            With a slim design, a vibrant entertainment system, and <br>\n                            outstanding performance, the new Galaxy Tab A7 is a stylish new <br>\n                            companion for your life.Dive head-first into the things you love, <br>\n                            and easily share your favorite moments. Learn, explore, connect <br>\n                            and be inspired.\n                        </p>\n                    </div>\n                    <div>\n                        <h3 class=\"tp-product-details-desc-title\">Draw inspiration with S Pen</h3>\n                        <p>\n                            S Pen is a bundle of writing instruments in one. Its natural grip, <br>\n                            low latency and impressive pressure sensitivity will make it your go-to for everything from drawing to editing documents. And S Pen won\'t get misplaced thanks.\n                        </p>\n                    </div>\n                </div>\n                <div class=\"col-lg-6\">\n                    <div class=\"tp-product-details-desc-thumb\">\n                        <img src=\"/storage/main/products/product-details-desc-1.jpg\" alt=\"product\">\n                    </div>\n                </div>\n            </div>\n        </div>\n        <div class=\"tp-product-details-desc-item pb-75\">\n            <div class=\"row\">\n                <div class=\"col-lg-7\">\n                    <div class=\"tp-product-details-desc-thumb\">\n                        <img src=\"/storage/main/products/product-details-desc-2.jpg\" alt=\"product\">\n                    </div>\n                </div>\n\n                <div class=\"col-lg-5 order-first order-lg-last\">\n                    <div class=\"des-content-2 pl-40\">\n                        <h3 class=\"tp-product-details-desc-title\">\n                            Carry with <br>\n                            Confidence and style\n                        </h3>\n                        <p>\n                            Wrap your tablet in a sleek case that\'s as stylish as it is convenient. Galaxy Tab S6 Lite Book Cover folds around and clings magnetically, so you can easily gear up as you\'re headed out the door. There\'s even a\n                            compartment for S pen, so you can be sure it doesn\'t get left behind.\n                        </p>\n                    </div>\n                </div>\n            </div>\n        </div>\n        <div class=\"tp-product-details-desc-item\">\n            <div class=\"row\">\n                <div class=\"col-xl-12\">\n                    <div class=\"tp-product-details-desc-banner text-center m-img\">\n                        <h3 class=\"tp-product-details-desc-banner-title tp-product-details-desc-title\">Speed Memory Power = Epic Races</h3>\n                        <img src=\"/storage/main/products/product-details-desc-3.jpg\" alt=\"product\">\n                    </div>\n                </div>\n            </div>\n        </div>\n    </div>\n</div>\n','published','[\"main\\/products\\/product-16.jpg\",\"main\\/products\\/product-19.jpg\",\"main\\/products\\/product-4.jpg\"]','TY-177-A1',0,13,0,1,0,2,0,0,1515,1151.4,NULL,NULL,20.00,14.00,16.00,866.00,NULL,118569,'2024-05-10 02:10:30','2024-05-10 02:10:31','in_stock',3,0,'Botble\\ACL\\Models\\User',0,NULL,'digital',NULL,NULL,0,0,0),(33,'LG UltraGear 27GN950-B 4K Gaming Monitor','It complies with Microsoft\'s Open Office criteria and is specially tuned for outstanding conversations in open-plan workplaces and other loud environments when the microphone boom arm is lowered in Performance Mode','<div class=\"row justify-content-center\">\n    <div class=\"col-xl-10\">\n        <div class=\"tp-product-details-desc-item pb-105\">\n            <div class=\"row\">\n                <div class=\"col-lg-6\">\n                    <div class=\"pt-25\">\n                        <span>Galaxy A8 tablet</span>\n                        <h3 class=\"tp-product-details-desc-title\">Your world at a glance</h3>\n                        <p>\n                            With a slim design, a vibrant entertainment system, and <br>\n                            outstanding performance, the new Galaxy Tab A7 is a stylish new <br>\n                            companion for your life.Dive head-first into the things you love, <br>\n                            and easily share your favorite moments. Learn, explore, connect <br>\n                            and be inspired.\n                        </p>\n                    </div>\n                    <div>\n                        <h3 class=\"tp-product-details-desc-title\">Draw inspiration with S Pen</h3>\n                        <p>\n                            S Pen is a bundle of writing instruments in one. Its natural grip, <br>\n                            low latency and impressive pressure sensitivity will make it your go-to for everything from drawing to editing documents. And S Pen won\'t get misplaced thanks.\n                        </p>\n                    </div>\n                </div>\n                <div class=\"col-lg-6\">\n                    <div class=\"tp-product-details-desc-thumb\">\n                        <img src=\"/storage/main/products/product-details-desc-1.jpg\" alt=\"product\">\n                    </div>\n                </div>\n            </div>\n        </div>\n        <div class=\"tp-product-details-desc-item pb-75\">\n            <div class=\"row\">\n                <div class=\"col-lg-7\">\n                    <div class=\"tp-product-details-desc-thumb\">\n                        <img src=\"/storage/main/products/product-details-desc-2.jpg\" alt=\"product\">\n                    </div>\n                </div>\n\n                <div class=\"col-lg-5 order-first order-lg-last\">\n                    <div class=\"des-content-2 pl-40\">\n                        <h3 class=\"tp-product-details-desc-title\">\n                            Carry with <br>\n                            Confidence and style\n                        </h3>\n                        <p>\n                            Wrap your tablet in a sleek case that\'s as stylish as it is convenient. Galaxy Tab S6 Lite Book Cover folds around and clings magnetically, so you can easily gear up as you\'re headed out the door. There\'s even a\n                            compartment for S pen, so you can be sure it doesn\'t get left behind.\n                        </p>\n                    </div>\n                </div>\n            </div>\n        </div>\n        <div class=\"tp-product-details-desc-item\">\n            <div class=\"row\">\n                <div class=\"col-xl-12\">\n                    <div class=\"tp-product-details-desc-banner text-center m-img\">\n                        <h3 class=\"tp-product-details-desc-banner-title tp-product-details-desc-title\">Speed Memory Power = Epic Races</h3>\n                        <img src=\"/storage/main/products/product-details-desc-3.jpg\" alt=\"product\">\n                    </div>\n                </div>\n            </div>\n        </div>\n    </div>\n</div>\n','published','[\"main\\/products\\/product-7.jpg\",\"main\\/products\\/product-details-desc-2.jpg\",\"main\\/products\\/product-5.jpg\",\"main\\/products\\/product-11.jpg\",\"main\\/products\\/product-14.jpg\",\"main\\/products\\/product-details-desc-3.jpg\"]','TT-186-A1',0,14,0,1,1,5,0,0,344,NULL,NULL,NULL,19.00,16.00,17.00,802.00,NULL,164860,'2024-05-10 02:10:30','2024-05-10 02:10:31','in_stock',4,0,'Botble\\ACL\\Models\\User',0,NULL,'physical',NULL,NULL,0,0,0),(34,'Acer Predator X38 Pbmiphzx 38-Inch Curved Gaming Monitor','We can provide exceptional noise isolation and the best all-day comfort by mixing firm foam for the outer with soft foam for the interior of the ear cushions. So that you may receive Active Noise-Cancellation (ANC) performance that is even greater in a headset that you can wear for whatever length you wish.','<div class=\"row justify-content-center\">\n    <div class=\"col-xl-10\">\n        <div class=\"tp-product-details-desc-item pb-105\">\n            <div class=\"row\">\n                <div class=\"col-lg-6\">\n                    <div class=\"pt-25\">\n                        <span>Galaxy A8 tablet</span>\n                        <h3 class=\"tp-product-details-desc-title\">Your world at a glance</h3>\n                        <p>\n                            With a slim design, a vibrant entertainment system, and <br>\n                            outstanding performance, the new Galaxy Tab A7 is a stylish new <br>\n                            companion for your life.Dive head-first into the things you love, <br>\n                            and easily share your favorite moments. Learn, explore, connect <br>\n                            and be inspired.\n                        </p>\n                    </div>\n                    <div>\n                        <h3 class=\"tp-product-details-desc-title\">Draw inspiration with S Pen</h3>\n                        <p>\n                            S Pen is a bundle of writing instruments in one. Its natural grip, <br>\n                            low latency and impressive pressure sensitivity will make it your go-to for everything from drawing to editing documents. And S Pen won\'t get misplaced thanks.\n                        </p>\n                    </div>\n                </div>\n                <div class=\"col-lg-6\">\n                    <div class=\"tp-product-details-desc-thumb\">\n                        <img src=\"/storage/main/products/product-details-desc-1.jpg\" alt=\"product\">\n                    </div>\n                </div>\n            </div>\n        </div>\n        <div class=\"tp-product-details-desc-item pb-75\">\n            <div class=\"row\">\n                <div class=\"col-lg-7\">\n                    <div class=\"tp-product-details-desc-thumb\">\n                        <img src=\"/storage/main/products/product-details-desc-2.jpg\" alt=\"product\">\n                    </div>\n                </div>\n\n                <div class=\"col-lg-5 order-first order-lg-last\">\n                    <div class=\"des-content-2 pl-40\">\n                        <h3 class=\"tp-product-details-desc-title\">\n                            Carry with <br>\n                            Confidence and style\n                        </h3>\n                        <p>\n                            Wrap your tablet in a sleek case that\'s as stylish as it is convenient. Galaxy Tab S6 Lite Book Cover folds around and clings magnetically, so you can easily gear up as you\'re headed out the door. There\'s even a\n                            compartment for S pen, so you can be sure it doesn\'t get left behind.\n                        </p>\n                    </div>\n                </div>\n            </div>\n        </div>\n        <div class=\"tp-product-details-desc-item\">\n            <div class=\"row\">\n                <div class=\"col-xl-12\">\n                    <div class=\"tp-product-details-desc-banner text-center m-img\">\n                        <h3 class=\"tp-product-details-desc-banner-title tp-product-details-desc-title\">Speed Memory Power = Epic Races</h3>\n                        <img src=\"/storage/main/products/product-details-desc-3.jpg\" alt=\"product\">\n                    </div>\n                </div>\n            </div>\n        </div>\n    </div>\n</div>\n','published','[\"main\\/products\\/product-9.jpg\",\"main\\/products\\/product-2.jpg\",\"main\\/products\\/product-details-desc-2.jpg\",\"main\\/products\\/product-17.jpg\"]','0S-180',0,13,0,1,0,5,0,0,2377,971,NULL,NULL,13.00,11.00,10.00,895.00,NULL,70272,'2024-05-10 02:10:30','2024-05-10 02:10:30','in_stock',1,0,'Botble\\ACL\\Models\\User',0,NULL,'physical',NULL,NULL,0,0,0),(35,'ASUS ROG Swift PG279QM 27-Inch Gaming Monitor','We can provide exceptional noise isolation and the best all-day comfort by mixing firm foam for the outer with soft foam for the interior of the ear cushions. So that you may receive Active Noise-Cancellation (ANC) performance that is even greater in a headset that you can wear for whatever length you wish.','<div class=\"row justify-content-center\">\n    <div class=\"col-xl-10\">\n        <div class=\"tp-product-details-desc-item pb-105\">\n            <div class=\"row\">\n                <div class=\"col-lg-6\">\n                    <div class=\"pt-25\">\n                        <span>Galaxy A8 tablet</span>\n                        <h3 class=\"tp-product-details-desc-title\">Your world at a glance</h3>\n                        <p>\n                            With a slim design, a vibrant entertainment system, and <br>\n                            outstanding performance, the new Galaxy Tab A7 is a stylish new <br>\n                            companion for your life.Dive head-first into the things you love, <br>\n                            and easily share your favorite moments. Learn, explore, connect <br>\n                            and be inspired.\n                        </p>\n                    </div>\n                    <div>\n                        <h3 class=\"tp-product-details-desc-title\">Draw inspiration with S Pen</h3>\n                        <p>\n                            S Pen is a bundle of writing instruments in one. Its natural grip, <br>\n                            low latency and impressive pressure sensitivity will make it your go-to for everything from drawing to editing documents. And S Pen won\'t get misplaced thanks.\n                        </p>\n                    </div>\n                </div>\n                <div class=\"col-lg-6\">\n                    <div class=\"tp-product-details-desc-thumb\">\n                        <img src=\"/storage/main/products/product-details-desc-1.jpg\" alt=\"product\">\n                    </div>\n                </div>\n            </div>\n        </div>\n        <div class=\"tp-product-details-desc-item pb-75\">\n            <div class=\"row\">\n                <div class=\"col-lg-7\">\n                    <div class=\"tp-product-details-desc-thumb\">\n                        <img src=\"/storage/main/products/product-details-desc-2.jpg\" alt=\"product\">\n                    </div>\n                </div>\n\n                <div class=\"col-lg-5 order-first order-lg-last\">\n                    <div class=\"des-content-2 pl-40\">\n                        <h3 class=\"tp-product-details-desc-title\">\n                            Carry with <br>\n                            Confidence and style\n                        </h3>\n                        <p>\n                            Wrap your tablet in a sleek case that\'s as stylish as it is convenient. Galaxy Tab S6 Lite Book Cover folds around and clings magnetically, so you can easily gear up as you\'re headed out the door. There\'s even a\n                            compartment for S pen, so you can be sure it doesn\'t get left behind.\n                        </p>\n                    </div>\n                </div>\n            </div>\n        </div>\n        <div class=\"tp-product-details-desc-item\">\n            <div class=\"row\">\n                <div class=\"col-xl-12\">\n                    <div class=\"tp-product-details-desc-banner text-center m-img\">\n                        <h3 class=\"tp-product-details-desc-banner-title tp-product-details-desc-title\">Speed Memory Power = Epic Races</h3>\n                        <img src=\"/storage/main/products/product-details-desc-3.jpg\" alt=\"product\">\n                    </div>\n                </div>\n            </div>\n        </div>\n    </div>\n</div>\n','published','[\"main\\/products\\/product-13.jpg\",\"main\\/products\\/product-15.jpg\",\"main\\/products\\/product-10.jpg\",\"main\\/products\\/product-8.jpg\",\"main\\/products\\/product-4.jpg\",\"main\\/products\\/product-9.jpg\",\"main\\/products\\/product-5.jpg\"]','WD-145',0,12,0,1,0,1,0,0,1540,174,NULL,NULL,15.00,14.00,15.00,606.00,NULL,135931,'2024-05-10 02:10:30','2024-05-10 02:10:30','in_stock',6,0,'Botble\\ACL\\Models\\User',0,NULL,'physical',NULL,NULL,0,0,0),(36,'BenQ EW3280U 32-Inch 4K HDR Entertainment Monitor (Digital)','With this intelligent headset, you can stay connected and productive from the first call of the day to the last train home. With an ergonomic earcup design, this headset invented a brand-new dual-foam technology. You will be comfortable from the first call to the last thanks to the re-engineered leatherette ear cushion design that allows for better airflow.','<div class=\"row justify-content-center\">\n    <div class=\"col-xl-10\">\n        <div class=\"tp-product-details-desc-item pb-105\">\n            <div class=\"row\">\n                <div class=\"col-lg-6\">\n                    <div class=\"pt-25\">\n                        <span>Galaxy A8 tablet</span>\n                        <h3 class=\"tp-product-details-desc-title\">Your world at a glance</h3>\n                        <p>\n                            With a slim design, a vibrant entertainment system, and <br>\n                            outstanding performance, the new Galaxy Tab A7 is a stylish new <br>\n                            companion for your life.Dive head-first into the things you love, <br>\n                            and easily share your favorite moments. Learn, explore, connect <br>\n                            and be inspired.\n                        </p>\n                    </div>\n                    <div>\n                        <h3 class=\"tp-product-details-desc-title\">Draw inspiration with S Pen</h3>\n                        <p>\n                            S Pen is a bundle of writing instruments in one. Its natural grip, <br>\n                            low latency and impressive pressure sensitivity will make it your go-to for everything from drawing to editing documents. And S Pen won\'t get misplaced thanks.\n                        </p>\n                    </div>\n                </div>\n                <div class=\"col-lg-6\">\n                    <div class=\"tp-product-details-desc-thumb\">\n                        <img src=\"/storage/main/products/product-details-desc-1.jpg\" alt=\"product\">\n                    </div>\n                </div>\n            </div>\n        </div>\n        <div class=\"tp-product-details-desc-item pb-75\">\n            <div class=\"row\">\n                <div class=\"col-lg-7\">\n                    <div class=\"tp-product-details-desc-thumb\">\n                        <img src=\"/storage/main/products/product-details-desc-2.jpg\" alt=\"product\">\n                    </div>\n                </div>\n\n                <div class=\"col-lg-5 order-first order-lg-last\">\n                    <div class=\"des-content-2 pl-40\">\n                        <h3 class=\"tp-product-details-desc-title\">\n                            Carry with <br>\n                            Confidence and style\n                        </h3>\n                        <p>\n                            Wrap your tablet in a sleek case that\'s as stylish as it is convenient. Galaxy Tab S6 Lite Book Cover folds around and clings magnetically, so you can easily gear up as you\'re headed out the door. There\'s even a\n                            compartment for S pen, so you can be sure it doesn\'t get left behind.\n                        </p>\n                    </div>\n                </div>\n            </div>\n        </div>\n        <div class=\"tp-product-details-desc-item\">\n            <div class=\"row\">\n                <div class=\"col-xl-12\">\n                    <div class=\"tp-product-details-desc-banner text-center m-img\">\n                        <h3 class=\"tp-product-details-desc-banner-title tp-product-details-desc-title\">Speed Memory Power = Epic Races</h3>\n                        <img src=\"/storage/main/products/product-details-desc-3.jpg\" alt=\"product\">\n                    </div>\n                </div>\n            </div>\n        </div>\n    </div>\n</div>\n','published','[\"main\\/products\\/product-6.jpg\",\"main\\/products\\/product-11.jpg\",\"main\\/products\\/product-7.jpg\"]','UE-104-A1',0,16,0,1,1,3,0,0,1629,1466.1,NULL,NULL,16.00,18.00,18.00,785.00,NULL,108470,'2024-05-10 02:10:30','2024-05-10 02:10:32','in_stock',4,0,'Botble\\ACL\\Models\\User',0,NULL,'digital',NULL,NULL,0,0,0),(37,'Dell UltraSharp U2720Q 27-Inch 4K USB-C Monitor','Jabra Evolve2 75 USB-A MS Teams Stereo Headset The Jabra Evolve2 75 USB-A MS Teams Stereo Headset has replaced previous hybrid working standards. Industry-leading call quality thanks to top-notch audio engineering.','<div class=\"row justify-content-center\">\n    <div class=\"col-xl-10\">\n        <div class=\"tp-product-details-desc-item pb-105\">\n            <div class=\"row\">\n                <div class=\"col-lg-6\">\n                    <div class=\"pt-25\">\n                        <span>Galaxy A8 tablet</span>\n                        <h3 class=\"tp-product-details-desc-title\">Your world at a glance</h3>\n                        <p>\n                            With a slim design, a vibrant entertainment system, and <br>\n                            outstanding performance, the new Galaxy Tab A7 is a stylish new <br>\n                            companion for your life.Dive head-first into the things you love, <br>\n                            and easily share your favorite moments. Learn, explore, connect <br>\n                            and be inspired.\n                        </p>\n                    </div>\n                    <div>\n                        <h3 class=\"tp-product-details-desc-title\">Draw inspiration with S Pen</h3>\n                        <p>\n                            S Pen is a bundle of writing instruments in one. Its natural grip, <br>\n                            low latency and impressive pressure sensitivity will make it your go-to for everything from drawing to editing documents. And S Pen won\'t get misplaced thanks.\n                        </p>\n                    </div>\n                </div>\n                <div class=\"col-lg-6\">\n                    <div class=\"tp-product-details-desc-thumb\">\n                        <img src=\"/storage/main/products/product-details-desc-1.jpg\" alt=\"product\">\n                    </div>\n                </div>\n            </div>\n        </div>\n        <div class=\"tp-product-details-desc-item pb-75\">\n            <div class=\"row\">\n                <div class=\"col-lg-7\">\n                    <div class=\"tp-product-details-desc-thumb\">\n                        <img src=\"/storage/main/products/product-details-desc-2.jpg\" alt=\"product\">\n                    </div>\n                </div>\n\n                <div class=\"col-lg-5 order-first order-lg-last\">\n                    <div class=\"des-content-2 pl-40\">\n                        <h3 class=\"tp-product-details-desc-title\">\n                            Carry with <br>\n                            Confidence and style\n                        </h3>\n                        <p>\n                            Wrap your tablet in a sleek case that\'s as stylish as it is convenient. Galaxy Tab S6 Lite Book Cover folds around and clings magnetically, so you can easily gear up as you\'re headed out the door. There\'s even a\n                            compartment for S pen, so you can be sure it doesn\'t get left behind.\n                        </p>\n                    </div>\n                </div>\n            </div>\n        </div>\n        <div class=\"tp-product-details-desc-item\">\n            <div class=\"row\">\n                <div class=\"col-xl-12\">\n                    <div class=\"tp-product-details-desc-banner text-center m-img\">\n                        <h3 class=\"tp-product-details-desc-banner-title tp-product-details-desc-title\">Speed Memory Power = Epic Races</h3>\n                        <img src=\"/storage/main/products/product-details-desc-3.jpg\" alt=\"product\">\n                    </div>\n                </div>\n            </div>\n        </div>\n    </div>\n</div>\n','published','[\"main\\/products\\/product-17.jpg\",\"main\\/products\\/product-8.jpg\",\"main\\/products\\/product-14.jpg\"]','5O-140-A1',0,10,0,1,0,3,0,0,2464,NULL,NULL,NULL,20.00,19.00,10.00,888.00,NULL,51891,'2024-05-10 02:10:30','2024-05-10 02:10:32','in_stock',3,0,'Botble\\ACL\\Models\\User',0,NULL,'physical',NULL,NULL,0,0,0),(38,'HP Z27k G3 4K USB-C Monitor','With this intelligent headset, you can stay connected and productive from the first call of the day to the last train home. With an ergonomic earcup design, this headset invented a brand-new dual-foam technology. You will be comfortable from the first call to the last thanks to the re-engineered leatherette ear cushion design that allows for better airflow.','<div class=\"row justify-content-center\">\n    <div class=\"col-xl-10\">\n        <div class=\"tp-product-details-desc-item pb-105\">\n            <div class=\"row\">\n                <div class=\"col-lg-6\">\n                    <div class=\"pt-25\">\n                        <span>Galaxy A8 tablet</span>\n                        <h3 class=\"tp-product-details-desc-title\">Your world at a glance</h3>\n                        <p>\n                            With a slim design, a vibrant entertainment system, and <br>\n                            outstanding performance, the new Galaxy Tab A7 is a stylish new <br>\n                            companion for your life.Dive head-first into the things you love, <br>\n                            and easily share your favorite moments. Learn, explore, connect <br>\n                            and be inspired.\n                        </p>\n                    </div>\n                    <div>\n                        <h3 class=\"tp-product-details-desc-title\">Draw inspiration with S Pen</h3>\n                        <p>\n                            S Pen is a bundle of writing instruments in one. Its natural grip, <br>\n                            low latency and impressive pressure sensitivity will make it your go-to for everything from drawing to editing documents. And S Pen won\'t get misplaced thanks.\n                        </p>\n                    </div>\n                </div>\n                <div class=\"col-lg-6\">\n                    <div class=\"tp-product-details-desc-thumb\">\n                        <img src=\"/storage/main/products/product-details-desc-1.jpg\" alt=\"product\">\n                    </div>\n                </div>\n            </div>\n        </div>\n        <div class=\"tp-product-details-desc-item pb-75\">\n            <div class=\"row\">\n                <div class=\"col-lg-7\">\n                    <div class=\"tp-product-details-desc-thumb\">\n                        <img src=\"/storage/main/products/product-details-desc-2.jpg\" alt=\"product\">\n                    </div>\n                </div>\n\n                <div class=\"col-lg-5 order-first order-lg-last\">\n                    <div class=\"des-content-2 pl-40\">\n                        <h3 class=\"tp-product-details-desc-title\">\n                            Carry with <br>\n                            Confidence and style\n                        </h3>\n                        <p>\n                            Wrap your tablet in a sleek case that\'s as stylish as it is convenient. Galaxy Tab S6 Lite Book Cover folds around and clings magnetically, so you can easily gear up as you\'re headed out the door. There\'s even a\n                            compartment for S pen, so you can be sure it doesn\'t get left behind.\n                        </p>\n                    </div>\n                </div>\n            </div>\n        </div>\n        <div class=\"tp-product-details-desc-item\">\n            <div class=\"row\">\n                <div class=\"col-xl-12\">\n                    <div class=\"tp-product-details-desc-banner text-center m-img\">\n                        <h3 class=\"tp-product-details-desc-banner-title tp-product-details-desc-title\">Speed Memory Power = Epic Races</h3>\n                        <img src=\"/storage/main/products/product-details-desc-3.jpg\" alt=\"product\">\n                    </div>\n                </div>\n            </div>\n        </div>\n    </div>\n</div>\n','published','[\"main\\/products\\/product-18.jpg\",\"main\\/products\\/product-3.jpg\",\"main\\/products\\/product-15.jpg\"]','Z3-163',0,14,0,1,0,5,0,0,1707,942,NULL,NULL,10.00,20.00,12.00,739.00,NULL,86386,'2024-05-10 02:10:30','2024-05-10 02:10:30','in_stock',2,0,'Botble\\ACL\\Models\\User',0,NULL,'physical',NULL,NULL,0,0,0),(39,'LG 27UK850-W 27-Inch 4K UHD IPS Monitor','With this intelligent headset, you can stay connected and productive from the first call of the day to the last train home. With an ergonomic earcup design, this headset invented a brand-new dual-foam technology. You will be comfortable from the first call to the last thanks to the re-engineered leatherette ear cushion design that allows for better airflow.','<div class=\"row justify-content-center\">\n    <div class=\"col-xl-10\">\n        <div class=\"tp-product-details-desc-item pb-105\">\n            <div class=\"row\">\n                <div class=\"col-lg-6\">\n                    <div class=\"pt-25\">\n                        <span>Galaxy A8 tablet</span>\n                        <h3 class=\"tp-product-details-desc-title\">Your world at a glance</h3>\n                        <p>\n                            With a slim design, a vibrant entertainment system, and <br>\n                            outstanding performance, the new Galaxy Tab A7 is a stylish new <br>\n                            companion for your life.Dive head-first into the things you love, <br>\n                            and easily share your favorite moments. Learn, explore, connect <br>\n                            and be inspired.\n                        </p>\n                    </div>\n                    <div>\n                        <h3 class=\"tp-product-details-desc-title\">Draw inspiration with S Pen</h3>\n                        <p>\n                            S Pen is a bundle of writing instruments in one. Its natural grip, <br>\n                            low latency and impressive pressure sensitivity will make it your go-to for everything from drawing to editing documents. And S Pen won\'t get misplaced thanks.\n                        </p>\n                    </div>\n                </div>\n                <div class=\"col-lg-6\">\n                    <div class=\"tp-product-details-desc-thumb\">\n                        <img src=\"/storage/main/products/product-details-desc-1.jpg\" alt=\"product\">\n                    </div>\n                </div>\n            </div>\n        </div>\n        <div class=\"tp-product-details-desc-item pb-75\">\n            <div class=\"row\">\n                <div class=\"col-lg-7\">\n                    <div class=\"tp-product-details-desc-thumb\">\n                        <img src=\"/storage/main/products/product-details-desc-2.jpg\" alt=\"product\">\n                    </div>\n                </div>\n\n                <div class=\"col-lg-5 order-first order-lg-last\">\n                    <div class=\"des-content-2 pl-40\">\n                        <h3 class=\"tp-product-details-desc-title\">\n                            Carry with <br>\n                            Confidence and style\n                        </h3>\n                        <p>\n                            Wrap your tablet in a sleek case that\'s as stylish as it is convenient. Galaxy Tab S6 Lite Book Cover folds around and clings magnetically, so you can easily gear up as you\'re headed out the door. There\'s even a\n                            compartment for S pen, so you can be sure it doesn\'t get left behind.\n                        </p>\n                    </div>\n                </div>\n            </div>\n        </div>\n        <div class=\"tp-product-details-desc-item\">\n            <div class=\"row\">\n                <div class=\"col-xl-12\">\n                    <div class=\"tp-product-details-desc-banner text-center m-img\">\n                        <h3 class=\"tp-product-details-desc-banner-title tp-product-details-desc-title\">Speed Memory Power = Epic Races</h3>\n                        <img src=\"/storage/main/products/product-details-desc-3.jpg\" alt=\"product\">\n                    </div>\n                </div>\n            </div>\n        </div>\n    </div>\n</div>\n','published','[\"main\\/products\\/product-10.jpg\",\"main\\/products\\/product-5.jpg\",\"main\\/products\\/product-9.jpg\",\"main\\/products\\/product-13.jpg\",\"main\\/products\\/product-14.jpg\",\"main\\/products\\/product-3.jpg\"]','QF-188',0,18,0,1,1,3,0,0,574,217,NULL,NULL,13.00,11.00,14.00,697.00,NULL,163025,'2024-05-10 02:10:30','2024-05-10 02:10:30','in_stock',3,0,'Botble\\ACL\\Models\\User',0,NULL,'physical',NULL,NULL,0,0,0),(40,'Samsung Odyssey G7 32-Inch Curved Gaming Monitor (Digital)','With this intelligent headset, you can stay connected and productive from the first call of the day to the last train home. With an ergonomic earcup design, this headset invented a brand-new dual-foam technology. You will be comfortable from the first call to the last thanks to the re-engineered leatherette ear cushion design that allows for better airflow.','<div class=\"row justify-content-center\">\n    <div class=\"col-xl-10\">\n        <div class=\"tp-product-details-desc-item pb-105\">\n            <div class=\"row\">\n                <div class=\"col-lg-6\">\n                    <div class=\"pt-25\">\n                        <span>Galaxy A8 tablet</span>\n                        <h3 class=\"tp-product-details-desc-title\">Your world at a glance</h3>\n                        <p>\n                            With a slim design, a vibrant entertainment system, and <br>\n                            outstanding performance, the new Galaxy Tab A7 is a stylish new <br>\n                            companion for your life.Dive head-first into the things you love, <br>\n                            and easily share your favorite moments. Learn, explore, connect <br>\n                            and be inspired.\n                        </p>\n                    </div>\n                    <div>\n                        <h3 class=\"tp-product-details-desc-title\">Draw inspiration with S Pen</h3>\n                        <p>\n                            S Pen is a bundle of writing instruments in one. Its natural grip, <br>\n                            low latency and impressive pressure sensitivity will make it your go-to for everything from drawing to editing documents. And S Pen won\'t get misplaced thanks.\n                        </p>\n                    </div>\n                </div>\n                <div class=\"col-lg-6\">\n                    <div class=\"tp-product-details-desc-thumb\">\n                        <img src=\"/storage/main/products/product-details-desc-1.jpg\" alt=\"product\">\n                    </div>\n                </div>\n            </div>\n        </div>\n        <div class=\"tp-product-details-desc-item pb-75\">\n            <div class=\"row\">\n                <div class=\"col-lg-7\">\n                    <div class=\"tp-product-details-desc-thumb\">\n                        <img src=\"/storage/main/products/product-details-desc-2.jpg\" alt=\"product\">\n                    </div>\n                </div>\n\n                <div class=\"col-lg-5 order-first order-lg-last\">\n                    <div class=\"des-content-2 pl-40\">\n                        <h3 class=\"tp-product-details-desc-title\">\n                            Carry with <br>\n                            Confidence and style\n                        </h3>\n                        <p>\n                            Wrap your tablet in a sleek case that\'s as stylish as it is convenient. Galaxy Tab S6 Lite Book Cover folds around and clings magnetically, so you can easily gear up as you\'re headed out the door. There\'s even a\n                            compartment for S pen, so you can be sure it doesn\'t get left behind.\n                        </p>\n                    </div>\n                </div>\n            </div>\n        </div>\n        <div class=\"tp-product-details-desc-item\">\n            <div class=\"row\">\n                <div class=\"col-xl-12\">\n                    <div class=\"tp-product-details-desc-banner text-center m-img\">\n                        <h3 class=\"tp-product-details-desc-banner-title tp-product-details-desc-title\">Speed Memory Power = Epic Races</h3>\n                        <img src=\"/storage/main/products/product-details-desc-3.jpg\" alt=\"product\">\n                    </div>\n                </div>\n            </div>\n        </div>\n    </div>\n</div>\n','published','[\"main\\/products\\/product-details-desc-1.jpg\",\"main\\/products\\/product-1.jpg\",\"main\\/products\\/product-20.jpg\",\"main\\/products\\/product-18.jpg\",\"main\\/products\\/product-8.jpg\",\"main\\/products\\/product-19.jpg\",\"main\\/products\\/product-6.jpg\"]','SS-181',0,17,0,1,0,2,0,0,1174,149,NULL,NULL,12.00,17.00,17.00,514.00,NULL,174797,'2024-05-10 02:10:30','2024-05-10 02:10:30','in_stock',3,0,'Botble\\ACL\\Models\\User',0,NULL,'digital',NULL,NULL,0,0,0),(41,'Sony X900H 4K Ultra HD Smart LED TV','With this intelligent headset, you can stay connected and productive from the first call of the day to the last train home. With an ergonomic earcup design, this headset invented a brand-new dual-foam technology. You will be comfortable from the first call to the last thanks to the re-engineered leatherette ear cushion design that allows for better airflow.','<div class=\"row justify-content-center\">\n    <div class=\"col-xl-10\">\n        <div class=\"tp-product-details-desc-item pb-105\">\n            <div class=\"row\">\n                <div class=\"col-lg-6\">\n                    <div class=\"pt-25\">\n                        <span>Galaxy A8 tablet</span>\n                        <h3 class=\"tp-product-details-desc-title\">Your world at a glance</h3>\n                        <p>\n                            With a slim design, a vibrant entertainment system, and <br>\n                            outstanding performance, the new Galaxy Tab A7 is a stylish new <br>\n                            companion for your life.Dive head-first into the things you love, <br>\n                            and easily share your favorite moments. Learn, explore, connect <br>\n                            and be inspired.\n                        </p>\n                    </div>\n                    <div>\n                        <h3 class=\"tp-product-details-desc-title\">Draw inspiration with S Pen</h3>\n                        <p>\n                            S Pen is a bundle of writing instruments in one. Its natural grip, <br>\n                            low latency and impressive pressure sensitivity will make it your go-to for everything from drawing to editing documents. And S Pen won\'t get misplaced thanks.\n                        </p>\n                    </div>\n                </div>\n                <div class=\"col-lg-6\">\n                    <div class=\"tp-product-details-desc-thumb\">\n                        <img src=\"/storage/main/products/product-details-desc-1.jpg\" alt=\"product\">\n                    </div>\n                </div>\n            </div>\n        </div>\n        <div class=\"tp-product-details-desc-item pb-75\">\n            <div class=\"row\">\n                <div class=\"col-lg-7\">\n                    <div class=\"tp-product-details-desc-thumb\">\n                        <img src=\"/storage/main/products/product-details-desc-2.jpg\" alt=\"product\">\n                    </div>\n                </div>\n\n                <div class=\"col-lg-5 order-first order-lg-last\">\n                    <div class=\"des-content-2 pl-40\">\n                        <h3 class=\"tp-product-details-desc-title\">\n                            Carry with <br>\n                            Confidence and style\n                        </h3>\n                        <p>\n                            Wrap your tablet in a sleek case that\'s as stylish as it is convenient. Galaxy Tab S6 Lite Book Cover folds around and clings magnetically, so you can easily gear up as you\'re headed out the door. There\'s even a\n                            compartment for S pen, so you can be sure it doesn\'t get left behind.\n                        </p>\n                    </div>\n                </div>\n            </div>\n        </div>\n        <div class=\"tp-product-details-desc-item\">\n            <div class=\"row\">\n                <div class=\"col-xl-12\">\n                    <div class=\"tp-product-details-desc-banner text-center m-img\">\n                        <h3 class=\"tp-product-details-desc-banner-title tp-product-details-desc-title\">Speed Memory Power = Epic Races</h3>\n                        <img src=\"/storage/main/products/product-details-desc-3.jpg\" alt=\"product\">\n                    </div>\n                </div>\n            </div>\n        </div>\n    </div>\n</div>\n','published','[\"main\\/products\\/product-10.jpg\",\"main\\/products\\/product-19.jpg\",\"main\\/products\\/product-7.jpg\",\"main\\/products\\/product-12.jpg\",\"main\\/products\\/product-18.jpg\",\"main\\/products\\/product-15.jpg\",\"main\\/products\\/product-details-desc-1.jpg\"]','PS-172-A1',0,19,0,1,1,1,0,0,800,NULL,NULL,NULL,11.00,14.00,15.00,846.00,NULL,45301,'2024-05-10 02:10:30','2024-05-10 02:10:32','in_stock',3,0,'Botble\\ACL\\Models\\User',0,NULL,'physical',NULL,NULL,0,0,0),(42,'TCL 6-Series 4K UHD Dolby Vision HDR QLED Roku Smart TV','With this intelligent headset, you can stay connected and productive from the first call of the day to the last train home. With an ergonomic earcup design, this headset invented a brand-new dual-foam technology. You will be comfortable from the first call to the last thanks to the re-engineered leatherette ear cushion design that allows for better airflow.','<div class=\"row justify-content-center\">\n    <div class=\"col-xl-10\">\n        <div class=\"tp-product-details-desc-item pb-105\">\n            <div class=\"row\">\n                <div class=\"col-lg-6\">\n                    <div class=\"pt-25\">\n                        <span>Galaxy A8 tablet</span>\n                        <h3 class=\"tp-product-details-desc-title\">Your world at a glance</h3>\n                        <p>\n                            With a slim design, a vibrant entertainment system, and <br>\n                            outstanding performance, the new Galaxy Tab A7 is a stylish new <br>\n                            companion for your life.Dive head-first into the things you love, <br>\n                            and easily share your favorite moments. Learn, explore, connect <br>\n                            and be inspired.\n                        </p>\n                    </div>\n                    <div>\n                        <h3 class=\"tp-product-details-desc-title\">Draw inspiration with S Pen</h3>\n                        <p>\n                            S Pen is a bundle of writing instruments in one. Its natural grip, <br>\n                            low latency and impressive pressure sensitivity will make it your go-to for everything from drawing to editing documents. And S Pen won\'t get misplaced thanks.\n                        </p>\n                    </div>\n                </div>\n                <div class=\"col-lg-6\">\n                    <div class=\"tp-product-details-desc-thumb\">\n                        <img src=\"/storage/main/products/product-details-desc-1.jpg\" alt=\"product\">\n                    </div>\n                </div>\n            </div>\n        </div>\n        <div class=\"tp-product-details-desc-item pb-75\">\n            <div class=\"row\">\n                <div class=\"col-lg-7\">\n                    <div class=\"tp-product-details-desc-thumb\">\n                        <img src=\"/storage/main/products/product-details-desc-2.jpg\" alt=\"product\">\n                    </div>\n                </div>\n\n                <div class=\"col-lg-5 order-first order-lg-last\">\n                    <div class=\"des-content-2 pl-40\">\n                        <h3 class=\"tp-product-details-desc-title\">\n                            Carry with <br>\n                            Confidence and style\n                        </h3>\n                        <p>\n                            Wrap your tablet in a sleek case that\'s as stylish as it is convenient. Galaxy Tab S6 Lite Book Cover folds around and clings magnetically, so you can easily gear up as you\'re headed out the door. There\'s even a\n                            compartment for S pen, so you can be sure it doesn\'t get left behind.\n                        </p>\n                    </div>\n                </div>\n            </div>\n        </div>\n        <div class=\"tp-product-details-desc-item\">\n            <div class=\"row\">\n                <div class=\"col-xl-12\">\n                    <div class=\"tp-product-details-desc-banner text-center m-img\">\n                        <h3 class=\"tp-product-details-desc-banner-title tp-product-details-desc-title\">Speed Memory Power = Epic Races</h3>\n                        <img src=\"/storage/main/products/product-details-desc-3.jpg\" alt=\"product\">\n                    </div>\n                </div>\n            </div>\n        </div>\n    </div>\n</div>\n','published','[\"main\\/products\\/product-8.jpg\",\"main\\/products\\/product-3.jpg\",\"main\\/products\\/product-17.jpg\",\"main\\/products\\/product-11.jpg\",\"main\\/products\\/product-7.jpg\"]','YF-134-A1',0,10,0,1,1,5,0,0,2043,NULL,NULL,NULL,12.00,11.00,14.00,662.00,NULL,73342,'2024-05-10 02:10:30','2024-05-10 02:10:32','in_stock',7,0,'Botble\\ACL\\Models\\User',0,NULL,'physical',NULL,NULL,0,0,0),(43,'Vizio OLED65-H1 65-Inch 4K OLED Smart TV','Jabra Evolve2 75 USB-A MS Teams Stereo Headset The Jabra Evolve2 75 USB-A MS Teams Stereo Headset has replaced previous hybrid working standards. Industry-leading call quality thanks to top-notch audio engineering.','<div class=\"row justify-content-center\">\n    <div class=\"col-xl-10\">\n        <div class=\"tp-product-details-desc-item pb-105\">\n            <div class=\"row\">\n                <div class=\"col-lg-6\">\n                    <div class=\"pt-25\">\n                        <span>Galaxy A8 tablet</span>\n                        <h3 class=\"tp-product-details-desc-title\">Your world at a glance</h3>\n                        <p>\n                            With a slim design, a vibrant entertainment system, and <br>\n                            outstanding performance, the new Galaxy Tab A7 is a stylish new <br>\n                            companion for your life.Dive head-first into the things you love, <br>\n                            and easily share your favorite moments. Learn, explore, connect <br>\n                            and be inspired.\n                        </p>\n                    </div>\n                    <div>\n                        <h3 class=\"tp-product-details-desc-title\">Draw inspiration with S Pen</h3>\n                        <p>\n                            S Pen is a bundle of writing instruments in one. Its natural grip, <br>\n                            low latency and impressive pressure sensitivity will make it your go-to for everything from drawing to editing documents. And S Pen won\'t get misplaced thanks.\n                        </p>\n                    </div>\n                </div>\n                <div class=\"col-lg-6\">\n                    <div class=\"tp-product-details-desc-thumb\">\n                        <img src=\"/storage/main/products/product-details-desc-1.jpg\" alt=\"product\">\n                    </div>\n                </div>\n            </div>\n        </div>\n        <div class=\"tp-product-details-desc-item pb-75\">\n            <div class=\"row\">\n                <div class=\"col-lg-7\">\n                    <div class=\"tp-product-details-desc-thumb\">\n                        <img src=\"/storage/main/products/product-details-desc-2.jpg\" alt=\"product\">\n                    </div>\n                </div>\n\n                <div class=\"col-lg-5 order-first order-lg-last\">\n                    <div class=\"des-content-2 pl-40\">\n                        <h3 class=\"tp-product-details-desc-title\">\n                            Carry with <br>\n                            Confidence and style\n                        </h3>\n                        <p>\n                            Wrap your tablet in a sleek case that\'s as stylish as it is convenient. Galaxy Tab S6 Lite Book Cover folds around and clings magnetically, so you can easily gear up as you\'re headed out the door. There\'s even a\n                            compartment for S pen, so you can be sure it doesn\'t get left behind.\n                        </p>\n                    </div>\n                </div>\n            </div>\n        </div>\n        <div class=\"tp-product-details-desc-item\">\n            <div class=\"row\">\n                <div class=\"col-xl-12\">\n                    <div class=\"tp-product-details-desc-banner text-center m-img\">\n                        <h3 class=\"tp-product-details-desc-banner-title tp-product-details-desc-title\">Speed Memory Power = Epic Races</h3>\n                        <img src=\"/storage/main/products/product-details-desc-3.jpg\" alt=\"product\">\n                    </div>\n                </div>\n            </div>\n        </div>\n    </div>\n</div>\n','published','[\"main\\/products\\/product-11.jpg\",\"main\\/products\\/product-20.jpg\",\"main\\/products\\/product-18.jpg\",\"main\\/products\\/product-details-desc-2.jpg\",\"main\\/products\\/product-7.jpg\"]','RO-129-A1',0,12,0,1,1,4,0,0,359,NULL,NULL,NULL,12.00,19.00,20.00,552.00,NULL,173879,'2024-05-10 02:10:30','2024-05-10 02:10:32','in_stock',3,0,'Botble\\ACL\\Models\\User',0,NULL,'physical',NULL,NULL,0,0,0),(44,'Hisense U8G Quantum Series 4K ULED Android TV (Digital)','The headset also offers MS Teams Certifications and other features like Busylight, Calls controls, Voice guiding, and Wireless range (ft): Up to 100 feet. Best-in-class. Boom The most recent Jabra Evolve2 75 USB-A MS Teams Stereo Headset offers professional-grade call performance that leads the industry, yet Evolve2 75 wins best-in-class.','<div class=\"row justify-content-center\">\n    <div class=\"col-xl-10\">\n        <div class=\"tp-product-details-desc-item pb-105\">\n            <div class=\"row\">\n                <div class=\"col-lg-6\">\n                    <div class=\"pt-25\">\n                        <span>Galaxy A8 tablet</span>\n                        <h3 class=\"tp-product-details-desc-title\">Your world at a glance</h3>\n                        <p>\n                            With a slim design, a vibrant entertainment system, and <br>\n                            outstanding performance, the new Galaxy Tab A7 is a stylish new <br>\n                            companion for your life.Dive head-first into the things you love, <br>\n                            and easily share your favorite moments. Learn, explore, connect <br>\n                            and be inspired.\n                        </p>\n                    </div>\n                    <div>\n                        <h3 class=\"tp-product-details-desc-title\">Draw inspiration with S Pen</h3>\n                        <p>\n                            S Pen is a bundle of writing instruments in one. Its natural grip, <br>\n                            low latency and impressive pressure sensitivity will make it your go-to for everything from drawing to editing documents. And S Pen won\'t get misplaced thanks.\n                        </p>\n                    </div>\n                </div>\n                <div class=\"col-lg-6\">\n                    <div class=\"tp-product-details-desc-thumb\">\n                        <img src=\"/storage/main/products/product-details-desc-1.jpg\" alt=\"product\">\n                    </div>\n                </div>\n            </div>\n        </div>\n        <div class=\"tp-product-details-desc-item pb-75\">\n            <div class=\"row\">\n                <div class=\"col-lg-7\">\n                    <div class=\"tp-product-details-desc-thumb\">\n                        <img src=\"/storage/main/products/product-details-desc-2.jpg\" alt=\"product\">\n                    </div>\n                </div>\n\n                <div class=\"col-lg-5 order-first order-lg-last\">\n                    <div class=\"des-content-2 pl-40\">\n                        <h3 class=\"tp-product-details-desc-title\">\n                            Carry with <br>\n                            Confidence and style\n                        </h3>\n                        <p>\n                            Wrap your tablet in a sleek case that\'s as stylish as it is convenient. Galaxy Tab S6 Lite Book Cover folds around and clings magnetically, so you can easily gear up as you\'re headed out the door. There\'s even a\n                            compartment for S pen, so you can be sure it doesn\'t get left behind.\n                        </p>\n                    </div>\n                </div>\n            </div>\n        </div>\n        <div class=\"tp-product-details-desc-item\">\n            <div class=\"row\">\n                <div class=\"col-xl-12\">\n                    <div class=\"tp-product-details-desc-banner text-center m-img\">\n                        <h3 class=\"tp-product-details-desc-banner-title tp-product-details-desc-title\">Speed Memory Power = Epic Races</h3>\n                        <img src=\"/storage/main/products/product-details-desc-3.jpg\" alt=\"product\">\n                    </div>\n                </div>\n            </div>\n        </div>\n    </div>\n</div>\n','published','[\"main\\/products\\/product-details-desc-2.jpg\",\"main\\/products\\/product-11.jpg\",\"main\\/products\\/product-10.jpg\",\"main\\/products\\/product-17.jpg\"]','9I-100',0,11,0,1,0,2,0,0,694,661,NULL,NULL,12.00,19.00,17.00,846.00,NULL,94384,'2024-05-10 02:10:30','2024-05-10 02:10:30','in_stock',2,0,'Botble\\ACL\\Models\\User',0,NULL,'digital',NULL,NULL,0,0,0),(45,'LG C1 Series 4K OLED Smart TV','Jabra Evolve2 75 USB-A MS Teams Stereo Headset The Jabra Evolve2 75 USB-A MS Teams Stereo Headset has replaced previous hybrid working standards. Industry-leading call quality thanks to top-notch audio engineering.','<div class=\"row justify-content-center\">\n    <div class=\"col-xl-10\">\n        <div class=\"tp-product-details-desc-item pb-105\">\n            <div class=\"row\">\n                <div class=\"col-lg-6\">\n                    <div class=\"pt-25\">\n                        <span>Galaxy A8 tablet</span>\n                        <h3 class=\"tp-product-details-desc-title\">Your world at a glance</h3>\n                        <p>\n                            With a slim design, a vibrant entertainment system, and <br>\n                            outstanding performance, the new Galaxy Tab A7 is a stylish new <br>\n                            companion for your life.Dive head-first into the things you love, <br>\n                            and easily share your favorite moments. Learn, explore, connect <br>\n                            and be inspired.\n                        </p>\n                    </div>\n                    <div>\n                        <h3 class=\"tp-product-details-desc-title\">Draw inspiration with S Pen</h3>\n                        <p>\n                            S Pen is a bundle of writing instruments in one. Its natural grip, <br>\n                            low latency and impressive pressure sensitivity will make it your go-to for everything from drawing to editing documents. And S Pen won\'t get misplaced thanks.\n                        </p>\n                    </div>\n                </div>\n                <div class=\"col-lg-6\">\n                    <div class=\"tp-product-details-desc-thumb\">\n                        <img src=\"/storage/main/products/product-details-desc-1.jpg\" alt=\"product\">\n                    </div>\n                </div>\n            </div>\n        </div>\n        <div class=\"tp-product-details-desc-item pb-75\">\n            <div class=\"row\">\n                <div class=\"col-lg-7\">\n                    <div class=\"tp-product-details-desc-thumb\">\n                        <img src=\"/storage/main/products/product-details-desc-2.jpg\" alt=\"product\">\n                    </div>\n                </div>\n\n                <div class=\"col-lg-5 order-first order-lg-last\">\n                    <div class=\"des-content-2 pl-40\">\n                        <h3 class=\"tp-product-details-desc-title\">\n                            Carry with <br>\n                            Confidence and style\n                        </h3>\n                        <p>\n                            Wrap your tablet in a sleek case that\'s as stylish as it is convenient. Galaxy Tab S6 Lite Book Cover folds around and clings magnetically, so you can easily gear up as you\'re headed out the door. There\'s even a\n                            compartment for S pen, so you can be sure it doesn\'t get left behind.\n                        </p>\n                    </div>\n                </div>\n            </div>\n        </div>\n        <div class=\"tp-product-details-desc-item\">\n            <div class=\"row\">\n                <div class=\"col-xl-12\">\n                    <div class=\"tp-product-details-desc-banner text-center m-img\">\n                        <h3 class=\"tp-product-details-desc-banner-title tp-product-details-desc-title\">Speed Memory Power = Epic Races</h3>\n                        <img src=\"/storage/main/products/product-details-desc-3.jpg\" alt=\"product\">\n                    </div>\n                </div>\n            </div>\n        </div>\n    </div>\n</div>\n','published','[\"main\\/products\\/product-details-desc-3.jpg\",\"main\\/products\\/product-3.jpg\",\"main\\/products\\/product-17.jpg\",\"main\\/products\\/product-6.jpg\",\"main\\/products\\/product-18.jpg\",\"main\\/products\\/product-4.jpg\"]','OI-147-A1',0,17,0,1,1,4,0,0,2065,NULL,NULL,NULL,20.00,14.00,16.00,571.00,NULL,95772,'2024-05-10 02:10:30','2024-05-10 02:10:32','in_stock',4,0,'Botble\\ACL\\Models\\User',0,NULL,'physical',NULL,NULL,0,0,0),(46,'Samsung QN85A Neo QLED 4K Smart TV','Jabra Evolve2 75 USB-A MS Teams Stereo Headset The Jabra Evolve2 75 USB-A MS Teams Stereo Headset has replaced previous hybrid working standards. Industry-leading call quality thanks to top-notch audio engineering.','<div class=\"row justify-content-center\">\n    <div class=\"col-xl-10\">\n        <div class=\"tp-product-details-desc-item pb-105\">\n            <div class=\"row\">\n                <div class=\"col-lg-6\">\n                    <div class=\"pt-25\">\n                        <span>Galaxy A8 tablet</span>\n                        <h3 class=\"tp-product-details-desc-title\">Your world at a glance</h3>\n                        <p>\n                            With a slim design, a vibrant entertainment system, and <br>\n                            outstanding performance, the new Galaxy Tab A7 is a stylish new <br>\n                            companion for your life.Dive head-first into the things you love, <br>\n                            and easily share your favorite moments. Learn, explore, connect <br>\n                            and be inspired.\n                        </p>\n                    </div>\n                    <div>\n                        <h3 class=\"tp-product-details-desc-title\">Draw inspiration with S Pen</h3>\n                        <p>\n                            S Pen is a bundle of writing instruments in one. Its natural grip, <br>\n                            low latency and impressive pressure sensitivity will make it your go-to for everything from drawing to editing documents. And S Pen won\'t get misplaced thanks.\n                        </p>\n                    </div>\n                </div>\n                <div class=\"col-lg-6\">\n                    <div class=\"tp-product-details-desc-thumb\">\n                        <img src=\"/storage/main/products/product-details-desc-1.jpg\" alt=\"product\">\n                    </div>\n                </div>\n            </div>\n        </div>\n        <div class=\"tp-product-details-desc-item pb-75\">\n            <div class=\"row\">\n                <div class=\"col-lg-7\">\n                    <div class=\"tp-product-details-desc-thumb\">\n                        <img src=\"/storage/main/products/product-details-desc-2.jpg\" alt=\"product\">\n                    </div>\n                </div>\n\n                <div class=\"col-lg-5 order-first order-lg-last\">\n                    <div class=\"des-content-2 pl-40\">\n                        <h3 class=\"tp-product-details-desc-title\">\n                            Carry with <br>\n                            Confidence and style\n                        </h3>\n                        <p>\n                            Wrap your tablet in a sleek case that\'s as stylish as it is convenient. Galaxy Tab S6 Lite Book Cover folds around and clings magnetically, so you can easily gear up as you\'re headed out the door. There\'s even a\n                            compartment for S pen, so you can be sure it doesn\'t get left behind.\n                        </p>\n                    </div>\n                </div>\n            </div>\n        </div>\n        <div class=\"tp-product-details-desc-item\">\n            <div class=\"row\">\n                <div class=\"col-xl-12\">\n                    <div class=\"tp-product-details-desc-banner text-center m-img\">\n                        <h3 class=\"tp-product-details-desc-banner-title tp-product-details-desc-title\">Speed Memory Power = Epic Races</h3>\n                        <img src=\"/storage/main/products/product-details-desc-3.jpg\" alt=\"product\">\n                    </div>\n                </div>\n            </div>\n        </div>\n    </div>\n</div>\n','published','[\"main\\/products\\/product-4.jpg\",\"main\\/products\\/product-details-desc-1.jpg\",\"main\\/products\\/product-17.jpg\",\"main\\/products\\/product-19.jpg\",\"main\\/products\\/product-10.jpg\",\"main\\/products\\/product-details-desc-2.jpg\",\"main\\/products\\/product-details-desc-3.jpg\",\"main\\/products\\/product-1.jpg\"]','M9-153-A1',0,19,0,1,0,2,0,0,1957,NULL,NULL,NULL,14.00,19.00,11.00,647.00,NULL,158352,'2024-05-10 02:10:31','2024-05-10 02:10:32','in_stock',8,0,'Botble\\ACL\\Models\\User',0,NULL,'physical',NULL,NULL,0,0,0),(47,'Sony A90J 4K OLED Smart TV','Additionally, this includes a redesigned microphone boom arm that is 33 percent shorter than the Evolve 75 and offers the industry-leading call performance for which Jabra headsets are known.','<div class=\"row justify-content-center\">\n    <div class=\"col-xl-10\">\n        <div class=\"tp-product-details-desc-item pb-105\">\n            <div class=\"row\">\n                <div class=\"col-lg-6\">\n                    <div class=\"pt-25\">\n                        <span>Galaxy A8 tablet</span>\n                        <h3 class=\"tp-product-details-desc-title\">Your world at a glance</h3>\n                        <p>\n                            With a slim design, a vibrant entertainment system, and <br>\n                            outstanding performance, the new Galaxy Tab A7 is a stylish new <br>\n                            companion for your life.Dive head-first into the things you love, <br>\n                            and easily share your favorite moments. Learn, explore, connect <br>\n                            and be inspired.\n                        </p>\n                    </div>\n                    <div>\n                        <h3 class=\"tp-product-details-desc-title\">Draw inspiration with S Pen</h3>\n                        <p>\n                            S Pen is a bundle of writing instruments in one. Its natural grip, <br>\n                            low latency and impressive pressure sensitivity will make it your go-to for everything from drawing to editing documents. And S Pen won\'t get misplaced thanks.\n                        </p>\n                    </div>\n                </div>\n                <div class=\"col-lg-6\">\n                    <div class=\"tp-product-details-desc-thumb\">\n                        <img src=\"/storage/main/products/product-details-desc-1.jpg\" alt=\"product\">\n                    </div>\n                </div>\n            </div>\n        </div>\n        <div class=\"tp-product-details-desc-item pb-75\">\n            <div class=\"row\">\n                <div class=\"col-lg-7\">\n                    <div class=\"tp-product-details-desc-thumb\">\n                        <img src=\"/storage/main/products/product-details-desc-2.jpg\" alt=\"product\">\n                    </div>\n                </div>\n\n                <div class=\"col-lg-5 order-first order-lg-last\">\n                    <div class=\"des-content-2 pl-40\">\n                        <h3 class=\"tp-product-details-desc-title\">\n                            Carry with <br>\n                            Confidence and style\n                        </h3>\n                        <p>\n                            Wrap your tablet in a sleek case that\'s as stylish as it is convenient. Galaxy Tab S6 Lite Book Cover folds around and clings magnetically, so you can easily gear up as you\'re headed out the door. There\'s even a\n                            compartment for S pen, so you can be sure it doesn\'t get left behind.\n                        </p>\n                    </div>\n                </div>\n            </div>\n        </div>\n        <div class=\"tp-product-details-desc-item\">\n            <div class=\"row\">\n                <div class=\"col-xl-12\">\n                    <div class=\"tp-product-details-desc-banner text-center m-img\">\n                        <h3 class=\"tp-product-details-desc-banner-title tp-product-details-desc-title\">Speed Memory Power = Epic Races</h3>\n                        <img src=\"/storage/main/products/product-details-desc-3.jpg\" alt=\"product\">\n                    </div>\n                </div>\n            </div>\n        </div>\n    </div>\n</div>\n','published','[\"main\\/products\\/product-9.jpg\",\"main\\/products\\/product-8.jpg\",\"main\\/products\\/product-10.jpg\",\"main\\/products\\/product-16.jpg\",\"main\\/products\\/product-15.jpg\",\"main\\/products\\/product-19.jpg\",\"main\\/products\\/product-20.jpg\",\"main\\/products\\/product-7.jpg\"]','WG-107',0,14,0,1,0,5,0,0,2433,2241,NULL,NULL,19.00,15.00,20.00,865.00,NULL,184994,'2024-05-10 02:10:31','2024-05-10 02:10:31','in_stock',2,0,'Botble\\ACL\\Models\\User',0,NULL,'physical',NULL,NULL,0,0,0),(48,'Apple TV 4K (2nd Generation) (Digital)','It complies with Microsoft\'s Open Office criteria and is specially tuned for outstanding conversations in open-plan workplaces and other loud environments when the microphone boom arm is lowered in Performance Mode','<div class=\"row justify-content-center\">\n    <div class=\"col-xl-10\">\n        <div class=\"tp-product-details-desc-item pb-105\">\n            <div class=\"row\">\n                <div class=\"col-lg-6\">\n                    <div class=\"pt-25\">\n                        <span>Galaxy A8 tablet</span>\n                        <h3 class=\"tp-product-details-desc-title\">Your world at a glance</h3>\n                        <p>\n                            With a slim design, a vibrant entertainment system, and <br>\n                            outstanding performance, the new Galaxy Tab A7 is a stylish new <br>\n                            companion for your life.Dive head-first into the things you love, <br>\n                            and easily share your favorite moments. Learn, explore, connect <br>\n                            and be inspired.\n                        </p>\n                    </div>\n                    <div>\n                        <h3 class=\"tp-product-details-desc-title\">Draw inspiration with S Pen</h3>\n                        <p>\n                            S Pen is a bundle of writing instruments in one. Its natural grip, <br>\n                            low latency and impressive pressure sensitivity will make it your go-to for everything from drawing to editing documents. And S Pen won\'t get misplaced thanks.\n                        </p>\n                    </div>\n                </div>\n                <div class=\"col-lg-6\">\n                    <div class=\"tp-product-details-desc-thumb\">\n                        <img src=\"/storage/main/products/product-details-desc-1.jpg\" alt=\"product\">\n                    </div>\n                </div>\n            </div>\n        </div>\n        <div class=\"tp-product-details-desc-item pb-75\">\n            <div class=\"row\">\n                <div class=\"col-lg-7\">\n                    <div class=\"tp-product-details-desc-thumb\">\n                        <img src=\"/storage/main/products/product-details-desc-2.jpg\" alt=\"product\">\n                    </div>\n                </div>\n\n                <div class=\"col-lg-5 order-first order-lg-last\">\n                    <div class=\"des-content-2 pl-40\">\n                        <h3 class=\"tp-product-details-desc-title\">\n                            Carry with <br>\n                            Confidence and style\n                        </h3>\n                        <p>\n                            Wrap your tablet in a sleek case that\'s as stylish as it is convenient. Galaxy Tab S6 Lite Book Cover folds around and clings magnetically, so you can easily gear up as you\'re headed out the door. There\'s even a\n                            compartment for S pen, so you can be sure it doesn\'t get left behind.\n                        </p>\n                    </div>\n                </div>\n            </div>\n        </div>\n        <div class=\"tp-product-details-desc-item\">\n            <div class=\"row\">\n                <div class=\"col-xl-12\">\n                    <div class=\"tp-product-details-desc-banner text-center m-img\">\n                        <h3 class=\"tp-product-details-desc-banner-title tp-product-details-desc-title\">Speed Memory Power = Epic Races</h3>\n                        <img src=\"/storage/main/products/product-details-desc-3.jpg\" alt=\"product\">\n                    </div>\n                </div>\n            </div>\n        </div>\n    </div>\n</div>\n','published','[\"main\\/products\\/product-18.jpg\",\"main\\/products\\/product-8.jpg\",\"main\\/products\\/product-17.jpg\",\"main\\/products\\/product-6.jpg\"]','S6-106',0,15,0,1,0,4,0,0,915,704,NULL,NULL,17.00,11.00,11.00,764.00,NULL,24665,'2024-05-10 02:10:31','2024-05-10 02:10:31','in_stock',4,0,'Botble\\ACL\\Models\\User',0,NULL,'digital',NULL,NULL,0,0,0),(49,'Roku Ultra 2020 Streaming Media Player','Jabra Evolve2 75 USB-A MS Teams Stereo Headset The Jabra Evolve2 75 USB-A MS Teams Stereo Headset has replaced previous hybrid working standards. Industry-leading call quality thanks to top-notch audio engineering.','<div class=\"row justify-content-center\">\n    <div class=\"col-xl-10\">\n        <div class=\"tp-product-details-desc-item pb-105\">\n            <div class=\"row\">\n                <div class=\"col-lg-6\">\n                    <div class=\"pt-25\">\n                        <span>Galaxy A8 tablet</span>\n                        <h3 class=\"tp-product-details-desc-title\">Your world at a glance</h3>\n                        <p>\n                            With a slim design, a vibrant entertainment system, and <br>\n                            outstanding performance, the new Galaxy Tab A7 is a stylish new <br>\n                            companion for your life.Dive head-first into the things you love, <br>\n                            and easily share your favorite moments. Learn, explore, connect <br>\n                            and be inspired.\n                        </p>\n                    </div>\n                    <div>\n                        <h3 class=\"tp-product-details-desc-title\">Draw inspiration with S Pen</h3>\n                        <p>\n                            S Pen is a bundle of writing instruments in one. Its natural grip, <br>\n                            low latency and impressive pressure sensitivity will make it your go-to for everything from drawing to editing documents. And S Pen won\'t get misplaced thanks.\n                        </p>\n                    </div>\n                </div>\n                <div class=\"col-lg-6\">\n                    <div class=\"tp-product-details-desc-thumb\">\n                        <img src=\"/storage/main/products/product-details-desc-1.jpg\" alt=\"product\">\n                    </div>\n                </div>\n            </div>\n        </div>\n        <div class=\"tp-product-details-desc-item pb-75\">\n            <div class=\"row\">\n                <div class=\"col-lg-7\">\n                    <div class=\"tp-product-details-desc-thumb\">\n                        <img src=\"/storage/main/products/product-details-desc-2.jpg\" alt=\"product\">\n                    </div>\n                </div>\n\n                <div class=\"col-lg-5 order-first order-lg-last\">\n                    <div class=\"des-content-2 pl-40\">\n                        <h3 class=\"tp-product-details-desc-title\">\n                            Carry with <br>\n                            Confidence and style\n                        </h3>\n                        <p>\n                            Wrap your tablet in a sleek case that\'s as stylish as it is convenient. Galaxy Tab S6 Lite Book Cover folds around and clings magnetically, so you can easily gear up as you\'re headed out the door. There\'s even a\n                            compartment for S pen, so you can be sure it doesn\'t get left behind.\n                        </p>\n                    </div>\n                </div>\n            </div>\n        </div>\n        <div class=\"tp-product-details-desc-item\">\n            <div class=\"row\">\n                <div class=\"col-xl-12\">\n                    <div class=\"tp-product-details-desc-banner text-center m-img\">\n                        <h3 class=\"tp-product-details-desc-banner-title tp-product-details-desc-title\">Speed Memory Power = Epic Races</h3>\n                        <img src=\"/storage/main/products/product-details-desc-3.jpg\" alt=\"product\">\n                    </div>\n                </div>\n            </div>\n        </div>\n    </div>\n</div>\n','published','[\"main\\/products\\/product-details-desc-1.jpg\",\"main\\/products\\/product-10.jpg\",\"main\\/products\\/product-3.jpg\"]','IH-120',0,16,0,1,1,1,0,0,877,8,NULL,NULL,11.00,11.00,12.00,546.00,NULL,115708,'2024-05-10 02:10:31','2024-05-10 02:10:31','in_stock',3,0,'Botble\\ACL\\Models\\User',0,NULL,'physical',NULL,NULL,0,0,0),(50,'Amazon Fire TV Stick 4K Max','We can provide exceptional noise isolation and the best all-day comfort by mixing firm foam for the outer with soft foam for the interior of the ear cushions. So that you may receive Active Noise-Cancellation (ANC) performance that is even greater in a headset that you can wear for whatever length you wish.','<div class=\"row justify-content-center\">\n    <div class=\"col-xl-10\">\n        <div class=\"tp-product-details-desc-item pb-105\">\n            <div class=\"row\">\n                <div class=\"col-lg-6\">\n                    <div class=\"pt-25\">\n                        <span>Galaxy A8 tablet</span>\n                        <h3 class=\"tp-product-details-desc-title\">Your world at a glance</h3>\n                        <p>\n                            With a slim design, a vibrant entertainment system, and <br>\n                            outstanding performance, the new Galaxy Tab A7 is a stylish new <br>\n                            companion for your life.Dive head-first into the things you love, <br>\n                            and easily share your favorite moments. Learn, explore, connect <br>\n                            and be inspired.\n                        </p>\n                    </div>\n                    <div>\n                        <h3 class=\"tp-product-details-desc-title\">Draw inspiration with S Pen</h3>\n                        <p>\n                            S Pen is a bundle of writing instruments in one. Its natural grip, <br>\n                            low latency and impressive pressure sensitivity will make it your go-to for everything from drawing to editing documents. And S Pen won\'t get misplaced thanks.\n                        </p>\n                    </div>\n                </div>\n                <div class=\"col-lg-6\">\n                    <div class=\"tp-product-details-desc-thumb\">\n                        <img src=\"/storage/main/products/product-details-desc-1.jpg\" alt=\"product\">\n                    </div>\n                </div>\n            </div>\n        </div>\n        <div class=\"tp-product-details-desc-item pb-75\">\n            <div class=\"row\">\n                <div class=\"col-lg-7\">\n                    <div class=\"tp-product-details-desc-thumb\">\n                        <img src=\"/storage/main/products/product-details-desc-2.jpg\" alt=\"product\">\n                    </div>\n                </div>\n\n                <div class=\"col-lg-5 order-first order-lg-last\">\n                    <div class=\"des-content-2 pl-40\">\n                        <h3 class=\"tp-product-details-desc-title\">\n                            Carry with <br>\n                            Confidence and style\n                        </h3>\n                        <p>\n                            Wrap your tablet in a sleek case that\'s as stylish as it is convenient. Galaxy Tab S6 Lite Book Cover folds around and clings magnetically, so you can easily gear up as you\'re headed out the door. There\'s even a\n                            compartment for S pen, so you can be sure it doesn\'t get left behind.\n                        </p>\n                    </div>\n                </div>\n            </div>\n        </div>\n        <div class=\"tp-product-details-desc-item\">\n            <div class=\"row\">\n                <div class=\"col-xl-12\">\n                    <div class=\"tp-product-details-desc-banner text-center m-img\">\n                        <h3 class=\"tp-product-details-desc-banner-title tp-product-details-desc-title\">Speed Memory Power = Epic Races</h3>\n                        <img src=\"/storage/main/products/product-details-desc-3.jpg\" alt=\"product\">\n                    </div>\n                </div>\n            </div>\n        </div>\n    </div>\n</div>\n','published','[\"main\\/products\\/product-details-desc-2.jpg\",\"main\\/products\\/product-18.jpg\",\"main\\/products\\/product-19.jpg\",\"main\\/products\\/product-17.jpg\",\"main\\/products\\/product-14.jpg\",\"main\\/products\\/product-2.jpg\",\"main\\/products\\/product-15.jpg\",\"main\\/products\\/product-9.jpg\"]','5H-103-A1',0,10,0,1,0,1,0,0,1949,NULL,NULL,NULL,17.00,15.00,16.00,722.00,NULL,107699,'2024-05-10 02:10:31','2024-05-10 02:10:32','in_stock',4,0,'Botble\\ACL\\Models\\User',0,NULL,'physical',NULL,NULL,0,0,0),(51,'Google Chromecast with Google TV','With this intelligent headset, you can stay connected and productive from the first call of the day to the last train home. With an ergonomic earcup design, this headset invented a brand-new dual-foam technology. You will be comfortable from the first call to the last thanks to the re-engineered leatherette ear cushion design that allows for better airflow.','<div class=\"row justify-content-center\">\n    <div class=\"col-xl-10\">\n        <div class=\"tp-product-details-desc-item pb-105\">\n            <div class=\"row\">\n                <div class=\"col-lg-6\">\n                    <div class=\"pt-25\">\n                        <span>Galaxy A8 tablet</span>\n                        <h3 class=\"tp-product-details-desc-title\">Your world at a glance</h3>\n                        <p>\n                            With a slim design, a vibrant entertainment system, and <br>\n                            outstanding performance, the new Galaxy Tab A7 is a stylish new <br>\n                            companion for your life.Dive head-first into the things you love, <br>\n                            and easily share your favorite moments. Learn, explore, connect <br>\n                            and be inspired.\n                        </p>\n                    </div>\n                    <div>\n                        <h3 class=\"tp-product-details-desc-title\">Draw inspiration with S Pen</h3>\n                        <p>\n                            S Pen is a bundle of writing instruments in one. Its natural grip, <br>\n                            low latency and impressive pressure sensitivity will make it your go-to for everything from drawing to editing documents. And S Pen won\'t get misplaced thanks.\n                        </p>\n                    </div>\n                </div>\n                <div class=\"col-lg-6\">\n                    <div class=\"tp-product-details-desc-thumb\">\n                        <img src=\"/storage/main/products/product-details-desc-1.jpg\" alt=\"product\">\n                    </div>\n                </div>\n            </div>\n        </div>\n        <div class=\"tp-product-details-desc-item pb-75\">\n            <div class=\"row\">\n                <div class=\"col-lg-7\">\n                    <div class=\"tp-product-details-desc-thumb\">\n                        <img src=\"/storage/main/products/product-details-desc-2.jpg\" alt=\"product\">\n                    </div>\n                </div>\n\n                <div class=\"col-lg-5 order-first order-lg-last\">\n                    <div class=\"des-content-2 pl-40\">\n                        <h3 class=\"tp-product-details-desc-title\">\n                            Carry with <br>\n                            Confidence and style\n                        </h3>\n                        <p>\n                            Wrap your tablet in a sleek case that\'s as stylish as it is convenient. Galaxy Tab S6 Lite Book Cover folds around and clings magnetically, so you can easily gear up as you\'re headed out the door. There\'s even a\n                            compartment for S pen, so you can be sure it doesn\'t get left behind.\n                        </p>\n                    </div>\n                </div>\n            </div>\n        </div>\n        <div class=\"tp-product-details-desc-item\">\n            <div class=\"row\">\n                <div class=\"col-xl-12\">\n                    <div class=\"tp-product-details-desc-banner text-center m-img\">\n                        <h3 class=\"tp-product-details-desc-banner-title tp-product-details-desc-title\">Speed Memory Power = Epic Races</h3>\n                        <img src=\"/storage/main/products/product-details-desc-3.jpg\" alt=\"product\">\n                    </div>\n                </div>\n            </div>\n        </div>\n    </div>\n</div>\n','published','[\"main\\/products\\/product-8.jpg\",\"main\\/products\\/product-18.jpg\",\"main\\/products\\/product-15.jpg\",\"main\\/products\\/product-6.jpg\",\"main\\/products\\/product-14.jpg\",\"main\\/products\\/product-17.jpg\"]','4L-186',0,20,0,1,0,4,0,0,1270,92,NULL,NULL,12.00,15.00,20.00,634.00,NULL,75117,'2024-05-10 02:10:31','2024-05-10 02:10:31','in_stock',6,0,'Botble\\ACL\\Models\\User',0,NULL,'physical',NULL,NULL,0,0,0),(52,'NVIDIA SHIELD TV Pro (Digital)','With this intelligent headset, you can stay connected and productive from the first call of the day to the last train home. With an ergonomic earcup design, this headset invented a brand-new dual-foam technology. You will be comfortable from the first call to the last thanks to the re-engineered leatherette ear cushion design that allows for better airflow.','<div class=\"row justify-content-center\">\n    <div class=\"col-xl-10\">\n        <div class=\"tp-product-details-desc-item pb-105\">\n            <div class=\"row\">\n                <div class=\"col-lg-6\">\n                    <div class=\"pt-25\">\n                        <span>Galaxy A8 tablet</span>\n                        <h3 class=\"tp-product-details-desc-title\">Your world at a glance</h3>\n                        <p>\n                            With a slim design, a vibrant entertainment system, and <br>\n                            outstanding performance, the new Galaxy Tab A7 is a stylish new <br>\n                            companion for your life.Dive head-first into the things you love, <br>\n                            and easily share your favorite moments. Learn, explore, connect <br>\n                            and be inspired.\n                        </p>\n                    </div>\n                    <div>\n                        <h3 class=\"tp-product-details-desc-title\">Draw inspiration with S Pen</h3>\n                        <p>\n                            S Pen is a bundle of writing instruments in one. Its natural grip, <br>\n                            low latency and impressive pressure sensitivity will make it your go-to for everything from drawing to editing documents. And S Pen won\'t get misplaced thanks.\n                        </p>\n                    </div>\n                </div>\n                <div class=\"col-lg-6\">\n                    <div class=\"tp-product-details-desc-thumb\">\n                        <img src=\"/storage/main/products/product-details-desc-1.jpg\" alt=\"product\">\n                    </div>\n                </div>\n            </div>\n        </div>\n        <div class=\"tp-product-details-desc-item pb-75\">\n            <div class=\"row\">\n                <div class=\"col-lg-7\">\n                    <div class=\"tp-product-details-desc-thumb\">\n                        <img src=\"/storage/main/products/product-details-desc-2.jpg\" alt=\"product\">\n                    </div>\n                </div>\n\n                <div class=\"col-lg-5 order-first order-lg-last\">\n                    <div class=\"des-content-2 pl-40\">\n                        <h3 class=\"tp-product-details-desc-title\">\n                            Carry with <br>\n                            Confidence and style\n                        </h3>\n                        <p>\n                            Wrap your tablet in a sleek case that\'s as stylish as it is convenient. Galaxy Tab S6 Lite Book Cover folds around and clings magnetically, so you can easily gear up as you\'re headed out the door. There\'s even a\n                            compartment for S pen, so you can be sure it doesn\'t get left behind.\n                        </p>\n                    </div>\n                </div>\n            </div>\n        </div>\n        <div class=\"tp-product-details-desc-item\">\n            <div class=\"row\">\n                <div class=\"col-xl-12\">\n                    <div class=\"tp-product-details-desc-banner text-center m-img\">\n                        <h3 class=\"tp-product-details-desc-banner-title tp-product-details-desc-title\">Speed Memory Power = Epic Races</h3>\n                        <img src=\"/storage/main/products/product-details-desc-3.jpg\" alt=\"product\">\n                    </div>\n                </div>\n            </div>\n        </div>\n    </div>\n</div>\n','published','[\"main\\/products\\/product-13.jpg\",\"main\\/products\\/product-8.jpg\",\"main\\/products\\/product-details-desc-1.jpg\",\"main\\/products\\/product-4.jpg\",\"main\\/products\\/product-20.jpg\",\"main\\/products\\/product-details-desc-3.jpg\",\"main\\/products\\/product-10.jpg\",\"main\\/products\\/product-6.jpg\"]','MV-171',0,20,0,1,1,1,0,0,1965,33,NULL,NULL,19.00,20.00,15.00,627.00,NULL,15671,'2024-05-10 02:10:31','2024-05-10 02:10:31','in_stock',8,0,'Botble\\ACL\\Models\\User',0,NULL,'digital',NULL,NULL,0,0,0),(53,'Sonos Beam Gen 2 Soundbar','With this intelligent headset, you can stay connected and productive from the first call of the day to the last train home. With an ergonomic earcup design, this headset invented a brand-new dual-foam technology. You will be comfortable from the first call to the last thanks to the re-engineered leatherette ear cushion design that allows for better airflow.','<div class=\"row justify-content-center\">\n    <div class=\"col-xl-10\">\n        <div class=\"tp-product-details-desc-item pb-105\">\n            <div class=\"row\">\n                <div class=\"col-lg-6\">\n                    <div class=\"pt-25\">\n                        <span>Galaxy A8 tablet</span>\n                        <h3 class=\"tp-product-details-desc-title\">Your world at a glance</h3>\n                        <p>\n                            With a slim design, a vibrant entertainment system, and <br>\n                            outstanding performance, the new Galaxy Tab A7 is a stylish new <br>\n                            companion for your life.Dive head-first into the things you love, <br>\n                            and easily share your favorite moments. Learn, explore, connect <br>\n                            and be inspired.\n                        </p>\n                    </div>\n                    <div>\n                        <h3 class=\"tp-product-details-desc-title\">Draw inspiration with S Pen</h3>\n                        <p>\n                            S Pen is a bundle of writing instruments in one. Its natural grip, <br>\n                            low latency and impressive pressure sensitivity will make it your go-to for everything from drawing to editing documents. And S Pen won\'t get misplaced thanks.\n                        </p>\n                    </div>\n                </div>\n                <div class=\"col-lg-6\">\n                    <div class=\"tp-product-details-desc-thumb\">\n                        <img src=\"/storage/main/products/product-details-desc-1.jpg\" alt=\"product\">\n                    </div>\n                </div>\n            </div>\n        </div>\n        <div class=\"tp-product-details-desc-item pb-75\">\n            <div class=\"row\">\n                <div class=\"col-lg-7\">\n                    <div class=\"tp-product-details-desc-thumb\">\n                        <img src=\"/storage/main/products/product-details-desc-2.jpg\" alt=\"product\">\n                    </div>\n                </div>\n\n                <div class=\"col-lg-5 order-first order-lg-last\">\n                    <div class=\"des-content-2 pl-40\">\n                        <h3 class=\"tp-product-details-desc-title\">\n                            Carry with <br>\n                            Confidence and style\n                        </h3>\n                        <p>\n                            Wrap your tablet in a sleek case that\'s as stylish as it is convenient. Galaxy Tab S6 Lite Book Cover folds around and clings magnetically, so you can easily gear up as you\'re headed out the door. There\'s even a\n                            compartment for S pen, so you can be sure it doesn\'t get left behind.\n                        </p>\n                    </div>\n                </div>\n            </div>\n        </div>\n        <div class=\"tp-product-details-desc-item\">\n            <div class=\"row\">\n                <div class=\"col-xl-12\">\n                    <div class=\"tp-product-details-desc-banner text-center m-img\">\n                        <h3 class=\"tp-product-details-desc-banner-title tp-product-details-desc-title\">Speed Memory Power = Epic Races</h3>\n                        <img src=\"/storage/main/products/product-details-desc-3.jpg\" alt=\"product\">\n                    </div>\n                </div>\n            </div>\n        </div>\n    </div>\n</div>\n','published','[\"main\\/products\\/product-15.jpg\",\"main\\/products\\/product-2.jpg\",\"main\\/products\\/product-4.jpg\",\"main\\/products\\/product-13.jpg\"]','9C-120-A1',0,14,0,1,0,3,0,0,1620,NULL,NULL,NULL,14.00,14.00,11.00,608.00,NULL,9467,'2024-05-10 02:10:31','2024-05-10 02:10:32','in_stock',8,0,'Botble\\ACL\\Models\\User',0,NULL,'physical',NULL,NULL,0,0,0),(54,'Bose Smart Soundbar 900','We can provide exceptional noise isolation and the best all-day comfort by mixing firm foam for the outer with soft foam for the interior of the ear cushions. So that you may receive Active Noise-Cancellation (ANC) performance that is even greater in a headset that you can wear for whatever length you wish.','<div class=\"row justify-content-center\">\n    <div class=\"col-xl-10\">\n        <div class=\"tp-product-details-desc-item pb-105\">\n            <div class=\"row\">\n                <div class=\"col-lg-6\">\n                    <div class=\"pt-25\">\n                        <span>Galaxy A8 tablet</span>\n                        <h3 class=\"tp-product-details-desc-title\">Your world at a glance</h3>\n                        <p>\n                            With a slim design, a vibrant entertainment system, and <br>\n                            outstanding performance, the new Galaxy Tab A7 is a stylish new <br>\n                            companion for your life.Dive head-first into the things you love, <br>\n                            and easily share your favorite moments. Learn, explore, connect <br>\n                            and be inspired.\n                        </p>\n                    </div>\n                    <div>\n                        <h3 class=\"tp-product-details-desc-title\">Draw inspiration with S Pen</h3>\n                        <p>\n                            S Pen is a bundle of writing instruments in one. Its natural grip, <br>\n                            low latency and impressive pressure sensitivity will make it your go-to for everything from drawing to editing documents. And S Pen won\'t get misplaced thanks.\n                        </p>\n                    </div>\n                </div>\n                <div class=\"col-lg-6\">\n                    <div class=\"tp-product-details-desc-thumb\">\n                        <img src=\"/storage/main/products/product-details-desc-1.jpg\" alt=\"product\">\n                    </div>\n                </div>\n            </div>\n        </div>\n        <div class=\"tp-product-details-desc-item pb-75\">\n            <div class=\"row\">\n                <div class=\"col-lg-7\">\n                    <div class=\"tp-product-details-desc-thumb\">\n                        <img src=\"/storage/main/products/product-details-desc-2.jpg\" alt=\"product\">\n                    </div>\n                </div>\n\n                <div class=\"col-lg-5 order-first order-lg-last\">\n                    <div class=\"des-content-2 pl-40\">\n                        <h3 class=\"tp-product-details-desc-title\">\n                            Carry with <br>\n                            Confidence and style\n                        </h3>\n                        <p>\n                            Wrap your tablet in a sleek case that\'s as stylish as it is convenient. Galaxy Tab S6 Lite Book Cover folds around and clings magnetically, so you can easily gear up as you\'re headed out the door. There\'s even a\n                            compartment for S pen, so you can be sure it doesn\'t get left behind.\n                        </p>\n                    </div>\n                </div>\n            </div>\n        </div>\n        <div class=\"tp-product-details-desc-item\">\n            <div class=\"row\">\n                <div class=\"col-xl-12\">\n                    <div class=\"tp-product-details-desc-banner text-center m-img\">\n                        <h3 class=\"tp-product-details-desc-banner-title tp-product-details-desc-title\">Speed Memory Power = Epic Races</h3>\n                        <img src=\"/storage/main/products/product-details-desc-3.jpg\" alt=\"product\">\n                    </div>\n                </div>\n            </div>\n        </div>\n    </div>\n</div>\n','published','[\"main\\/products\\/product-3.jpg\",\"main\\/products\\/product-10.jpg\",\"main\\/products\\/product-8.jpg\",\"main\\/products\\/product-details-desc-1.jpg\"]','KD-112',0,18,0,1,0,3,0,0,2432,1211,NULL,NULL,10.00,16.00,16.00,899.00,NULL,189045,'2024-05-10 02:10:31','2024-05-10 02:10:31','in_stock',8,0,'Botble\\ACL\\Models\\User',0,NULL,'physical',NULL,NULL,0,0,0),(55,'JBL Bar 9.1 Soundbar with Dolby Atmos','Jabra Evolve2 75 USB-A MS Teams Stereo Headset The Jabra Evolve2 75 USB-A MS Teams Stereo Headset has replaced previous hybrid working standards. Industry-leading call quality thanks to top-notch audio engineering.','<div class=\"row justify-content-center\">\n    <div class=\"col-xl-10\">\n        <div class=\"tp-product-details-desc-item pb-105\">\n            <div class=\"row\">\n                <div class=\"col-lg-6\">\n                    <div class=\"pt-25\">\n                        <span>Galaxy A8 tablet</span>\n                        <h3 class=\"tp-product-details-desc-title\">Your world at a glance</h3>\n                        <p>\n                            With a slim design, a vibrant entertainment system, and <br>\n                            outstanding performance, the new Galaxy Tab A7 is a stylish new <br>\n                            companion for your life.Dive head-first into the things you love, <br>\n                            and easily share your favorite moments. Learn, explore, connect <br>\n                            and be inspired.\n                        </p>\n                    </div>\n                    <div>\n                        <h3 class=\"tp-product-details-desc-title\">Draw inspiration with S Pen</h3>\n                        <p>\n                            S Pen is a bundle of writing instruments in one. Its natural grip, <br>\n                            low latency and impressive pressure sensitivity will make it your go-to for everything from drawing to editing documents. And S Pen won\'t get misplaced thanks.\n                        </p>\n                    </div>\n                </div>\n                <div class=\"col-lg-6\">\n                    <div class=\"tp-product-details-desc-thumb\">\n                        <img src=\"/storage/main/products/product-details-desc-1.jpg\" alt=\"product\">\n                    </div>\n                </div>\n            </div>\n        </div>\n        <div class=\"tp-product-details-desc-item pb-75\">\n            <div class=\"row\">\n                <div class=\"col-lg-7\">\n                    <div class=\"tp-product-details-desc-thumb\">\n                        <img src=\"/storage/main/products/product-details-desc-2.jpg\" alt=\"product\">\n                    </div>\n                </div>\n\n                <div class=\"col-lg-5 order-first order-lg-last\">\n                    <div class=\"des-content-2 pl-40\">\n                        <h3 class=\"tp-product-details-desc-title\">\n                            Carry with <br>\n                            Confidence and style\n                        </h3>\n                        <p>\n                            Wrap your tablet in a sleek case that\'s as stylish as it is convenient. Galaxy Tab S6 Lite Book Cover folds around and clings magnetically, so you can easily gear up as you\'re headed out the door. There\'s even a\n                            compartment for S pen, so you can be sure it doesn\'t get left behind.\n                        </p>\n                    </div>\n                </div>\n            </div>\n        </div>\n        <div class=\"tp-product-details-desc-item\">\n            <div class=\"row\">\n                <div class=\"col-xl-12\">\n                    <div class=\"tp-product-details-desc-banner text-center m-img\">\n                        <h3 class=\"tp-product-details-desc-banner-title tp-product-details-desc-title\">Speed Memory Power = Epic Races</h3>\n                        <img src=\"/storage/main/products/product-details-desc-3.jpg\" alt=\"product\">\n                    </div>\n                </div>\n            </div>\n        </div>\n    </div>\n</div>\n','published','[\"main\\/products\\/product-details-desc-2.jpg\",\"main\\/products\\/product-9.jpg\",\"main\\/products\\/product-1.jpg\",\"main\\/products\\/product-8.jpg\"]','Q2-121-A1',0,14,0,1,0,4,0,0,801,NULL,NULL,NULL,13.00,16.00,14.00,801.00,NULL,8367,'2024-05-10 02:10:31','2024-05-10 02:10:32','in_stock',5,0,'Botble\\ACL\\Models\\User',0,NULL,'physical',NULL,NULL,0,0,0),(56,'Sennheiser Ambeo Soundbar (Digital)','Jabra Evolve2 75 USB-A MS Teams Stereo Headset The Jabra Evolve2 75 USB-A MS Teams Stereo Headset has replaced previous hybrid working standards. Industry-leading call quality thanks to top-notch audio engineering.','<div class=\"row justify-content-center\">\n    <div class=\"col-xl-10\">\n        <div class=\"tp-product-details-desc-item pb-105\">\n            <div class=\"row\">\n                <div class=\"col-lg-6\">\n                    <div class=\"pt-25\">\n                        <span>Galaxy A8 tablet</span>\n                        <h3 class=\"tp-product-details-desc-title\">Your world at a glance</h3>\n                        <p>\n                            With a slim design, a vibrant entertainment system, and <br>\n                            outstanding performance, the new Galaxy Tab A7 is a stylish new <br>\n                            companion for your life.Dive head-first into the things you love, <br>\n                            and easily share your favorite moments. Learn, explore, connect <br>\n                            and be inspired.\n                        </p>\n                    </div>\n                    <div>\n                        <h3 class=\"tp-product-details-desc-title\">Draw inspiration with S Pen</h3>\n                        <p>\n                            S Pen is a bundle of writing instruments in one. Its natural grip, <br>\n                            low latency and impressive pressure sensitivity will make it your go-to for everything from drawing to editing documents. And S Pen won\'t get misplaced thanks.\n                        </p>\n                    </div>\n                </div>\n                <div class=\"col-lg-6\">\n                    <div class=\"tp-product-details-desc-thumb\">\n                        <img src=\"/storage/main/products/product-details-desc-1.jpg\" alt=\"product\">\n                    </div>\n                </div>\n            </div>\n        </div>\n        <div class=\"tp-product-details-desc-item pb-75\">\n            <div class=\"row\">\n                <div class=\"col-lg-7\">\n                    <div class=\"tp-product-details-desc-thumb\">\n                        <img src=\"/storage/main/products/product-details-desc-2.jpg\" alt=\"product\">\n                    </div>\n                </div>\n\n                <div class=\"col-lg-5 order-first order-lg-last\">\n                    <div class=\"des-content-2 pl-40\">\n                        <h3 class=\"tp-product-details-desc-title\">\n                            Carry with <br>\n                            Confidence and style\n                        </h3>\n                        <p>\n                            Wrap your tablet in a sleek case that\'s as stylish as it is convenient. Galaxy Tab S6 Lite Book Cover folds around and clings magnetically, so you can easily gear up as you\'re headed out the door. There\'s even a\n                            compartment for S pen, so you can be sure it doesn\'t get left behind.\n                        </p>\n                    </div>\n                </div>\n            </div>\n        </div>\n        <div class=\"tp-product-details-desc-item\">\n            <div class=\"row\">\n                <div class=\"col-xl-12\">\n                    <div class=\"tp-product-details-desc-banner text-center m-img\">\n                        <h3 class=\"tp-product-details-desc-banner-title tp-product-details-desc-title\">Speed Memory Power = Epic Races</h3>\n                        <img src=\"/storage/main/products/product-details-desc-3.jpg\" alt=\"product\">\n                    </div>\n                </div>\n            </div>\n        </div>\n    </div>\n</div>\n','published','[\"main\\/products\\/product-details-desc-2.jpg\",\"main\\/products\\/product-18.jpg\",\"main\\/products\\/product-8.jpg\",\"main\\/products\\/product-11.jpg\",\"main\\/products\\/product-10.jpg\"]','OM-152',0,19,0,1,1,3,0,0,1899,1269,NULL,NULL,12.00,15.00,18.00,621.00,NULL,193547,'2024-05-10 02:10:31','2024-05-10 02:10:31','in_stock',7,0,'Botble\\ACL\\Models\\User',0,NULL,'digital',NULL,NULL,0,0,0),(57,'Sony HT-A9 Home Theater System','Jabra Evolve2 75 USB-A MS Teams Stereo Headset The Jabra Evolve2 75 USB-A MS Teams Stereo Headset has replaced previous hybrid working standards. Industry-leading call quality thanks to top-notch audio engineering.','<div class=\"row justify-content-center\">\n    <div class=\"col-xl-10\">\n        <div class=\"tp-product-details-desc-item pb-105\">\n            <div class=\"row\">\n                <div class=\"col-lg-6\">\n                    <div class=\"pt-25\">\n                        <span>Galaxy A8 tablet</span>\n                        <h3 class=\"tp-product-details-desc-title\">Your world at a glance</h3>\n                        <p>\n                            With a slim design, a vibrant entertainment system, and <br>\n                            outstanding performance, the new Galaxy Tab A7 is a stylish new <br>\n                            companion for your life.Dive head-first into the things you love, <br>\n                            and easily share your favorite moments. Learn, explore, connect <br>\n                            and be inspired.\n                        </p>\n                    </div>\n                    <div>\n                        <h3 class=\"tp-product-details-desc-title\">Draw inspiration with S Pen</h3>\n                        <p>\n                            S Pen is a bundle of writing instruments in one. Its natural grip, <br>\n                            low latency and impressive pressure sensitivity will make it your go-to for everything from drawing to editing documents. And S Pen won\'t get misplaced thanks.\n                        </p>\n                    </div>\n                </div>\n                <div class=\"col-lg-6\">\n                    <div class=\"tp-product-details-desc-thumb\">\n                        <img src=\"/storage/main/products/product-details-desc-1.jpg\" alt=\"product\">\n                    </div>\n                </div>\n            </div>\n        </div>\n        <div class=\"tp-product-details-desc-item pb-75\">\n            <div class=\"row\">\n                <div class=\"col-lg-7\">\n                    <div class=\"tp-product-details-desc-thumb\">\n                        <img src=\"/storage/main/products/product-details-desc-2.jpg\" alt=\"product\">\n                    </div>\n                </div>\n\n                <div class=\"col-lg-5 order-first order-lg-last\">\n                    <div class=\"des-content-2 pl-40\">\n                        <h3 class=\"tp-product-details-desc-title\">\n                            Carry with <br>\n                            Confidence and style\n                        </h3>\n                        <p>\n                            Wrap your tablet in a sleek case that\'s as stylish as it is convenient. Galaxy Tab S6 Lite Book Cover folds around and clings magnetically, so you can easily gear up as you\'re headed out the door. There\'s even a\n                            compartment for S pen, so you can be sure it doesn\'t get left behind.\n                        </p>\n                    </div>\n                </div>\n            </div>\n        </div>\n        <div class=\"tp-product-details-desc-item\">\n            <div class=\"row\">\n                <div class=\"col-xl-12\">\n                    <div class=\"tp-product-details-desc-banner text-center m-img\">\n                        <h3 class=\"tp-product-details-desc-banner-title tp-product-details-desc-title\">Speed Memory Power = Epic Races</h3>\n                        <img src=\"/storage/main/products/product-details-desc-3.jpg\" alt=\"product\">\n                    </div>\n                </div>\n            </div>\n        </div>\n    </div>\n</div>\n','published','[\"main\\/products\\/product-12.jpg\",\"main\\/products\\/product-6.jpg\",\"main\\/products\\/product-details-desc-2.jpg\",\"main\\/products\\/product-20.jpg\",\"main\\/products\\/product-details-desc-3.jpg\",\"main\\/products\\/product-4.jpg\",\"main\\/products\\/product-10.jpg\"]','G2-151-A1',0,19,0,1,1,3,0,0,2280,NULL,NULL,NULL,14.00,17.00,16.00,709.00,NULL,156061,'2024-05-10 02:10:31','2024-05-10 02:10:32','in_stock',8,0,'Botble\\ACL\\Models\\User',0,NULL,'physical',NULL,NULL,0,0,0),(58,'EcoTech Marine Radion XR30w G5 Pro LED Light Fixture',NULL,NULL,'published','[\"main\\/products\\/product-9.jpg\"]','IL-117-A1',0,20,0,1,0,4,1,0,1116,NULL,NULL,NULL,17.00,13.00,13.00,551.00,NULL,0,'2024-05-10 02:10:31','2024-05-10 02:10:31','in_stock',NULL,0,'Botble\\ACL\\Models\\User',0,NULL,'physical',NULL,NULL,0,NULL,NULL),(59,'EcoTech Marine Radion XR30w G5 Pro LED Light Fixture',NULL,NULL,'published','[\"main\\/products\\/product-16.jpg\"]','IL-117-A1-A2',0,20,0,1,0,4,1,0,1116,NULL,NULL,NULL,17.00,13.00,13.00,551.00,NULL,0,'2024-05-10 02:10:31','2024-05-10 02:10:31','in_stock',NULL,0,'Botble\\ACL\\Models\\User',0,NULL,'physical',NULL,NULL,0,0,0),(60,'EcoTech Marine Radion XR30w G5 Pro LED Light Fixture',NULL,NULL,'published','[\"main\\/products\\/product-15.jpg\"]','IL-117-A1-A3',0,20,0,1,0,4,1,0,1116,NULL,NULL,NULL,17.00,13.00,13.00,551.00,NULL,0,'2024-05-10 02:10:31','2024-05-10 02:10:31','in_stock',NULL,0,'Botble\\ACL\\Models\\User',0,NULL,'physical',NULL,NULL,0,0,0),(61,'Apple MacBook Pro 16-Inch Laptop (Digital)',NULL,NULL,'published','[\"main\\/products\\/product-17.jpg\"]','SU-136-A1',0,18,0,1,0,4,1,0,1136,1011.04,NULL,NULL,14.00,20.00,13.00,686.00,NULL,0,'2024-05-10 02:10:31','2024-05-10 02:10:31','in_stock',NULL,0,'Botble\\ACL\\Models\\User',0,NULL,'digital',NULL,NULL,0,NULL,NULL),(62,'Apple MacBook Pro 16-Inch Laptop (Digital)',NULL,NULL,'published','[\"main\\/products\\/product-19.jpg\"]','SU-136-A1-A2',0,18,0,1,0,4,1,0,1136,931.52,NULL,NULL,14.00,20.00,13.00,686.00,NULL,0,'2024-05-10 02:10:31','2024-05-10 02:10:31','in_stock',NULL,0,'Botble\\ACL\\Models\\User',0,NULL,'digital',NULL,NULL,0,0,0),(63,'Apple MacBook Pro 16-Inch Laptop (Digital)',NULL,NULL,'published','[\"main\\/products\\/product-1.jpg\"]','SU-136-A1-A3',0,18,0,1,0,4,1,0,1136,1011.04,NULL,NULL,14.00,20.00,13.00,686.00,NULL,0,'2024-05-10 02:10:31','2024-05-10 02:10:31','in_stock',NULL,0,'Botble\\ACL\\Models\\User',0,NULL,'digital',NULL,NULL,0,0,0),(64,'Apple MacBook Pro 16-Inch Laptop (Digital)',NULL,NULL,'published','[\"main\\/products\\/product-3.jpg\"]','SU-136-A1-A4',0,18,0,1,0,4,1,0,1136,897.44,NULL,NULL,14.00,20.00,13.00,686.00,NULL,0,'2024-05-10 02:10:31','2024-05-10 02:10:31','in_stock',NULL,0,'Botble\\ACL\\Models\\User',0,NULL,'digital',NULL,NULL,0,0,0),(65,'Sony WH-1000XM4 Wireless Noise-Canceling Headphones',NULL,NULL,'published','[\"main\\/products\\/product-details-desc-1.jpg\"]','VP-165-A1',0,20,0,1,0,1,1,0,2348,NULL,NULL,NULL,10.00,17.00,19.00,597.00,NULL,0,'2024-05-10 02:10:31','2024-05-10 02:10:31','in_stock',NULL,0,'Botble\\ACL\\Models\\User',0,NULL,'physical',NULL,NULL,0,NULL,NULL),(66,'Sony WH-1000XM4 Wireless Noise-Canceling Headphones',NULL,NULL,'published','[\"main\\/products\\/product-3.jpg\"]','VP-165-A1-A2',0,20,0,1,0,1,1,0,2348,NULL,NULL,NULL,10.00,17.00,19.00,597.00,NULL,0,'2024-05-10 02:10:31','2024-05-10 02:10:31','in_stock',NULL,0,'Botble\\ACL\\Models\\User',0,NULL,'physical',NULL,NULL,0,0,0),(67,'Sony WH-1000XM4 Wireless Noise-Canceling Headphones',NULL,NULL,'published','[\"main\\/products\\/product-details-desc-2.jpg\"]','VP-165-A1-A3',0,20,0,1,0,1,1,0,2348,NULL,NULL,NULL,10.00,17.00,19.00,597.00,NULL,0,'2024-05-10 02:10:31','2024-05-10 02:10:31','in_stock',NULL,0,'Botble\\ACL\\Models\\User',0,NULL,'physical',NULL,NULL,0,0,0),(68,'Sony WH-1000XM4 Wireless Noise-Canceling Headphones',NULL,NULL,'published','[\"main\\/products\\/product-14.jpg\"]','VP-165-A1-A4',0,20,0,1,0,1,1,0,2348,NULL,NULL,NULL,10.00,17.00,19.00,597.00,NULL,0,'2024-05-10 02:10:31','2024-05-10 02:10:31','in_stock',NULL,0,'Botble\\ACL\\Models\\User',0,NULL,'physical',NULL,NULL,0,0,0),(69,'DJI Mavic Air 2 Drone',NULL,NULL,'published','[\"main\\/products\\/product-5.jpg\"]','BM-197-A1',0,20,0,1,0,4,1,0,2428,NULL,NULL,NULL,14.00,19.00,20.00,662.00,NULL,0,'2024-05-10 02:10:31','2024-05-10 02:10:31','in_stock',NULL,0,'Botble\\ACL\\Models\\User',0,NULL,'physical',NULL,NULL,0,NULL,NULL),(70,'DJI Mavic Air 2 Drone',NULL,NULL,'published','[\"main\\/products\\/product-4.jpg\"]','BM-197-A1-A2',0,20,0,1,0,4,1,0,2428,NULL,NULL,NULL,14.00,19.00,20.00,662.00,NULL,0,'2024-05-10 02:10:31','2024-05-10 02:10:31','in_stock',NULL,0,'Botble\\ACL\\Models\\User',0,NULL,'physical',NULL,NULL,0,0,0),(71,'DJI Mavic Air 2 Drone',NULL,NULL,'published','[\"main\\/products\\/product-6.jpg\"]','BM-197-A1-A3',0,20,0,1,0,4,1,0,2428,NULL,NULL,NULL,14.00,19.00,20.00,662.00,NULL,0,'2024-05-10 02:10:31','2024-05-10 02:10:31','in_stock',NULL,0,'Botble\\ACL\\Models\\User',0,NULL,'physical',NULL,NULL,0,0,0),(72,'GoPro HERO9 Black Action Camera',NULL,NULL,'published','[\"main\\/products\\/product-10.jpg\"]','DI-193-A1',0,11,0,1,0,4,1,0,1135,NULL,NULL,NULL,20.00,11.00,13.00,862.00,NULL,0,'2024-05-10 02:10:31','2024-05-10 02:10:31','in_stock',NULL,0,'Botble\\ACL\\Models\\User',0,NULL,'physical',NULL,NULL,0,NULL,NULL),(73,'GoPro HERO9 Black Action Camera',NULL,NULL,'published','[\"main\\/products\\/product-2.jpg\"]','DI-193-A1-A2',0,11,0,1,0,4,1,0,1135,NULL,NULL,NULL,20.00,11.00,13.00,862.00,NULL,0,'2024-05-10 02:10:31','2024-05-10 02:10:31','in_stock',NULL,0,'Botble\\ACL\\Models\\User',0,NULL,'physical',NULL,NULL,0,0,0),(74,'GoPro HERO9 Black Action Camera',NULL,NULL,'published','[\"main\\/products\\/product-1.jpg\"]','DI-193-A1-A3',0,11,0,1,0,4,1,0,1135,NULL,NULL,NULL,20.00,11.00,13.00,862.00,NULL,0,'2024-05-10 02:10:31','2024-05-10 02:10:31','in_stock',NULL,0,'Botble\\ACL\\Models\\User',0,NULL,'physical',NULL,NULL,0,0,0),(75,'Amazon Echo Show 10 (3rd Gen)',NULL,NULL,'published','[\"main\\/products\\/product-11.jpg\"]','KM-176-A1',0,13,0,1,0,3,1,0,2226,NULL,NULL,NULL,15.00,16.00,20.00,632.00,NULL,0,'2024-05-10 02:10:31','2024-05-10 02:10:31','in_stock',NULL,0,'Botble\\ACL\\Models\\User',0,NULL,'physical',NULL,NULL,0,NULL,NULL),(76,'Amazon Echo Show 10 (3rd Gen)',NULL,NULL,'published','[\"main\\/products\\/product-17.jpg\"]','KM-176-A1-A2',0,13,0,1,0,3,1,0,2226,NULL,NULL,NULL,15.00,16.00,20.00,632.00,NULL,0,'2024-05-10 02:10:31','2024-05-10 02:10:31','in_stock',NULL,0,'Botble\\ACL\\Models\\User',0,NULL,'physical',NULL,NULL,0,0,0),(77,'Amazon Echo Show 10 (3rd Gen)',NULL,NULL,'published','[\"main\\/products\\/product-9.jpg\"]','KM-176-A1-A3',0,13,0,1,0,3,1,0,2226,NULL,NULL,NULL,15.00,16.00,20.00,632.00,NULL,0,'2024-05-10 02:10:31','2024-05-10 02:10:31','in_stock',NULL,0,'Botble\\ACL\\Models\\User',0,NULL,'physical',NULL,NULL,0,0,0),(78,'LG OLED C1 Series 4K Smart TV',NULL,NULL,'published','[\"main\\/products\\/product-3.jpg\"]','0A-200-A1',0,20,0,1,0,4,1,0,1433,NULL,NULL,NULL,20.00,19.00,14.00,655.00,NULL,0,'2024-05-10 02:10:31','2024-05-10 02:10:31','in_stock',NULL,0,'Botble\\ACL\\Models\\User',0,NULL,'physical',NULL,NULL,0,NULL,NULL),(79,'LG OLED C1 Series 4K Smart TV',NULL,NULL,'published','[\"main\\/products\\/product-14.jpg\"]','0A-200-A1-A2',0,20,0,1,0,4,1,0,1433,NULL,NULL,NULL,20.00,19.00,14.00,655.00,NULL,0,'2024-05-10 02:10:31','2024-05-10 02:10:31','in_stock',NULL,0,'Botble\\ACL\\Models\\User',0,NULL,'physical',NULL,NULL,0,0,0),(80,'LG OLED C1 Series 4K Smart TV',NULL,NULL,'published','[\"main\\/products\\/product-7.jpg\"]','0A-200-A1-A3',0,20,0,1,0,4,1,0,1433,NULL,NULL,NULL,20.00,19.00,14.00,655.00,NULL,0,'2024-05-10 02:10:31','2024-05-10 02:10:31','in_stock',NULL,0,'Botble\\ACL\\Models\\User',0,NULL,'physical',NULL,NULL,0,0,0),(81,'LG OLED C1 Series 4K Smart TV',NULL,NULL,'published','[\"main\\/products\\/product-4.jpg\"]','0A-200-A1-A4',0,20,0,1,0,4,1,0,1433,NULL,NULL,NULL,20.00,19.00,14.00,655.00,NULL,0,'2024-05-10 02:10:31','2024-05-10 02:10:31','in_stock',NULL,0,'Botble\\ACL\\Models\\User',0,NULL,'physical',NULL,NULL,0,0,0),(82,'LG OLED C1 Series 4K Smart TV',NULL,NULL,'published','[\"main\\/products\\/product-12.jpg\"]','0A-200-A1-A5',0,20,0,1,0,4,1,0,1433,NULL,NULL,NULL,20.00,19.00,14.00,655.00,NULL,0,'2024-05-10 02:10:31','2024-05-10 02:10:31','in_stock',NULL,0,'Botble\\ACL\\Models\\User',0,NULL,'physical',NULL,NULL,0,0,0),(83,'Sony X950H 4K Ultra HD Smart LED TV',NULL,NULL,'published','[\"main\\/products\\/product-7.jpg\"]','LT-187-A1',0,11,0,1,0,1,1,0,2468,NULL,NULL,NULL,16.00,18.00,14.00,604.00,NULL,0,'2024-05-10 02:10:31','2024-05-10 02:10:31','in_stock',NULL,0,'Botble\\ACL\\Models\\User',0,NULL,'physical',NULL,NULL,0,NULL,NULL),(84,'Garmin Fenix 7X Sapphire Solar GPS Watch',NULL,NULL,'published','[\"main\\/products\\/product-20.jpg\"]','IL-168-A1',0,18,0,1,0,5,1,0,1362,NULL,NULL,NULL,15.00,14.00,17.00,566.00,NULL,0,'2024-05-10 02:10:31','2024-05-10 02:10:31','in_stock',NULL,0,'Botble\\ACL\\Models\\User',0,NULL,'physical',NULL,NULL,0,NULL,NULL),(85,'Garmin Fenix 7X Sapphire Solar GPS Watch',NULL,NULL,'published','[\"main\\/products\\/product-details-desc-2.jpg\"]','IL-168-A1-A2',0,18,0,1,0,5,1,0,1362,NULL,NULL,NULL,15.00,14.00,17.00,566.00,NULL,0,'2024-05-10 02:10:31','2024-05-10 02:10:31','in_stock',NULL,0,'Botble\\ACL\\Models\\User',0,NULL,'physical',NULL,NULL,0,0,0),(86,'Garmin Fenix 7X Sapphire Solar GPS Watch',NULL,NULL,'published','[\"main\\/products\\/product-11.jpg\"]','IL-168-A1-A3',0,18,0,1,0,5,1,0,1362,NULL,NULL,NULL,15.00,14.00,17.00,566.00,NULL,0,'2024-05-10 02:10:31','2024-05-10 02:10:31','in_stock',NULL,0,'Botble\\ACL\\Models\\User',0,NULL,'physical',NULL,NULL,0,0,0),(87,'Garmin Fenix 7X Sapphire Solar GPS Watch',NULL,NULL,'published','[\"main\\/products\\/product-11.jpg\"]','IL-168-A1-A4',0,18,0,1,0,5,1,0,1362,NULL,NULL,NULL,15.00,14.00,17.00,566.00,NULL,0,'2024-05-10 02:10:31','2024-05-10 02:10:31','in_stock',NULL,0,'Botble\\ACL\\Models\\User',0,NULL,'physical',NULL,NULL,0,0,0),(88,'Lenovo ThinkPad X1 Carbon Gen 9 Laptop',NULL,NULL,'published','[\"main\\/products\\/product-2.jpg\"]','CW-124-A1',0,19,0,1,0,2,1,0,432,NULL,NULL,NULL,12.00,20.00,12.00,538.00,NULL,0,'2024-05-10 02:10:31','2024-05-10 02:10:31','in_stock',NULL,0,'Botble\\ACL\\Models\\User',0,NULL,'physical',NULL,NULL,0,NULL,NULL),(89,'Lenovo ThinkPad X1 Carbon Gen 9 Laptop',NULL,NULL,'published','[\"main\\/products\\/product-16.jpg\"]','CW-124-A1-A2',0,19,0,1,0,2,1,0,432,NULL,NULL,NULL,12.00,20.00,12.00,538.00,NULL,0,'2024-05-10 02:10:31','2024-05-10 02:10:31','in_stock',NULL,0,'Botble\\ACL\\Models\\User',0,NULL,'physical',NULL,NULL,0,0,0),(90,'HP Spectre x360 14-Inch Convertible Laptop (Digital)',NULL,NULL,'published','[\"main\\/products\\/product-details-desc-2.jpg\"]','E0-107-A1',0,14,0,1,0,5,1,0,1150,828,NULL,NULL,12.00,19.00,12.00,614.00,NULL,0,'2024-05-10 02:10:31','2024-05-10 02:10:31','in_stock',NULL,0,'Botble\\ACL\\Models\\User',0,NULL,'digital',NULL,NULL,0,NULL,NULL),(91,'HP Spectre x360 14-Inch Convertible Laptop (Digital)',NULL,NULL,'published','[\"main\\/products\\/product-13.jpg\"]','E0-107-A1-A2',0,14,0,1,0,5,1,0,1150,1012,NULL,NULL,12.00,19.00,12.00,614.00,NULL,0,'2024-05-10 02:10:31','2024-05-10 02:10:31','in_stock',NULL,0,'Botble\\ACL\\Models\\User',0,NULL,'digital',NULL,NULL,0,0,0),(92,'Alienware m15 R6 Gaming Laptop',NULL,NULL,'published','[\"main\\/products\\/product-5.jpg\"]','0R-177-A1',0,13,0,1,0,4,1,0,1749,NULL,NULL,NULL,14.00,14.00,10.00,552.00,NULL,0,'2024-05-10 02:10:31','2024-05-10 02:10:31','in_stock',NULL,0,'Botble\\ACL\\Models\\User',0,NULL,'physical',NULL,NULL,0,NULL,NULL),(93,'Alienware m15 R6 Gaming Laptop',NULL,NULL,'published','[\"main\\/products\\/product-3.jpg\"]','0R-177-A1-A2',0,13,0,1,0,4,1,0,1749,NULL,NULL,NULL,14.00,14.00,10.00,552.00,NULL,0,'2024-05-10 02:10:31','2024-05-10 02:10:31','in_stock',NULL,0,'Botble\\ACL\\Models\\User',0,NULL,'physical',NULL,NULL,0,0,0),(94,'Corsair K95 RGB Platinum XT Mechanical Gaming Keyboard',NULL,NULL,'published','[\"main\\/products\\/product-7.jpg\"]','DV-190-A1',0,20,0,1,0,2,1,0,922,NULL,NULL,NULL,17.00,14.00,12.00,891.00,NULL,0,'2024-05-10 02:10:31','2024-05-10 02:10:31','in_stock',NULL,0,'Botble\\ACL\\Models\\User',0,NULL,'physical',NULL,NULL,0,NULL,NULL),(95,'Corsair K95 RGB Platinum XT Mechanical Gaming Keyboard',NULL,NULL,'published','[\"main\\/products\\/product-6.jpg\"]','DV-190-A1-A2',0,20,0,1,0,2,1,0,922,NULL,NULL,NULL,17.00,14.00,12.00,891.00,NULL,0,'2024-05-10 02:10:31','2024-05-10 02:10:31','in_stock',NULL,0,'Botble\\ACL\\Models\\User',0,NULL,'physical',NULL,NULL,0,0,0),(96,'SteelSeries Arctis Pro Wireless Gaming Headset',NULL,NULL,'published','[\"main\\/products\\/product-18.jpg\"]','9F-181-A1',0,18,0,1,0,3,1,0,958,NULL,NULL,NULL,14.00,20.00,16.00,624.00,NULL,0,'2024-05-10 02:10:31','2024-05-10 02:10:31','in_stock',NULL,0,'Botble\\ACL\\Models\\User',0,NULL,'physical',NULL,NULL,0,NULL,NULL),(97,'SteelSeries Arctis Pro Wireless Gaming Headset',NULL,NULL,'published','[\"main\\/products\\/product-details-desc-3.jpg\"]','9F-181-A1-A2',0,18,0,1,0,3,1,0,958,NULL,NULL,NULL,14.00,20.00,16.00,624.00,NULL,0,'2024-05-10 02:10:31','2024-05-10 02:10:31','in_stock',NULL,0,'Botble\\ACL\\Models\\User',0,NULL,'physical',NULL,NULL,0,0,0),(98,'SteelSeries Arctis Pro Wireless Gaming Headset',NULL,NULL,'published','[\"main\\/products\\/product-8.jpg\"]','9F-181-A1-A3',0,18,0,1,0,3,1,0,958,NULL,NULL,NULL,14.00,20.00,16.00,624.00,NULL,0,'2024-05-10 02:10:31','2024-05-10 02:10:31','in_stock',NULL,0,'Botble\\ACL\\Models\\User',0,NULL,'physical',NULL,NULL,0,0,0),(99,'SteelSeries Arctis Pro Wireless Gaming Headset',NULL,NULL,'published','[\"main\\/products\\/product-details-desc-2.jpg\"]','9F-181-A1-A4',0,18,0,1,0,3,1,0,958,NULL,NULL,NULL,14.00,20.00,16.00,624.00,NULL,0,'2024-05-10 02:10:31','2024-05-10 02:10:31','in_stock',NULL,0,'Botble\\ACL\\Models\\User',0,NULL,'physical',NULL,NULL,0,0,0),(100,'Elgato Stream Deck XL',NULL,NULL,'published','[\"main\\/products\\/product-19.jpg\"]','LA-180-A1',0,19,0,1,0,3,1,0,345,NULL,NULL,NULL,12.00,13.00,20.00,596.00,NULL,0,'2024-05-10 02:10:31','2024-05-10 02:10:31','in_stock',NULL,0,'Botble\\ACL\\Models\\User',0,NULL,'physical',NULL,NULL,0,NULL,NULL),(101,'Elgato Stream Deck XL',NULL,NULL,'published','[\"main\\/products\\/product-8.jpg\"]','LA-180-A1-A2',0,19,0,1,0,3,1,0,345,NULL,NULL,NULL,12.00,13.00,20.00,596.00,NULL,0,'2024-05-10 02:10:31','2024-05-10 02:10:31','in_stock',NULL,0,'Botble\\ACL\\Models\\User',0,NULL,'physical',NULL,NULL,0,0,0),(102,'PlayStation 5 Console (Digital)',NULL,NULL,'published','[\"main\\/products\\/product-16.jpg\"]','CH-185-A1',0,20,0,1,0,4,1,0,483,420.21,NULL,NULL,15.00,15.00,15.00,655.00,NULL,0,'2024-05-10 02:10:31','2024-05-10 02:10:31','in_stock',NULL,0,'Botble\\ACL\\Models\\User',0,NULL,'digital',NULL,NULL,0,NULL,NULL),(103,'PlayStation 5 Console (Digital)',NULL,NULL,'published','[\"main\\/products\\/product-details-desc-2.jpg\"]','CH-185-A1-A2',0,20,0,1,0,4,1,0,483,352.59,NULL,NULL,15.00,15.00,15.00,655.00,NULL,0,'2024-05-10 02:10:31','2024-05-10 02:10:31','in_stock',NULL,0,'Botble\\ACL\\Models\\User',0,NULL,'digital',NULL,NULL,0,0,0),(104,'Xbox Series X Console',NULL,NULL,'published','[\"main\\/products\\/product-17.jpg\"]','RK-104-A1',0,11,0,1,0,3,1,0,744,NULL,NULL,NULL,13.00,15.00,17.00,709.00,NULL,0,'2024-05-10 02:10:31','2024-05-10 02:10:31','in_stock',NULL,0,'Botble\\ACL\\Models\\User',0,NULL,'physical',NULL,NULL,0,NULL,NULL),(105,'Xbox Series X Console',NULL,NULL,'published','[\"main\\/products\\/product-14.jpg\"]','RK-104-A1-A2',0,11,0,1,0,3,1,0,744,NULL,NULL,NULL,13.00,15.00,17.00,709.00,NULL,0,'2024-05-10 02:10:31','2024-05-10 02:10:31','in_stock',NULL,0,'Botble\\ACL\\Models\\User',0,NULL,'physical',NULL,NULL,0,0,0),(106,'Oculus Quest 2 VR Headset',NULL,NULL,'published','[\"main\\/products\\/product-details-desc-2.jpg\"]','1A-185-A1',0,11,0,1,0,5,1,0,2325,NULL,NULL,NULL,13.00,18.00,11.00,609.00,NULL,0,'2024-05-10 02:10:31','2024-05-10 02:10:31','in_stock',NULL,0,'Botble\\ACL\\Models\\User',0,NULL,'physical',NULL,NULL,0,NULL,NULL),(107,'Oculus Quest 2 VR Headset',NULL,NULL,'published','[\"main\\/products\\/product-3.jpg\"]','1A-185-A1-A2',0,11,0,1,0,5,1,0,2325,NULL,NULL,NULL,13.00,18.00,11.00,609.00,NULL,0,'2024-05-10 02:10:31','2024-05-10 02:10:31','in_stock',NULL,0,'Botble\\ACL\\Models\\User',0,NULL,'physical',NULL,NULL,0,0,0),(108,'HTC Vive Cosmos Elite VR Headset',NULL,NULL,'published','[\"main\\/products\\/product-details-desc-3.jpg\"]','YW-102-A1',0,20,0,1,0,3,1,0,2001,NULL,NULL,NULL,15.00,12.00,15.00,603.00,NULL,0,'2024-05-10 02:10:31','2024-05-10 02:10:31','in_stock',NULL,0,'Botble\\ACL\\Models\\User',0,NULL,'physical',NULL,NULL,0,NULL,NULL),(109,'HTC Vive Cosmos Elite VR Headset',NULL,NULL,'published','[\"main\\/products\\/product-19.jpg\"]','YW-102-A1-A2',0,20,0,1,0,3,1,0,2001,NULL,NULL,NULL,15.00,12.00,15.00,603.00,NULL,0,'2024-05-10 02:10:31','2024-05-10 02:10:31','in_stock',NULL,0,'Botble\\ACL\\Models\\User',0,NULL,'physical',NULL,NULL,0,0,0),(110,'Samsung Odyssey G9 49-Inch Curved Gaming Monitor (Digital)',NULL,NULL,'published','[\"main\\/products\\/product-19.jpg\"]','TY-177-A1',0,13,0,1,0,2,1,0,1515,1151.4,NULL,NULL,20.00,14.00,16.00,866.00,NULL,0,'2024-05-10 02:10:31','2024-05-10 02:10:31','in_stock',NULL,0,'Botble\\ACL\\Models\\User',0,NULL,'digital',NULL,NULL,0,NULL,NULL),(111,'LG UltraGear 27GN950-B 4K Gaming Monitor',NULL,NULL,'published','[\"main\\/products\\/product-details-desc-2.jpg\"]','TT-186-A1',0,14,0,1,0,5,1,0,344,NULL,NULL,NULL,19.00,16.00,17.00,802.00,NULL,0,'2024-05-10 02:10:31','2024-05-10 02:10:31','in_stock',NULL,0,'Botble\\ACL\\Models\\User',0,NULL,'physical',NULL,NULL,0,NULL,NULL),(112,'LG UltraGear 27GN950-B 4K Gaming Monitor',NULL,NULL,'published','[\"main\\/products\\/product-5.jpg\"]','TT-186-A1-A2',0,14,0,1,0,5,1,0,344,NULL,NULL,NULL,19.00,16.00,17.00,802.00,NULL,0,'2024-05-10 02:10:32','2024-05-10 02:10:32','in_stock',NULL,0,'Botble\\ACL\\Models\\User',0,NULL,'physical',NULL,NULL,0,0,0),(113,'LG UltraGear 27GN950-B 4K Gaming Monitor',NULL,NULL,'published','[\"main\\/products\\/product-11.jpg\"]','TT-186-A1-A3',0,14,0,1,0,5,1,0,344,NULL,NULL,NULL,19.00,16.00,17.00,802.00,NULL,0,'2024-05-10 02:10:32','2024-05-10 02:10:32','in_stock',NULL,0,'Botble\\ACL\\Models\\User',0,NULL,'physical',NULL,NULL,0,0,0),(114,'BenQ EW3280U 32-Inch 4K HDR Entertainment Monitor (Digital)',NULL,NULL,'published','[\"main\\/products\\/product-11.jpg\"]','UE-104-A1',0,16,0,1,0,3,1,0,1629,1466.1,NULL,NULL,16.00,18.00,18.00,785.00,NULL,0,'2024-05-10 02:10:32','2024-05-10 02:10:32','in_stock',NULL,0,'Botble\\ACL\\Models\\User',0,NULL,'digital',NULL,NULL,0,NULL,NULL),(115,'BenQ EW3280U 32-Inch 4K HDR Entertainment Monitor (Digital)',NULL,NULL,'published','[\"main\\/products\\/product-7.jpg\"]','UE-104-A1-A2',0,16,0,1,0,3,1,0,1629,1205.46,NULL,NULL,16.00,18.00,18.00,785.00,NULL,0,'2024-05-10 02:10:32','2024-05-10 02:10:32','in_stock',NULL,0,'Botble\\ACL\\Models\\User',0,NULL,'digital',NULL,NULL,0,0,0),(116,'Dell UltraSharp U2720Q 27-Inch 4K USB-C Monitor',NULL,NULL,'published','[\"main\\/products\\/product-8.jpg\"]','5O-140-A1',0,10,0,1,0,3,1,0,2464,NULL,NULL,NULL,20.00,19.00,10.00,888.00,NULL,0,'2024-05-10 02:10:32','2024-05-10 02:10:32','in_stock',NULL,0,'Botble\\ACL\\Models\\User',0,NULL,'physical',NULL,NULL,0,NULL,NULL),(117,'Sony X900H 4K Ultra HD Smart LED TV',NULL,NULL,'published','[\"main\\/products\\/product-19.jpg\"]','PS-172-A1',0,19,0,1,0,1,1,0,800,NULL,NULL,NULL,11.00,14.00,15.00,846.00,NULL,0,'2024-05-10 02:10:32','2024-05-10 02:10:32','in_stock',NULL,0,'Botble\\ACL\\Models\\User',0,NULL,'physical',NULL,NULL,0,NULL,NULL),(118,'Sony X900H 4K Ultra HD Smart LED TV',NULL,NULL,'published','[\"main\\/products\\/product-7.jpg\"]','PS-172-A1-A2',0,19,0,1,0,1,1,0,800,NULL,NULL,NULL,11.00,14.00,15.00,846.00,NULL,0,'2024-05-10 02:10:32','2024-05-10 02:10:32','in_stock',NULL,0,'Botble\\ACL\\Models\\User',0,NULL,'physical',NULL,NULL,0,0,0),(119,'Sony X900H 4K Ultra HD Smart LED TV',NULL,NULL,'published','[\"main\\/products\\/product-12.jpg\"]','PS-172-A1-A3',0,19,0,1,0,1,1,0,800,NULL,NULL,NULL,11.00,14.00,15.00,846.00,NULL,0,'2024-05-10 02:10:32','2024-05-10 02:10:32','in_stock',NULL,0,'Botble\\ACL\\Models\\User',0,NULL,'physical',NULL,NULL,0,0,0),(120,'Sony X900H 4K Ultra HD Smart LED TV',NULL,NULL,'published','[\"main\\/products\\/product-18.jpg\"]','PS-172-A1-A4',0,19,0,1,0,1,1,0,800,NULL,NULL,NULL,11.00,14.00,15.00,846.00,NULL,0,'2024-05-10 02:10:32','2024-05-10 02:10:32','in_stock',NULL,0,'Botble\\ACL\\Models\\User',0,NULL,'physical',NULL,NULL,0,0,0),(121,'TCL 6-Series 4K UHD Dolby Vision HDR QLED Roku Smart TV',NULL,NULL,'published','[\"main\\/products\\/product-3.jpg\"]','YF-134-A1',0,10,0,1,0,5,1,0,2043,NULL,NULL,NULL,12.00,11.00,14.00,662.00,NULL,0,'2024-05-10 02:10:32','2024-05-10 02:10:32','in_stock',NULL,0,'Botble\\ACL\\Models\\User',0,NULL,'physical',NULL,NULL,0,NULL,NULL),(122,'TCL 6-Series 4K UHD Dolby Vision HDR QLED Roku Smart TV',NULL,NULL,'published','[\"main\\/products\\/product-17.jpg\"]','YF-134-A1-A2',0,10,0,1,0,5,1,0,2043,NULL,NULL,NULL,12.00,11.00,14.00,662.00,NULL,0,'2024-05-10 02:10:32','2024-05-10 02:10:32','in_stock',NULL,0,'Botble\\ACL\\Models\\User',0,NULL,'physical',NULL,NULL,0,0,0),(123,'TCL 6-Series 4K UHD Dolby Vision HDR QLED Roku Smart TV',NULL,NULL,'published','[\"main\\/products\\/product-11.jpg\"]','YF-134-A1-A3',0,10,0,1,0,5,1,0,2043,NULL,NULL,NULL,12.00,11.00,14.00,662.00,NULL,0,'2024-05-10 02:10:32','2024-05-10 02:10:32','in_stock',NULL,0,'Botble\\ACL\\Models\\User',0,NULL,'physical',NULL,NULL,0,0,0),(124,'TCL 6-Series 4K UHD Dolby Vision HDR QLED Roku Smart TV',NULL,NULL,'published','[\"main\\/products\\/product-7.jpg\"]','YF-134-A1-A4',0,10,0,1,0,5,1,0,2043,NULL,NULL,NULL,12.00,11.00,14.00,662.00,NULL,0,'2024-05-10 02:10:32','2024-05-10 02:10:32','in_stock',NULL,0,'Botble\\ACL\\Models\\User',0,NULL,'physical',NULL,NULL,0,0,0),(125,'Vizio OLED65-H1 65-Inch 4K OLED Smart TV',NULL,NULL,'published','[\"main\\/products\\/product-20.jpg\"]','RO-129-A1',0,12,0,1,0,4,1,0,359,NULL,NULL,NULL,12.00,19.00,20.00,552.00,NULL,0,'2024-05-10 02:10:32','2024-05-10 02:10:32','in_stock',NULL,0,'Botble\\ACL\\Models\\User',0,NULL,'physical',NULL,NULL,0,NULL,NULL),(126,'LG C1 Series 4K OLED Smart TV',NULL,NULL,'published','[\"main\\/products\\/product-3.jpg\"]','OI-147-A1',0,17,0,1,0,4,1,0,2065,NULL,NULL,NULL,20.00,14.00,16.00,571.00,NULL,0,'2024-05-10 02:10:32','2024-05-10 02:10:32','in_stock',NULL,0,'Botble\\ACL\\Models\\User',0,NULL,'physical',NULL,NULL,0,NULL,NULL),(127,'LG C1 Series 4K OLED Smart TV',NULL,NULL,'published','[\"main\\/products\\/product-17.jpg\"]','OI-147-A1-A2',0,17,0,1,0,4,1,0,2065,NULL,NULL,NULL,20.00,14.00,16.00,571.00,NULL,0,'2024-05-10 02:10:32','2024-05-10 02:10:32','in_stock',NULL,0,'Botble\\ACL\\Models\\User',0,NULL,'physical',NULL,NULL,0,0,0),(128,'LG C1 Series 4K OLED Smart TV',NULL,NULL,'published','[\"main\\/products\\/product-6.jpg\"]','OI-147-A1-A3',0,17,0,1,0,4,1,0,2065,NULL,NULL,NULL,20.00,14.00,16.00,571.00,NULL,0,'2024-05-10 02:10:32','2024-05-10 02:10:32','in_stock',NULL,0,'Botble\\ACL\\Models\\User',0,NULL,'physical',NULL,NULL,0,0,0),(129,'Samsung QN85A Neo QLED 4K Smart TV',NULL,NULL,'published','[\"main\\/products\\/product-details-desc-1.jpg\"]','M9-153-A1',0,19,0,1,0,2,1,0,1957,NULL,NULL,NULL,14.00,19.00,11.00,647.00,NULL,0,'2024-05-10 02:10:32','2024-05-10 02:10:32','in_stock',NULL,0,'Botble\\ACL\\Models\\User',0,NULL,'physical',NULL,NULL,0,NULL,NULL),(130,'Samsung QN85A Neo QLED 4K Smart TV',NULL,NULL,'published','[\"main\\/products\\/product-17.jpg\"]','M9-153-A1-A2',0,19,0,1,0,2,1,0,1957,NULL,NULL,NULL,14.00,19.00,11.00,647.00,NULL,0,'2024-05-10 02:10:32','2024-05-10 02:10:32','in_stock',NULL,0,'Botble\\ACL\\Models\\User',0,NULL,'physical',NULL,NULL,0,0,0),(131,'Amazon Fire TV Stick 4K Max',NULL,NULL,'published','[\"main\\/products\\/product-18.jpg\"]','5H-103-A1',0,10,0,1,0,1,1,0,1949,NULL,NULL,NULL,17.00,15.00,16.00,722.00,NULL,0,'2024-05-10 02:10:32','2024-05-10 02:10:32','in_stock',NULL,0,'Botble\\ACL\\Models\\User',0,NULL,'physical',NULL,NULL,0,NULL,NULL),(132,'Amazon Fire TV Stick 4K Max',NULL,NULL,'published','[\"main\\/products\\/product-19.jpg\"]','5H-103-A1-A2',0,10,0,1,0,1,1,0,1949,NULL,NULL,NULL,17.00,15.00,16.00,722.00,NULL,0,'2024-05-10 02:10:32','2024-05-10 02:10:32','in_stock',NULL,0,'Botble\\ACL\\Models\\User',0,NULL,'physical',NULL,NULL,0,0,0),(133,'Amazon Fire TV Stick 4K Max',NULL,NULL,'published','[\"main\\/products\\/product-17.jpg\"]','5H-103-A1-A3',0,10,0,1,0,1,1,0,1949,NULL,NULL,NULL,17.00,15.00,16.00,722.00,NULL,0,'2024-05-10 02:10:32','2024-05-10 02:10:32','in_stock',NULL,0,'Botble\\ACL\\Models\\User',0,NULL,'physical',NULL,NULL,0,0,0),(134,'Sonos Beam Gen 2 Soundbar',NULL,NULL,'published','[\"main\\/products\\/product-2.jpg\"]','9C-120-A1',0,14,0,1,0,3,1,0,1620,NULL,NULL,NULL,14.00,14.00,11.00,608.00,NULL,0,'2024-05-10 02:10:32','2024-05-10 02:10:32','in_stock',NULL,0,'Botble\\ACL\\Models\\User',0,NULL,'physical',NULL,NULL,0,NULL,NULL),(135,'Sonos Beam Gen 2 Soundbar',NULL,NULL,'published','[\"main\\/products\\/product-4.jpg\"]','9C-120-A1-A2',0,14,0,1,0,3,1,0,1620,NULL,NULL,NULL,14.00,14.00,11.00,608.00,NULL,0,'2024-05-10 02:10:32','2024-05-10 02:10:32','in_stock',NULL,0,'Botble\\ACL\\Models\\User',0,NULL,'physical',NULL,NULL,0,0,0),(136,'JBL Bar 9.1 Soundbar with Dolby Atmos',NULL,NULL,'published','[\"main\\/products\\/product-9.jpg\"]','Q2-121-A1',0,14,0,1,0,4,1,0,801,NULL,NULL,NULL,13.00,16.00,14.00,801.00,NULL,0,'2024-05-10 02:10:32','2024-05-10 02:10:32','in_stock',NULL,0,'Botble\\ACL\\Models\\User',0,NULL,'physical',NULL,NULL,0,NULL,NULL),(137,'JBL Bar 9.1 Soundbar with Dolby Atmos',NULL,NULL,'published','[\"main\\/products\\/product-1.jpg\"]','Q2-121-A1-A2',0,14,0,1,0,4,1,0,801,NULL,NULL,NULL,13.00,16.00,14.00,801.00,NULL,0,'2024-05-10 02:10:32','2024-05-10 02:10:32','in_stock',NULL,0,'Botble\\ACL\\Models\\User',0,NULL,'physical',NULL,NULL,0,0,0),(138,'Sony HT-A9 Home Theater System',NULL,NULL,'published','[\"main\\/products\\/product-6.jpg\"]','G2-151-A1',0,19,0,1,0,3,1,0,2280,NULL,NULL,NULL,14.00,17.00,16.00,709.00,NULL,0,'2024-05-10 02:10:32','2024-05-10 02:10:32','in_stock',NULL,0,'Botble\\ACL\\Models\\User',0,NULL,'physical',NULL,NULL,0,NULL,NULL),(139,'Sony HT-A9 Home Theater System',NULL,NULL,'published','[\"main\\/products\\/product-details-desc-2.jpg\"]','G2-151-A1-A2',0,19,0,1,0,3,1,0,2280,NULL,NULL,NULL,14.00,17.00,16.00,709.00,NULL,0,'2024-05-10 02:10:32','2024-05-10 02:10:32','in_stock',NULL,0,'Botble\\ACL\\Models\\User',0,NULL,'physical',NULL,NULL,0,0,0),(140,'Sony HT-A9 Home Theater System',NULL,NULL,'published','[\"main\\/products\\/product-20.jpg\"]','G2-151-A1-A3',0,19,0,1,0,3,1,0,2280,NULL,NULL,NULL,14.00,17.00,16.00,709.00,NULL,0,'2024-05-10 02:10:32','2024-05-10 02:10:32','in_stock',NULL,0,'Botble\\ACL\\Models\\User',0,NULL,'physical',NULL,NULL,0,0,0);

--
