-- Table structure for table `ec_products_translations`
--

CREATE TABLE `ec_products_translations` (
  `lang_code` varchar(191) COLLATE utf8mb4_unicode_ci NOT NULL,
  `ec_products_id` bigint unsigned NOT NULL,
  `name` varchar(191) COLLATE utf8mb4_unicode_ci DEFAULT NULL,
  `description` text COLLATE utf8mb4_unicode_ci,
  `content` text COLLATE utf8mb4_unicode_ci,
  PRIMARY KEY (`lang_code`,`ec_products_id`)
) ENGINE=InnoDB DEFAULT CHARSET=utf8mb4 COLLATE=utf8mb4_unicode_ci;

--
-- Dumping data for table `ec_products_translations`
--


--
-- Table structure for table `ec_review_replies`
--

CREATE TABLE `ec_review_replies` (
  `id` bigint unsigned NOT NULL AUTO_INCREMENT,
  `user_id` bigint unsigned NOT NULL,
  `review_id` bigint unsigned NOT NULL,
  `message` text COLLATE utf8mb4_unicode_ci NOT NULL,
  `created_at` timestamp NULL DEFAULT NULL,
  `updated_at` timestamp NULL DEFAULT NULL,
  PRIMARY KEY (`id`),
  UNIQUE KEY `ec_review_replies_review_id_user_id_unique` (`review_id`,`user_id`)
) ENGINE=InnoDB DEFAULT CHARSET=utf8mb4 COLLATE=utf8mb4_unicode_ci;

--
-- Dumping data for table `ec_review_replies`
--


--
-- Table structure for table `ec_reviews`
--

CREATE TABLE `ec_reviews` (
  `id` bigint unsigned NOT NULL AUTO_INCREMENT,
  `customer_id` bigint unsigned DEFAULT NULL,
  `customer_name` varchar(191) COLLATE utf8mb4_unicode_ci DEFAULT NULL,
  `customer_email` varchar(191) COLLATE utf8mb4_unicode_ci DEFAULT NULL,
  `product_id` bigint unsigned NOT NULL,
  `star` double(8,2) NOT NULL,
  `comment` text COLLATE utf8mb4_unicode_ci NOT NULL,
  `status` varchar(60) COLLATE utf8mb4_unicode_ci NOT NULL DEFAULT 'published',
  `created_at` timestamp NULL DEFAULT NULL,
  `updated_at` timestamp NULL DEFAULT NULL,
  `images` text COLLATE utf8mb4_unicode_ci,
  PRIMARY KEY (`id`),
  UNIQUE KEY `ec_reviews_product_id_customer_id_unique` (`product_id`,`customer_id`),
  KEY `ec_reviews_product_id_customer_id_status_created_at_index` (`product_id`,`customer_id`,`status`,`created_at`),
  KEY `review_relation_index` (`product_id`,`customer_id`,`status`)
) ENGINE=InnoDB AUTO_INCREMENT=1001 DEFAULT CHARSET=utf8mb4 COLLATE=utf8mb4_unicode_ci;

--
-- Dumping data for table `ec_reviews`
--

INSERT INTO `ec_reviews` VALUES (1,1,NULL,NULL,34,4.00,'Second or third time that I buy a Botble product, happy with the products and support. You guys do a good job :)','published','2024-05-10 02:10:33','2024-05-10 02:10:33','[\"main\\/products\\/product-details-desc-1.jpg\"]'),(2,1,NULL,NULL,21,1.00,'Solution is too robust for our purpose so we didn\'t use it at the end. But I appreciate customer support during initial configuration.','published','2024-05-10 02:10:33','2024-05-10 02:10:33','[\"main\\/products\\/product-13.jpg\"]'),(3,1,NULL,NULL,4,1.00,'The code is good, in general, if you like it, can you give it 5 stars?','published','2024-05-10 02:10:33','2024-05-10 02:10:33','[\"main\\/products\\/product-9.jpg\",\"main\\/products\\/product-11.jpg\"]'),(4,5,NULL,NULL,34,3.00,'It\'s not my first experience here on Codecanyon and I can honestly tell you all that Botble puts a LOT of effort into the support. They answer so fast, they helped me tons of times. REALLY by far THE BEST EXPERIENCE on Codecanyon. Those guys at Botble are so good that they deserve 5 stars. I recommend them, I trust them and I can\'t wait to see what they will sell in a near future. Thank you Botble :)','published','2024-05-10 02:10:33','2024-05-10 02:10:33','[\"main\\/products\\/product-5.jpg\",\"main\\/products\\/product-details-desc-1.jpg\"]'),(5,7,NULL,NULL,6,2.00,'As a developer I reviewed this script. This is really awesome ecommerce script. I have convinced when I noticed that it\'s built on fully WordPress concept.','published','2024-05-10 02:10:33','2024-05-10 02:10:33','[\"main\\/products\\/product-1.jpg\",\"main\\/products\\/product-2.jpg\",\"main\\/products\\/product-13.jpg\"]'),(6,7,NULL,NULL,14,3.00,'The best store template! Excellent coding! Very good support! Thank you so much for all the help, I really appreciated.','published','2024-05-10 02:10:33','2024-05-10 02:10:33','[\"main\\/products\\/product-4.jpg\",\"main\\/products\\/product-9.jpg\",\"main\\/products\\/product-18.jpg\"]'),(7,1,NULL,NULL,50,4.00,'This script is well coded and is super fast. The support is pretty quick. Very patient and helpful team. I strongly recommend it and they deserve more than 5 stars.','published','2024-05-10 02:10:33','2024-05-10 02:10:33','[\"main\\/products\\/product-13.jpg\",\"main\\/products\\/product-15.jpg\",\"main\\/products\\/product-16.jpg\",\"main\\/products\\/product-19.jpg\"]'),(8,6,NULL,NULL,12,1.00,'Customer Support are grade (A*), however the code is a way too over engineered for it\'s purpose.','published','2024-05-10 02:10:33','2024-05-10 02:10:33','[\"main\\/products\\/product-3.jpg\",\"main\\/products\\/product-8.jpg\",\"main\\/products\\/product-10.jpg\"]'),(9,10,NULL,NULL,53,5.00,'We have received brilliant service support and will be expanding the features with the developer. Nice product!','published','2024-05-10 02:10:33','2024-05-10 02:10:33','[\"main\\/products\\/product-12.jpg\"]'),(10,10,NULL,NULL,12,5.00,'Amazing code, amazing support. Overall, im really confident in Botble and im happy I made the right choice! Thank you so much guys for coding this masterpiece','published','2024-05-10 02:10:33','2024-05-10 02:10:33','[\"main\\/products\\/product-8.jpg\",\"main\\/products\\/product-11.jpg\",\"main\\/products\\/product-20.jpg\"]'),(11,7,NULL,NULL,49,2.00,'Great system, great support, good job Botble. I\'m looking forward to more great functional plugins.','published','2024-05-10 02:10:33','2024-05-10 02:10:33','[\"main\\/products\\/product-11.jpg\"]'),(12,7,NULL,NULL,21,3.00,'We have received brilliant service support and will be expanding the features with the developer. Nice product!','published','2024-05-10 02:10:33','2024-05-10 02:10:33','[\"main\\/products\\/product-10.jpg\"]'),(13,9,NULL,NULL,12,2.00,'Great E-commerce system. And much more : Wonderful Customer Support.','published','2024-05-10 02:10:33','2024-05-10 02:10:33','[\"main\\/products\\/product-19.jpg\",\"main\\/products\\/product-20.jpg\"]'),(14,8,NULL,NULL,36,2.00,'The best ecommerce CMS! Excellent coding! best support service! Thank you so much..... I really like your hard work.','published','2024-05-10 02:10:33','2024-05-10 02:10:33','[\"main\\/products\\/product-9.jpg\",\"main\\/products\\/product-18.jpg\",\"main\\/products\\/product-details-desc-3.jpg\"]'),(15,8,NULL,NULL,41,5.00,'The best ecommerce CMS! Excellent coding! best support service! Thank you so much..... I really like your hard work.','published','2024-05-10 02:10:33','2024-05-10 02:10:33','[\"main\\/products\\/product-5.jpg\",\"main\\/products\\/product-10.jpg\"]'),(16,3,NULL,NULL,23,5.00,'This script is well coded and is super fast. The support is pretty quick. Very patient and helpful team. I strongly recommend it and they deserve more than 5 stars.','published','2024-05-10 02:10:33','2024-05-10 02:10:33','[\"main\\/products\\/product-2.jpg\",\"main\\/products\\/product-11.jpg\",\"main\\/products\\/product-16.jpg\",\"main\\/products\\/product-17.jpg\"]'),(17,6,NULL,NULL,46,4.00,'Solution is too robust for our purpose so we didn\'t use it at the end. But I appreciate customer support during initial configuration.','published','2024-05-10 02:10:33','2024-05-10 02:10:33','[\"main\\/products\\/product-2.jpg\",\"main\\/products\\/product-9.jpg\",\"main\\/products\\/product-13.jpg\",\"main\\/products\\/product-details-desc-2.jpg\"]'),(18,9,NULL,NULL,50,3.00,'The best store template! Excellent coding! Very good support! Thank you so much for all the help, I really appreciated.','published','2024-05-10 02:10:33','2024-05-10 02:10:33','[\"main\\/products\\/product-9.jpg\",\"main\\/products\\/product-10.jpg\",\"main\\/products\\/product-14.jpg\"]'),(19,10,NULL,NULL,56,4.00,'As a developer I reviewed this script. This is really awesome ecommerce script. I have convinced when I noticed that it\'s built on fully WordPress concept.','published','2024-05-10 02:10:33','2024-05-10 02:10:33','[\"main\\/products\\/product-4.jpg\",\"main\\/products\\/product-13.jpg\",\"main\\/products\\/product-details-desc-1.jpg\"]'),(20,7,NULL,NULL,4,4.00,'For me the best eCommerce script on Envato at this moment: modern, clean code, a lot of great features. The customer support is great too: I always get an answer within hours!','published','2024-05-10 02:10:33','2024-05-10 02:10:33','[\"main\\/products\\/product-6.jpg\",\"main\\/products\\/product-12.jpg\",\"main\\/products\\/product-19.jpg\"]'),(21,1,NULL,NULL,19,3.00,'For me the best eCommerce script on Envato at this moment: modern, clean code, a lot of great features. The customer support is great too: I always get an answer within hours!','published','2024-05-10 02:10:33','2024-05-10 02:10:33','[\"main\\/products\\/product-1.jpg\"]'),(22,4,NULL,NULL,19,4.00,'Very enthusiastic support! Excellent code is written. It\'s a true pleasure working with.','published','2024-05-10 02:10:33','2024-05-10 02:10:33','[\"main\\/products\\/product-9.jpg\",\"main\\/products\\/product-10.jpg\",\"main\\/products\\/product-16.jpg\"]'),(23,8,NULL,NULL,49,5.00,'Customer Support are grade (A*), however the code is a way too over engineered for it\'s purpose.','published','2024-05-10 02:10:33','2024-05-10 02:10:33','[\"main\\/products\\/product-9.jpg\",\"main\\/products\\/product-10.jpg\",\"main\\/products\\/product-17.jpg\",\"main\\/products\\/product-20.jpg\"]'),(24,9,NULL,NULL,42,2.00,'Good app, good backup service and support. Good documentation.','published','2024-05-10 02:10:33','2024-05-10 02:10:33','[\"main\\/products\\/product-4.jpg\",\"main\\/products\\/product-11.jpg\",\"main\\/products\\/product-17.jpg\",\"main\\/products\\/product-details-desc-2.jpg\"]'),(25,4,NULL,NULL,35,3.00,'Very enthusiastic support! Excellent code is written. It\'s a true pleasure working with.','published','2024-05-10 02:10:33','2024-05-10 02:10:33','[\"main\\/products\\/product-details-desc-1.jpg\"]'),(27,3,NULL,NULL,37,1.00,'Great system, great support, good job Botble. I\'m looking forward to more great functional plugins.','published','2024-05-10 02:10:33','2024-05-10 02:10:33','[\"main\\/products\\/product-15.jpg\"]'),(28,7,NULL,NULL,32,5.00,'The best ecommerce CMS! Excellent coding! best support service! Thank you so much..... I really like your hard work.','published','2024-05-10 02:10:33','2024-05-10 02:10:33','[\"main\\/products\\/product-3.jpg\",\"main\\/products\\/product-7.jpg\",\"main\\/products\\/product-14.jpg\"]'),(29,10,NULL,NULL,49,4.00,'The best ecommerce CMS! Excellent coding! best support service! Thank you so much..... I really like your hard work.','published','2024-05-10 02:10:33','2024-05-10 02:10:33','[\"main\\/products\\/product-13.jpg\",\"main\\/products\\/product-details-desc-2.jpg\"]'),(30,4,NULL,NULL,12,4.00,'Best ecommerce CMS online store!','published','2024-05-10 02:10:33','2024-05-10 02:10:33','[\"main\\/products\\/product-14.jpg\"]'),(31,3,NULL,NULL,33,3.00,'I Love this Script. I also found how to add other fees. Now I just wait the BIG update for the Marketplace with the Bulk Import. Just do not forget to make it to be Multi-language for us the Botble Fans.','published','2024-05-10 02:10:33','2024-05-10 02:10:33','[\"main\\/products\\/product-2.jpg\",\"main\\/products\\/product-3.jpg\",\"main\\/products\\/product-14.jpg\"]'),(32,2,NULL,NULL,2,2.00,'The script is the best of its class, fast, easy to implement and work with , and the most important thing is the great support team , Recommend with no doubt.','published','2024-05-10 02:10:33','2024-05-10 02:10:33','[\"main\\/products\\/product-2.jpg\",\"main\\/products\\/product-11.jpg\",\"main\\/products\\/product-15.jpg\",\"main\\/products\\/product-18.jpg\"]'),(33,9,NULL,NULL,35,3.00,'Amazing code, amazing support. Overall, im really confident in Botble and im happy I made the right choice! Thank you so much guys for coding this masterpiece','published','2024-05-10 02:10:33','2024-05-10 02:10:33','[\"main\\/products\\/product-4.jpg\",\"main\\/products\\/product-10.jpg\",\"main\\/products\\/product-12.jpg\",\"main\\/products\\/product-15.jpg\"]'),(34,3,NULL,NULL,18,5.00,'Amazing code, amazing support. Overall, im really confident in Botble and im happy I made the right choice! Thank you so much guys for coding this masterpiece','published','2024-05-10 02:10:33','2024-05-10 02:10:33','[\"main\\/products\\/product-1.jpg\",\"main\\/products\\/product-details-desc-1.jpg\"]'),(35,3,NULL,NULL,41,1.00,'Cool template. Excellent code quality. The support responds very quickly, which is very rare on themeforest and codecanyon.net, I buy a lot of templates, and everyone will have a response from technical support for two or three days. Thanks to tech support. I recommend to buy.','published','2024-05-10 02:10:33','2024-05-10 02:10:33','[\"main\\/products\\/product-2.jpg\",\"main\\/products\\/product-5.jpg\",\"main\\/products\\/product-8.jpg\"]'),(36,3,NULL,NULL,6,5.00,'Cool template. Excellent code quality. The support responds very quickly, which is very rare on themeforest and codecanyon.net, I buy a lot of templates, and everyone will have a response from technical support for two or three days. Thanks to tech support. I recommend to buy.','published','2024-05-10 02:10:33','2024-05-10 02:10:33','[\"main\\/products\\/product-12.jpg\",\"main\\/products\\/product-15.jpg\",\"main\\/products\\/product-details-desc-2.jpg\"]'),(37,9,NULL,NULL,43,4.00,'The script is the best of its class, fast, easy to implement and work with , and the most important thing is the great support team , Recommend with no doubt.','published','2024-05-10 02:10:33','2024-05-10 02:10:33','[\"main\\/products\\/product-1.jpg\",\"main\\/products\\/product-4.jpg\",\"main\\/products\\/product-17.jpg\",\"main\\/products\\/product-20.jpg\"]'),(38,9,NULL,NULL,36,3.00,'Best ecommerce CMS online store!','published','2024-05-10 02:10:33','2024-05-10 02:10:33','[\"main\\/products\\/product-15.jpg\"]'),(39,5,NULL,NULL,49,3.00,'Good app, good backup service and support. Good documentation.','published','2024-05-10 02:10:33','2024-05-10 02:10:33','[\"main\\/products\\/product-1.jpg\",\"main\\/products\\/product-details-desc-1.jpg\",\"main\\/products\\/product-details-desc-3.jpg\"]'),(40,2,NULL,NULL,22,5.00,'The script is the best of its class, fast, easy to implement and work with , and the most important thing is the great support team , Recommend with no doubt.','published','2024-05-10 02:10:33','2024-05-10 02:10:33','[\"main\\/products\\/product-8.jpg\",\"main\\/products\\/product-12.jpg\",\"main\\/products\\/product-19.jpg\"]'),(41,1,NULL,NULL,35,1.00,'Great E-commerce system. And much more : Wonderful Customer Support.','published','2024-05-10 02:10:33','2024-05-10 02:10:33','[\"main\\/products\\/product-11.jpg\",\"main\\/products\\/product-13.jpg\"]'),(42,1,NULL,NULL,44,3.00,'Amazing code, amazing support. Overall, im really confident in Botble and im happy I made the right choice! Thank you so much guys for coding this masterpiece','published','2024-05-10 02:10:33','2024-05-10 02:10:33','[\"main\\/products\\/product-10.jpg\",\"main\\/products\\/product-11.jpg\"]'),(43,4,NULL,NULL,21,2.00,'Customer Support are grade (A*), however the code is a way too over engineered for it\'s purpose.','published','2024-05-10 02:10:33','2024-05-10 02:10:33','[\"main\\/products\\/product-3.jpg\",\"main\\/products\\/product-11.jpg\",\"main\\/products\\/product-18.jpg\"]'),(44,2,NULL,NULL,51,5.00,'Second or third time that I buy a Botble product, happy with the products and support. You guys do a good job :)','published','2024-05-10 02:10:33','2024-05-10 02:10:33','[\"main\\/products\\/product-9.jpg\",\"main\\/products\\/product-15.jpg\"]'),(45,10,NULL,NULL,39,4.00,'The code is good, in general, if you like it, can you give it 5 stars?','published','2024-05-10 02:10:33','2024-05-10 02:10:33','[\"main\\/products\\/product-10.jpg\",\"main\\/products\\/product-19.jpg\"]'),(47,2,NULL,NULL,33,1.00,'Great E-commerce system. And much more : Wonderful Customer Support.','published','2024-05-10 02:10:33','2024-05-10 02:10:33','[\"main\\/products\\/product-4.jpg\",\"main\\/products\\/product-7.jpg\",\"main\\/products\\/product-15.jpg\",\"main\\/products\\/product-17.jpg\"]'),(48,5,NULL,NULL,57,2.00,'Those guys now what they are doing, the release such a good product that it\'s a pleasure to work with ! Even when I was stuck on the project, I created a ticket and the next day it was replied by the team. GOOD JOB guys. I love working with them :)','published','2024-05-10 02:10:33','2024-05-10 02:10:33','[\"main\\/products\\/product-12.jpg\",\"main\\/products\\/product-details-desc-1.jpg\"]'),(49,8,NULL,NULL,35,1.00,'The best store template! Excellent coding! Very good support! Thank you so much for all the help, I really appreciated.','published','2024-05-10 02:10:33','2024-05-10 02:10:33','[\"main\\/products\\/product-13.jpg\",\"main\\/products\\/product-15.jpg\",\"main\\/products\\/product-19.jpg\"]'),(51,1,NULL,NULL,46,1.00,'Clean & perfect source code','published','2024-05-10 02:10:33','2024-05-10 02:10:33','[\"main\\/products\\/product-19.jpg\"]'),(52,6,NULL,NULL,55,2.00,'Good app, good backup service and support. Good documentation.','published','2024-05-10 02:10:33','2024-05-10 02:10:33','[\"main\\/products\\/product-5.jpg\",\"main\\/products\\/product-6.jpg\",\"main\\/products\\/product-11.jpg\",\"main\\/products\\/product-19.jpg\"]'),(53,5,NULL,NULL,52,3.00,'Those guys now what they are doing, the release such a good product that it\'s a pleasure to work with ! Even when I was stuck on the project, I created a ticket and the next day it was replied by the team. GOOD JOB guys. I love working with them :)','published','2024-05-10 02:10:33','2024-05-10 02:10:33','[\"main\\/products\\/product-15.jpg\"]'),(54,8,NULL,NULL,12,3.00,'This web app is really good in design, code quality & features. Besides, the customer support provided by the Botble team was really fast & helpful. You guys are awesome!','published','2024-05-10 02:10:33','2024-05-10 02:10:33','[\"main\\/products\\/product-2.jpg\",\"main\\/products\\/product-details-desc-2.jpg\",\"main\\/products\\/product-details-desc-3.jpg\"]'),(55,4,NULL,NULL,30,5.00,'Great E-commerce system. And much more : Wonderful Customer Support.','published','2024-05-10 02:10:33','2024-05-10 02:10:33','[\"main\\/products\\/product-4.jpg\",\"main\\/products\\/product-11.jpg\"]'),(56,8,NULL,NULL,16,5.00,'Second or third time that I buy a Botble product, happy with the products and support. You guys do a good job :)','published','2024-05-10 02:10:33','2024-05-10 02:10:33','[\"main\\/products\\/product-6.jpg\",\"main\\/products\\/product-7.jpg\"]'),(57,5,NULL,NULL,17,2.00,'Best ecommerce CMS online store!','published','2024-05-10 02:10:33','2024-05-10 02:10:33','[\"main\\/products\\/product-15.jpg\"]'),(58,4,NULL,NULL,43,5.00,'For me the best eCommerce script on Envato at this moment: modern, clean code, a lot of great features. The customer support is great too: I always get an answer within hours!','published','2024-05-10 02:10:33','2024-05-10 02:10:33','[\"main\\/products\\/product-7.jpg\",\"main\\/products\\/product-8.jpg\"]'),(59,8,NULL,NULL,21,2.00,'It\'s not my first experience here on Codecanyon and I can honestly tell you all that Botble puts a LOT of effort into the support. They answer so fast, they helped me tons of times. REALLY by far THE BEST EXPERIENCE on Codecanyon. Those guys at Botble are so good that they deserve 5 stars. I recommend them, I trust them and I can\'t wait to see what they will sell in a near future. Thank you Botble :)','published','2024-05-10 02:10:33','2024-05-10 02:10:33','[\"main\\/products\\/product-16.jpg\",\"main\\/products\\/product-19.jpg\"]'),(60,3,NULL,NULL,48,4.00,'The best store template! Excellent coding! Very good support! Thank you so much for all the help, I really appreciated.','published','2024-05-10 02:10:33','2024-05-10 02:10:33','[\"main\\/products\\/product-1.jpg\",\"main\\/products\\/product-8.jpg\",\"main\\/products\\/product-9.jpg\",\"main\\/products\\/product-15.jpg\"]'),(61,9,NULL,NULL,30,1.00,'Great E-commerce system. And much more : Wonderful Customer Support.','published','2024-05-10 02:10:33','2024-05-10 02:10:33','[\"main\\/products\\/product-4.jpg\",\"main\\/products\\/product-8.jpg\",\"main\\/products\\/product-20.jpg\"]'),(62,4,NULL,NULL,5,1.00,'Very enthusiastic support! Excellent code is written. It\'s a true pleasure working with.','published','2024-05-10 02:10:33','2024-05-10 02:10:33','[\"main\\/products\\/product-8.jpg\",\"main\\/products\\/product-17.jpg\"]'),(63,10,NULL,NULL,27,4.00,'I Love this Script. I also found how to add other fees. Now I just wait the BIG update for the Marketplace with the Bulk Import. Just do not forget to make it to be Multi-language for us the Botble Fans.','published','2024-05-10 02:10:33','2024-05-10 02:10:33','[\"main\\/products\\/product-1.jpg\",\"main\\/products\\/product-12.jpg\",\"main\\/products\\/product-details-desc-1.jpg\"]'),(64,9,NULL,NULL,52,2.00,'This script is well coded and is super fast. The support is pretty quick. Very patient and helpful team. I strongly recommend it and they deserve more than 5 stars.','published','2024-05-10 02:10:33','2024-05-10 02:10:33','[\"main\\/products\\/product-13.jpg\",\"main\\/products\\/product-17.jpg\"]'),(65,4,NULL,NULL,22,5.00,'Second or third time that I buy a Botble product, happy with the products and support. You guys do a good job :)','published','2024-05-10 02:10:33','2024-05-10 02:10:33','[\"main\\/products\\/product-4.jpg\",\"main\\/products\\/product-9.jpg\"]'),(66,6,NULL,NULL,11,4.00,'Perfect +++++++++ i love it really also i get to fast ticket answers... Thanks Lot BOTBLE Teams','published','2024-05-10 02:10:33','2024-05-10 02:10:33','[\"main\\/products\\/product-10.jpg\"]'),(67,3,NULL,NULL,43,4.00,'Ok good product. I have some issues in customizations. But its not correct to blame the developer. The product is good. Good luck for your business.','published','2024-05-10 02:10:33','2024-05-10 02:10:33','[\"main\\/products\\/product-12.jpg\",\"main\\/products\\/product-19.jpg\",\"main\\/products\\/product-20.jpg\"]'),(68,4,NULL,NULL,46,5.00,'Amazing code, amazing support. Overall, im really confident in Botble and im happy I made the right choice! Thank you so much guys for coding this masterpiece','published','2024-05-10 02:10:33','2024-05-10 02:10:33','[\"main\\/products\\/product-10.jpg\",\"main\\/products\\/product-11.jpg\",\"main\\/products\\/product-13.jpg\",\"main\\/products\\/product-19.jpg\"]'),(69,3,NULL,NULL,39,3.00,'Those guys now what they are doing, the release such a good product that it\'s a pleasure to work with ! Even when I was stuck on the project, I created a ticket and the next day it was replied by the team. GOOD JOB guys. I love working with them :)','published','2024-05-10 02:10:33','2024-05-10 02:10:33','[\"main\\/products\\/product-1.jpg\",\"main\\/products\\/product-9.jpg\",\"main\\/products\\/product-12.jpg\",\"main\\/products\\/product-18.jpg\"]'),(70,1,NULL,NULL,31,5.00,'These guys are amazing! Responses immediately, amazing support and help... I immediately feel at ease after Purchasing..','published','2024-05-10 02:10:33','2024-05-10 02:10:33','[\"main\\/products\\/product-17.jpg\"]'),(71,3,NULL,NULL,54,5.00,'Solution is too robust for our purpose so we didn\'t use it at the end. But I appreciate customer support during initial configuration.','published','2024-05-10 02:10:33','2024-05-10 02:10:33','[\"main\\/products\\/product-4.jpg\",\"main\\/products\\/product-5.jpg\",\"main\\/products\\/product-11.jpg\",\"main\\/products\\/product-details-desc-1.jpg\"]'),(72,10,NULL,NULL,47,3.00,'Cool template. Excellent code quality. The support responds very quickly, which is very rare on themeforest and codecanyon.net, I buy a lot of templates, and everyone will have a response from technical support for two or three days. Thanks to tech support. I recommend to buy.','published','2024-05-10 02:10:33','2024-05-10 02:10:33','[\"main\\/products\\/product-13.jpg\",\"main\\/products\\/product-18.jpg\",\"main\\/products\\/product-19.jpg\"]'),(73,6,NULL,NULL,54,1.00,'The best store template! Excellent coding! Very good support! Thank you so much for all the help, I really appreciated.','published','2024-05-10 02:10:33','2024-05-10 02:10:33','[\"main\\/products\\/product-16.jpg\",\"main\\/products\\/product-17.jpg\",\"main\\/products\\/product-20.jpg\"]'),(74,6,NULL,NULL,33,1.00,'These guys are amazing! Responses immediately, amazing support and help... I immediately feel at ease after Purchasing..','published','2024-05-10 02:10:33','2024-05-10 02:10:33','[\"main\\/products\\/product-3.jpg\",\"main\\/products\\/product-7.jpg\",\"main\\/products\\/product-9.jpg\",\"main\\/products\\/product-16.jpg\"]'),(75,8,NULL,NULL,22,4.00,'Second or third time that I buy a Botble product, happy with the products and support. You guys do a good job :)','published','2024-05-10 02:10:33','2024-05-10 02:10:33','[\"main\\/products\\/product-1.jpg\",\"main\\/products\\/product-4.jpg\",\"main\\/products\\/product-details-desc-1.jpg\"]'),(76,7,NULL,NULL,46,2.00,'Solution is too robust for our purpose so we didn\'t use it at the end. But I appreciate customer support during initial configuration.','published','2024-05-10 02:10:33','2024-05-10 02:10:33','[\"main\\/products\\/product-3.jpg\",\"main\\/products\\/product-5.jpg\",\"main\\/products\\/product-12.jpg\",\"main\\/products\\/product-19.jpg\"]'),(77,1,NULL,NULL,9,1.00,'Those guys now what they are doing, the release such a good product that it\'s a pleasure to work with ! Even when I was stuck on the project, I created a ticket and the next day it was replied by the team. GOOD JOB guys. I love working with them :)','published','2024-05-10 02:10:33','2024-05-10 02:10:33','[\"main\\/products\\/product-20.jpg\"]'),(78,7,NULL,NULL,11,4.00,'It\'s not my first experience here on Codecanyon and I can honestly tell you all that Botble puts a LOT of effort into the support. They answer so fast, they helped me tons of times. REALLY by far THE BEST EXPERIENCE on Codecanyon. Those guys at Botble are so good that they deserve 5 stars. I recommend them, I trust them and I can\'t wait to see what they will sell in a near future. Thank you Botble :)','published','2024-05-10 02:10:33','2024-05-10 02:10:33','[\"main\\/products\\/product-3.jpg\",\"main\\/products\\/product-5.jpg\",\"main\\/products\\/product-8.jpg\",\"main\\/products\\/product-16.jpg\"]'),(79,1,NULL,NULL,29,4.00,'Good app, good backup service and support. Good documentation.','published','2024-05-10 02:10:33','2024-05-10 02:10:33','[\"main\\/products\\/product-6.jpg\",\"main\\/products\\/product-9.jpg\"]'),(80,7,NULL,NULL,41,5.00,'These guys are amazing! Responses immediately, amazing support and help... I immediately feel at ease after Purchasing..','published','2024-05-10 02:10:33','2024-05-10 02:10:33','[\"main\\/products\\/product-4.jpg\",\"main\\/products\\/product-10.jpg\"]'),(82,4,NULL,NULL,36,1.00,'We have received brilliant service support and will be expanding the features with the developer. Nice product!','published','2024-05-10 02:10:33','2024-05-10 02:10:33','[\"main\\/products\\/product-7.jpg\",\"main\\/products\\/product-13.jpg\",\"main\\/products\\/product-18.jpg\",\"main\\/products\\/product-19.jpg\"]'),(83,10,NULL,NULL,28,3.00,'Perfect +++++++++ i love it really also i get to fast ticket answers... Thanks Lot BOTBLE Teams','published','2024-05-10 02:10:33','2024-05-10 02:10:33','[\"main\\/products\\/product-3.jpg\",\"main\\/products\\/product-17.jpg\",\"main\\/products\\/product-details-desc-3.jpg\"]'),(84,4,NULL,NULL,4,1.00,'Those guys now what they are doing, the release such a good product that it\'s a pleasure to work with ! Even when I was stuck on the project, I created a ticket and the next day it was replied by the team. GOOD JOB guys. I love working with them :)','published','2024-05-10 02:10:33','2024-05-10 02:10:33','[\"main\\/products\\/product-16.jpg\"]'),(85,2,NULL,NULL,9,1.00,'Best ecommerce CMS online store!','published','2024-05-10 02:10:33','2024-05-10 02:10:33','[\"main\\/products\\/product-14.jpg\"]'),(86,4,NULL,NULL,1,3.00,'Cool template. Excellent code quality. The support responds very quickly, which is very rare on themeforest and codecanyon.net, I buy a lot of templates, and everyone will have a response from technical support for two or three days. Thanks to tech support. I recommend to buy.','published','2024-05-10 02:10:33','2024-05-10 02:10:33','[\"main\\/products\\/product-3.jpg\",\"main\\/products\\/product-7.jpg\",\"main\\/products\\/product-11.jpg\",\"main\\/products\\/product-16.jpg\"]'),(87,9,NULL,NULL,22,3.00,'Clean & perfect source code','published','2024-05-10 02:10:33','2024-05-10 02:10:33','[\"main\\/products\\/product-8.jpg\",\"main\\/products\\/product-11.jpg\"]'),(88,10,NULL,NULL,43,3.00,'These guys are amazing! Responses immediately, amazing support and help... I immediately feel at ease after Purchasing..','published','2024-05-10 02:10:33','2024-05-10 02:10:33','[\"main\\/products\\/product-3.jpg\",\"main\\/products\\/product-12.jpg\"]'),(89,1,NULL,NULL,13,1.00,'The script is the best of its class, fast, easy to implement and work with , and the most important thing is the great support team , Recommend with no doubt.','published','2024-05-10 02:10:33','2024-05-10 02:10:33','[\"main\\/products\\/product-18.jpg\",\"main\\/products\\/product-details-desc-1.jpg\",\"main\\/products\\/product-details-desc-2.jpg\"]'),(90,1,NULL,NULL,6,4.00,'It\'s not my first experience here on Codecanyon and I can honestly tell you all that Botble puts a LOT of effort into the support. They answer so fast, they helped me tons of times. REALLY by far THE BEST EXPERIENCE on Codecanyon. Those guys at Botble are so good that they deserve 5 stars. I recommend them, I trust them and I can\'t wait to see what they will sell in a near future. Thank you Botble :)','published','2024-05-10 02:10:33','2024-05-10 02:10:33','[\"main\\/products\\/product-4.jpg\"]'),(91,7,NULL,NULL,28,1.00,'The script is the best of its class, fast, easy to implement and work with , and the most important thing is the great support team , Recommend with no doubt.','published','2024-05-10 02:10:33','2024-05-10 02:10:33','[\"main\\/products\\/product-15.jpg\",\"main\\/products\\/product-details-desc-3.jpg\"]'),(92,6,NULL,NULL,4,3.00,'Amazing code, amazing support. Overall, im really confident in Botble and im happy I made the right choice! Thank you so much guys for coding this masterpiece','published','2024-05-10 02:10:33','2024-05-10 02:10:33','[\"main\\/products\\/product-2.jpg\",\"main\\/products\\/product-5.jpg\",\"main\\/products\\/product-11.jpg\"]'),(94,6,NULL,NULL,8,2.00,'These guys are amazing! Responses immediately, amazing support and help... I immediately feel at ease after Purchasing..','published','2024-05-10 02:10:33','2024-05-10 02:10:33','[\"main\\/products\\/product-5.jpg\",\"main\\/products\\/product-10.jpg\",\"main\\/products\\/product-19.jpg\"]'),(96,2,NULL,NULL,20,2.00,'It\'s not my first experience here on Codecanyon and I can honestly tell you all that Botble puts a LOT of effort into the support. They answer so fast, they helped me tons of times. REALLY by far THE BEST EXPERIENCE on Codecanyon. Those guys at Botble are so good that they deserve 5 stars. I recommend them, I trust them and I can\'t wait to see what they will sell in a near future. Thank you Botble :)','published','2024-05-10 02:10:33','2024-05-10 02:10:33','[\"main\\/products\\/product-10.jpg\"]'),(97,2,NULL,NULL,10,3.00,'Second or third time that I buy a Botble product, happy with the products and support. You guys do a good job :)','published','2024-05-10 02:10:33','2024-05-10 02:10:33','[\"main\\/products\\/product-6.jpg\",\"main\\/products\\/product-19.jpg\",\"main\\/products\\/product-details-desc-3.jpg\"]'),(98,10,NULL,NULL,3,4.00,'Those guys now what they are doing, the release such a good product that it\'s a pleasure to work with ! Even when I was stuck on the project, I created a ticket and the next day it was replied by the team. GOOD JOB guys. I love working with them :)','published','2024-05-10 02:10:33','2024-05-10 02:10:33','[\"main\\/products\\/product-14.jpg\",\"main\\/products\\/product-15.jpg\"]'),(99,8,NULL,NULL,47,2.00,'It\'s not my first experience here on Codecanyon and I can honestly tell you all that Botble puts a LOT of effort into the support. They answer so fast, they helped me tons of times. REALLY by far THE BEST EXPERIENCE on Codecanyon. Those guys at Botble are so good that they deserve 5 stars. I recommend them, I trust them and I can\'t wait to see what they will sell in a near future. Thank you Botble :)','published','2024-05-10 02:10:33','2024-05-10 02:10:33','[\"main\\/products\\/product-1.jpg\",\"main\\/products\\/product-2.jpg\"]'),(100,2,NULL,NULL,23,1.00,'Best ecommerce CMS online store!','published','2024-05-10 02:10:33','2024-05-10 02:10:33','[\"main\\/products\\/product-9.jpg\",\"main\\/products\\/product-13.jpg\",\"main\\/products\\/product-18.jpg\",\"main\\/products\\/product-19.jpg\"]'),(101,5,NULL,NULL,12,3.00,'The best store template! Excellent coding! Very good support! Thank you so much for all the help, I really appreciated.','published','2024-05-10 02:10:33','2024-05-10 02:10:33','[\"main\\/products\\/product-14.jpg\",\"main\\/products\\/product-20.jpg\",\"main\\/products\\/product-details-desc-2.jpg\"]'),(103,2,NULL,NULL,52,3.00,'The code is good, in general, if you like it, can you give it 5 stars?','published','2024-05-10 02:10:33','2024-05-10 02:10:33','[\"main\\/products\\/product-15.jpg\",\"main\\/products\\/product-17.jpg\"]'),(104,2,NULL,NULL,34,5.00,'Those guys now what they are doing, the release such a good product that it\'s a pleasure to work with ! Even when I was stuck on the project, I created a ticket and the next day it was replied by the team. GOOD JOB guys. I love working with them :)','published','2024-05-10 02:10:33','2024-05-10 02:10:33','[\"main\\/products\\/product-3.jpg\",\"main\\/products\\/product-12.jpg\",\"main\\/products\\/product-13.jpg\",\"main\\/products\\/product-19.jpg\"]'),(105,9,NULL,NULL,8,2.00,'Second or third time that I buy a Botble product, happy with the products and support. You guys do a good job :)','published','2024-05-10 02:10:33','2024-05-10 02:10:33','[\"main\\/products\\/product-20.jpg\",\"main\\/products\\/product-details-desc-2.jpg\"]'),(106,2,NULL,NULL,16,5.00,'We have received brilliant service support and will be expanding the features with the developer. Nice product!','published','2024-05-10 02:10:33','2024-05-10 02:10:33','[\"main\\/products\\/product-2.jpg\",\"main\\/products\\/product-5.jpg\",\"main\\/products\\/product-10.jpg\",\"main\\/products\\/product-13.jpg\"]'),(107,9,NULL,NULL,38,3.00,'The best store template! Excellent coding! Very good support! Thank you so much for all the help, I really appreciated.','published','2024-05-10 02:10:33','2024-05-10 02:10:33','[\"main\\/products\\/product-12.jpg\",\"main\\/products\\/product-15.jpg\"]'),(109,5,NULL,NULL,8,5.00,'Very enthusiastic support! Excellent code is written. It\'s a true pleasure working with.','published','2024-05-10 02:10:33','2024-05-10 02:10:33','[\"main\\/products\\/product-4.jpg\"]'),(110,5,NULL,NULL,54,1.00,'The code is good, in general, if you like it, can you give it 5 stars?','published','2024-05-10 02:10:33','2024-05-10 02:10:33','[\"main\\/products\\/product-8.jpg\",\"main\\/products\\/product-10.jpg\",\"main\\/products\\/product-15.jpg\",\"main\\/products\\/product-details-desc-1.jpg\"]'),(111,3,NULL,NULL,51,4.00,'These guys are amazing! Responses immediately, amazing support and help... I immediately feel at ease after Purchasing..','published','2024-05-10 02:10:33','2024-05-10 02:10:33','[\"main\\/products\\/product-18.jpg\"]'),(112,2,NULL,NULL,48,5.00,'This web app is really good in design, code quality & features. Besides, the customer support provided by the Botble team was really fast & helpful. You guys are awesome!','published','2024-05-10 02:10:33','2024-05-10 02:10:33','[\"main\\/products\\/product-9.jpg\",\"main\\/products\\/product-15.jpg\"]'),(113,9,NULL,NULL,34,2.00,'The best store template! Excellent coding! Very good support! Thank you so much for all the help, I really appreciated.','published','2024-05-10 02:10:33','2024-05-10 02:10:33','[\"main\\/products\\/product-14.jpg\"]'),(114,4,NULL,NULL,47,3.00,'Very enthusiastic support! Excellent code is written. It\'s a true pleasure working with.','published','2024-05-10 02:10:33','2024-05-10 02:10:33','[\"main\\/products\\/product-5.jpg\",\"main\\/products\\/product-15.jpg\",\"main\\/products\\/product-17.jpg\",\"main\\/products\\/product-details-desc-2.jpg\"]'),(115,6,NULL,NULL,5,2.00,'Cool template. Excellent code quality. The support responds very quickly, which is very rare on themeforest and codecanyon.net, I buy a lot of templates, and everyone will have a response from technical support for two or three days. Thanks to tech support. I recommend to buy.','published','2024-05-10 02:10:33','2024-05-10 02:10:33','[\"main\\/products\\/product-details-desc-2.jpg\"]'),(116,9,NULL,NULL,6,3.00,'Very enthusiastic support! Excellent code is written. It\'s a true pleasure working with.','published','2024-05-10 02:10:33','2024-05-10 02:10:33','[\"main\\/products\\/product-1.jpg\"]'),(118,7,NULL,NULL,42,1.00,'Solution is too robust for our purpose so we didn\'t use it at the end. But I appreciate customer support during initial configuration.','published','2024-05-10 02:10:33','2024-05-10 02:10:33','[\"main\\/products\\/product-15.jpg\"]'),(119,9,NULL,NULL,29,5.00,'Very enthusiastic support! Excellent code is written. It\'s a true pleasure working with.','published','2024-05-10 02:10:33','2024-05-10 02:10:33','[\"main\\/products\\/product-4.jpg\",\"main\\/products\\/product-5.jpg\",\"main\\/products\\/product-15.jpg\",\"main\\/products\\/product-20.jpg\"]'),(120,3,NULL,NULL,29,5.00,'The best store template! Excellent coding! Very good support! Thank you so much for all the help, I really appreciated.','published','2024-05-10 02:10:33','2024-05-10 02:10:33','[\"main\\/products\\/product-2.jpg\",\"main\\/products\\/product-4.jpg\",\"main\\/products\\/product-details-desc-2.jpg\",\"main\\/products\\/product-details-desc-3.jpg\"]'),(121,3,NULL,NULL,4,2.00,'As a developer I reviewed this script. This is really awesome ecommerce script. I have convinced when I noticed that it\'s built on fully WordPress concept.','published','2024-05-10 02:10:33','2024-05-10 02:10:33','[\"main\\/products\\/product-6.jpg\",\"main\\/products\\/product-9.jpg\",\"main\\/products\\/product-10.jpg\",\"main\\/products\\/product-details-desc-2.jpg\"]'),(122,8,NULL,NULL,53,2.00,'The best store template! Excellent coding! Very good support! Thank you so much for all the help, I really appreciated.','published','2024-05-10 02:10:33','2024-05-10 02:10:33','[\"main\\/products\\/product-8.jpg\",\"main\\/products\\/product-15.jpg\",\"main\\/products\\/product-20.jpg\"]'),(123,5,NULL,NULL,22,4.00,'It\'s not my first experience here on Codecanyon and I can honestly tell you all that Botble puts a LOT of effort into the support. They answer so fast, they helped me tons of times. REALLY by far THE BEST EXPERIENCE on Codecanyon. Those guys at Botble are so good that they deserve 5 stars. I recommend them, I trust them and I can\'t wait to see what they will sell in a near future. Thank you Botble :)','published','2024-05-10 02:10:33','2024-05-10 02:10:33','[\"main\\/products\\/product-15.jpg\",\"main\\/products\\/product-16.jpg\",\"main\\/products\\/product-19.jpg\"]'),(124,10,NULL,NULL,30,3.00,'The code is good, in general, if you like it, can you give it 5 stars?','published','2024-05-10 02:10:33','2024-05-10 02:10:33','[\"main\\/products\\/product-1.jpg\"]'),(125,4,NULL,NULL,2,3.00,'Those guys now what they are doing, the release such a good product that it\'s a pleasure to work with ! Even when I was stuck on the project, I created a ticket and the next day it was replied by the team. GOOD JOB guys. I love working with them :)','published','2024-05-10 02:10:33','2024-05-10 02:10:33','[\"main\\/products\\/product-18.jpg\",\"main\\/products\\/product-20.jpg\"]'),(128,8,NULL,NULL,56,4.00,'I Love this Script. I also found how to add other fees. Now I just wait the BIG update for the Marketplace with the Bulk Import. Just do not forget to make it to be Multi-language for us the Botble Fans.','published','2024-05-10 02:10:33','2024-05-10 02:10:33','[\"main\\/products\\/product-9.jpg\",\"main\\/products\\/product-16.jpg\",\"main\\/products\\/product-19.jpg\"]'),(129,9,NULL,NULL,18,2.00,'The script is the best of its class, fast, easy to implement and work with , and the most important thing is the great support team , Recommend with no doubt.','published','2024-05-10 02:10:33','2024-05-10 02:10:33','[\"main\\/products\\/product-3.jpg\",\"main\\/products\\/product-16.jpg\",\"main\\/products\\/product-18.jpg\"]'),(130,5,NULL,NULL,28,3.00,'Best ecommerce CMS online store!','published','2024-05-10 02:10:33','2024-05-10 02:10:33','[\"main\\/products\\/product-19.jpg\"]'),(131,2,NULL,NULL,38,2.00,'We have received brilliant service support and will be expanding the features with the developer. Nice product!','published','2024-05-10 02:10:33','2024-05-10 02:10:33','[\"main\\/products\\/product-5.jpg\",\"main\\/products\\/product-9.jpg\",\"main\\/products\\/product-13.jpg\"]'),(132,9,NULL,NULL,28,4.00,'Those guys now what they are doing, the release such a good product that it\'s a pleasure to work with ! Even when I was stuck on the project, I created a ticket and the next day it was replied by the team. GOOD JOB guys. I love working with them :)','published','2024-05-10 02:10:33','2024-05-10 02:10:33','[\"main\\/products\\/product-10.jpg\",\"main\\/products\\/product-14.jpg\",\"main\\/products\\/product-details-desc-2.jpg\",\"main\\/products\\/product-details-desc-3.jpg\"]'),(135,10,NULL,NULL,8,5.00,'Good app, good backup service and support. Good documentation.','published','2024-05-10 02:10:33','2024-05-10 02:10:33','[\"main\\/products\\/product-4.jpg\",\"main\\/products\\/product-11.jpg\"]'),(136,3,NULL,NULL,55,5.00,'The best ecommerce CMS! Excellent coding! best support service! Thank you so much..... I really like your hard work.','published','2024-05-10 02:10:33','2024-05-10 02:10:33','[\"main\\/products\\/product-7.jpg\",\"main\\/products\\/product-20.jpg\",\"main\\/products\\/product-details-desc-1.jpg\"]'),(137,5,NULL,NULL,30,3.00,'Very enthusiastic support! Excellent code is written. It\'s a true pleasure working with.','published','2024-05-10 02:10:33','2024-05-10 02:10:33','[\"main\\/products\\/product-1.jpg\",\"main\\/products\\/product-11.jpg\"]'),(138,2,NULL,NULL,45,5.00,'Great system, great support, good job Botble. I\'m looking forward to more great functional plugins.','published','2024-05-10 02:10:33','2024-05-10 02:10:33','[\"main\\/products\\/product-1.jpg\",\"main\\/products\\/product-12.jpg\"]'),(139,3,NULL,NULL,42,5.00,'Amazing code, amazing support. Overall, im really confident in Botble and im happy I made the right choice! Thank you so much guys for coding this masterpiece','published','2024-05-10 02:10:33','2024-05-10 02:10:33','[\"main\\/products\\/product-1.jpg\",\"main\\/products\\/product-details-desc-3.jpg\"]'),(140,10,NULL,NULL,15,5.00,'Great system, great support, good job Botble. I\'m looking forward to more great functional plugins.','published','2024-05-10 02:10:33','2024-05-10 02:10:33','[\"main\\/products\\/product-8.jpg\",\"main\\/products\\/product-11.jpg\",\"main\\/products\\/product-16.jpg\"]'),(141,7,NULL,NULL,43,2.00,'The best ecommerce CMS! Excellent coding! best support service! Thank you so much..... I really like your hard work.','published','2024-05-10 02:10:33','2024-05-10 02:10:33','[\"main\\/products\\/product-1.jpg\",\"main\\/products\\/product-3.jpg\",\"main\\/products\\/product-7.jpg\"]'),(142,9,NULL,NULL,16,2.00,'Great E-commerce system. And much more : Wonderful Customer Support.','published','2024-05-10 02:10:33','2024-05-10 02:10:33','[\"main\\/products\\/product-1.jpg\",\"main\\/products\\/product-3.jpg\"]'),(143,3,NULL,NULL,45,1.00,'These guys are amazing! Responses immediately, amazing support and help... I immediately feel at ease after Purchasing..','published','2024-05-10 02:10:33','2024-05-10 02:10:33','[\"main\\/products\\/product-6.jpg\"]'),(144,1,NULL,NULL,41,4.00,'As a developer I reviewed this script. This is really awesome ecommerce script. I have convinced when I noticed that it\'s built on fully WordPress concept.','published','2024-05-10 02:10:33','2024-05-10 02:10:33','[\"main\\/products\\/product-5.jpg\",\"main\\/products\\/product-15.jpg\",\"main\\/products\\/product-17.jpg\"]'),(146,4,NULL,NULL,7,4.00,'Cool template. Excellent code quality. The support responds very quickly, which is very rare on themeforest and codecanyon.net, I buy a lot of templates, and everyone will have a response from technical support for two or three days. Thanks to tech support. I recommend to buy.','published','2024-05-10 02:10:33','2024-05-10 02:10:33','[\"main\\/products\\/product-2.jpg\",\"main\\/products\\/product-10.jpg\",\"main\\/products\\/product-16.jpg\"]'),(147,7,NULL,NULL,31,2.00,'Solution is too robust for our purpose so we didn\'t use it at the end. But I appreciate customer support during initial configuration.','published','2024-05-10 02:10:33','2024-05-10 02:10:33','[\"main\\/products\\/product-5.jpg\",\"main\\/products\\/product-9.jpg\",\"main\\/products\\/product-15.jpg\"]'),(148,5,NULL,NULL,5,1.00,'I Love this Script. I also found how to add other fees. Now I just wait the BIG update for the Marketplace with the Bulk Import. Just do not forget to make it to be Multi-language for us the Botble Fans.','published','2024-05-10 02:10:33','2024-05-10 02:10:33','[\"main\\/products\\/product-4.jpg\"]'),(149,7,NULL,NULL,24,3.00,'The best ecommerce CMS! Excellent coding! best support service! Thank you so much..... I really like your hard work.','published','2024-05-10 02:10:33','2024-05-10 02:10:33','[\"main\\/products\\/product-8.jpg\",\"main\\/products\\/product-9.jpg\",\"main\\/products\\/product-19.jpg\"]'),(150,4,NULL,NULL,11,1.00,'Great E-commerce system. And much more : Wonderful Customer Support.','published','2024-05-10 02:10:33','2024-05-10 02:10:33','[\"main\\/products\\/product-7.jpg\",\"main\\/products\\/product-10.jpg\",\"main\\/products\\/product-17.jpg\",\"main\\/products\\/product-details-desc-2.jpg\"]'),(151,4,NULL,NULL,55,3.00,'Those guys now what they are doing, the release such a good product that it\'s a pleasure to work with ! Even when I was stuck on the project, I created a ticket and the next day it was replied by the team. GOOD JOB guys. I love working with them :)','published','2024-05-10 02:10:33','2024-05-10 02:10:33','[\"main\\/products\\/product-4.jpg\",\"main\\/products\\/product-5.jpg\",\"main\\/products\\/product-8.jpg\",\"main\\/products\\/product-details-desc-2.jpg\"]'),(152,8,NULL,NULL,3,2.00,'We have received brilliant service support and will be expanding the features with the developer. Nice product!','published','2024-05-10 02:10:33','2024-05-10 02:10:33','[\"main\\/products\\/product-1.jpg\",\"main\\/products\\/product-2.jpg\",\"main\\/products\\/product-12.jpg\"]'),(153,9,NULL,NULL,5,1.00,'Best ecommerce CMS online store!','published','2024-05-10 02:10:33','2024-05-10 02:10:33','[\"main\\/products\\/product-3.jpg\",\"main\\/products\\/product-13.jpg\",\"main\\/products\\/product-16.jpg\"]'),(154,3,NULL,NULL,49,1.00,'We have received brilliant service support and will be expanding the features with the developer. Nice product!','published','2024-05-10 02:10:33','2024-05-10 02:10:33','[\"main\\/products\\/product-2.jpg\",\"main\\/products\\/product-8.jpg\",\"main\\/products\\/product-13.jpg\",\"main\\/products\\/product-16.jpg\"]'),(155,6,NULL,NULL,13,2.00,'This web app is really good in design, code quality & features. Besides, the customer support provided by the Botble team was really fast & helpful. You guys are awesome!','published','2024-05-10 02:10:33','2024-05-10 02:10:33','[\"main\\/products\\/product-15.jpg\"]'),(156,2,NULL,NULL,40,1.00,'This web app is really good in design, code quality & features. Besides, the customer support provided by the Botble team was really fast & helpful. You guys are awesome!','published','2024-05-10 02:10:33','2024-05-10 02:10:33','[\"main\\/products\\/product-1.jpg\",\"main\\/products\\/product-10.jpg\"]'),(159,7,NULL,NULL,40,2.00,'Good app, good backup service and support. Good documentation.','published','2024-05-10 02:10:33','2024-05-10 02:10:33','[\"main\\/products\\/product-2.jpg\",\"main\\/products\\/product-details-desc-1.jpg\"]'),(160,10,NULL,NULL,41,1.00,'Great E-commerce system. And much more : Wonderful Customer Support.','published','2024-05-10 02:10:33','2024-05-10 02:10:33','[\"main\\/products\\/product-4.jpg\",\"main\\/products\\/product-12.jpg\",\"main\\/products\\/product-17.jpg\",\"main\\/products\\/product-20.jpg\"]'),(161,1,NULL,NULL,24,1.00,'Perfect +++++++++ i love it really also i get to fast ticket answers... Thanks Lot BOTBLE Teams','published','2024-05-10 02:10:33','2024-05-10 02:10:33','[\"main\\/products\\/product-4.jpg\",\"main\\/products\\/product-9.jpg\",\"main\\/products\\/product-11.jpg\",\"main\\/products\\/product-details-desc-2.jpg\"]'),(163,4,NULL,NULL,53,1.00,'Very enthusiastic support! Excellent code is written. It\'s a true pleasure working with.','published','2024-05-10 02:10:33','2024-05-10 02:10:33','[\"main\\/products\\/product-1.jpg\",\"main\\/products\\/product-12.jpg\",\"main\\/products\\/product-15.jpg\"]'),(164,10,NULL,NULL,17,5.00,'Great E-commerce system. And much more : Wonderful Customer Support.','published','2024-05-10 02:10:33','2024-05-10 02:10:33','[\"main\\/products\\/product-20.jpg\",\"main\\/products\\/product-details-desc-3.jpg\"]'),(165,7,NULL,NULL,55,1.00,'Solution is too robust for our purpose so we didn\'t use it at the end. But I appreciate customer support during initial configuration.','published','2024-05-10 02:10:33','2024-05-10 02:10:33','[\"main\\/products\\/product-4.jpg\",\"main\\/products\\/product-5.jpg\",\"main\\/products\\/product-6.jpg\"]'),(166,8,NULL,NULL,9,1.00,'Great system, great support, good job Botble. I\'m looking forward to more great functional plugins.','published','2024-05-10 02:10:33','2024-05-10 02:10:33','[\"main\\/products\\/product-19.jpg\"]'),(167,2,NULL,NULL,11,2.00,'Amazing code, amazing support. Overall, im really confident in Botble and im happy I made the right choice! Thank you so much guys for coding this masterpiece','published','2024-05-10 02:10:33','2024-05-10 02:10:33','[\"main\\/products\\/product-details-desc-1.jpg\",\"main\\/products\\/product-details-desc-3.jpg\"]'),(168,1,NULL,NULL,49,2.00,'Great system, great support, good job Botble. I\'m looking forward to more great functional plugins.','published','2024-05-10 02:10:33','2024-05-10 02:10:33','[\"main\\/products\\/product-7.jpg\",\"main\\/products\\/product-9.jpg\",\"main\\/products\\/product-13.jpg\",\"main\\/products\\/product-18.jpg\"]'),(169,4,NULL,NULL,6,2.00,'The best ecommerce CMS! Excellent coding! best support service! Thank you so much..... I really like your hard work.','published','2024-05-10 02:10:33','2024-05-10 02:10:33','[\"main\\/products\\/product-7.jpg\",\"main\\/products\\/product-10.jpg\",\"main\\/products\\/product-11.jpg\",\"main\\/products\\/product-details-desc-3.jpg\"]'),(170,6,NULL,NULL,31,5.00,'For me the best eCommerce script on Envato at this moment: modern, clean code, a lot of great features. The customer support is great too: I always get an answer within hours!','published','2024-05-10 02:10:33','2024-05-10 02:10:33','[\"main\\/products\\/product-12.jpg\",\"main\\/products\\/product-details-desc-1.jpg\",\"main\\/products\\/product-details-desc-2.jpg\"]'),(171,5,NULL,NULL,42,5.00,'We have received brilliant service support and will be expanding the features with the developer. Nice product!','published','2024-05-10 02:10:33','2024-05-10 02:10:33','[\"main\\/products\\/product-2.jpg\",\"main\\/products\\/product-19.jpg\"]'),(172,6,NULL,NULL,14,1.00,'The code is good, in general, if you like it, can you give it 5 stars?','published','2024-05-10 02:10:33','2024-05-10 02:10:33','[\"main\\/products\\/product-9.jpg\",\"main\\/products\\/product-11.jpg\"]'),(173,5,NULL,NULL,21,4.00,'Second or third time that I buy a Botble product, happy with the products and support. You guys do a good job :)','published','2024-05-10 02:10:33','2024-05-10 02:10:33','[\"main\\/products\\/product-4.jpg\",\"main\\/products\\/product-5.jpg\",\"main\\/products\\/product-6.jpg\",\"main\\/products\\/product-7.jpg\"]'),(174,6,NULL,NULL,10,2.00,'The best ecommerce CMS! Excellent coding! best support service! Thank you so much..... I really like your hard work.','published','2024-05-10 02:10:33','2024-05-10 02:10:33','[\"main\\/products\\/product-8.jpg\",\"main\\/products\\/product-17.jpg\"]'),(175,9,NULL,NULL,23,5.00,'As a developer I reviewed this script. This is really awesome ecommerce script. I have convinced when I noticed that it\'s built on fully WordPress concept.','published','2024-05-10 02:10:33','2024-05-10 02:10:33','[\"main\\/products\\/product-4.jpg\",\"main\\/products\\/product-19.jpg\",\"main\\/products\\/product-20.jpg\"]'),(176,9,NULL,NULL,21,5.00,'For me the best eCommerce script on Envato at this moment: modern, clean code, a lot of great features. The customer support is great too: I always get an answer within hours!','published','2024-05-10 02:10:33','2024-05-10 02:10:33','[\"main\\/products\\/product-1.jpg\"]'),(177,9,NULL,NULL,49,2.00,'Cool template. Excellent code quality. The support responds very quickly, which is very rare on themeforest and codecanyon.net, I buy a lot of templates, and everyone will have a response from technical support for two or three days. Thanks to tech support. I recommend to buy.','published','2024-05-10 02:10:33','2024-05-10 02:10:33','[\"main\\/products\\/product-5.jpg\"]'),(179,1,NULL,NULL,23,5.00,'Good app, good backup service and support. Good documentation.','published','2024-05-10 02:10:33','2024-05-10 02:10:33','[\"main\\/products\\/product-17.jpg\",\"main\\/products\\/product-details-desc-1.jpg\"]'),(180,2,NULL,NULL,43,5.00,'The best ecommerce CMS! Excellent coding! best support service! Thank you so much..... I really like your hard work.','published','2024-05-10 02:10:33','2024-05-10 02:10:33','[\"main\\/products\\/product-details-desc-2.jpg\"]'),(181,3,NULL,NULL,46,4.00,'For me the best eCommerce script on Envato at this moment: modern, clean code, a lot of great features. The customer support is great too: I always get an answer within hours!','published','2024-05-10 02:10:33','2024-05-10 02:10:33','[\"main\\/products\\/product-1.jpg\",\"main\\/products\\/product-8.jpg\",\"main\\/products\\/product-9.jpg\",\"main\\/products\\/product-details-desc-1.jpg\"]'),(184,7,NULL,NULL,20,2.00,'Great E-commerce system. And much more : Wonderful Customer Support.','published','2024-05-10 02:10:33','2024-05-10 02:10:33','[\"main\\/products\\/product-1.jpg\",\"main\\/products\\/product-11.jpg\"]'),(185,10,NULL,NULL,38,3.00,'The code is good, in general, if you like it, can you give it 5 stars?','published','2024-05-10 02:10:33','2024-05-10 02:10:33','[\"main\\/products\\/product-6.jpg\",\"main\\/products\\/product-11.jpg\"]'),(186,8,NULL,NULL,18,4.00,'Very enthusiastic support! Excellent code is written. It\'s a true pleasure working with.','published','2024-05-10 02:10:33','2024-05-10 02:10:33','[\"main\\/products\\/product-8.jpg\",\"main\\/products\\/product-details-desc-1.jpg\",\"main\\/products\\/product-details-desc-2.jpg\"]'),(188,5,NULL,NULL,41,2.00,'Ok good product. I have some issues in customizations. But its not correct to blame the developer. The product is good. Good luck for your business.','published','2024-05-10 02:10:33','2024-05-10 02:10:33','[\"main\\/products\\/product-17.jpg\",\"main\\/products\\/product-details-desc-3.jpg\"]'),(189,8,NULL,NULL,26,5.00,'I Love this Script. I also found how to add other fees. Now I just wait the BIG update for the Marketplace with the Bulk Import. Just do not forget to make it to be Multi-language for us the Botble Fans.','published','2024-05-10 02:10:33','2024-05-10 02:10:33','[\"main\\/products\\/product-4.jpg\"]'),(190,3,NULL,NULL,34,3.00,'For me the best eCommerce script on Envato at this moment: modern, clean code, a lot of great features. The customer support is great too: I always get an answer within hours!','published','2024-05-10 02:10:33','2024-05-10 02:10:33','[\"main\\/products\\/product-6.jpg\",\"main\\/products\\/product-10.jpg\",\"main\\/products\\/product-11.jpg\"]'),(191,7,NULL,NULL,22,3.00,'Cool template. Excellent code quality. The support responds very quickly, which is very rare on themeforest and codecanyon.net, I buy a lot of templates, and everyone will have a response from technical support for two or three days. Thanks to tech support. I recommend to buy.','published','2024-05-10 02:10:33','2024-05-10 02:10:33','[\"main\\/products\\/product-5.jpg\",\"main\\/products\\/product-9.jpg\",\"main\\/products\\/product-13.jpg\",\"main\\/products\\/product-16.jpg\"]'),(193,3,NULL,NULL,12,4.00,'We have received brilliant service support and will be expanding the features with the developer. Nice product!','published','2024-05-10 02:10:33','2024-05-10 02:10:33','[\"main\\/products\\/product-10.jpg\",\"main\\/products\\/product-13.jpg\",\"main\\/products\\/product-17.jpg\",\"main\\/products\\/product-details-desc-3.jpg\"]'),(194,3,NULL,NULL,8,1.00,'The script is the best of its class, fast, easy to implement and work with , and the most important thing is the great support team , Recommend with no doubt.','published','2024-05-10 02:10:33','2024-05-10 02:10:33','[\"main\\/products\\/product-1.jpg\",\"main\\/products\\/product-15.jpg\"]'),(195,4,NULL,NULL,48,4.00,'Best ecommerce CMS online store!','published','2024-05-10 02:10:33','2024-05-10 02:10:33','[\"main\\/products\\/product-7.jpg\",\"main\\/products\\/product-15.jpg\",\"main\\/products\\/product-20.jpg\"]'),(197,1,NULL,NULL,42,5.00,'The code is good, in general, if you like it, can you give it 5 stars?','published','2024-05-10 02:10:33','2024-05-10 02:10:33','[\"main\\/products\\/product-17.jpg\",\"main\\/products\\/product-20.jpg\"]'),(200,1,NULL,NULL,28,4.00,'This web app is really good in design, code quality & features. Besides, the customer support provided by the Botble team was really fast & helpful. You guys are awesome!','published','2024-05-10 02:10:33','2024-05-10 02:10:33','[\"main\\/products\\/product-12.jpg\",\"main\\/products\\/product-20.jpg\",\"main\\/products\\/product-details-desc-1.jpg\",\"main\\/products\\/product-details-desc-2.jpg\"]'),(201,4,NULL,NULL,49,5.00,'Very enthusiastic support! Excellent code is written. It\'s a true pleasure working with.','published','2024-05-10 02:10:33','2024-05-10 02:10:33','[\"main\\/products\\/product-17.jpg\",\"main\\/products\\/product-19.jpg\",\"main\\/products\\/product-details-desc-2.jpg\"]'),(202,8,NULL,NULL,34,2.00,'Cool template. Excellent code quality. The support responds very quickly, which is very rare on themeforest and codecanyon.net, I buy a lot of templates, and everyone will have a response from technical support for two or three days. Thanks to tech support. I recommend to buy.','published','2024-05-10 02:10:33','2024-05-10 02:10:33','[\"main\\/products\\/product-3.jpg\",\"main\\/products\\/product-14.jpg\"]'),(203,3,NULL,NULL,44,3.00,'Best ecommerce CMS online store!','published','2024-05-10 02:10:33','2024-05-10 02:10:33','[\"main\\/products\\/product-9.jpg\",\"main\\/products\\/product-10.jpg\",\"main\\/products\\/product-17.jpg\"]'),(204,2,NULL,NULL,25,3.00,'These guys are amazing! Responses immediately, amazing support and help... I immediately feel at ease after Purchasing..','published','2024-05-10 02:10:33','2024-05-10 02:10:33','[\"main\\/products\\/product-9.jpg\",\"main\\/products\\/product-13.jpg\",\"main\\/products\\/product-17.jpg\"]'),(205,9,NULL,NULL,37,5.00,'Good app, good backup service and support. Good documentation.','published','2024-05-10 02:10:33','2024-05-10 02:10:33','[\"main\\/products\\/product-19.jpg\",\"main\\/products\\/product-20.jpg\",\"main\\/products\\/product-details-desc-2.jpg\"]'),(206,10,NULL,NULL,1,5.00,'Solution is too robust for our purpose so we didn\'t use it at the end. But I appreciate customer support during initial configuration.','published','2024-05-10 02:10:33','2024-05-10 02:10:33','[\"main\\/products\\/product-6.jpg\",\"main\\/products\\/product-10.jpg\",\"main\\/products\\/product-18.jpg\",\"main\\/products\\/product-19.jpg\"]'),(207,1,NULL,NULL,1,4.00,'Great E-commerce system. And much more : Wonderful Customer Support.','published','2024-05-10 02:10:33','2024-05-10 02:10:33','[\"main\\/products\\/product-9.jpg\",\"main\\/products\\/product-10.jpg\"]'),(208,3,NULL,NULL,52,1.00,'Amazing code, amazing support. Overall, im really confident in Botble and im happy I made the right choice! Thank you so much guys for coding this masterpiece','published','2024-05-10 02:10:33','2024-05-10 02:10:33','[\"main\\/products\\/product-13.jpg\",\"main\\/products\\/product-19.jpg\"]'),(209,5,NULL,NULL,18,1.00,'Clean & perfect source code','published','2024-05-10 02:10:33','2024-05-10 02:10:33','[\"main\\/products\\/product-4.jpg\",\"main\\/products\\/product-14.jpg\",\"main\\/products\\/product-17.jpg\",\"main\\/products\\/product-19.jpg\"]'),(211,9,NULL,NULL,33,3.00,'These guys are amazing! Responses immediately, amazing support and help... I immediately feel at ease after Purchasing..','published','2024-05-10 02:10:33','2024-05-10 02:10:33','[\"main\\/products\\/product-14.jpg\"]'),(212,10,NULL,NULL,24,5.00,'The code is good, in general, if you like it, can you give it 5 stars?','published','2024-05-10 02:10:33','2024-05-10 02:10:33','[\"main\\/products\\/product-4.jpg\",\"main\\/products\\/product-8.jpg\",\"main\\/products\\/product-17.jpg\",\"main\\/products\\/product-details-desc-1.jpg\"]'),(214,2,NULL,NULL,46,1.00,'Good app, good backup service and support. Good documentation.','published','2024-05-10 02:10:33','2024-05-10 02:10:33','[\"main\\/products\\/product-1.jpg\",\"main\\/products\\/product-3.jpg\",\"main\\/products\\/product-12.jpg\",\"main\\/products\\/product-15.jpg\"]'),(215,8,NULL,NULL,57,5.00,'Good app, good backup service and support. Good documentation.','published','2024-05-10 02:10:33','2024-05-10 02:10:33','[\"main\\/products\\/product-9.jpg\",\"main\\/products\\/product-16.jpg\"]'),(217,7,NULL,NULL,3,2.00,'Good app, good backup service and support. Good documentation.','published','2024-05-10 02:10:33','2024-05-10 02:10:33','[\"main\\/products\\/product-1.jpg\",\"main\\/products\\/product-3.jpg\",\"main\\/products\\/product-13.jpg\",\"main\\/products\\/product-16.jpg\"]'),(219,2,NULL,NULL,42,1.00,'Second or third time that I buy a Botble product, happy with the products and support. You guys do a good job :)','published','2024-05-10 02:10:33','2024-05-10 02:10:33','[\"main\\/products\\/product-6.jpg\",\"main\\/products\\/product-details-desc-3.jpg\"]'),(220,1,NULL,NULL,5,3.00,'I Love this Script. I also found how to add other fees. Now I just wait the BIG update for the Marketplace with the Bulk Import. Just do not forget to make it to be Multi-language for us the Botble Fans.','published','2024-05-10 02:10:33','2024-05-10 02:10:33','[\"main\\/products\\/product-14.jpg\"]'),(221,3,NULL,NULL,36,2.00,'Solution is too robust for our purpose so we didn\'t use it at the end. But I appreciate customer support during initial configuration.','published','2024-05-10 02:10:33','2024-05-10 02:10:33','[\"main\\/products\\/product-17.jpg\",\"main\\/products\\/product-details-desc-1.jpg\"]'),(222,5,NULL,NULL,47,4.00,'This web app is really good in design, code quality & features. Besides, the customer support provided by the Botble team was really fast & helpful. You guys are awesome!','published','2024-05-10 02:10:33','2024-05-10 02:10:33','[\"main\\/products\\/product-2.jpg\",\"main\\/products\\/product-5.jpg\"]'),(223,6,NULL,NULL,23,1.00,'We have received brilliant service support and will be expanding the features with the developer. Nice product!','published','2024-05-10 02:10:33','2024-05-10 02:10:33','[\"main\\/products\\/product-7.jpg\",\"main\\/products\\/product-details-desc-1.jpg\"]'),(224,6,NULL,NULL,29,4.00,'We have received brilliant service support and will be expanding the features with the developer. Nice product!','published','2024-05-10 02:10:33','2024-05-10 02:10:33','[\"main\\/products\\/product-7.jpg\",\"main\\/products\\/product-11.jpg\",\"main\\/products\\/product-18.jpg\",\"main\\/products\\/product-19.jpg\"]'),(225,9,NULL,NULL,7,3.00,'This script is well coded and is super fast. The support is pretty quick. Very patient and helpful team. I strongly recommend it and they deserve more than 5 stars.','published','2024-05-10 02:10:33','2024-05-10 02:10:33','[\"main\\/products\\/product-5.jpg\"]'),(226,5,NULL,NULL,45,2.00,'We have received brilliant service support and will be expanding the features with the developer. Nice product!','published','2024-05-10 02:10:33','2024-05-10 02:10:33','[\"main\\/products\\/product-20.jpg\"]'),(227,5,NULL,NULL,11,1.00,'We have received brilliant service support and will be expanding the features with the developer. Nice product!','published','2024-05-10 02:10:33','2024-05-10 02:10:33','[\"main\\/products\\/product-3.jpg\",\"main\\/products\\/product-6.jpg\",\"main\\/products\\/product-9.jpg\",\"main\\/products\\/product-12.jpg\"]'),(228,8,NULL,NULL,6,3.00,'The best store template! Excellent coding! Very good support! Thank you so much for all the help, I really appreciated.','published','2024-05-10 02:10:33','2024-05-10 02:10:33','[\"main\\/products\\/product-13.jpg\",\"main\\/products\\/product-details-desc-2.jpg\"]'),(230,9,NULL,NULL,20,1.00,'It\'s not my first experience here on Codecanyon and I can honestly tell you all that Botble puts a LOT of effort into the support. They answer so fast, they helped me tons of times. REALLY by far THE BEST EXPERIENCE on Codecanyon. Those guys at Botble are so good that they deserve 5 stars. I recommend them, I trust them and I can\'t wait to see what they will sell in a near future. Thank you Botble :)','published','2024-05-10 02:10:33','2024-05-10 02:10:33','[\"main\\/products\\/product-4.jpg\",\"main\\/products\\/product-8.jpg\",\"main\\/products\\/product-20.jpg\"]'),(232,3,NULL,NULL,15,1.00,'I Love this Script. I also found how to add other fees. Now I just wait the BIG update for the Marketplace with the Bulk Import. Just do not forget to make it to be Multi-language for us the Botble Fans.','published','2024-05-10 02:10:33','2024-05-10 02:10:33','[\"main\\/products\\/product-20.jpg\"]'),(233,4,NULL,NULL,23,3.00,'Clean & perfect source code','published','2024-05-10 02:10:33','2024-05-10 02:10:33','[\"main\\/products\\/product-11.jpg\",\"main\\/products\\/product-13.jpg\",\"main\\/products\\/product-19.jpg\",\"main\\/products\\/product-details-desc-2.jpg\"]'),(234,3,NULL,NULL,30,5.00,'As a developer I reviewed this script. This is really awesome ecommerce script. I have convinced when I noticed that it\'s built on fully WordPress concept.','published','2024-05-10 02:10:33','2024-05-10 02:10:33','[\"main\\/products\\/product-1.jpg\",\"main\\/products\\/product-16.jpg\",\"main\\/products\\/product-19.jpg\"]'),(235,4,NULL,NULL,56,3.00,'This web app is really good in design, code quality & features. Besides, the customer support provided by the Botble team was really fast & helpful. You guys are awesome!','published','2024-05-10 02:10:33','2024-05-10 02:10:33','[\"main\\/products\\/product-6.jpg\"]'),(237,7,NULL,NULL,38,3.00,'Clean & perfect source code','published','2024-05-10 02:10:33','2024-05-10 02:10:33','[\"main\\/products\\/product-1.jpg\"]'),(238,7,NULL,NULL,50,3.00,'Great E-commerce system. And much more : Wonderful Customer Support.','published','2024-05-10 02:10:33','2024-05-10 02:10:33','[\"main\\/products\\/product-19.jpg\"]'),(241,8,NULL,NULL,23,2.00,'Ok good product. I have some issues in customizations. But its not correct to blame the developer. The product is good. Good luck for your business.','published','2024-05-10 02:10:33','2024-05-10 02:10:33','[\"main\\/products\\/product-1.jpg\",\"main\\/products\\/product-6.jpg\"]'),(243,2,NULL,NULL,29,2.00,'Amazing code, amazing support. Overall, im really confident in Botble and im happy I made the right choice! Thank you so much guys for coding this masterpiece','published','2024-05-10 02:10:33','2024-05-10 02:10:33','[\"main\\/products\\/product-3.jpg\",\"main\\/products\\/product-6.jpg\",\"main\\/products\\/product-17.jpg\"]'),(244,1,NULL,NULL,20,2.00,'We have received brilliant service support and will be expanding the features with the developer. Nice product!','published','2024-05-10 02:10:33','2024-05-10 02:10:33','[\"main\\/products\\/product-5.jpg\",\"main\\/products\\/product-7.jpg\",\"main\\/products\\/product-9.jpg\",\"main\\/products\\/product-12.jpg\"]'),(246,2,NULL,NULL,19,1.00,'It\'s not my first experience here on Codecanyon and I can honestly tell you all that Botble puts a LOT of effort into the support. They answer so fast, they helped me tons of times. REALLY by far THE BEST EXPERIENCE on Codecanyon. Those guys at Botble are so good that they deserve 5 stars. I recommend them, I trust them and I can\'t wait to see what they will sell in a near future. Thank you Botble :)','published','2024-05-10 02:10:33','2024-05-10 02:10:33','[\"main\\/products\\/product-1.jpg\"]'),(247,10,NULL,NULL,6,5.00,'Amazing code, amazing support. Overall, im really confident in Botble and im happy I made the right choice! Thank you so much guys for coding this masterpiece','published','2024-05-10 02:10:33','2024-05-10 02:10:33','[\"main\\/products\\/product-details-desc-2.jpg\"]'),(249,9,NULL,NULL,53,3.00,'The best ecommerce CMS! Excellent coding! best support service! Thank you so much..... I really like your hard work.','published','2024-05-10 02:10:33','2024-05-10 02:10:33','[\"main\\/products\\/product-3.jpg\",\"main\\/products\\/product-4.jpg\",\"main\\/products\\/product-12.jpg\",\"main\\/products\\/product-16.jpg\"]'),(250,7,NULL,NULL,48,5.00,'Second or third time that I buy a Botble product, happy with the products and support. You guys do a good job :)','published','2024-05-10 02:10:33','2024-05-10 02:10:33','[\"main\\/products\\/product-6.jpg\",\"main\\/products\\/product-17.jpg\"]'),(254,7,NULL,NULL,52,4.00,'The script is the best of its class, fast, easy to implement and work with , and the most important thing is the great support team , Recommend with no doubt.','published','2024-05-10 02:10:33','2024-05-10 02:10:33','[\"main\\/products\\/product-11.jpg\",\"main\\/products\\/product-12.jpg\"]'),(258,1,NULL,NULL,8,2.00,'Perfect +++++++++ i love it really also i get to fast ticket answers... Thanks Lot BOTBLE Teams','published','2024-05-10 02:10:33','2024-05-10 02:10:33','[\"main\\/products\\/product-3.jpg\",\"main\\/products\\/product-7.jpg\",\"main\\/products\\/product-13.jpg\",\"main\\/products\\/product-16.jpg\"]'),(260,9,NULL,NULL,10,3.00,'The best ecommerce CMS! Excellent coding! best support service! Thank you so much..... I really like your hard work.','published','2024-05-10 02:10:33','2024-05-10 02:10:33','[\"main\\/products\\/product-11.jpg\"]'),(261,8,NULL,NULL,37,4.00,'This web app is really good in design, code quality & features. Besides, the customer support provided by the Botble team was really fast & helpful. You guys are awesome!','published','2024-05-10 02:10:33','2024-05-10 02:10:33','[\"main\\/products\\/product-6.jpg\",\"main\\/products\\/product-14.jpg\",\"main\\/products\\/product-15.jpg\"]'),(262,7,NULL,NULL,25,5.00,'Those guys now what they are doing, the release such a good product that it\'s a pleasure to work with ! Even when I was stuck on the project, I created a ticket and the next day it was replied by the team. GOOD JOB guys. I love working with them :)','published','2024-05-10 02:10:33','2024-05-10 02:10:33','[\"main\\/products\\/product-4.jpg\"]'),(265,1,NULL,NULL,10,2.00,'For me the best eCommerce script on Envato at this moment: modern, clean code, a lot of great features. The customer support is great too: I always get an answer within hours!','published','2024-05-10 02:10:33','2024-05-10 02:10:33','[\"main\\/products\\/product-3.jpg\",\"main\\/products\\/product-4.jpg\",\"main\\/products\\/product-6.jpg\",\"main\\/products\\/product-18.jpg\"]'),(267,6,NULL,NULL,57,3.00,'It\'s not my first experience here on Codecanyon and I can honestly tell you all that Botble puts a LOT of effort into the support. They answer so fast, they helped me tons of times. REALLY by far THE BEST EXPERIENCE on Codecanyon. Those guys at Botble are so good that they deserve 5 stars. I recommend them, I trust them and I can\'t wait to see what they will sell in a near future. Thank you Botble :)','published','2024-05-10 02:10:33','2024-05-10 02:10:33','[\"main\\/products\\/product-details-desc-1.jpg\"]'),(269,10,NULL,NULL,51,2.00,'For me the best eCommerce script on Envato at this moment: modern, clean code, a lot of great features. The customer support is great too: I always get an answer within hours!','published','2024-05-10 02:10:33','2024-05-10 02:10:33','[\"main\\/products\\/product-1.jpg\",\"main\\/products\\/product-2.jpg\",\"main\\/products\\/product-16.jpg\",\"main\\/products\\/product-18.jpg\"]'),(271,2,NULL,NULL,27,1.00,'The best store template! Excellent coding! Very good support! Thank you so much for all the help, I really appreciated.','published','2024-05-10 02:10:33','2024-05-10 02:10:33','[\"main\\/products\\/product-9.jpg\",\"main\\/products\\/product-15.jpg\"]'),(273,2,NULL,NULL,13,2.00,'Amazing code, amazing support. Overall, im really confident in Botble and im happy I made the right choice! Thank you so much guys for coding this masterpiece','published','2024-05-10 02:10:33','2024-05-10 02:10:33','[\"main\\/products\\/product-3.jpg\",\"main\\/products\\/product-12.jpg\"]'),(275,1,NULL,NULL,11,3.00,'It\'s not my first experience here on Codecanyon and I can honestly tell you all that Botble puts a LOT of effort into the support. They answer so fast, they helped me tons of times. REALLY by far THE BEST EXPERIENCE on Codecanyon. Those guys at Botble are so good that they deserve 5 stars. I recommend them, I trust them and I can\'t wait to see what they will sell in a near future. Thank you Botble :)','published','2024-05-10 02:10:33','2024-05-10 02:10:33','[\"main\\/products\\/product-11.jpg\",\"main\\/products\\/product-17.jpg\",\"main\\/products\\/product-details-desc-1.jpg\"]'),(276,6,NULL,NULL,53,2.00,'Good app, good backup service and support. Good documentation.','published','2024-05-10 02:10:33','2024-05-10 02:10:33','[\"main\\/products\\/product-1.jpg\",\"main\\/products\\/product-14.jpg\",\"main\\/products\\/product-15.jpg\",\"main\\/products\\/product-details-desc-1.jpg\"]'),(278,10,NULL,NULL,11,2.00,'The best ecommerce CMS! Excellent coding! best support service! Thank you so much..... I really like your hard work.','published','2024-05-10 02:10:33','2024-05-10 02:10:33','[\"main\\/products\\/product-17.jpg\",\"main\\/products\\/product-18.jpg\",\"main\\/products\\/product-details-desc-1.jpg\"]'),(280,3,NULL,NULL,50,5.00,'Cool template. Excellent code quality. The support responds very quickly, which is very rare on themeforest and codecanyon.net, I buy a lot of templates, and everyone will have a response from technical support for two or three days. Thanks to tech support. I recommend to buy.','published','2024-05-10 02:10:33','2024-05-10 02:10:33','[\"main\\/products\\/product-5.jpg\",\"main\\/products\\/product-11.jpg\",\"main\\/products\\/product-20.jpg\"]'),(281,1,NULL,NULL,26,3.00,'This script is well coded and is super fast. The support is pretty quick. Very patient and helpful team. I strongly recommend it and they deserve more than 5 stars.','published','2024-05-10 02:10:33','2024-05-10 02:10:33','[\"main\\/products\\/product-5.jpg\",\"main\\/products\\/product-8.jpg\",\"main\\/products\\/product-19.jpg\",\"main\\/products\\/product-details-desc-1.jpg\"]'),(284,8,NULL,NULL,20,4.00,'Best ecommerce CMS online store!','published','2024-05-10 02:10:33','2024-05-10 02:10:33','[\"main\\/products\\/product-3.jpg\",\"main\\/products\\/product-6.jpg\",\"main\\/products\\/product-9.jpg\",\"main\\/products\\/product-17.jpg\"]'),(285,4,NULL,NULL,39,4.00,'Great E-commerce system. And much more : Wonderful Customer Support.','published','2024-05-10 02:10:33','2024-05-10 02:10:33','[\"main\\/products\\/product-1.jpg\",\"main\\/products\\/product-7.jpg\",\"main\\/products\\/product-10.jpg\",\"main\\/products\\/product-details-desc-2.jpg\"]'),(292,4,NULL,NULL,14,2.00,'Second or third time that I buy a Botble product, happy with the products and support. You guys do a good job :)','published','2024-05-10 02:10:33','2024-05-10 02:10:33','[\"main\\/products\\/product-15.jpg\"]'),(293,10,NULL,NULL,9,5.00,'This script is well coded and is super fast. The support is pretty quick. Very patient and helpful team. I strongly recommend it and they deserve more than 5 stars.','published','2024-05-10 02:10:33','2024-05-10 02:10:33','[\"main\\/products\\/product-18.jpg\",\"main\\/products\\/product-details-desc-1.jpg\"]'),(294,8,NULL,NULL,32,3.00,'We have received brilliant service support and will be expanding the features with the developer. Nice product!','published','2024-05-10 02:10:33','2024-05-10 02:10:33','[\"main\\/products\\/product-9.jpg\",\"main\\/products\\/product-12.jpg\",\"main\\/products\\/product-details-desc-2.jpg\"]'),(295,4,NULL,NULL,31,4.00,'Solution is too robust for our purpose so we didn\'t use it at the end. But I appreciate customer support during initial configuration.','published','2024-05-10 02:10:33','2024-05-10 02:10:33','[\"main\\/products\\/product-1.jpg\",\"main\\/products\\/product-16.jpg\",\"main\\/products\\/product-18.jpg\"]'),(296,1,NULL,NULL,27,1.00,'The best ecommerce CMS! Excellent coding! best support service! Thank you so much..... I really like your hard work.','published','2024-05-10 02:10:33','2024-05-10 02:10:33','[\"main\\/products\\/product-2.jpg\",\"main\\/products\\/product-9.jpg\",\"main\\/products\\/product-11.jpg\"]'),(297,7,NULL,NULL,1,2.00,'For me the best eCommerce script on Envato at this moment: modern, clean code, a lot of great features. The customer support is great too: I always get an answer within hours!','published','2024-05-10 02:10:33','2024-05-10 02:10:33','[\"main\\/products\\/product-6.jpg\",\"main\\/products\\/product-13.jpg\",\"main\\/products\\/product-17.jpg\"]'),(298,10,NULL,NULL,32,1.00,'We have received brilliant service support and will be expanding the features with the developer. Nice product!','published','2024-05-10 02:10:33','2024-05-10 02:10:33','[\"main\\/products\\/product-8.jpg\",\"main\\/products\\/product-14.jpg\",\"main\\/products\\/product-15.jpg\",\"main\\/products\\/product-details-desc-2.jpg\"]'),(299,5,NULL,NULL,35,5.00,'The script is the best of its class, fast, easy to implement and work with , and the most important thing is the great support team , Recommend with no doubt.','published','2024-05-10 02:10:33','2024-05-10 02:10:33','[\"main\\/products\\/product-4.jpg\",\"main\\/products\\/product-5.jpg\",\"main\\/products\\/product-12.jpg\"]'),(301,10,NULL,NULL,36,4.00,'Second or third time that I buy a Botble product, happy with the products and support. You guys do a good job :)','published','2024-05-10 02:10:33','2024-05-10 02:10:33','[\"main\\/products\\/product-3.jpg\",\"main\\/products\\/product-9.jpg\"]'),(303,6,NULL,NULL,27,3.00,'The script is the best of its class, fast, easy to implement and work with , and the most important thing is the great support team , Recommend with no doubt.','published','2024-05-10 02:10:33','2024-05-10 02:10:33','[\"main\\/products\\/product-18.jpg\",\"main\\/products\\/product-20.jpg\"]'),(304,6,NULL,NULL,26,4.00,'Second or third time that I buy a Botble product, happy with the products and support. You guys do a good job :)','published','2024-05-10 02:10:33','2024-05-10 02:10:33','[\"main\\/products\\/product-7.jpg\"]'),(306,8,NULL,NULL,29,1.00,'Good app, good backup service and support. Good documentation.','published','2024-05-10 02:10:33','2024-05-10 02:10:33','[\"main\\/products\\/product-4.jpg\",\"main\\/products\\/product-14.jpg\",\"main\\/products\\/product-17.jpg\",\"main\\/products\\/product-18.jpg\"]'),(313,10,NULL,NULL,44,1.00,'This web app is really good in design, code quality & features. Besides, the customer support provided by the Botble team was really fast & helpful. You guys are awesome!','published','2024-05-10 02:10:33','2024-05-10 02:10:33','[\"main\\/products\\/product-4.jpg\",\"main\\/products\\/product-9.jpg\"]'),(315,7,NULL,NULL,54,5.00,'Perfect +++++++++ i love it really also i get to fast ticket answers... Thanks Lot BOTBLE Teams','published','2024-05-10 02:10:33','2024-05-10 02:10:33','[\"main\\/products\\/product-15.jpg\",\"main\\/products\\/product-18.jpg\",\"main\\/products\\/product-details-desc-2.jpg\"]'),(316,2,NULL,NULL,39,4.00,'Those guys now what they are doing, the release such a good product that it\'s a pleasure to work with ! Even when I was stuck on the project, I created a ticket and the next day it was replied by the team. GOOD JOB guys. I love working with them :)','published','2024-05-10 02:10:33','2024-05-10 02:10:33','[\"main\\/products\\/product-15.jpg\"]'),(318,8,NULL,NULL,19,4.00,'Ok good product. I have some issues in customizations. But its not correct to blame the developer. The product is good. Good luck for your business.','published','2024-05-10 02:10:33','2024-05-10 02:10:33','[\"main\\/products\\/product-15.jpg\",\"main\\/products\\/product-details-desc-2.jpg\",\"main\\/products\\/product-details-desc-3.jpg\"]'),(323,3,NULL,NULL,2,5.00,'Customer Support are grade (A*), however the code is a way too over engineered for it\'s purpose.','published','2024-05-10 02:10:33','2024-05-10 02:10:33','[\"main\\/products\\/product-details-desc-2.jpg\"]'),(326,10,NULL,NULL,42,3.00,'The best store template! Excellent coding! Very good support! Thank you so much for all the help, I really appreciated.','published','2024-05-10 02:10:33','2024-05-10 02:10:33','[\"main\\/products\\/product-5.jpg\",\"main\\/products\\/product-20.jpg\"]'),(327,6,NULL,NULL,6,1.00,'The script is the best of its class, fast, easy to implement and work with , and the most important thing is the great support team , Recommend with no doubt.','published','2024-05-10 02:10:33','2024-05-10 02:10:33','[\"main\\/products\\/product-10.jpg\"]'),(328,10,NULL,NULL,48,3.00,'The code is good, in general, if you like it, can you give it 5 stars?','published','2024-05-10 02:10:33','2024-05-10 02:10:33','[\"main\\/products\\/product-details-desc-2.jpg\"]'),(329,8,NULL,NULL,14,2.00,'As a developer I reviewed this script. This is really awesome ecommerce script. I have convinced when I noticed that it\'s built on fully WordPress concept.','published','2024-05-10 02:10:33','2024-05-10 02:10:33','[\"main\\/products\\/product-1.jpg\",\"main\\/products\\/product-11.jpg\",\"main\\/products\\/product-15.jpg\"]'),(330,6,NULL,NULL,51,1.00,'The code is good, in general, if you like it, can you give it 5 stars?','published','2024-05-10 02:10:33','2024-05-10 02:10:33','[\"main\\/products\\/product-5.jpg\",\"main\\/products\\/product-7.jpg\",\"main\\/products\\/product-14.jpg\",\"main\\/products\\/product-15.jpg\"]'),(331,9,NULL,NULL,26,3.00,'Great system, great support, good job Botble. I\'m looking forward to more great functional plugins.','published','2024-05-10 02:10:33','2024-05-10 02:10:33','[\"main\\/products\\/product-1.jpg\",\"main\\/products\\/product-19.jpg\"]'),(334,2,NULL,NULL,12,5.00,'It\'s not my first experience here on Codecanyon and I can honestly tell you all that Botble puts a LOT of effort into the support. They answer so fast, they helped me tons of times. REALLY by far THE BEST EXPERIENCE on Codecanyon. Those guys at Botble are so good that they deserve 5 stars. I recommend them, I trust them and I can\'t wait to see what they will sell in a near future. Thank you Botble :)','published','2024-05-10 02:10:33','2024-05-10 02:10:33','[\"main\\/products\\/product-2.jpg\",\"main\\/products\\/product-9.jpg\"]'),(335,5,NULL,NULL,39,3.00,'Perfect +++++++++ i love it really also i get to fast ticket answers... Thanks Lot BOTBLE Teams','published','2024-05-10 02:10:33','2024-05-10 02:10:33','[\"main\\/products\\/product-7.jpg\",\"main\\/products\\/product-details-desc-2.jpg\"]'),(338,5,NULL,NULL,36,5.00,'Solution is too robust for our purpose so we didn\'t use it at the end. But I appreciate customer support during initial configuration.','published','2024-05-10 02:10:33','2024-05-10 02:10:33','[\"main\\/products\\/product-6.jpg\",\"main\\/products\\/product-17.jpg\",\"main\\/products\\/product-18.jpg\",\"main\\/products\\/product-details-desc-2.jpg\"]'),(341,7,NULL,NULL,2,5.00,'This script is well coded and is super fast. The support is pretty quick. Very patient and helpful team. I strongly recommend it and they deserve more than 5 stars.','published','2024-05-10 02:10:33','2024-05-10 02:10:33','[\"main\\/products\\/product-8.jpg\",\"main\\/products\\/product-17.jpg\"]'),(346,7,NULL,NULL,57,2.00,'Very enthusiastic support! Excellent code is written. It\'s a true pleasure working with.','published','2024-05-10 02:10:33','2024-05-10 02:10:33','[\"main\\/products\\/product-11.jpg\",\"main\\/products\\/product-16.jpg\",\"main\\/products\\/product-details-desc-2.jpg\"]'),(347,3,NULL,NULL,20,2.00,'These guys are amazing! Responses immediately, amazing support and help... I immediately feel at ease after Purchasing..','published','2024-05-10 02:10:33','2024-05-10 02:10:33','[\"main\\/products\\/product-15.jpg\"]'),(348,4,NULL,NULL,42,5.00,'Cool template. Excellent code quality. The support responds very quickly, which is very rare on themeforest and codecanyon.net, I buy a lot of templates, and everyone will have a response from technical support for two or three days. Thanks to tech support. I recommend to buy.','published','2024-05-10 02:10:33','2024-05-10 02:10:33','[\"main\\/products\\/product-1.jpg\",\"main\\/products\\/product-13.jpg\",\"main\\/products\\/product-16.jpg\",\"main\\/products\\/product-17.jpg\"]'),(350,10,NULL,NULL,25,3.00,'Amazing code, amazing support. Overall, im really confident in Botble and im happy I made the right choice! Thank you so much guys for coding this masterpiece','published','2024-05-10 02:10:33','2024-05-10 02:10:33','[\"main\\/products\\/product-4.jpg\"]'),(351,2,NULL,NULL,50,1.00,'Good app, good backup service and support. Good documentation.','published','2024-05-10 02:10:33','2024-05-10 02:10:33','[\"main\\/products\\/product-7.jpg\",\"main\\/products\\/product-13.jpg\",\"main\\/products\\/product-details-desc-1.jpg\",\"main\\/products\\/product-details-desc-3.jpg\"]'),(352,2,NULL,NULL,17,3.00,'The best ecommerce CMS! Excellent coding! best support service! Thank you so much..... I really like your hard work.','published','2024-05-10 02:10:33','2024-05-10 02:10:33','[\"main\\/products\\/product-10.jpg\",\"main\\/products\\/product-15.jpg\"]'),(358,10,NULL,NULL,5,1.00,'This web app is really good in design, code quality & features. Besides, the customer support provided by the Botble team was really fast & helpful. You guys are awesome!','published','2024-05-10 02:10:33','2024-05-10 02:10:33','[\"main\\/products\\/product-6.jpg\",\"main\\/products\\/product-11.jpg\",\"main\\/products\\/product-13.jpg\",\"main\\/products\\/product-details-desc-3.jpg\"]'),(360,7,NULL,NULL,7,2.00,'Customer Support are grade (A*), however the code is a way too over engineered for it\'s purpose.','published','2024-05-10 02:10:33','2024-05-10 02:10:33','[\"main\\/products\\/product-8.jpg\"]'),(363,10,NULL,NULL,35,2.00,'This web app is really good in design, code quality & features. Besides, the customer support provided by the Botble team was really fast & helpful. You guys are awesome!','published','2024-05-10 02:10:33','2024-05-10 02:10:33','[\"main\\/products\\/product-18.jpg\",\"main\\/products\\/product-details-desc-1.jpg\"]'),(370,1,NULL,NULL,17,3.00,'We have received brilliant service support and will be expanding the features with the developer. Nice product!','published','2024-05-10 02:10:33','2024-05-10 02:10:33','[\"main\\/products\\/product-1.jpg\",\"main\\/products\\/product-3.jpg\",\"main\\/products\\/product-6.jpg\",\"main\\/products\\/product-10.jpg\"]'),(373,2,NULL,NULL,6,2.00,'As a developer I reviewed this script. This is really awesome ecommerce script. I have convinced when I noticed that it\'s built on fully WordPress concept.','published','2024-05-10 02:10:33','2024-05-10 02:10:33','[\"main\\/products\\/product-2.jpg\",\"main\\/products\\/product-7.jpg\",\"main\\/products\\/product-details-desc-3.jpg\"]'),(374,10,NULL,NULL,34,4.00,'Cool template. Excellent code quality. The support responds very quickly, which is very rare on themeforest and codecanyon.net, I buy a lot of templates, and everyone will have a response from technical support for two or three days. Thanks to tech support. I recommend to buy.','published','2024-05-10 02:10:33','2024-05-10 02:10:33','[\"main\\/products\\/product-15.jpg\",\"main\\/products\\/product-17.jpg\",\"main\\/products\\/product-details-desc-1.jpg\"]'),(376,3,NULL,NULL,21,5.00,'For me the best eCommerce script on Envato at this moment: modern, clean code, a lot of great features. The customer support is great too: I always get an answer within hours!','published','2024-05-10 02:10:33','2024-05-10 02:10:33','[\"main\\/products\\/product-9.jpg\",\"main\\/products\\/product-14.jpg\",\"main\\/products\\/product-details-desc-2.jpg\"]'),(377,6,NULL,NULL,9,5.00,'Customer Support are grade (A*), however the code is a way too over engineered for it\'s purpose.','published','2024-05-10 02:10:33','2024-05-10 02:10:33','[\"main\\/products\\/product-1.jpg\",\"main\\/products\\/product-4.jpg\",\"main\\/products\\/product-12.jpg\"]'),(381,9,NULL,NULL,15,1.00,'The code is good, in general, if you like it, can you give it 5 stars?','published','2024-05-10 02:10:33','2024-05-10 02:10:33','[\"main\\/products\\/product-12.jpg\",\"main\\/products\\/product-details-desc-2.jpg\"]'),(382,1,NULL,NULL,16,3.00,'As a developer I reviewed this script. This is really awesome ecommerce script. I have convinced when I noticed that it\'s built on fully WordPress concept.','published','2024-05-10 02:10:33','2024-05-10 02:10:33','[\"main\\/products\\/product-5.jpg\",\"main\\/products\\/product-18.jpg\"]'),(383,8,NULL,NULL,55,4.00,'I Love this Script. I also found how to add other fees. Now I just wait the BIG update for the Marketplace with the Bulk Import. Just do not forget to make it to be Multi-language for us the Botble Fans.','published','2024-05-10 02:10:33','2024-05-10 02:10:33','[\"main\\/products\\/product-11.jpg\"]'),(385,8,NULL,NULL,50,3.00,'This script is well coded and is super fast. The support is pretty quick. Very patient and helpful team. I strongly recommend it and they deserve more than 5 stars.','published','2024-05-10 02:10:33','2024-05-10 02:10:33','[\"main\\/products\\/product-5.jpg\",\"main\\/products\\/product-19.jpg\"]'),(386,2,NULL,NULL,32,1.00,'These guys are amazing! Responses immediately, amazing support and help... I immediately feel at ease after Purchasing..','published','2024-05-10 02:10:33','2024-05-10 02:10:33','[\"main\\/products\\/product-1.jpg\",\"main\\/products\\/product-18.jpg\"]'),(388,3,NULL,NULL,16,3.00,'These guys are amazing! Responses immediately, amazing support and help... I immediately feel at ease after Purchasing..','published','2024-05-10 02:10:33','2024-05-10 02:10:33','[\"main\\/products\\/product-19.jpg\"]'),(390,7,NULL,NULL,56,1.00,'This script is well coded and is super fast. The support is pretty quick. Very patient and helpful team. I strongly recommend it and they deserve more than 5 stars.','published','2024-05-10 02:10:33','2024-05-10 02:10:33','[\"main\\/products\\/product-15.jpg\",\"main\\/products\\/product-19.jpg\",\"main\\/products\\/product-details-desc-2.jpg\"]'),(391,6,NULL,NULL,34,2.00,'The best ecommerce CMS! Excellent coding! best support service! Thank you so much..... I really like your hard work.','published','2024-05-10 02:10:33','2024-05-10 02:10:33','[\"main\\/products\\/product-7.jpg\"]'),(394,9,NULL,NULL,44,4.00,'Great system, great support, good job Botble. I\'m looking forward to more great functional plugins.','published','2024-05-10 02:10:33','2024-05-10 02:10:33','[\"main\\/products\\/product-7.jpg\",\"main\\/products\\/product-20.jpg\"]'),(395,3,NULL,NULL,26,3.00,'Very enthusiastic support! Excellent code is written. It\'s a true pleasure working with.','published','2024-05-10 02:10:33','2024-05-10 02:10:33','[\"main\\/products\\/product-5.jpg\"]'),(396,7,NULL,NULL,19,1.00,'These guys are amazing! Responses immediately, amazing support and help... I immediately feel at ease after Purchasing..','published','2024-05-10 02:10:33','2024-05-10 02:10:33','[\"main\\/products\\/product-12.jpg\",\"main\\/products\\/product-13.jpg\",\"main\\/products\\/product-20.jpg\",\"main\\/products\\/product-details-desc-2.jpg\"]'),(400,7,NULL,NULL,15,4.00,'Amazing code, amazing support. Overall, im really confident in Botble and im happy I made the right choice! Thank you so much guys for coding this masterpiece','published','2024-05-10 02:10:33','2024-05-10 02:10:33','[\"main\\/products\\/product-11.jpg\",\"main\\/products\\/product-12.jpg\",\"main\\/products\\/product-14.jpg\",\"main\\/products\\/product-18.jpg\"]'),(401,8,NULL,NULL,2,2.00,'This script is well coded and is super fast. The support is pretty quick. Very patient and helpful team. I strongly recommend it and they deserve more than 5 stars.','published','2024-05-10 02:10:33','2024-05-10 02:10:33','[\"main\\/products\\/product-5.jpg\",\"main\\/products\\/product-12.jpg\",\"main\\/products\\/product-details-desc-2.jpg\"]'),(402,1,NULL,NULL,54,1.00,'For me the best eCommerce script on Envato at this moment: modern, clean code, a lot of great features. The customer support is great too: I always get an answer within hours!','published','2024-05-10 02:10:33','2024-05-10 02:10:33','[\"main\\/products\\/product-6.jpg\",\"main\\/products\\/product-details-desc-3.jpg\"]'),(407,5,NULL,NULL,4,5.00,'Best ecommerce CMS online store!','published','2024-05-10 02:10:33','2024-05-10 02:10:33','[\"main\\/products\\/product-10.jpg\",\"main\\/products\\/product-15.jpg\",\"main\\/products\\/product-18.jpg\"]'),(408,7,NULL,NULL,45,3.00,'Clean & perfect source code','published','2024-05-10 02:10:33','2024-05-10 02:10:33','[\"main\\/products\\/product-8.jpg\"]'),(409,10,NULL,NULL,52,1.00,'Great system, great support, good job Botble. I\'m looking forward to more great functional plugins.','published','2024-05-10 02:10:33','2024-05-10 02:10:33','[\"main\\/products\\/product-2.jpg\",\"main\\/products\\/product-8.jpg\",\"main\\/products\\/product-13.jpg\",\"main\\/products\\/product-18.jpg\"]'),(410,9,NULL,NULL,25,1.00,'The code is good, in general, if you like it, can you give it 5 stars?','published','2024-05-10 02:10:33','2024-05-10 02:10:33','[\"main\\/products\\/product-16.jpg\"]'),(411,5,NULL,NULL,16,4.00,'Second or third time that I buy a Botble product, happy with the products and support. You guys do a good job :)','published','2024-05-10 02:10:33','2024-05-10 02:10:33','[\"main\\/products\\/product-3.jpg\",\"main\\/products\\/product-8.jpg\",\"main\\/products\\/product-details-desc-2.jpg\"]'),(412,7,NULL,NULL,5,3.00,'Good app, good backup service and support. Good documentation.','published','2024-05-10 02:10:33','2024-05-10 02:10:33','[\"main\\/products\\/product-12.jpg\",\"main\\/products\\/product-17.jpg\"]'),(413,2,NULL,NULL,47,3.00,'The code is good, in general, if you like it, can you give it 5 stars?','published','2024-05-10 02:10:33','2024-05-10 02:10:33','[\"main\\/products\\/product-1.jpg\",\"main\\/products\\/product-8.jpg\",\"main\\/products\\/product-14.jpg\",\"main\\/products\\/product-details-desc-3.jpg\"]'),(414,10,NULL,NULL,54,2.00,'The code is good, in general, if you like it, can you give it 5 stars?','published','2024-05-10 02:10:33','2024-05-10 02:10:33','[\"main\\/products\\/product-details-desc-1.jpg\",\"main\\/products\\/product-details-desc-3.jpg\"]'),(418,3,NULL,NULL,56,1.00,'The script is the best of its class, fast, easy to implement and work with , and the most important thing is the great support team , Recommend with no doubt.','published','2024-05-10 02:10:33','2024-05-10 02:10:33','[\"main\\/products\\/product-3.jpg\",\"main\\/products\\/product-11.jpg\",\"main\\/products\\/product-13.jpg\"]'),(422,8,NULL,NULL,27,3.00,'Cool template. Excellent code quality. The support responds very quickly, which is very rare on themeforest and codecanyon.net, I buy a lot of templates, and everyone will have a response from technical support for two or three days. Thanks to tech support. I recommend to buy.','published','2024-05-10 02:10:33','2024-05-10 02:10:33','[\"main\\/products\\/product-11.jpg\",\"main\\/products\\/product-17.jpg\"]'),(423,6,NULL,NULL,21,3.00,'The script is the best of its class, fast, easy to implement and work with , and the most important thing is the great support team , Recommend with no doubt.','published','2024-05-10 02:10:33','2024-05-10 02:10:33','[\"main\\/products\\/product-3.jpg\",\"main\\/products\\/product-8.jpg\",\"main\\/products\\/product-15.jpg\",\"main\\/products\\/product-details-desc-3.jpg\"]'),(424,6,NULL,NULL,2,3.00,'Very enthusiastic support! Excellent code is written. It\'s a true pleasure working with.','published','2024-05-10 02:10:33','2024-05-10 02:10:33','[\"main\\/products\\/product-7.jpg\",\"main\\/products\\/product-13.jpg\"]'),(426,10,NULL,NULL,29,4.00,'Solution is too robust for our purpose so we didn\'t use it at the end. But I appreciate customer support during initial configuration.','published','2024-05-10 02:10:33','2024-05-10 02:10:33','[\"main\\/products\\/product-3.jpg\",\"main\\/products\\/product-5.jpg\"]'),(429,2,NULL,NULL,26,3.00,'Cool template. Excellent code quality. The support responds very quickly, which is very rare on themeforest and codecanyon.net, I buy a lot of templates, and everyone will have a response from technical support for two or three days. Thanks to tech support. I recommend to buy.','published','2024-05-10 02:10:33','2024-05-10 02:10:33','[\"main\\/products\\/product-20.jpg\",\"main\\/products\\/product-details-desc-1.jpg\",\"main\\/products\\/product-details-desc-2.jpg\"]'),(430,10,NULL,NULL,20,3.00,'Ok good product. I have some issues in customizations. But its not correct to blame the developer. The product is good. Good luck for your business.','published','2024-05-10 02:10:33','2024-05-10 02:10:33','[\"main\\/products\\/product-4.jpg\",\"main\\/products\\/product-9.jpg\",\"main\\/products\\/product-15.jpg\"]'),(432,5,NULL,NULL,23,4.00,'Those guys now what they are doing, the release such a good product that it\'s a pleasure to work with ! Even when I was stuck on the project, I created a ticket and the next day it was replied by the team. GOOD JOB guys. I love working with them :)','published','2024-05-10 02:10:33','2024-05-10 02:10:33','[\"main\\/products\\/product-7.jpg\",\"main\\/products\\/product-15.jpg\",\"main\\/products\\/product-details-desc-3.jpg\"]'),(433,10,NULL,NULL,14,2.00,'It\'s not my first experience here on Codecanyon and I can honestly tell you all that Botble puts a LOT of effort into the support. They answer so fast, they helped me tons of times. REALLY by far THE BEST EXPERIENCE on Codecanyon. Those guys at Botble are so good that they deserve 5 stars. I recommend them, I trust them and I can\'t wait to see what they will sell in a near future. Thank you Botble :)','published','2024-05-10 02:10:33','2024-05-10 02:10:33','[\"main\\/products\\/product-10.jpg\",\"main\\/products\\/product-16.jpg\",\"main\\/products\\/product-18.jpg\"]'),(435,3,NULL,NULL,7,2.00,'We have received brilliant service support and will be expanding the features with the developer. Nice product!','published','2024-05-10 02:10:33','2024-05-10 02:10:33','[\"main\\/products\\/product-20.jpg\"]'),(437,5,NULL,NULL,27,2.00,'It\'s not my first experience here on Codecanyon and I can honestly tell you all that Botble puts a LOT of effort into the support. They answer so fast, they helped me tons of times. REALLY by far THE BEST EXPERIENCE on Codecanyon. Those guys at Botble are so good that they deserve 5 stars. I recommend them, I trust them and I can\'t wait to see what they will sell in a near future. Thank you Botble :)','published','2024-05-10 02:10:33','2024-05-10 02:10:33','[\"main\\/products\\/product-4.jpg\",\"main\\/products\\/product-6.jpg\"]'),(439,5,NULL,NULL,25,1.00,'As a developer I reviewed this script. This is really awesome ecommerce script. I have convinced when I noticed that it\'s built on fully WordPress concept.','published','2024-05-10 02:10:33','2024-05-10 02:10:33','[\"main\\/products\\/product-4.jpg\",\"main\\/products\\/product-14.jpg\",\"main\\/products\\/product-15.jpg\"]'),(443,10,NULL,NULL,19,1.00,'I Love this Script. I also found how to add other fees. Now I just wait the BIG update for the Marketplace with the Bulk Import. Just do not forget to make it to be Multi-language for us the Botble Fans.','published','2024-05-10 02:10:33','2024-05-10 02:10:33','[\"main\\/products\\/product-5.jpg\",\"main\\/products\\/product-8.jpg\",\"main\\/products\\/product-9.jpg\",\"main\\/products\\/product-13.jpg\"]'),(444,10,NULL,NULL,46,5.00,'Great system, great support, good job Botble. I\'m looking forward to more great functional plugins.','published','2024-05-10 02:10:33','2024-05-10 02:10:33','[\"main\\/products\\/product-4.jpg\",\"main\\/products\\/product-7.jpg\",\"main\\/products\\/product-15.jpg\",\"main\\/products\\/product-20.jpg\"]'),(445,3,NULL,NULL,3,5.00,'The script is the best of its class, fast, easy to implement and work with , and the most important thing is the great support team , Recommend with no doubt.','published','2024-05-10 02:10:33','2024-05-10 02:10:33','[\"main\\/products\\/product-12.jpg\",\"main\\/products\\/product-14.jpg\",\"main\\/products\\/product-details-desc-3.jpg\"]'),(450,3,NULL,NULL,57,3.00,'The best store template! Excellent coding! Very good support! Thank you so much for all the help, I really appreciated.','published','2024-05-10 02:10:33','2024-05-10 02:10:33','[\"main\\/products\\/product-9.jpg\",\"main\\/products\\/product-10.jpg\",\"main\\/products\\/product-17.jpg\",\"main\\/products\\/product-19.jpg\"]'),(451,3,NULL,NULL,31,5.00,'Very enthusiastic support! Excellent code is written. It\'s a true pleasure working with.','published','2024-05-10 02:10:33','2024-05-10 02:10:33','[\"main\\/products\\/product-10.jpg\",\"main\\/products\\/product-11.jpg\",\"main\\/products\\/product-18.jpg\"]'),(453,8,NULL,NULL,15,2.00,'This script is well coded and is super fast. The support is pretty quick. Very patient and helpful team. I strongly recommend it and they deserve more than 5 stars.','published','2024-05-10 02:10:33','2024-05-10 02:10:33','[\"main\\/products\\/product-5.jpg\",\"main\\/products\\/product-details-desc-1.jpg\",\"main\\/products\\/product-details-desc-3.jpg\"]'),(454,7,NULL,NULL,44,5.00,'The code is good, in general, if you like it, can you give it 5 stars?','published','2024-05-10 02:10:33','2024-05-10 02:10:33','[\"main\\/products\\/product-5.jpg\",\"main\\/products\\/product-12.jpg\",\"main\\/products\\/product-19.jpg\",\"main\\/products\\/product-details-desc-3.jpg\"]'),(457,9,NULL,NULL,32,4.00,'The best store template! Excellent coding! Very good support! Thank you so much for all the help, I really appreciated.','published','2024-05-10 02:10:33','2024-05-10 02:10:33','[\"main\\/products\\/product-details-desc-3.jpg\"]'),(462,1,NULL,NULL,51,5.00,'I Love this Script. I also found how to add other fees. Now I just wait the BIG update for the Marketplace with the Bulk Import. Just do not forget to make it to be Multi-language for us the Botble Fans.','published','2024-05-10 02:10:33','2024-05-10 02:10:33','[\"main\\/products\\/product-2.jpg\",\"main\\/products\\/product-10.jpg\",\"main\\/products\\/product-11.jpg\",\"main\\/products\\/product-19.jpg\"]'),(465,1,NULL,NULL,48,5.00,'This web app is really good in design, code quality & features. Besides, the customer support provided by the Botble team was really fast & helpful. You guys are awesome!','published','2024-05-10 02:10:33','2024-05-10 02:10:33','[\"main\\/products\\/product-1.jpg\",\"main\\/products\\/product-13.jpg\",\"main\\/products\\/product-17.jpg\",\"main\\/products\\/product-details-desc-3.jpg\"]'),(469,8,NULL,NULL,44,2.00,'It\'s not my first experience here on Codecanyon and I can honestly tell you all that Botble puts a LOT of effort into the support. They answer so fast, they helped me tons of times. REALLY by far THE BEST EXPERIENCE on Codecanyon. Those guys at Botble are so good that they deserve 5 stars. I recommend them, I trust them and I can\'t wait to see what they will sell in a near future. Thank you Botble :)','published','2024-05-10 02:10:33','2024-05-10 02:10:33','[\"main\\/products\\/product-20.jpg\"]'),(472,6,NULL,NULL,22,1.00,'The best store template! Excellent coding! Very good support! Thank you so much for all the help, I really appreciated.','published','2024-05-10 02:10:33','2024-05-10 02:10:33','[\"main\\/products\\/product-2.jpg\",\"main\\/products\\/product-10.jpg\",\"main\\/products\\/product-details-desc-2.jpg\",\"main\\/products\\/product-details-desc-3.jpg\"]'),(474,5,NULL,NULL,1,2.00,'The code is good, in general, if you like it, can you give it 5 stars?','published','2024-05-10 02:10:33','2024-05-10 02:10:33','[\"main\\/products\\/product-2.jpg\",\"main\\/products\\/product-7.jpg\",\"main\\/products\\/product-9.jpg\",\"main\\/products\\/product-16.jpg\"]'),(476,8,NULL,NULL,28,4.00,'Solution is too robust for our purpose so we didn\'t use it at the end. But I appreciate customer support during initial configuration.','published','2024-05-10 02:10:33','2024-05-10 02:10:33','[\"main\\/products\\/product-6.jpg\",\"main\\/products\\/product-8.jpg\",\"main\\/products\\/product-17.jpg\",\"main\\/products\\/product-details-desc-1.jpg\"]'),(486,9,NULL,NULL,19,5.00,'Second or third time that I buy a Botble product, happy with the products and support. You guys do a good job :)','published','2024-05-10 02:10:33','2024-05-10 02:10:33','[\"main\\/products\\/product-3.jpg\",\"main\\/products\\/product-16.jpg\",\"main\\/products\\/product-17.jpg\",\"main\\/products\\/product-19.jpg\"]'),(489,10,NULL,NULL,2,2.00,'Amazing code, amazing support. Overall, im really confident in Botble and im happy I made the right choice! Thank you so much guys for coding this masterpiece','published','2024-05-10 02:10:33','2024-05-10 02:10:33','[\"main\\/products\\/product-9.jpg\"]'),(491,10,NULL,NULL,31,2.00,'The code is good, in general, if you like it, can you give it 5 stars?','published','2024-05-10 02:10:33','2024-05-10 02:10:33','[\"main\\/products\\/product-11.jpg\"]'),(493,1,NULL,NULL,33,4.00,'Good app, good backup service and support. Good documentation.','published','2024-05-10 02:10:33','2024-05-10 02:10:33','[\"main\\/products\\/product-3.jpg\",\"main\\/products\\/product-9.jpg\",\"main\\/products\\/product-19.jpg\",\"main\\/products\\/product-20.jpg\"]'),(495,8,NULL,NULL,39,5.00,'Amazing code, amazing support. Overall, im really confident in Botble and im happy I made the right choice! Thank you so much guys for coding this masterpiece','published','2024-05-10 02:10:33','2024-05-10 02:10:33','[\"main\\/products\\/product-1.jpg\"]'),(496,2,NULL,NULL,36,2.00,'Very enthusiastic support! Excellent code is written. It\'s a true pleasure working with.','published','2024-05-10 02:10:33','2024-05-10 02:10:33','[\"main\\/products\\/product-2.jpg\",\"main\\/products\\/product-9.jpg\",\"main\\/products\\/product-14.jpg\",\"main\\/products\\/product-19.jpg\"]'),(499,3,NULL,NULL,40,4.00,'We have received brilliant service support and will be expanding the features with the developer. Nice product!','published','2024-05-10 02:10:33','2024-05-10 02:10:33','[\"main\\/products\\/product-4.jpg\",\"main\\/products\\/product-details-desc-2.jpg\"]'),(500,1,NULL,NULL,30,1.00,'Great system, great support, good job Botble. I\'m looking forward to more great functional plugins.','published','2024-05-10 02:10:33','2024-05-10 02:10:33','[\"main\\/products\\/product-7.jpg\",\"main\\/products\\/product-18.jpg\",\"main\\/products\\/product-19.jpg\"]'),(502,3,NULL,NULL,47,1.00,'It\'s not my first experience here on Codecanyon and I can honestly tell you all that Botble puts a LOT of effort into the support. They answer so fast, they helped me tons of times. REALLY by far THE BEST EXPERIENCE on Codecanyon. Those guys at Botble are so good that they deserve 5 stars. I recommend them, I trust them and I can\'t wait to see what they will sell in a near future. Thank you Botble :)','published','2024-05-10 02:10:33','2024-05-10 02:10:33','[\"main\\/products\\/product-16.jpg\",\"main\\/products\\/product-20.jpg\"]'),(503,4,NULL,NULL,18,2.00,'Those guys now what they are doing, the release such a good product that it\'s a pleasure to work with ! Even when I was stuck on the project, I created a ticket and the next day it was replied by the team. GOOD JOB guys. I love working with them :)','published','2024-05-10 02:10:33','2024-05-10 02:10:33','[\"main\\/products\\/product-7.jpg\"]'),(505,4,NULL,NULL,38,3.00,'The best store template! Excellent coding! Very good support! Thank you so much for all the help, I really appreciated.','published','2024-05-10 02:10:33','2024-05-10 02:10:33','[\"main\\/products\\/product-2.jpg\",\"main\\/products\\/product-12.jpg\",\"main\\/products\\/product-18.jpg\"]'),(507,8,NULL,NULL,1,2.00,'As a developer I reviewed this script. This is really awesome ecommerce script. I have convinced when I noticed that it\'s built on fully WordPress concept.','published','2024-05-10 02:10:33','2024-05-10 02:10:33','[\"main\\/products\\/product-7.jpg\"]'),(509,6,NULL,NULL,41,4.00,'It\'s not my first experience here on Codecanyon and I can honestly tell you all that Botble puts a LOT of effort into the support. They answer so fast, they helped me tons of times. REALLY by far THE BEST EXPERIENCE on Codecanyon. Those guys at Botble are so good that they deserve 5 stars. I recommend them, I trust them and I can\'t wait to see what they will sell in a near future. Thank you Botble :)','published','2024-05-10 02:10:33','2024-05-10 02:10:33','[\"main\\/products\\/product-11.jpg\",\"main\\/products\\/product-13.jpg\",\"main\\/products\\/product-15.jpg\"]'),(510,6,NULL,NULL,45,4.00,'The code is good, in general, if you like it, can you give it 5 stars?','published','2024-05-10 02:10:33','2024-05-10 02:10:33','[\"main\\/products\\/product-20.jpg\"]'),(512,1,NULL,NULL,38,1.00,'As a developer I reviewed this script. This is really awesome ecommerce script. I have convinced when I noticed that it\'s built on fully WordPress concept.','published','2024-05-10 02:10:33','2024-05-10 02:10:33','[\"main\\/products\\/product-3.jpg\",\"main\\/products\\/product-8.jpg\"]'),(514,2,NULL,NULL,53,4.00,'The best ecommerce CMS! Excellent coding! best support service! Thank you so much..... I really like your hard work.','published','2024-05-10 02:10:33','2024-05-10 02:10:33','[\"main\\/products\\/product-6.jpg\",\"main\\/products\\/product-details-desc-1.jpg\"]'),(516,8,NULL,NULL,33,5.00,'The code is good, in general, if you like it, can you give it 5 stars?','published','2024-05-10 02:10:33','2024-05-10 02:10:33','[\"main\\/products\\/product-5.jpg\",\"main\\/products\\/product-19.jpg\"]'),(517,4,NULL,NULL,41,5.00,'Amazing code, amazing support. Overall, im really confident in Botble and im happy I made the right choice! Thank you so much guys for coding this masterpiece','published','2024-05-10 02:10:33','2024-05-10 02:10:33','[\"main\\/products\\/product-2.jpg\",\"main\\/products\\/product-18.jpg\",\"main\\/products\\/product-20.jpg\"]'),(519,1,NULL,NULL,43,5.00,'Solution is too robust for our purpose so we didn\'t use it at the end. But I appreciate customer support during initial configuration.','published','2024-05-10 02:10:33','2024-05-10 02:10:33','[\"main\\/products\\/product-3.jpg\",\"main\\/products\\/product-8.jpg\"]'),(520,3,NULL,NULL,10,5.00,'These guys are amazing! Responses immediately, amazing support and help... I immediately feel at ease after Purchasing..','published','2024-05-10 02:10:33','2024-05-10 02:10:33','[\"main\\/products\\/product-details-desc-1.jpg\"]'),(526,9,NULL,NULL,48,1.00,'We have received brilliant service support and will be expanding the features with the developer. Nice product!','published','2024-05-10 02:10:33','2024-05-10 02:10:33','[\"main\\/products\\/product-1.jpg\",\"main\\/products\\/product-details-desc-3.jpg\"]'),(529,10,NULL,NULL,50,1.00,'Clean & perfect source code','published','2024-05-10 02:10:33','2024-05-10 02:10:33','[\"main\\/products\\/product-6.jpg\"]'),(532,2,NULL,NULL,21,1.00,'For me the best eCommerce script on Envato at this moment: modern, clean code, a lot of great features. The customer support is great too: I always get an answer within hours!','published','2024-05-10 02:10:33','2024-05-10 02:10:33','[\"main\\/products\\/product-12.jpg\",\"main\\/products\\/product-13.jpg\",\"main\\/products\\/product-details-desc-2.jpg\"]'),(533,9,NULL,NULL,54,5.00,'Those guys now what they are doing, the release such a good product that it\'s a pleasure to work with ! Even when I was stuck on the project, I created a ticket and the next day it was replied by the team. GOOD JOB guys. I love working with them :)','published','2024-05-10 02:10:33','2024-05-10 02:10:33','[\"main\\/products\\/product-4.jpg\",\"main\\/products\\/product-17.jpg\"]'),(534,2,NULL,NULL,4,3.00,'Solution is too robust for our purpose so we didn\'t use it at the end. But I appreciate customer support during initial configuration.','published','2024-05-10 02:10:33','2024-05-10 02:10:33','[\"main\\/products\\/product-8.jpg\"]'),(541,2,NULL,NULL,49,1.00,'Great system, great support, good job Botble. I\'m looking forward to more great functional plugins.','published','2024-05-10 02:10:33','2024-05-10 02:10:33','[\"main\\/products\\/product-7.jpg\",\"main\\/products\\/product-12.jpg\",\"main\\/products\\/product-16.jpg\"]'),(542,9,NULL,NULL,9,5.00,'Second or third time that I buy a Botble product, happy with the products and support. You guys do a good job :)','published','2024-05-10 02:10:33','2024-05-10 02:10:33','[\"main\\/products\\/product-2.jpg\",\"main\\/products\\/product-5.jpg\",\"main\\/products\\/product-9.jpg\",\"main\\/products\\/product-18.jpg\"]'),(543,10,NULL,NULL,22,4.00,'We have received brilliant service support and will be expanding the features with the developer. Nice product!','published','2024-05-10 02:10:33','2024-05-10 02:10:33','[\"main\\/products\\/product-6.jpg\",\"main\\/products\\/product-14.jpg\",\"main\\/products\\/product-details-desc-3.jpg\"]'),(545,5,NULL,NULL,3,2.00,'Best ecommerce CMS online store!','published','2024-05-10 02:10:33','2024-05-10 02:10:33','[\"main\\/products\\/product-4.jpg\",\"main\\/products\\/product-16.jpg\"]'),(548,9,NULL,NULL,13,5.00,'For me the best eCommerce script on Envato at this moment: modern, clean code, a lot of great features. The customer support is great too: I always get an answer within hours!','published','2024-05-10 02:10:33','2024-05-10 02:10:33','[\"main\\/products\\/product-14.jpg\",\"main\\/products\\/product-17.jpg\"]'),(552,6,NULL,NULL,52,3.00,'Great system, great support, good job Botble. I\'m looking forward to more great functional plugins.','published','2024-05-10 02:10:33','2024-05-10 02:10:33','[\"main\\/products\\/product-5.jpg\",\"main\\/products\\/product-10.jpg\",\"main\\/products\\/product-18.jpg\",\"main\\/products\\/product-20.jpg\"]'),(554,2,NULL,NULL,18,1.00,'Perfect +++++++++ i love it really also i get to fast ticket answers... Thanks Lot BOTBLE Teams','published','2024-05-10 02:10:33','2024-05-10 02:10:33','[\"main\\/products\\/product-1.jpg\"]'),(556,1,NULL,NULL,22,3.00,'Clean & perfect source code','published','2024-05-10 02:10:33','2024-05-10 02:10:33','[\"main\\/products\\/product-3.jpg\",\"main\\/products\\/product-10.jpg\",\"main\\/products\\/product-12.jpg\"]'),(559,5,NULL,NULL,43,5.00,'Very enthusiastic support! Excellent code is written. It\'s a true pleasure working with.','published','2024-05-10 02:10:33','2024-05-10 02:10:33','[\"main\\/products\\/product-10.jpg\",\"main\\/products\\/product-18.jpg\",\"main\\/products\\/product-20.jpg\"]'),(561,10,NULL,NULL,57,5.00,'Second or third time that I buy a Botble product, happy with the products and support. You guys do a good job :)','published','2024-05-10 02:10:33','2024-05-10 02:10:33','[\"main\\/products\\/product-details-desc-2.jpg\"]'),(565,5,NULL,NULL,24,4.00,'Perfect +++++++++ i love it really also i get to fast ticket answers... Thanks Lot BOTBLE Teams','published','2024-05-10 02:10:33','2024-05-10 02:10:33','[\"main\\/products\\/product-5.jpg\",\"main\\/products\\/product-20.jpg\"]'),(567,8,NULL,NULL,30,5.00,'The code is good, in general, if you like it, can you give it 5 stars?','published','2024-05-10 02:10:33','2024-05-10 02:10:33','[\"main\\/products\\/product-5.jpg\",\"main\\/products\\/product-15.jpg\",\"main\\/products\\/product-18.jpg\",\"main\\/products\\/product-details-desc-1.jpg\"]'),(569,4,NULL,NULL,15,3.00,'Great E-commerce system. And much more : Wonderful Customer Support.','published','2024-05-10 02:10:33','2024-05-10 02:10:33','[\"main\\/products\\/product-12.jpg\"]'),(571,10,NULL,NULL,40,4.00,'Customer Support are grade (A*), however the code is a way too over engineered for it\'s purpose.','published','2024-05-10 02:10:33','2024-05-10 02:10:33','[\"main\\/products\\/product-3.jpg\",\"main\\/products\\/product-details-desc-1.jpg\"]'),(573,6,NULL,NULL,1,1.00,'Clean & perfect source code','published','2024-05-10 02:10:33','2024-05-10 02:10:33','[\"main\\/products\\/product-4.jpg\",\"main\\/products\\/product-5.jpg\",\"main\\/products\\/product-13.jpg\",\"main\\/products\\/product-15.jpg\"]'),(576,1,NULL,NULL,32,3.00,'Second or third time that I buy a Botble product, happy with the products and support. You guys do a good job :)','published','2024-05-10 02:10:33','2024-05-10 02:10:33','[\"main\\/products\\/product-7.jpg\",\"main\\/products\\/product-8.jpg\",\"main\\/products\\/product-10.jpg\",\"main\\/products\\/product-details-desc-1.jpg\"]'),(578,7,NULL,NULL,12,5.00,'For me the best eCommerce script on Envato at this moment: modern, clean code, a lot of great features. The customer support is great too: I always get an answer within hours!','published','2024-05-10 02:10:33','2024-05-10 02:10:33','[\"main\\/products\\/product-2.jpg\",\"main\\/products\\/product-7.jpg\",\"main\\/products\\/product-12.jpg\"]'),(580,5,NULL,NULL,38,4.00,'For me the best eCommerce script on Envato at this moment: modern, clean code, a lot of great features. The customer support is great too: I always get an answer within hours!','published','2024-05-10 02:10:33','2024-05-10 02:10:33','[\"main\\/products\\/product-11.jpg\",\"main\\/products\\/product-19.jpg\",\"main\\/products\\/product-20.jpg\"]'),(587,2,NULL,NULL,15,2.00,'Solution is too robust for our purpose so we didn\'t use it at the end. But I appreciate customer support during initial configuration.','published','2024-05-10 02:10:33','2024-05-10 02:10:33','[\"main\\/products\\/product-1.jpg\",\"main\\/products\\/product-3.jpg\",\"main\\/products\\/product-10.jpg\",\"main\\/products\\/product-15.jpg\"]'),(588,5,NULL,NULL,37,3.00,'Great system, great support, good job Botble. I\'m looking forward to more great functional plugins.','published','2024-05-10 02:10:33','2024-05-10 02:10:33','[\"main\\/products\\/product-1.jpg\",\"main\\/products\\/product-3.jpg\",\"main\\/products\\/product-11.jpg\",\"main\\/products\\/product-15.jpg\"]'),(591,5,NULL,NULL,33,3.00,'Great system, great support, good job Botble. I\'m looking forward to more great functional plugins.','published','2024-05-10 02:10:33','2024-05-10 02:10:33','[\"main\\/products\\/product-8.jpg\",\"main\\/products\\/product-16.jpg\",\"main\\/products\\/product-18.jpg\"]'),(594,6,NULL,NULL,35,3.00,'Great system, great support, good job Botble. I\'m looking forward to more great functional plugins.','published','2024-05-10 02:10:33','2024-05-10 02:10:33','[\"main\\/products\\/product-details-desc-1.jpg\"]'),(603,3,NULL,NULL,13,3.00,'We have received brilliant service support and will be expanding the features with the developer. Nice product!','published','2024-05-10 02:10:33','2024-05-10 02:10:33','[\"main\\/products\\/product-2.jpg\",\"main\\/products\\/product-12.jpg\",\"main\\/products\\/product-details-desc-1.jpg\"]'),(604,7,NULL,NULL,51,5.00,'Those guys now what they are doing, the release such a good product that it\'s a pleasure to work with ! Even when I was stuck on the project, I created a ticket and the next day it was replied by the team. GOOD JOB guys. I love working with them :)','published','2024-05-10 02:10:33','2024-05-10 02:10:33','[\"main\\/products\\/product-10.jpg\",\"main\\/products\\/product-11.jpg\",\"main\\/products\\/product-20.jpg\"]'),(611,9,NULL,NULL,46,2.00,'Ok good product. I have some issues in customizations. But its not correct to blame the developer. The product is good. Good luck for your business.','published','2024-05-10 02:10:33','2024-05-10 02:10:33','[\"main\\/products\\/product-details-desc-1.jpg\"]'),(617,7,NULL,NULL,27,4.00,'Customer Support are grade (A*), however the code is a way too over engineered for it\'s purpose.','published','2024-05-10 02:10:33','2024-05-10 02:10:33','[\"main\\/products\\/product-1.jpg\",\"main\\/products\\/product-15.jpg\",\"main\\/products\\/product-details-desc-2.jpg\"]'),(619,4,NULL,NULL,13,1.00,'The script is the best of its class, fast, easy to implement and work with , and the most important thing is the great support team , Recommend with no doubt.','published','2024-05-10 02:10:33','2024-05-10 02:10:33','[\"main\\/products\\/product-5.jpg\",\"main\\/products\\/product-15.jpg\"]'),(623,2,NULL,NULL,14,1.00,'It\'s not my first experience here on Codecanyon and I can honestly tell you all that Botble puts a LOT of effort into the support. They answer so fast, they helped me tons of times. REALLY by far THE BEST EXPERIENCE on Codecanyon. Those guys at Botble are so good that they deserve 5 stars. I recommend them, I trust them and I can\'t wait to see what they will sell in a near future. Thank you Botble :)','published','2024-05-10 02:10:33','2024-05-10 02:10:33','[\"main\\/products\\/product-1.jpg\",\"main\\/products\\/product-3.jpg\",\"main\\/products\\/product-4.jpg\",\"main\\/products\\/product-12.jpg\"]'),(624,3,NULL,NULL,9,1.00,'Those guys now what they are doing, the release such a good product that it\'s a pleasure to work with ! Even when I was stuck on the project, I created a ticket and the next day it was replied by the team. GOOD JOB guys. I love working with them :)','published','2024-05-10 02:10:33','2024-05-10 02:10:33','[\"main\\/products\\/product-7.jpg\"]'),(629,3,NULL,NULL,24,3.00,'This script is well coded and is super fast. The support is pretty quick. Very patient and helpful team. I strongly recommend it and they deserve more than 5 stars.','published','2024-05-10 02:10:33','2024-05-10 02:10:33','[\"main\\/products\\/product-3.jpg\",\"main\\/products\\/product-18.jpg\"]'),(634,6,NULL,NULL,16,4.00,'Great E-commerce system. And much more : Wonderful Customer Support.','published','2024-05-10 02:10:33','2024-05-10 02:10:33','[\"main\\/products\\/product-15.jpg\"]'),(635,5,NULL,NULL,26,4.00,'The script is the best of its class, fast, easy to implement and work with , and the most important thing is the great support team , Recommend with no doubt.','published','2024-05-10 02:10:33','2024-05-10 02:10:33','[\"main\\/products\\/product-15.jpg\",\"main\\/products\\/product-17.jpg\"]'),(640,6,NULL,NULL,15,5.00,'This script is well coded and is super fast. The support is pretty quick. Very patient and helpful team. I strongly recommend it and they deserve more than 5 stars.','published','2024-05-10 02:10:33','2024-05-10 02:10:33','[\"main\\/products\\/product-4.jpg\",\"main\\/products\\/product-6.jpg\",\"main\\/products\\/product-17.jpg\",\"main\\/products\\/product-18.jpg\"]'),(649,7,NULL,NULL,18,4.00,'I Love this Script. I also found how to add other fees. Now I just wait the BIG update for the Marketplace with the Bulk Import. Just do not forget to make it to be Multi-language for us the Botble Fans.','published','2024-05-10 02:10:33','2024-05-10 02:10:33','[\"main\\/products\\/product-11.jpg\",\"main\\/products\\/product-14.jpg\"]'),(651,2,NULL,NULL,44,4.00,'Ok good product. I have some issues in customizations. But its not correct to blame the developer. The product is good. Good luck for your business.','published','2024-05-10 02:10:33','2024-05-10 02:10:33','[\"main\\/products\\/product-11.jpg\",\"main\\/products\\/product-13.jpg\",\"main\\/products\\/product-14.jpg\",\"main\\/products\\/product-details-desc-1.jpg\"]'),(652,8,NULL,NULL,52,1.00,'The best store template! Excellent coding! Very good support! Thank you so much for all the help, I really appreciated.','published','2024-05-10 02:10:33','2024-05-10 02:10:33','[\"main\\/products\\/product-1.jpg\",\"main\\/products\\/product-2.jpg\",\"main\\/products\\/product-4.jpg\",\"main\\/products\\/product-7.jpg\"]'),(653,6,NULL,NULL,50,5.00,'Great E-commerce system. And much more : Wonderful Customer Support.','published','2024-05-10 02:10:33','2024-05-10 02:10:33','[\"main\\/products\\/product-9.jpg\"]'),(658,6,NULL,NULL,3,4.00,'Solution is too robust for our purpose so we didn\'t use it at the end. But I appreciate customer support during initial configuration.','published','2024-05-10 02:10:33','2024-05-10 02:10:33','[\"main\\/products\\/product-14.jpg\",\"main\\/products\\/product-18.jpg\",\"main\\/products\\/product-details-desc-1.jpg\"]'),(659,8,NULL,NULL,5,2.00,'The best store template! Excellent coding! Very good support! Thank you so much for all the help, I really appreciated.','published','2024-05-10 02:10:33','2024-05-10 02:10:33','[\"main\\/products\\/product-6.jpg\",\"main\\/products\\/product-12.jpg\",\"main\\/products\\/product-13.jpg\",\"main\\/products\\/product-20.jpg\"]'),(673,4,NULL,NULL,25,5.00,'It\'s not my first experience here on Codecanyon and I can honestly tell you all that Botble puts a LOT of effort into the support. They answer so fast, they helped me tons of times. REALLY by far THE BEST EXPERIENCE on Codecanyon. Those guys at Botble are so good that they deserve 5 stars. I recommend them, I trust them and I can\'t wait to see what they will sell in a near future. Thank you Botble :)','published','2024-05-10 02:10:33','2024-05-10 02:10:33','[\"main\\/products\\/product-19.jpg\",\"main\\/products\\/product-details-desc-2.jpg\"]'),(680,6,NULL,NULL,39,2.00,'As a developer I reviewed this script. This is really awesome ecommerce script. I have convinced when I noticed that it\'s built on fully WordPress concept.','published','2024-05-10 02:10:33','2024-05-10 02:10:33','[\"main\\/products\\/product-14.jpg\",\"main\\/products\\/product-16.jpg\",\"main\\/products\\/product-20.jpg\",\"main\\/products\\/product-details-desc-3.jpg\"]'),(682,4,NULL,NULL,33,2.00,'Great system, great support, good job Botble. I\'m looking forward to more great functional plugins.','published','2024-05-10 02:10:33','2024-05-10 02:10:33','[\"main\\/products\\/product-6.jpg\"]'),(683,3,NULL,NULL,35,1.00,'The script is the best of its class, fast, easy to implement and work with , and the most important thing is the great support team , Recommend with no doubt.','published','2024-05-10 02:10:33','2024-05-10 02:10:33','[\"main\\/products\\/product-1.jpg\",\"main\\/products\\/product-2.jpg\",\"main\\/products\\/product-8.jpg\",\"main\\/products\\/product-11.jpg\"]'),(685,6,NULL,NULL,25,2.00,'This script is well coded and is super fast. The support is pretty quick. Very patient and helpful team. I strongly recommend it and they deserve more than 5 stars.','published','2024-05-10 02:10:33','2024-05-10 02:10:33','[\"main\\/products\\/product-1.jpg\",\"main\\/products\\/product-20.jpg\"]'),(686,9,NULL,NULL,55,1.00,'Very enthusiastic support! Excellent code is written. It\'s a true pleasure working with.','published','2024-05-10 02:10:33','2024-05-10 02:10:33','[\"main\\/products\\/product-6.jpg\"]'),(689,6,NULL,NULL,18,3.00,'Customer Support are grade (A*), however the code is a way too over engineered for it\'s purpose.','published','2024-05-10 02:10:33','2024-05-10 02:10:33','[\"main\\/products\\/product-1.jpg\"]'),(692,10,NULL,NULL,16,2.00,'Those guys now what they are doing, the release such a good product that it\'s a pleasure to work with ! Even when I was stuck on the project, I created a ticket and the next day it was replied by the team. GOOD JOB guys. I love working with them :)','published','2024-05-10 02:10:33','2024-05-10 02:10:33','[\"main\\/products\\/product-4.jpg\",\"main\\/products\\/product-12.jpg\",\"main\\/products\\/product-14.jpg\",\"main\\/products\\/product-details-desc-1.jpg\"]'),(693,8,NULL,NULL,38,1.00,'Second or third time that I buy a Botble product, happy with the products and support. You guys do a good job :)','published','2024-05-10 02:10:33','2024-05-10 02:10:33','[\"main\\/products\\/product-8.jpg\",\"main\\/products\\/product-15.jpg\"]'),(695,4,NULL,NULL,51,1.00,'Best ecommerce CMS online store!','published','2024-05-10 02:10:33','2024-05-10 02:10:33','[\"main\\/products\\/product-6.jpg\",\"main\\/products\\/product-7.jpg\",\"main\\/products\\/product-10.jpg\",\"main\\/products\\/product-details-desc-1.jpg\"]'),(697,3,NULL,NULL,1,5.00,'Solution is too robust for our purpose so we didn\'t use it at the end. But I appreciate customer support during initial configuration.','published','2024-05-10 02:10:33','2024-05-10 02:10:33','[\"main\\/products\\/product-5.jpg\",\"main\\/products\\/product-12.jpg\",\"main\\/products\\/product-15.jpg\",\"main\\/products\\/product-19.jpg\"]'),(698,1,NULL,NULL,39,1.00,'I Love this Script. I also found how to add other fees. Now I just wait the BIG update for the Marketplace with the Bulk Import. Just do not forget to make it to be Multi-language for us the Botble Fans.','published','2024-05-10 02:10:33','2024-05-10 02:10:33','[\"main\\/products\\/product-5.jpg\",\"main\\/products\\/product-20.jpg\"]'),(700,3,NULL,NULL,38,5.00,'For me the best eCommerce script on Envato at this moment: modern, clean code, a lot of great features. The customer support is great too: I always get an answer within hours!','published','2024-05-10 02:10:33','2024-05-10 02:10:33','[\"main\\/products\\/product-5.jpg\",\"main\\/products\\/product-7.jpg\",\"main\\/products\\/product-13.jpg\",\"main\\/products\\/product-14.jpg\"]'),(704,7,NULL,NULL,37,5.00,'We have received brilliant service support and will be expanding the features with the developer. Nice product!','published','2024-05-10 02:10:33','2024-05-10 02:10:33','[\"main\\/products\\/product-8.jpg\",\"main\\/products\\/product-18.jpg\",\"main\\/products\\/product-details-desc-2.jpg\"]'),(707,8,NULL,NULL,46,2.00,'I Love this Script. I also found how to add other fees. Now I just wait the BIG update for the Marketplace with the Bulk Import. Just do not forget to make it to be Multi-language for us the Botble Fans.','published','2024-05-10 02:10:33','2024-05-10 02:10:33','[\"main\\/products\\/product-8.jpg\",\"main\\/products\\/product-10.jpg\",\"main\\/products\\/product-15.jpg\"]'),(708,6,NULL,NULL,36,2.00,'Those guys now what they are doing, the release such a good product that it\'s a pleasure to work with ! Even when I was stuck on the project, I created a ticket and the next day it was replied by the team. GOOD JOB guys. I love working with them :)','published','2024-05-10 02:10:33','2024-05-10 02:10:33','[\"main\\/products\\/product-8.jpg\",\"main\\/products\\/product-9.jpg\"]'),(711,2,NULL,NULL,41,2.00,'Clean & perfect source code','published','2024-05-10 02:10:33','2024-05-10 02:10:33','[\"main\\/products\\/product-19.jpg\"]'),(712,7,NULL,NULL,36,5.00,'Great system, great support, good job Botble. I\'m looking forward to more great functional plugins.','published','2024-05-10 02:10:33','2024-05-10 02:10:33','[\"main\\/products\\/product-5.jpg\",\"main\\/products\\/product-8.jpg\"]'),(713,3,NULL,NULL,53,4.00,'This web app is really good in design, code quality & features. Besides, the customer support provided by the Botble team was really fast & helpful. You guys are awesome!','published','2024-05-10 02:10:33','2024-05-10 02:10:33','[\"main\\/products\\/product-1.jpg\",\"main\\/products\\/product-8.jpg\",\"main\\/products\\/product-14.jpg\"]'),(714,10,NULL,NULL,10,3.00,'Second or third time that I buy a Botble product, happy with the products and support. You guys do a good job :)','published','2024-05-10 02:10:33','2024-05-10 02:10:33','[\"main\\/products\\/product-5.jpg\",\"main\\/products\\/product-16.jpg\",\"main\\/products\\/product-20.jpg\"]'),(724,10,NULL,NULL,21,4.00,'The best store template! Excellent coding! Very good support! Thank you so much for all the help, I really appreciated.','published','2024-05-10 02:10:33','2024-05-10 02:10:33','[\"main\\/products\\/product-9.jpg\",\"main\\/products\\/product-details-desc-1.jpg\"]'),(735,5,NULL,NULL,56,3.00,'I Love this Script. I also found how to add other fees. Now I just wait the BIG update for the Marketplace with the Bulk Import. Just do not forget to make it to be Multi-language for us the Botble Fans.','published','2024-05-10 02:10:33','2024-05-10 02:10:33','[\"main\\/products\\/product-2.jpg\",\"main\\/products\\/product-13.jpg\",\"main\\/products\\/product-18.jpg\"]'),(736,1,NULL,NULL,14,4.00,'This web app is really good in design, code quality & features. Besides, the customer support provided by the Botble team was really fast & helpful. You guys are awesome!','published','2024-05-10 02:10:33','2024-05-10 02:10:33','[\"main\\/products\\/product-16.jpg\"]'),(740,5,NULL,NULL,32,1.00,'This script is well coded and is super fast. The support is pretty quick. Very patient and helpful team. I strongly recommend it and they deserve more than 5 stars.','published','2024-05-10 02:10:33','2024-05-10 02:10:33','[\"main\\/products\\/product-3.jpg\",\"main\\/products\\/product-14.jpg\"]'),(742,3,NULL,NULL,27,5.00,'Good app, good backup service and support. Good documentation.','published','2024-05-10 02:10:33','2024-05-10 02:10:33','[\"main\\/products\\/product-details-desc-3.jpg\"]'),(749,5,NULL,NULL,9,1.00,'The best store template! Excellent coding! Very good support! Thank you so much for all the help, I really appreciated.','published','2024-05-10 02:10:33','2024-05-10 02:10:33','[\"main\\/products\\/product-10.jpg\",\"main\\/products\\/product-17.jpg\"]'),(754,1,NULL,NULL,56,2.00,'Clean & perfect source code','published','2024-05-10 02:10:33','2024-05-10 02:10:33','[\"main\\/products\\/product-2.jpg\",\"main\\/products\\/product-16.jpg\",\"main\\/products\\/product-19.jpg\",\"main\\/products\\/product-details-desc-2.jpg\"]'),(757,10,NULL,NULL,18,4.00,'Best ecommerce CMS online store!','published','2024-05-10 02:10:33','2024-05-10 02:10:33','[\"main\\/products\\/product-3.jpg\",\"main\\/products\\/product-7.jpg\",\"main\\/products\\/product-details-desc-3.jpg\"]'),(760,2,NULL,NULL,56,3.00,'Clean & perfect source code','published','2024-05-10 02:10:33','2024-05-10 02:10:33','[\"main\\/products\\/product-18.jpg\",\"main\\/products\\/product-details-desc-3.jpg\"]'),(763,2,NULL,NULL,55,3.00,'We have received brilliant service support and will be expanding the features with the developer. Nice product!','published','2024-05-10 02:10:33','2024-05-10 02:10:33','[\"main\\/products\\/product-details-desc-1.jpg\"]'),(766,2,NULL,NULL,5,4.00,'Cool template. Excellent code quality. The support responds very quickly, which is very rare on themeforest and codecanyon.net, I buy a lot of templates, and everyone will have a response from technical support for two or three days. Thanks to tech support. I recommend to buy.','published','2024-05-10 02:10:33','2024-05-10 02:10:33','[\"main\\/products\\/product-3.jpg\",\"main\\/products\\/product-11.jpg\",\"main\\/products\\/product-15.jpg\",\"main\\/products\\/product-17.jpg\"]'),(771,7,NULL,NULL,9,4.00,'Very enthusiastic support! Excellent code is written. It\'s a true pleasure working with.','published','2024-05-10 02:10:33','2024-05-10 02:10:33','[\"main\\/products\\/product-9.jpg\",\"main\\/products\\/product-11.jpg\",\"main\\/products\\/product-19.jpg\"]'),(772,8,NULL,NULL,43,5.00,'We have received brilliant service support and will be expanding the features with the developer. Nice product!','published','2024-05-10 02:10:33','2024-05-10 02:10:33','[\"main\\/products\\/product-2.jpg\",\"main\\/products\\/product-20.jpg\"]'),(773,1,NULL,NULL,18,4.00,'Great E-commerce system. And much more : Wonderful Customer Support.','published','2024-05-10 02:10:33','2024-05-10 02:10:33','[\"main\\/products\\/product-18.jpg\"]'),(776,9,NULL,NULL,2,2.00,'The script is the best of its class, fast, easy to implement and work with , and the most important thing is the great support team , Recommend with no doubt.','published','2024-05-10 02:10:33','2024-05-10 02:10:33','[\"main\\/products\\/product-4.jpg\",\"main\\/products\\/product-9.jpg\",\"main\\/products\\/product-17.jpg\",\"main\\/products\\/product-18.jpg\"]'),(777,1,NULL,NULL,2,1.00,'Good app, good backup service and support. Good documentation.','published','2024-05-10 02:10:33','2024-05-10 02:10:33','[\"main\\/products\\/product-3.jpg\",\"main\\/products\\/product-15.jpg\",\"main\\/products\\/product-details-desc-1.jpg\"]'),(784,3,NULL,NULL,5,3.00,'Those guys now what they are doing, the release such a good product that it\'s a pleasure to work with ! Even when I was stuck on the project, I created a ticket and the next day it was replied by the team. GOOD JOB guys. I love working with them :)','published','2024-05-10 02:10:33','2024-05-10 02:10:33','[\"main\\/products\\/product-2.jpg\",\"main\\/products\\/product-5.jpg\",\"main\\/products\\/product-20.jpg\"]'),(786,1,NULL,NULL,25,3.00,'The script is the best of its class, fast, easy to implement and work with , and the most important thing is the great support team , Recommend with no doubt.','published','2024-05-10 02:10:33','2024-05-10 02:10:33','[\"main\\/products\\/product-7.jpg\",\"main\\/products\\/product-8.jpg\",\"main\\/products\\/product-20.jpg\"]'),(790,6,NULL,NULL,28,2.00,'It\'s not my first experience here on Codecanyon and I can honestly tell you all that Botble puts a LOT of effort into the support. They answer so fast, they helped me tons of times. REALLY by far THE BEST EXPERIENCE on Codecanyon. Those guys at Botble are so good that they deserve 5 stars. I recommend them, I trust them and I can\'t wait to see what they will sell in a near future. Thank you Botble :)','published','2024-05-10 02:10:33','2024-05-10 02:10:33','[\"main\\/products\\/product-8.jpg\",\"main\\/products\\/product-9.jpg\",\"main\\/products\\/product-17.jpg\",\"main\\/products\\/product-18.jpg\"]'),(794,4,NULL,NULL,44,1.00,'This web app is really good in design, code quality & features. Besides, the customer support provided by the Botble team was really fast & helpful. You guys are awesome!','published','2024-05-10 02:10:33','2024-05-10 02:10:33','[\"main\\/products\\/product-4.jpg\",\"main\\/products\\/product-6.jpg\",\"main\\/products\\/product-12.jpg\"]'),(795,4,NULL,NULL,9,4.00,'Clean & perfect source code','published','2024-05-10 02:10:33','2024-05-10 02:10:33','[\"main\\/products\\/product-10.jpg\",\"main\\/products\\/product-12.jpg\",\"main\\/products\\/product-16.jpg\"]'),(797,9,NULL,NULL,56,4.00,'As a developer I reviewed this script. This is really awesome ecommerce script. I have convinced when I noticed that it\'s built on fully WordPress concept.','published','2024-05-10 02:10:33','2024-05-10 02:10:33','[\"main\\/products\\/product-5.jpg\",\"main\\/products\\/product-20.jpg\"]'),(802,1,NULL,NULL,37,5.00,'We have received brilliant service support and will be expanding the features with the developer. Nice product!','published','2024-05-10 02:10:33','2024-05-10 02:10:33','[\"main\\/products\\/product-1.jpg\",\"main\\/products\\/product-details-desc-1.jpg\",\"main\\/products\\/product-details-desc-3.jpg\"]'),(804,8,NULL,NULL,31,5.00,'It\'s not my first experience here on Codecanyon and I can honestly tell you all that Botble puts a LOT of effort into the support. They answer so fast, they helped me tons of times. REALLY by far THE BEST EXPERIENCE on Codecanyon. Those guys at Botble are so good that they deserve 5 stars. I recommend them, I trust them and I can\'t wait to see what they will sell in a near future. Thank you Botble :)','published','2024-05-10 02:10:33','2024-05-10 02:10:33','[\"main\\/products\\/product-10.jpg\",\"main\\/products\\/product-details-desc-2.jpg\"]'),(808,8,NULL,NULL,7,2.00,'This web app is really good in design, code quality & features. Besides, the customer support provided by the Botble team was really fast & helpful. You guys are awesome!','published','2024-05-10 02:10:33','2024-05-10 02:10:33','[\"main\\/products\\/product-5.jpg\",\"main\\/products\\/product-19.jpg\"]'),(817,7,NULL,NULL,8,5.00,'Clean & perfect source code','published','2024-05-10 02:10:33','2024-05-10 02:10:33','[\"main\\/products\\/product-5.jpg\"]'),(823,10,NULL,NULL,45,4.00,'Second or third time that I buy a Botble product, happy with the products and support. You guys do a good job :)','published','2024-05-10 02:10:33','2024-05-10 02:10:33','[\"main\\/products\\/product-6.jpg\",\"main\\/products\\/product-11.jpg\",\"main\\/products\\/product-14.jpg\",\"main\\/products\\/product-19.jpg\"]'),(825,7,NULL,NULL,17,1.00,'The script is the best of its class, fast, easy to implement and work with , and the most important thing is the great support team , Recommend with no doubt.','published','2024-05-10 02:10:33','2024-05-10 02:10:33','[\"main\\/products\\/product-3.jpg\",\"main\\/products\\/product-11.jpg\",\"main\\/products\\/product-14.jpg\",\"main\\/products\\/product-15.jpg\"]'),(826,3,NULL,NULL,17,2.00,'Great system, great support, good job Botble. I\'m looking forward to more great functional plugins.','published','2024-05-10 02:10:33','2024-05-10 02:10:33','[\"main\\/products\\/product-4.jpg\",\"main\\/products\\/product-11.jpg\",\"main\\/products\\/product-13.jpg\",\"main\\/products\\/product-20.jpg\"]'),(827,4,NULL,NULL,16,2.00,'The script is the best of its class, fast, easy to implement and work with , and the most important thing is the great support team , Recommend with no doubt.','published','2024-05-10 02:10:33','2024-05-10 02:10:33','[\"main\\/products\\/product-4.jpg\",\"main\\/products\\/product-8.jpg\"]'),(841,4,NULL,NULL,20,5.00,'The code is good, in general, if you like it, can you give it 5 stars?','published','2024-05-10 02:10:33','2024-05-10 02:10:33','[\"main\\/products\\/product-17.jpg\"]'),(842,6,NULL,NULL,44,4.00,'Clean & perfect source code','published','2024-05-10 02:10:33','2024-05-10 02:10:33','[\"main\\/products\\/product-9.jpg\",\"main\\/products\\/product-18.jpg\",\"main\\/products\\/product-details-desc-1.jpg\",\"main\\/products\\/product-details-desc-2.jpg\"]'),(845,6,NULL,NULL,49,1.00,'Best ecommerce CMS online store!','published','2024-05-10 02:10:33','2024-05-10 02:10:33','[\"main\\/products\\/product-1.jpg\",\"main\\/products\\/product-details-desc-2.jpg\"]'),(846,5,NULL,NULL,10,3.00,'As a developer I reviewed this script. This is really awesome ecommerce script. I have convinced when I noticed that it\'s built on fully WordPress concept.','published','2024-05-10 02:10:33','2024-05-10 02:10:33','[\"main\\/products\\/product-12.jpg\",\"main\\/products\\/product-20.jpg\",\"main\\/products\\/product-details-desc-1.jpg\",\"main\\/products\\/product-details-desc-3.jpg\"]'),(847,5,NULL,NULL,31,4.00,'Perfect +++++++++ i love it really also i get to fast ticket answers... Thanks Lot BOTBLE Teams','published','2024-05-10 02:10:33','2024-05-10 02:10:33','[\"main\\/products\\/product-1.jpg\",\"main\\/products\\/product-17.jpg\"]'),(851,4,NULL,NULL,27,1.00,'Great E-commerce system. And much more : Wonderful Customer Support.','published','2024-05-10 02:10:33','2024-05-10 02:10:33','[\"main\\/products\\/product-13.jpg\"]'),(856,3,NULL,NULL,11,4.00,'As a developer I reviewed this script. This is really awesome ecommerce script. I have convinced when I noticed that it\'s built on fully WordPress concept.','published','2024-05-10 02:10:33','2024-05-10 02:10:33','[\"main\\/products\\/product-6.jpg\"]'),(857,1,NULL,NULL,36,5.00,'As a developer I reviewed this script. This is really awesome ecommerce script. I have convinced when I noticed that it\'s built on fully WordPress concept.','published','2024-05-10 02:10:33','2024-05-10 02:10:33','[\"main\\/products\\/product-6.jpg\",\"main\\/products\\/product-11.jpg\"]'),(859,6,NULL,NULL,7,2.00,'As a developer I reviewed this script. This is really awesome ecommerce script. I have convinced when I noticed that it\'s built on fully WordPress concept.','published','2024-05-10 02:10:33','2024-05-10 02:10:33','[\"main\\/products\\/product-4.jpg\"]'),(874,4,NULL,NULL,52,2.00,'Great system, great support, good job Botble. I\'m looking forward to more great functional plugins.','published','2024-05-10 02:10:33','2024-05-10 02:10:33','[\"main\\/products\\/product-8.jpg\"]'),(875,8,NULL,NULL,25,5.00,'Amazing code, amazing support. Overall, im really confident in Botble and im happy I made the right choice! Thank you so much guys for coding this masterpiece','published','2024-05-10 02:10:33','2024-05-10 02:10:33','[\"main\\/products\\/product-17.jpg\"]'),(876,7,NULL,NULL,10,5.00,'I Love this Script. I also found how to add other fees. Now I just wait the BIG update for the Marketplace with the Bulk Import. Just do not forget to make it to be Multi-language for us the Botble Fans.','published','2024-05-10 02:10:33','2024-05-10 02:10:33','[\"main\\/products\\/product-5.jpg\",\"main\\/products\\/product-9.jpg\"]'),(878,4,NULL,NULL,40,4.00,'Those guys now what they are doing, the release such a good product that it\'s a pleasure to work with ! Even when I was stuck on the project, I created a ticket and the next day it was replied by the team. GOOD JOB guys. I love working with them :)','published','2024-05-10 02:10:33','2024-05-10 02:10:33','[\"main\\/products\\/product-4.jpg\",\"main\\/products\\/product-10.jpg\"]'),(880,1,NULL,NULL,53,4.00,'Second or third time that I buy a Botble product, happy with the products and support. You guys do a good job :)','published','2024-05-10 02:10:33','2024-05-10 02:10:33','[\"main\\/products\\/product-10.jpg\",\"main\\/products\\/product-11.jpg\",\"main\\/products\\/product-13.jpg\"]'),(884,9,NULL,NULL,51,5.00,'Best ecommerce CMS online store!','published','2024-05-10 02:10:33','2024-05-10 02:10:33','[\"main\\/products\\/product-2.jpg\",\"main\\/products\\/product-16.jpg\",\"main\\/products\\/product-20.jpg\",\"main\\/products\\/product-details-desc-3.jpg\"]'),(887,5,NULL,NULL,50,4.00,'I Love this Script. I also found how to add other fees. Now I just wait the BIG update for the Marketplace with the Bulk Import. Just do not forget to make it to be Multi-language for us the Botble Fans.','published','2024-05-10 02:10:33','2024-05-10 02:10:33','[\"main\\/products\\/product-2.jpg\",\"main\\/products\\/product-3.jpg\",\"main\\/products\\/product-12.jpg\",\"main\\/products\\/product-17.jpg\"]'),(893,6,NULL,NULL,24,3.00,'The best ecommerce CMS! Excellent coding! best support service! Thank you so much..... I really like your hard work.','published','2024-05-10 02:10:33','2024-05-10 02:10:33','[\"main\\/products\\/product-7.jpg\",\"main\\/products\\/product-14.jpg\"]'),(896,6,NULL,NULL,20,1.00,'The code is good, in general, if you like it, can you give it 5 stars?','published','2024-05-10 02:10:33','2024-05-10 02:10:33','[\"main\\/products\\/product-4.jpg\",\"main\\/products\\/product-9.jpg\",\"main\\/products\\/product-16.jpg\",\"main\\/products\\/product-details-desc-1.jpg\"]'),(897,2,NULL,NULL,3,1.00,'Very enthusiastic support! Excellent code is written. It\'s a true pleasure working with.','published','2024-05-10 02:10:33','2024-05-10 02:10:33','[\"main\\/products\\/product-1.jpg\",\"main\\/products\\/product-10.jpg\",\"main\\/products\\/product-11.jpg\",\"main\\/products\\/product-12.jpg\"]'),(904,9,NULL,NULL,11,2.00,'Clean & perfect source code','published','2024-05-10 02:10:33','2024-05-10 02:10:33','[\"main\\/products\\/product-2.jpg\",\"main\\/products\\/product-16.jpg\",\"main\\/products\\/product-18.jpg\"]'),(922,9,NULL,NULL,1,3.00,'It\'s not my first experience here on Codecanyon and I can honestly tell you all that Botble puts a LOT of effort into the support. They answer so fast, they helped me tons of times. REALLY by far THE BEST EXPERIENCE on Codecanyon. Those guys at Botble are so good that they deserve 5 stars. I recommend them, I trust them and I can\'t wait to see what they will sell in a near future. Thank you Botble :)','published','2024-05-10 02:10:33','2024-05-10 02:10:33','[\"main\\/products\\/product-1.jpg\",\"main\\/products\\/product-10.jpg\",\"main\\/products\\/product-14.jpg\",\"main\\/products\\/product-details-desc-1.jpg\"]'),(923,1,NULL,NULL,40,5.00,'This web app is really good in design, code quality & features. Besides, the customer support provided by the Botble team was really fast & helpful. You guys are awesome!','published','2024-05-10 02:10:33','2024-05-10 02:10:33','[\"main\\/products\\/product-19.jpg\",\"main\\/products\\/product-20.jpg\"]'),(925,5,NULL,NULL,53,3.00,'Customer Support are grade (A*), however the code is a way too over engineered for it\'s purpose.','published','2024-05-10 02:10:33','2024-05-10 02:10:33','[\"main\\/products\\/product-17.jpg\"]'),(926,5,NULL,NULL,40,3.00,'This web app is really good in design, code quality & features. Besides, the customer support provided by the Botble team was really fast & helpful. You guys are awesome!','published','2024-05-10 02:10:33','2024-05-10 02:10:33','[\"main\\/products\\/product-7.jpg\",\"main\\/products\\/product-10.jpg\",\"main\\/products\\/product-11.jpg\"]'),(927,5,NULL,NULL,48,4.00,'Clean & perfect source code','published','2024-05-10 02:10:33','2024-05-10 02:10:33','[\"main\\/products\\/product-2.jpg\",\"main\\/products\\/product-9.jpg\",\"main\\/products\\/product-16.jpg\",\"main\\/products\\/product-details-desc-1.jpg\"]'),(928,5,NULL,NULL,29,4.00,'It\'s not my first experience here on Codecanyon and I can honestly tell you all that Botble puts a LOT of effort into the support. They answer so fast, they helped me tons of times. REALLY by far THE BEST EXPERIENCE on Codecanyon. Those guys at Botble are so good that they deserve 5 stars. I recommend them, I trust them and I can\'t wait to see what they will sell in a near future. Thank you Botble :)','published','2024-05-10 02:10:33','2024-05-10 02:10:33','[\"main\\/products\\/product-8.jpg\",\"main\\/products\\/product-11.jpg\",\"main\\/products\\/product-16.jpg\",\"main\\/products\\/product-19.jpg\"]'),(930,2,NULL,NULL,57,2.00,'This script is well coded and is super fast. The support is pretty quick. Very patient and helpful team. I strongly recommend it and they deserve more than 5 stars.','published','2024-05-10 02:10:33','2024-05-10 02:10:33','[\"main\\/products\\/product-6.jpg\"]'),(936,7,NULL,NULL,26,4.00,'For me the best eCommerce script on Envato at this moment: modern, clean code, a lot of great features. The customer support is great too: I always get an answer within hours!','published','2024-05-10 02:10:33','2024-05-10 02:10:33','[\"main\\/products\\/product-1.jpg\",\"main\\/products\\/product-4.jpg\",\"main\\/products\\/product-10.jpg\",\"main\\/products\\/product-20.jpg\"]'),(937,8,NULL,NULL,48,5.00,'Solution is too robust for our purpose so we didn\'t use it at the end. But I appreciate customer support during initial configuration.','published','2024-05-10 02:10:33','2024-05-10 02:10:33','[\"main\\/products\\/product-4.jpg\",\"main\\/products\\/product-5.jpg\"]'),(939,2,NULL,NULL,30,4.00,'Best ecommerce CMS online store!','published','2024-05-10 02:10:33','2024-05-10 02:10:33','[\"main\\/products\\/product-1.jpg\",\"main\\/products\\/product-13.jpg\",\"main\\/products\\/product-17.jpg\",\"main\\/products\\/product-details-desc-3.jpg\"]'),(943,8,NULL,NULL,54,1.00,'Ok good product. I have some issues in customizations. But its not correct to blame the developer. The product is good. Good luck for your business.','published','2024-05-10 02:10:33','2024-05-10 02:10:33','[\"main\\/products\\/product-14.jpg\"]'),(957,7,NULL,NULL,30,2.00,'As a developer I reviewed this script. This is really awesome ecommerce script. I have convinced when I noticed that it\'s built on fully WordPress concept.','published','2024-05-10 02:10:33','2024-05-10 02:10:33','[\"main\\/products\\/product-3.jpg\",\"main\\/products\\/product-4.jpg\",\"main\\/products\\/product-11.jpg\",\"main\\/products\\/product-12.jpg\"]'),(958,2,NULL,NULL,54,2.00,'Solution is too robust for our purpose so we didn\'t use it at the end. But I appreciate customer support during initial configuration.','published','2024-05-10 02:10:33','2024-05-10 02:10:33','[\"main\\/products\\/product-9.jpg\",\"main\\/products\\/product-10.jpg\",\"main\\/products\\/product-17.jpg\"]'),(965,1,NULL,NULL,12,5.00,'As a developer I reviewed this script. This is really awesome ecommerce script. I have convinced when I noticed that it\'s built on fully WordPress concept.','published','2024-05-10 02:10:33','2024-05-10 02:10:33','[\"main\\/products\\/product-15.jpg\",\"main\\/products\\/product-18.jpg\",\"main\\/products\\/product-20.jpg\",\"main\\/products\\/product-details-desc-2.jpg\"]'),(972,9,NULL,NULL,3,5.00,'Perfect +++++++++ i love it really also i get to fast ticket answers... Thanks Lot BOTBLE Teams','published','2024-05-10 02:10:33','2024-05-10 02:10:33','[\"main\\/products\\/product-11.jpg\",\"main\\/products\\/product-13.jpg\",\"main\\/products\\/product-14.jpg\",\"main\\/products\\/product-details-desc-3.jpg\"]'),(982,3,NULL,NULL,19,4.00,'This web app is really good in design, code quality & features. Besides, the customer support provided by the Botble team was really fast & helpful. You guys are awesome!','published','2024-05-10 02:10:33','2024-05-10 02:10:33','[\"main\\/products\\/product-1.jpg\",\"main\\/products\\/product-10.jpg\",\"main\\/products\\/product-details-desc-2.jpg\"]'),(983,8,NULL,NULL,10,4.00,'As a developer I reviewed this script. This is really awesome ecommerce script. I have convinced when I noticed that it\'s built on fully WordPress concept.','published','2024-05-10 02:10:33','2024-05-10 02:10:33','[\"main\\/products\\/product-details-desc-3.jpg\"]'),(986,6,NULL,NULL,19,5.00,'We have received brilliant service support and will be expanding the features with the developer. Nice product!','published','2024-05-10 02:10:33','2024-05-10 02:10:33','[\"main\\/products\\/product-2.jpg\",\"main\\/products\\/product-13.jpg\",\"main\\/products\\/product-details-desc-1.jpg\"]'),(990,8,NULL,NULL,42,3.00,'I Love this Script. I also found how to add other fees. Now I just wait the BIG update for the Marketplace with the Bulk Import. Just do not forget to make it to be Multi-language for us the Botble Fans.','published','2024-05-10 02:10:33','2024-05-10 02:10:33','[\"main\\/products\\/product-19.jpg\",\"main\\/products\\/product-details-desc-3.jpg\"]'),(997,10,NULL,NULL,7,3.00,'I Love this Script. I also found how to add other fees. Now I just wait the BIG update for the Marketplace with the Bulk Import. Just do not forget to make it to be Multi-language for us the Botble Fans.','published','2024-05-10 02:10:33','2024-05-10 02:10:33','[\"main\\/products\\/product-9.jpg\",\"main\\/products\\/product-19.jpg\",\"main\\/products\\/product-details-desc-3.jpg\"]');

--
-- Table structure for table `ec_shipment_histories`
--

CREATE TABLE `ec_shipment_histories` (
  `id` bigint unsigned NOT NULL AUTO_INCREMENT,
  `action` varchar(120) COLLATE utf8mb4_unicode_ci NOT NULL,
  `description` varchar(400) COLLATE utf8mb4_unicode_ci DEFAULT NULL,
  `user_id` bigint unsigned DEFAULT NULL,
  `shipment_id` bigint unsigned NOT NULL,
  `order_id` bigint unsigned NOT NULL,
  `created_at` timestamp NULL DEFAULT NULL,
  `updated_at` timestamp NULL DEFAULT NULL,
  `user_type` varchar(191) COLLATE utf8mb4_unicode_ci NOT NULL DEFAULT 'Botble\\ACL\\Models\\User',
  PRIMARY KEY (`id`)
) ENGINE=InnoDB DEFAULT CHARSET=utf8mb4 COLLATE=utf8mb4_unicode_ci;

--
-- Dumping data for table `ec_shipment_histories`
--


--
-- Table structure for table `ec_shipments`
--

CREATE TABLE `ec_shipments` (
  `id` bigint unsigned NOT NULL AUTO_INCREMENT,
  `order_id` bigint unsigned NOT NULL,
  `user_id` bigint unsigned DEFAULT NULL,
  `weight` double(8,2) DEFAULT '0.00',
  `shipment_id` varchar(120) COLLATE utf8mb4_unicode_ci DEFAULT NULL,
  `rate_id` varchar(120) COLLATE utf8mb4_unicode_ci DEFAULT NULL,
  `note` varchar(120) COLLATE utf8mb4_unicode_ci DEFAULT NULL,
  `status` varchar(120) COLLATE utf8mb4_unicode_ci NOT NULL DEFAULT 'pending',
  `cod_amount` decimal(15,2) DEFAULT '0.00',
  `cod_status` varchar(60) COLLATE utf8mb4_unicode_ci NOT NULL DEFAULT 'pending',
  `cross_checking_status` varchar(60) COLLATE utf8mb4_unicode_ci NOT NULL DEFAULT 'pending',
  `price` decimal(15,2) DEFAULT '0.00',
  `store_id` bigint unsigned DEFAULT NULL,
  `created_at` timestamp NULL DEFAULT NULL,
  `updated_at` timestamp NULL DEFAULT NULL,
  `tracking_id` varchar(191) COLLATE utf8mb4_unicode_ci DEFAULT NULL,
  `shipping_company_name` varchar(191) COLLATE utf8mb4_unicode_ci DEFAULT NULL,
  `tracking_link` varchar(191) COLLATE utf8mb4_unicode_ci DEFAULT NULL,
  `estimate_date_shipped` datetime DEFAULT NULL,
  `date_shipped` datetime DEFAULT NULL,
  `label_url` text COLLATE utf8mb4_unicode_ci,
  `metadata` mediumtext COLLATE utf8mb4_unicode_ci,
  PRIMARY KEY (`id`)
) ENGINE=InnoDB DEFAULT CHARSET=utf8mb4 COLLATE=utf8mb4_unicode_ci;

--
-- Dumping data for table `ec_shipments`
--


--
-- Table structure for table `ec_shipping`
--

CREATE TABLE `ec_shipping` (
  `id` bigint unsigned NOT NULL AUTO_INCREMENT,
  `title` varchar(191) COLLATE utf8mb4_unicode_ci DEFAULT NULL,
  `country` varchar(120) COLLATE utf8mb4_unicode_ci DEFAULT NULL,
  `created_at` timestamp NULL DEFAULT NULL,
  `updated_at` timestamp NULL DEFAULT NULL,
  PRIMARY KEY (`id`)
) ENGINE=InnoDB AUTO_INCREMENT=2 DEFAULT CHARSET=utf8mb4 COLLATE=utf8mb4_unicode_ci;

--
-- Dumping data for table `ec_shipping`
--

INSERT INTO `ec_shipping` VALUES (1,'All',NULL,'2024-05-10 02:10:22','2024-05-10 02:10:22');

--
-- Table structure for table `ec_shipping_rule_items`
--

CREATE TABLE `ec_shipping_rule_items` (
  `id` bigint unsigned NOT NULL AUTO_INCREMENT,
  `shipping_rule_id` bigint unsigned NOT NULL,
  `country` varchar(120) COLLATE utf8mb4_unicode_ci DEFAULT NULL,
  `state` varchar(120) COLLATE utf8mb4_unicode_ci DEFAULT NULL,
  `city` varchar(120) COLLATE utf8mb4_unicode_ci DEFAULT NULL,
  `zip_code` varchar(20) COLLATE utf8mb4_unicode_ci DEFAULT NULL,
  `adjustment_price` decimal(15,2) DEFAULT '0.00',
  `is_enabled` tinyint(1) NOT NULL DEFAULT '1',
  `created_at` timestamp NULL DEFAULT NULL,
  `updated_at` timestamp NULL DEFAULT NULL,
  PRIMARY KEY (`id`)
) ENGINE=InnoDB DEFAULT CHARSET=utf8mb4 COLLATE=utf8mb4_unicode_ci;

--
-- Dumping data for table `ec_shipping_rule_items`
--


--
-- Table structure for table `ec_shipping_rules`
--

CREATE TABLE `ec_shipping_rules` (
  `id` bigint unsigned NOT NULL AUTO_INCREMENT,
  `name` varchar(120) COLLATE utf8mb4_unicode_ci NOT NULL,
  `shipping_id` bigint unsigned NOT NULL,
  `type` varchar(24) COLLATE utf8mb4_unicode_ci DEFAULT 'based_on_price',
  `from` decimal(15,2) DEFAULT '0.00',
  `to` decimal(15,2) DEFAULT '0.00',
  `price` decimal(15,2) DEFAULT '0.00',
  `created_at` timestamp NULL DEFAULT NULL,
  `updated_at` timestamp NULL DEFAULT NULL,
  PRIMARY KEY (`id`)
) ENGINE=InnoDB AUTO_INCREMENT=2 DEFAULT CHARSET=utf8mb4 COLLATE=utf8mb4_unicode_ci;

--
-- Dumping data for table `ec_shipping_rules`
--

INSERT INTO `ec_shipping_rules` VALUES (1,'Free delivery',1,'based_on_price',0.00,NULL,0.00,'2024-05-10 02:10:22','2024-05-10 02:10:22');

--
-- Table structure for table `ec_store_locators`
--

CREATE TABLE `ec_store_locators` (
  `id` bigint unsigned NOT NULL AUTO_INCREMENT,
  `name` varchar(60) COLLATE utf8mb4_unicode_ci NOT NULL,
  `email` varchar(60) COLLATE utf8mb4_unicode_ci DEFAULT NULL,
  `phone` varchar(20) COLLATE utf8mb4_unicode_ci NOT NULL,
  `address` varchar(191) COLLATE utf8mb4_unicode_ci NOT NULL,
  `country` varchar(120) COLLATE utf8mb4_unicode_ci DEFAULT NULL,
  `state` varchar(120) COLLATE utf8mb4_unicode_ci DEFAULT NULL,
  `city` varchar(120) COLLATE utf8mb4_unicode_ci DEFAULT NULL,
  `is_primary` tinyint(1) DEFAULT '0',
  `is_shipping_location` tinyint(1) DEFAULT '1',
  `created_at` timestamp NULL DEFAULT NULL,
  `updated_at` timestamp NULL DEFAULT NULL,
  `zip_code` varchar(20) COLLATE utf8mb4_unicode_ci DEFAULT NULL,
  PRIMARY KEY (`id`)
) ENGINE=InnoDB AUTO_INCREMENT=2 DEFAULT CHARSET=utf8mb4 COLLATE=utf8mb4_unicode_ci;

--
-- Dumping data for table `ec_store_locators`
--

INSERT INTO `ec_store_locators` VALUES (1,'Shofy','sales@botble.com','1800979769','502 New Street','AU','Brighton VIC','Brighton VIC',1,1,'2024-05-10 02:10:24','2024-05-10 02:10:24',NULL);

--
-- Table structure for table `ec_tax_products`
--

CREATE TABLE `ec_tax_products` (
  `tax_id` bigint unsigned NOT NULL,
  `product_id` bigint unsigned NOT NULL,
  PRIMARY KEY (`product_id`,`tax_id`),
  KEY `ec_tax_products_tax_id_index` (`tax_id`),
  KEY `ec_tax_products_product_id_index` (`product_id`)
) ENGINE=InnoDB DEFAULT CHARSET=utf8mb4 COLLATE=utf8mb4_unicode_ci;

--
-- Dumping data for table `ec_tax_products`
--

INSERT INTO `ec_tax_products` VALUES (1,2),(1,3),(1,5),(1,9),(1,13),(1,15),(1,17),(1,18),(1,21),(1,22),(1,23),(1,26),(1,27),(1,35),(1,39),(1,42),(1,46),(1,48),(1,52),(1,56),(2,4),(2,10),(2,12),(2,29),(2,30),(2,31),(2,32),(2,34),(2,36),(2,37),(2,40),(2,41),(2,43),(2,45),(2,49),(2,51),(2,53),(2,54),(2,55),(2,57),(3,1),(3,6),(3,7),(3,8),(3,11),(3,14),(3,16),(3,19),(3,20),(3,24),(3,25),(3,28),(3,33),(3,38),(3,44),(3,47),(3,50);

--
-- Table structure for table `ec_tax_rules`
--

CREATE TABLE `ec_tax_rules` (
  `id` bigint unsigned NOT NULL AUTO_INCREMENT,
  `tax_id` bigint unsigned NOT NULL,
  `country` varchar(120) COLLATE utf8mb4_unicode_ci DEFAULT NULL,
  `state` varchar(120) COLLATE utf8mb4_unicode_ci DEFAULT NULL,
  `city` varchar(120) COLLATE utf8mb4_unicode_ci DEFAULT NULL,
  `zip_code` varchar(20) COLLATE utf8mb4_unicode_ci DEFAULT NULL,
  `priority` int DEFAULT NULL,
  `is_enabled` tinyint(1) NOT NULL DEFAULT '1',
  `created_at` timestamp NULL DEFAULT NULL,
  `updated_at` timestamp NULL DEFAULT NULL,
  PRIMARY KEY (`id`)
) ENGINE=InnoDB DEFAULT CHARSET=utf8mb4 COLLATE=utf8mb4_unicode_ci;

--
-- Dumping data for table `ec_tax_rules`
--


--
-- Table structure for table `ec_taxes`
--

CREATE TABLE `ec_taxes` (
  `id` bigint unsigned NOT NULL AUTO_INCREMENT,
  `title` varchar(191) COLLATE utf8mb4_unicode_ci DEFAULT NULL,
  `percentage` double(8,6) DEFAULT NULL,
  `priority` int DEFAULT NULL,
  `status` varchar(60) COLLATE utf8mb4_unicode_ci NOT NULL DEFAULT 'published',
  `created_at` timestamp NULL DEFAULT NULL,
  `updated_at` timestamp NULL DEFAULT NULL,
  PRIMARY KEY (`id`)
) ENGINE=InnoDB AUTO_INCREMENT=4 DEFAULT CHARSET=utf8mb4 COLLATE=utf8mb4_unicode_ci;

--
-- Dumping data for table `ec_taxes`
--

INSERT INTO `ec_taxes` VALUES (1,'VAT',10.000000,1,'published','2024-05-10 02:10:22','2024-05-10 02:10:22'),(2,'None',0.000000,2,'published','2024-05-10 02:10:22','2024-05-10 02:10:22'),(3,'Import Tax',15.000000,3,'published','2024-05-10 02:10:22','2024-05-10 02:10:22');

--
-- Table structure for table `ec_wish_lists`
--

CREATE TABLE `ec_wish_lists` (
  `customer_id` bigint unsigned NOT NULL,
  `product_id` bigint unsigned NOT NULL,
  `created_at` timestamp NULL DEFAULT NULL,
  `updated_at` timestamp NULL DEFAULT NULL,
  PRIMARY KEY (`customer_id`,`product_id`),
  KEY `wishlist_relation_index` (`product_id`,`customer_id`)
) ENGINE=InnoDB DEFAULT CHARSET=utf8mb4 COLLATE=utf8mb4_unicode_ci;

--
-- Dumping data for table `ec_wish_lists`
--


--
-- Table structure for table `failed_jobs`
--

CREATE TABLE `failed_jobs` (
  `id` bigint unsigned NOT NULL AUTO_INCREMENT,
  `uuid` varchar(191) COLLATE utf8mb4_unicode_ci NOT NULL,
  `connection` text COLLATE utf8mb4_unicode_ci NOT NULL,
  `queue` text COLLATE utf8mb4_unicode_ci NOT NULL,
  `payload` longtext COLLATE utf8mb4_unicode_ci NOT NULL,
  `exception` longtext COLLATE utf8mb4_unicode_ci NOT NULL,
  `failed_at` timestamp NOT NULL DEFAULT CURRENT_TIMESTAMP,
  PRIMARY KEY (`id`),
  UNIQUE KEY `failed_jobs_uuid_unique` (`uuid`)
) ENGINE=InnoDB DEFAULT CHARSET=utf8mb4 COLLATE=utf8mb4_unicode_ci;

--
-- Dumping data for table `failed_jobs`
--


--
-- Table structure for table `faq_categories`
--

CREATE TABLE `faq_categories` (
  `id` bigint unsigned NOT NULL AUTO_INCREMENT,
  `name` varchar(120) COLLATE utf8mb4_unicode_ci NOT NULL,
  `order` tinyint NOT NULL DEFAULT '0',
  `status` varchar(60) COLLATE utf8mb4_unicode_ci NOT NULL DEFAULT 'published',
  `created_at` timestamp NULL DEFAULT NULL,
  `updated_at` timestamp NULL DEFAULT NULL,
  `description` varchar(400) COLLATE utf8mb4_unicode_ci DEFAULT NULL,
  PRIMARY KEY (`id`)
) ENGINE=InnoDB AUTO_INCREMENT=4 DEFAULT CHARSET=utf8mb4 COLLATE=utf8mb4_unicode_ci;

--
-- Dumping data for table `faq_categories`
--

INSERT INTO `faq_categories` VALUES (1,'Shipping',0,'published','2024-05-10 02:10:19','2024-05-10 02:10:19',NULL),(2,'Payment',1,'published','2024-05-10 02:10:19','2024-05-10 02:10:19',NULL),(3,'Order &amp; Returns',2,'published','2024-05-10 02:10:19','2024-05-10 02:10:19',NULL);

--
-- Table structure for table `faq_categories_translations`
--

CREATE TABLE `faq_categories_translations` (
  `lang_code` varchar(20) COLLATE utf8mb4_unicode_ci NOT NULL,
  `faq_categories_id` bigint unsigned NOT NULL,
  `name` varchar(120) COLLATE utf8mb4_unicode_ci DEFAULT NULL,
  PRIMARY KEY (`lang_code`,`faq_categories_id`)
) ENGINE=InnoDB DEFAULT CHARSET=utf8mb4 COLLATE=utf8mb4_unicode_ci;

--
-- Dumping data for table `faq_categories_translations`
--


--
-- Table structure for table `faqs`
--

CREATE TABLE `faqs` (
  `id` bigint unsigned NOT NULL AUTO_INCREMENT,
  `question` text COLLATE utf8mb4_unicode_ci NOT NULL,
  `answer` text COLLATE utf8mb4_unicode_ci NOT NULL,
  `category_id` bigint unsigned NOT NULL,
  `status` varchar(60) COLLATE utf8mb4_unicode_ci NOT NULL DEFAULT 'published',
  `created_at` timestamp NULL DEFAULT NULL,
  `updated_at` timestamp NULL DEFAULT NULL,
  PRIMARY KEY (`id`)
) ENGINE=InnoDB AUTO_INCREMENT=11 DEFAULT CHARSET=utf8mb4 COLLATE=utf8mb4_unicode_ci;

--
-- Dumping data for table `faqs`
--

INSERT INTO `faqs` VALUES (1,'What Shipping Methods Are Available?','Ex Portland Pitchfork irure mustache. Eutra fap before they sold out literally. Aliquip ugh bicycle rights actually mlkshk, seitan squid craft beer tempor.',1,'published','2024-05-10 02:10:19','2024-05-10 02:10:19'),(2,'Do You Ship Internationally?','Hoodie tote bag mixtape tofu. Typewriter jean shorts wolf quinoa, messenger bag organic freegan cray.',1,'published','2024-05-10 02:10:19','2024-05-10 02:10:19'),(3,'How Long Will It Take To Get My Package?','Swag slow-carb quinoa VHS typewriter pork belly brunch, paleo single-origin coffee Wes Anderson. Flexitarian Pitchfork forage, literally paleo fap pour-over. Wes Anderson Pinterest YOLO fanny pack meggings, deep v XOXO chambray sustainable slow-carb raw denim church-key fap chillwave Etsy. +1 typewriter kitsch, American Apparel tofu Banksy Vice.',1,'published','2024-05-10 02:10:19','2024-05-10 02:10:19'),(4,'What Payment Methods Are Accepted?','Fashion axe DIY jean shorts, swag kale chips meh polaroid kogi butcher Wes Anderson chambray next level semiotics gentrify yr. Voluptate photo booth fugiat Vice. Austin sed Williamsburg, ea labore raw denim voluptate cred proident mixtape excepteur mustache. Twee chia photo booth readymade food truck, hoodie roof party swag keytar PBR DIY.',2,'published','2024-05-10 02:10:19','2024-05-10 02:10:19'),(5,'Is Buying On-Line Safe?','Art party authentic freegan semiotics jean shorts chia cred. Neutra Austin roof party Brooklyn, synth Thundercats swag 8-bit photo booth. Plaid letterpress leggings craft beer meh ethical Pinterest.',2,'published','2024-05-10 02:10:19','2024-05-10 02:10:19'),(6,'How do I place an Order?','Keytar cray slow-carb, Godard banh mi salvia pour-over. Slow-carb Odd Future seitan normcore. Master cleanse American Apparel gentrify flexitarian beard slow-carb next level. Raw denim polaroid paleo farm-to-table, put a bird on it lo-fi tattooed Wes Anderson Pinterest letterpress. Fingerstache McSweeney’s pour-over, letterpress Schlitz photo booth master cleanse bespoke hashtag chillwave gentrify.',3,'published','2024-05-10 02:10:19','2024-05-10 02:10:19'),(7,'How Can I Cancel Or Change My Order?','Plaid letterpress leggings craft beer meh ethical Pinterest. Art party authentic freegan semiotics jean shorts chia cred. Neutra Austin roof party Brooklyn, synth Thundercats swag 8-bit photo booth.',3,'published','2024-05-10 02:10:19','2024-05-10 02:10:19'),(8,'Do I need an account to place an order?','Thundercats swag 8-bit photo booth. Plaid letterpress leggings craft beer meh ethical Pinterest. Twee chia photo booth readymade food truck, hoodie roof party swag keytar PBR DIY. Cray ugh 3 wolf moon fap, fashion axe irony butcher cornhole typewriter chambray VHS banjo street art.',3,'published','2024-05-10 02:10:19','2024-05-10 02:10:19'),(9,'How Do I Track My Order?','Keytar cray slow-carb, Godard banh mi salvia pour-over. Slow-carb @Odd Future seitan normcore. Master cleanse American Apparel gentrify flexitarian beard slow-carb next level.',3,'published','2024-05-10 02:10:19','2024-05-10 02:10:19'),(10,'How Can I Return a Product?','Kale chips Truffaut Williamsburg, hashtag fixie Pinterest raw denim c hambray drinking vinegar Carles street art Bushwick gastropub. Wolf Tumblr paleo church-key. Plaid food truck Echo Park YOLO bitters hella, direct trade Thundercats leggings quinoa before they sold out. You probably haven’t heard of them wayfarers authentic umami drinking vinegar Pinterest Cosby sweater, fingerstache fap High Life.',3,'published','2024-05-10 02:10:19','2024-05-10 02:10:19');

--
-- Table structure for table `faqs_translations`
--

CREATE TABLE `faqs_translations` (
  `lang_code` varchar(20) COLLATE utf8mb4_unicode_ci NOT NULL,
  `faqs_id` bigint unsigned NOT NULL,
  `question` text COLLATE utf8mb4_unicode_ci,
  `answer` text COLLATE utf8mb4_unicode_ci,
  PRIMARY KEY (`lang_code`,`faqs_id`)
) ENGINE=InnoDB DEFAULT CHARSET=utf8mb4 COLLATE=utf8mb4_unicode_ci;

--
-- Dumping data for table `faqs_translations`
--


--
-- Table structure for table `galleries`
--

CREATE TABLE `galleries` (
  `id` bigint unsigned NOT NULL AUTO_INCREMENT,
  `name` varchar(120) COLLATE utf8mb4_unicode_ci NOT NULL,
  `description` longtext COLLATE utf8mb4_unicode_ci NOT NULL,
  `is_featured` tinyint unsigned NOT NULL DEFAULT '0',
  `order` tinyint unsigned NOT NULL DEFAULT '0',
  `image` varchar(191) COLLATE utf8mb4_unicode_ci DEFAULT NULL,
  `user_id` bigint unsigned DEFAULT NULL,
  `status` varchar(60) COLLATE utf8mb4_unicode_ci NOT NULL DEFAULT 'published',
  `created_at` timestamp NULL DEFAULT NULL,
  `updated_at` timestamp NULL DEFAULT NULL,
  PRIMARY KEY (`id`),
  KEY `galleries_user_id_index` (`user_id`)
) ENGINE=InnoDB AUTO_INCREMENT=6 DEFAULT CHARSET=utf8mb4 COLLATE=utf8mb4_unicode_ci;

--
-- Dumping data for table `galleries`
--

INSERT INTO `galleries` VALUES (1,'Perfect','Dormouse; \'--well in.\' This answer so confused poor Alice, that she had forgotten the words.\' So they got settled down again, the cook took the opportunity of adding, \'You\'re looking for eggs, as it.',1,0,'main/galleries/1.jpg',1,'published','2024-05-10 02:10:33','2024-05-10 02:10:33'),(2,'New Day','Alice opened the door and went on without attending to her; \'but those serpents! There\'s no pleasing them!\' Alice was not much larger than a real nose; also its eyes again, to see what the moral of.',1,0,'main/galleries/2.jpg',1,'published','2024-05-10 02:10:33','2024-05-10 02:10:33'),(3,'Happy Day','The Footman seemed to Alice for some minutes. The Caterpillar was the Hatter. \'I told you that.\' \'If I\'d been the right size for ten minutes together!\' \'Can\'t remember WHAT things?\' said the Dodo.',1,0,'main/galleries/3.jpg',1,'published','2024-05-10 02:10:33','2024-05-10 02:10:33'),(4,'Nature','Dodo, pointing to the Queen, who was passing at the March Hare and the roof was thatched with fur. It was so full of smoke from one of the sea.\' \'I couldn\'t afford to learn it.\' said the Caterpillar.',1,0,'main/galleries/4.jpg',1,'published','2024-05-10 02:10:33','2024-05-10 02:10:33'),(5,'Morning','And how odd the directions will look! ALICE\'S RIGHT FOOT, ESQ. HEARTHRUG, NEAR THE FENDER, (WITH ALICE\'S LOVE). Oh dear, what nonsense I\'m talking!\' Just then she had got so close to them, they set.',1,0,'main/galleries/5.jpg',1,'published','2024-05-10 02:10:33','2024-05-10 02:10:33');

--
-- Table structure for table `galleries_translations`
--

CREATE TABLE `galleries_translations` (
  `lang_code` varchar(20) COLLATE utf8mb4_unicode_ci NOT NULL,
  `galleries_id` bigint unsigned NOT NULL,
  `name` varchar(191) COLLATE utf8mb4_unicode_ci DEFAULT NULL,
  `description` longtext COLLATE utf8mb4_unicode_ci,
  PRIMARY KEY (`lang_code`,`galleries_id`)
) ENGINE=InnoDB DEFAULT CHARSET=utf8mb4 COLLATE=utf8mb4_unicode_ci;

--
-- Dumping data for table `galleries_translations`
--


--
-- Table structure for table `gallery_meta`
--

CREATE TABLE `gallery_meta` (
  `id` bigint unsigned NOT NULL AUTO_INCREMENT,
  `images` text COLLATE utf8mb4_unicode_ci,
  `reference_id` bigint unsigned NOT NULL,
  `reference_type` varchar(120) COLLATE utf8mb4_unicode_ci NOT NULL,
  `created_at` timestamp NULL DEFAULT NULL,
  `updated_at` timestamp NULL DEFAULT NULL,
  PRIMARY KEY (`id`),
  KEY `gallery_meta_reference_id_index` (`reference_id`)
) ENGINE=InnoDB AUTO_INCREMENT=6 DEFAULT CHARSET=utf8mb4 COLLATE=utf8mb4_unicode_ci;

--
-- Dumping data for table `gallery_meta`
--

INSERT INTO `gallery_meta` VALUES (1,'[{\"img\":\"main\\/galleries\\/3.jpg\",\"description\":\"Canary called out \'The Queen! The Queen!\' and the White Rabbit read out, at the time he had a VERY good opportunity for repeating his remark, with variations. \'I shall be late!\' (when she thought it.\"},{\"img\":\"main\\/galleries\\/2.jpg\",\"description\":\"King sharply. \'Do you know what \\\"it\\\" means well enough, when I get it home?\' when it saw mine coming!\' \'How do you know about it, even if I must, I must,\' the King replied. Here the other end of the.\"},{\"img\":\"main\\/galleries\\/1.jpg\",\"description\":\"Alice thought she might find another key on it, and finding it very much,\' said the King triumphantly, pointing to the jury, and the words a little, \'From the Queen. \'Sentence first--verdict.\"},{\"img\":\"main\\/galleries\\/5.jpg\",\"description\":\"Alice. \'Why, SHE,\' said the Caterpillar seemed to Alice to herself, \'whenever I eat or drink anything; so I\'ll just see what would be four thousand miles down, I think--\' (she was so full of the.\"},{\"img\":\"main\\/galleries\\/4.jpg\",\"description\":\"King. \'Nothing whatever,\' said Alice. \'Exactly so,\' said Alice. \'That\'s very curious.\' \'It\'s all his fancy, that: he hasn\'t got no business there, at any rate I\'ll never go THERE again!\' said Alice.\"}]',1,'Botble\\Gallery\\Models\\Gallery','2024-05-10 02:10:33','2024-05-10 02:10:33'),(2,'[{\"img\":\"main\\/galleries\\/3.jpg\",\"description\":\"Canary called out \'The Queen! The Queen!\' and the White Rabbit read out, at the time he had a VERY good opportunity for repeating his remark, with variations. \'I shall be late!\' (when she thought it.\"},{\"img\":\"main\\/galleries\\/2.jpg\",\"description\":\"King sharply. \'Do you know what \\\"it\\\" means well enough, when I get it home?\' when it saw mine coming!\' \'How do you know about it, even if I must, I must,\' the King replied. Here the other end of the.\"},{\"img\":\"main\\/galleries\\/1.jpg\",\"description\":\"Alice thought she might find another key on it, and finding it very much,\' said the King triumphantly, pointing to the jury, and the words a little, \'From the Queen. \'Sentence first--verdict.\"},{\"img\":\"main\\/galleries\\/5.jpg\",\"description\":\"Alice. \'Why, SHE,\' said the Caterpillar seemed to Alice to herself, \'whenever I eat or drink anything; so I\'ll just see what would be four thousand miles down, I think--\' (she was so full of the.\"},{\"img\":\"main\\/galleries\\/4.jpg\",\"description\":\"King. \'Nothing whatever,\' said Alice. \'Exactly so,\' said Alice. \'That\'s very curious.\' \'It\'s all his fancy, that: he hasn\'t got no business there, at any rate I\'ll never go THERE again!\' said Alice.\"}]',2,'Botble\\Gallery\\Models\\Gallery','2024-05-10 02:10:33','2024-05-10 02:10:33'),(3,'[{\"img\":\"main\\/galleries\\/3.jpg\",\"description\":\"Canary called out \'The Queen! The Queen!\' and the White Rabbit read out, at the time he had a VERY good opportunity for repeating his remark, with variations. \'I shall be late!\' (when she thought it.\"},{\"img\":\"main\\/galleries\\/2.jpg\",\"description\":\"King sharply. \'Do you know what \\\"it\\\" means well enough, when I get it home?\' when it saw mine coming!\' \'How do you know about it, even if I must, I must,\' the King replied. Here the other end of the.\"},{\"img\":\"main\\/galleries\\/1.jpg\",\"description\":\"Alice thought she might find another key on it, and finding it very much,\' said the King triumphantly, pointing to the jury, and the words a little, \'From the Queen. \'Sentence first--verdict.\"},{\"img\":\"main\\/galleries\\/5.jpg\",\"description\":\"Alice. \'Why, SHE,\' said the Caterpillar seemed to Alice to herself, \'whenever I eat or drink anything; so I\'ll just see what would be four thousand miles down, I think--\' (she was so full of the.\"},{\"img\":\"main\\/galleries\\/4.jpg\",\"description\":\"King. \'Nothing whatever,\' said Alice. \'Exactly so,\' said Alice. \'That\'s very curious.\' \'It\'s all his fancy, that: he hasn\'t got no business there, at any rate I\'ll never go THERE again!\' said Alice.\"}]',3,'Botble\\Gallery\\Models\\Gallery','2024-05-10 02:10:33','2024-05-10 02:10:33'),(4,'[{\"img\":\"main\\/galleries\\/3.jpg\",\"description\":\"Canary called out \'The Queen! The Queen!\' and the White Rabbit read out, at the time he had a VERY good opportunity for repeating his remark, with variations. \'I shall be late!\' (when she thought it.\"},{\"img\":\"main\\/galleries\\/2.jpg\",\"description\":\"King sharply. \'Do you know what \\\"it\\\" means well enough, when I get it home?\' when it saw mine coming!\' \'How do you know about it, even if I must, I must,\' the King replied. Here the other end of the.\"},{\"img\":\"main\\/galleries\\/1.jpg\",\"description\":\"Alice thought she might find another key on it, and finding it very much,\' said the King triumphantly, pointing to the jury, and the words a little, \'From the Queen. \'Sentence first--verdict.\"},{\"img\":\"main\\/galleries\\/5.jpg\",\"description\":\"Alice. \'Why, SHE,\' said the Caterpillar seemed to Alice to herself, \'whenever I eat or drink anything; so I\'ll just see what would be four thousand miles down, I think--\' (she was so full of the.\"},{\"img\":\"main\\/galleries\\/4.jpg\",\"description\":\"King. \'Nothing whatever,\' said Alice. \'Exactly so,\' said Alice. \'That\'s very curious.\' \'It\'s all his fancy, that: he hasn\'t got no business there, at any rate I\'ll never go THERE again!\' said Alice.\"}]',4,'Botble\\Gallery\\Models\\Gallery','2024-05-10 02:10:33','2024-05-10 02:10:33'),(5,'[{\"img\":\"main\\/galleries\\/3.jpg\",\"description\":\"Canary called out \'The Queen! The Queen!\' and the White Rabbit read out, at the time he had a VERY good opportunity for repeating his remark, with variations. \'I shall be late!\' (when she thought it.\"},{\"img\":\"main\\/galleries\\/2.jpg\",\"description\":\"King sharply. \'Do you know what \\\"it\\\" means well enough, when I get it home?\' when it saw mine coming!\' \'How do you know about it, even if I must, I must,\' the King replied. Here the other end of the.\"},{\"img\":\"main\\/galleries\\/1.jpg\",\"description\":\"Alice thought she might find another key on it, and finding it very much,\' said the King triumphantly, pointing to the jury, and the words a little, \'From the Queen. \'Sentence first--verdict.\"},{\"img\":\"main\\/galleries\\/5.jpg\",\"description\":\"Alice. \'Why, SHE,\' said the Caterpillar seemed to Alice to herself, \'whenever I eat or drink anything; so I\'ll just see what would be four thousand miles down, I think--\' (she was so full of the.\"},{\"img\":\"main\\/galleries\\/4.jpg\",\"description\":\"King. \'Nothing whatever,\' said Alice. \'Exactly so,\' said Alice. \'That\'s very curious.\' \'It\'s all his fancy, that: he hasn\'t got no business there, at any rate I\'ll never go THERE again!\' said Alice.\"}]',5,'Botble\\Gallery\\Models\\Gallery','2024-05-10 02:10:33','2024-05-10 02:10:33');

--
-- Table structure for table `gallery_meta_translations`
--

CREATE TABLE `gallery_meta_translations` (
  `lang_code` varchar(20) COLLATE utf8mb4_unicode_ci NOT NULL,
  `gallery_meta_id` bigint unsigned NOT NULL,
  `images` text COLLATE utf8mb4_unicode_ci,
  PRIMARY KEY (`lang_code`,`gallery_meta_id`)
) ENGINE=InnoDB DEFAULT CHARSET=utf8mb4 COLLATE=utf8mb4_unicode_ci;

--
-- Dumping data for table `gallery_meta_translations`
--


--
-- Table structure for table `jobs`
--

CREATE TABLE `jobs` (
  `id` bigint unsigned NOT NULL AUTO_INCREMENT,
  `queue` varchar(191) COLLATE utf8mb4_unicode_ci NOT NULL,
  `payload` longtext COLLATE utf8mb4_unicode_ci NOT NULL,
  `attempts` tinyint unsigned NOT NULL,
  `reserved_at` int unsigned DEFAULT NULL,
  `available_at` int unsigned NOT NULL,
  `created_at` int unsigned NOT NULL,
  PRIMARY KEY (`id`),
  KEY `jobs_queue_index` (`queue`)
) ENGINE=InnoDB DEFAULT CHARSET=utf8mb4 COLLATE=utf8mb4_unicode_ci;

--
-- Dumping data for table `jobs`
--


--
-- Table structure for table `language_meta`
--

CREATE TABLE `language_meta` (
  `lang_meta_id` bigint unsigned NOT NULL AUTO_INCREMENT,
  `lang_meta_code` varchar(20) COLLATE utf8mb4_unicode_ci DEFAULT NULL,
  `lang_meta_origin` varchar(32) COLLATE utf8mb4_unicode_ci NOT NULL,
  `reference_id` bigint unsigned NOT NULL,
  `reference_type` varchar(120) COLLATE utf8mb4_unicode_ci NOT NULL,
  PRIMARY KEY (`lang_meta_id`),
  KEY `language_meta_reference_id_index` (`reference_id`),
  KEY `meta_code_index` (`lang_meta_code`),
  KEY `meta_origin_index` (`lang_meta_origin`),
  KEY `meta_reference_type_index` (`reference_type`)
) ENGINE=InnoDB AUTO_INCREMENT=6 DEFAULT CHARSET=utf8mb4 COLLATE=utf8mb4_unicode_ci;

--
-- Dumping data for table `language_meta`
--

INSERT INTO `language_meta` VALUES (1,'en_US','da64f6eabd9fd83a59cb6bc72dfb5f27',1,'Botble\\SimpleSlider\\Models\\SimpleSlider'),(2,'en_US','4a3a1f16c8faf29f47bc09d2ff70e7e8',1,'Botble\\Menu\\Models\\MenuLocation'),(3,'en_US','5152cd02705367748f8b52aac7a18371',1,'Botble\\Menu\\Models\\Menu'),(4,'en_US','d2d0ff4245069f5d076e6a64913e34eb',2,'Botble\\Menu\\Models\\Menu'),(5,'en_US','60439a7a014012ba289edecf6ca878a8',3,'Botble\\Menu\\Models\\Menu');

--
-- Table structure for table `languages`
--

CREATE TABLE `languages` (
  `lang_id` bigint unsigned NOT NULL AUTO_INCREMENT,
  `lang_name` varchar(120) COLLATE utf8mb4_unicode_ci NOT NULL,
  `lang_locale` varchar(20) COLLATE utf8mb4_unicode_ci NOT NULL,
  `lang_code` varchar(20) COLLATE utf8mb4_unicode_ci NOT NULL,
  `lang_flag` varchar(20) COLLATE utf8mb4_unicode_ci DEFAULT NULL,
  `lang_is_default` tinyint unsigned NOT NULL DEFAULT '0',
  `lang_order` int NOT NULL DEFAULT '0',
  `lang_is_rtl` tinyint unsigned NOT NULL DEFAULT '0',
  PRIMARY KEY (`lang_id`),
  KEY `lang_locale_index` (`lang_locale`),
  KEY `lang_code_index` (`lang_code`),
  KEY `lang_is_default_index` (`lang_is_default`)
) ENGINE=InnoDB AUTO_INCREMENT=2 DEFAULT CHARSET=utf8mb4 COLLATE=utf8mb4_unicode_ci;

--
-- Dumping data for table `languages`
--

INSERT INTO `languages` VALUES (1,'English','en','en_US','us',1,0,0);

--
-- Table structure for table `media_files`
--

CREATE TABLE `media_files` (
  `id` bigint unsigned NOT NULL AUTO_INCREMENT,
  `user_id` bigint unsigned NOT NULL,
  `name` varchar(191) COLLATE utf8mb4_unicode_ci NOT NULL,
  `alt` varchar(191) COLLATE utf8mb4_unicode_ci DEFAULT NULL,
  `folder_id` bigint unsigned NOT NULL DEFAULT '0',
  `mime_type` varchar(120) COLLATE utf8mb4_unicode_ci NOT NULL,
  `size` int NOT NULL,
  `url` varchar(191) COLLATE utf8mb4_unicode_ci NOT NULL,
  `options` text COLLATE utf8mb4_unicode_ci,
  `created_at` timestamp NULL DEFAULT NULL,
  `updated_at` timestamp NULL DEFAULT NULL,
  `deleted_at` timestamp NULL DEFAULT NULL,
  PRIMARY KEY (`id`),
  KEY `media_files_user_id_index` (`user_id`),
  KEY `media_files_index` (`folder_id`,`user_id`,`created_at`)
) ENGINE=InnoDB AUTO_INCREMENT=157 DEFAULT CHARSET=utf8mb4 COLLATE=utf8mb4_unicode_ci;

--
-- Dumping data for table `media_files`
--

INSERT INTO `media_files` VALUES (1,0,'404','404',2,'image/png',15820,'main/general/404.png','[]','2024-05-10 02:10:18','2024-05-10 02:10:18',NULL),(2,0,'about-1','about-1',2,'image/jpeg',9222,'main/general/about-1.jpg','[]','2024-05-10 02:10:18','2024-05-10 02:10:18',NULL),(3,0,'about-2','about-2',2,'image/jpeg',5105,'main/general/about-2.jpg','[]','2024-05-10 02:10:18','2024-05-10 02:10:18',NULL),(4,0,'breadcrumb','breadcrumb',2,'image/jpeg',5276,'main/general/breadcrumb.jpg','[]','2024-05-10 02:10:18','2024-05-10 02:10:18',NULL),(5,0,'cta-shape-1','cta-shape-1',2,'image/png',22860,'main/general/cta-shape-1.png','[]','2024-05-10 02:10:18','2024-05-10 02:10:18',NULL),(6,0,'cta-shape-2','cta-shape-2',2,'image/png',16796,'main/general/cta-shape-2.png','[]','2024-05-10 02:10:18','2024-05-10 02:10:18',NULL),(7,0,'cta-thumb-1','cta-thumb-1',2,'image/jpeg',6053,'main/general/cta-thumb-1.jpg','[]','2024-05-10 02:10:18','2024-05-10 02:10:18',NULL),(8,0,'favicon','favicon',2,'image/png',1831,'main/general/favicon.png','[]','2024-05-10 02:10:18','2024-05-10 02:10:18',NULL),(9,0,'footer-pay','footer-pay',2,'image/png',490,'main/general/footer-pay.png','[]','2024-05-10 02:10:18','2024-05-10 02:10:18',NULL),(10,0,'logo-white','logo-white',2,'image/png',22020,'main/general/logo-white.png','[]','2024-05-10 02:10:18','2024-05-10 02:10:18',NULL),(11,0,'logo','logo',2,'image/png',22398,'main/general/logo.png','[]','2024-05-10 02:10:18','2024-05-10 02:10:18',NULL),(12,0,'newsletter-popup','newsletter-popup',2,'image/png',17253,'main/general/newsletter-popup.png','[]','2024-05-10 02:10:18','2024-05-10 02:10:18',NULL),(13,0,'placeholder','placeholder',2,'image/png',2100,'main/general/placeholder.png','[]','2024-05-10 02:10:18','2024-05-10 02:10:18',NULL),(14,0,'preloader-icon','preloader-icon',2,'image/png',4182,'main/general/preloader-icon.png','[]','2024-05-10 02:10:18','2024-05-10 02:10:18',NULL),(15,0,'signature','signature',2,'image/png',2117,'main/general/signature.png','[]','2024-05-10 02:10:18','2024-05-10 02:10:18',NULL),(16,0,'slider-offer','slider-offer',2,'image/png',970,'main/general/slider-offer.png','[]','2024-05-10 02:10:18','2024-05-10 02:10:18',NULL),(27,0,'1','1',4,'image/png',948,'main/brands/1.png','[]','2024-05-10 02:10:19','2024-05-10 02:10:19',NULL),(28,0,'2','2',4,'image/png',948,'main/brands/2.png','[]','2024-05-10 02:10:19','2024-05-10 02:10:19',NULL),(29,0,'3','3',4,'image/png',948,'main/brands/3.png','[]','2024-05-10 02:10:19','2024-05-10 02:10:19',NULL),(30,0,'4','4',4,'image/png',948,'main/brands/4.png','[]','2024-05-10 02:10:19','2024-05-10 02:10:19',NULL),(31,0,'5','5',4,'image/png',948,'main/brands/5.png','[]','2024-05-10 02:10:19','2024-05-10 02:10:19',NULL),(32,0,'1','1',5,'image/jpeg',4294,'main/customers/1.jpg','[]','2024-05-10 02:10:19','2024-05-10 02:10:19',NULL),(33,0,'10','10',5,'image/jpeg',4294,'main/customers/10.jpg','[]','2024-05-10 02:10:19','2024-05-10 02:10:19',NULL),(34,0,'2','2',5,'image/jpeg',4294,'main/customers/2.jpg','[]','2024-05-10 02:10:19','2024-05-10 02:10:19',NULL),(35,0,'3','3',5,'image/jpeg',4294,'main/customers/3.jpg','[]','2024-05-10 02:10:19','2024-05-10 02:10:19',NULL),(36,0,'4','4',5,'image/jpeg',4294,'main/customers/4.jpg','[]','2024-05-10 02:10:19','2024-05-10 02:10:19',NULL),(37,0,'5','5',5,'image/jpeg',4294,'main/customers/5.jpg','[]','2024-05-10 02:10:19','2024-05-10 02:10:19',NULL),(38,0,'6','6',5,'image/jpeg',4294,'main/customers/6.jpg','[]','2024-05-10 02:10:19','2024-05-10 02:10:19',NULL),(39,0,'7','7',5,'image/jpeg',4294,'main/customers/7.jpg','[]','2024-05-10 02:10:20','2024-05-10 02:10:20',NULL),(40,0,'8','8',5,'image/jpeg',4294,'main/customers/8.jpg','[]','2024-05-10 02:10:20','2024-05-10 02:10:20',NULL),(41,0,'9','9',5,'image/jpeg',4294,'main/customers/9.jpg','[]','2024-05-10 02:10:20','2024-05-10 02:10:20',NULL),(42,0,'blog-big-1','blog-big-1',6,'image/jpeg',13885,'main/blog/blog-big-1.jpg','[]','2024-05-10 02:10:22','2024-05-10 02:10:22',NULL),(43,0,'blog-details-sm-1','blog-details-sm-1',6,'image/jpeg',8166,'main/blog/blog-details-sm-1.jpg','[]','2024-05-10 02:10:22','2024-05-10 02:10:22',NULL),(44,0,'post-1','post-1',6,'image/jpeg',6189,'main/blog/post-1.jpg','[]','2024-05-10 02:10:22','2024-05-10 02:10:22',NULL),(45,0,'post-10','post-10',6,'image/jpeg',5907,'main/blog/post-10.jpg','[]','2024-05-10 02:10:22','2024-05-10 02:10:22',NULL),(46,0,'post-11','post-11',6,'image/jpeg',5907,'main/blog/post-11.jpg','[]','2024-05-10 02:10:22','2024-05-10 02:10:22',NULL),(47,0,'post-12','post-12',6,'image/jpeg',5907,'main/blog/post-12.jpg','[]','2024-05-10 02:10:23','2024-05-10 02:10:23',NULL),(48,0,'post-2','post-2',6,'image/jpeg',6189,'main/blog/post-2.jpg','[]','2024-05-10 02:10:23','2024-05-10 02:10:23',NULL),(49,0,'post-3','post-3',6,'image/jpeg',6189,'main/blog/post-3.jpg','[]','2024-05-10 02:10:23','2024-05-10 02:10:23',NULL),(50,0,'post-4','post-4',6,'image/jpeg',6045,'main/blog/post-4.jpg','[]','2024-05-10 02:10:23','2024-05-10 02:10:23',NULL),(51,0,'post-5','post-5',6,'image/jpeg',6045,'main/blog/post-5.jpg','[]','2024-05-10 02:10:23','2024-05-10 02:10:23',NULL),(52,0,'post-6','post-6',6,'image/jpeg',6045,'main/blog/post-6.jpg','[]','2024-05-10 02:10:23','2024-05-10 02:10:23',NULL),(53,0,'post-7','post-7',6,'image/jpeg',5907,'main/blog/post-7.jpg','[]','2024-05-10 02:10:23','2024-05-10 02:10:23',NULL),(54,0,'post-8','post-8',6,'image/jpeg',5907,'main/blog/post-8.jpg','[]','2024-05-10 02:10:23','2024-05-10 02:10:23',NULL),(55,0,'post-9','post-9',6,'image/jpeg',5907,'main/blog/post-9.jpg','[]','2024-05-10 02:10:23','2024-05-10 02:10:23',NULL),(56,0,'1','1',3,'image/jpeg',4068,'main/users/1.jpg','[]','2024-05-10 02:10:23','2024-05-10 02:10:23',NULL),(57,0,'10','10',3,'image/jpeg',7599,'main/users/10.jpg','[]','2024-05-10 02:10:23','2024-05-10 02:10:23',NULL),(58,0,'2','2',3,'image/jpeg',7599,'main/users/2.jpg','[]','2024-05-10 02:10:23','2024-05-10 02:10:23',NULL),(59,0,'3','3',3,'image/jpeg',6387,'main/users/3.jpg','[]','2024-05-10 02:10:23','2024-05-10 02:10:23',NULL),(60,0,'4','4',3,'image/jpeg',7599,'main/users/4.jpg','[]','2024-05-10 02:10:23','2024-05-10 02:10:23',NULL),(61,0,'5','5',3,'image/jpeg',6387,'main/users/5.jpg','[]','2024-05-10 02:10:23','2024-05-10 02:10:23',NULL),(62,0,'6','6',3,'image/jpeg',7599,'main/users/6.jpg','[]','2024-05-10 02:10:23','2024-05-10 02:10:23',NULL),(63,0,'7','7',3,'image/jpeg',6387,'main/users/7.jpg','[]','2024-05-10 02:10:23','2024-05-10 02:10:23',NULL),(64,0,'8','8',3,'image/jpeg',7599,'main/users/8.jpg','[]','2024-05-10 02:10:23','2024-05-10 02:10:23',NULL),(65,0,'9','9',3,'image/jpeg',6387,'main/users/9.jpg','[]','2024-05-10 02:10:23','2024-05-10 02:10:23',NULL),(66,0,'1','1',7,'image/png',9133,'main/stores/1.png','[]','2024-05-10 02:10:24','2024-05-10 02:10:24',NULL),(67,0,'10','10',7,'image/png',4263,'main/stores/10.png','[]','2024-05-10 02:10:24','2024-05-10 02:10:24',NULL),(68,0,'11','11',7,'image/png',4420,'main/stores/11.png','[]','2024-05-10 02:10:24','2024-05-10 02:10:24',NULL),(69,0,'12','12',7,'image/png',4908,'main/stores/12.png','[]','2024-05-10 02:10:24','2024-05-10 02:10:24',NULL),(70,0,'13','13',7,'image/png',3441,'main/stores/13.png','[]','2024-05-10 02:10:24','2024-05-10 02:10:24',NULL),(71,0,'14','14',7,'image/png',4209,'main/stores/14.png','[]','2024-05-10 02:10:24','2024-05-10 02:10:24',NULL),(72,0,'15','15',7,'image/png',5113,'main/stores/15.png','[]','2024-05-10 02:10:24','2024-05-10 02:10:24',NULL),(73,0,'16','16',7,'image/png',4563,'main/stores/16.png','[]','2024-05-10 02:10:24','2024-05-10 02:10:24',NULL),(74,0,'17','17',7,'image/png',4896,'main/stores/17.png','[]','2024-05-10 02:10:24','2024-05-10 02:10:24',NULL),(75,0,'2','2',7,'image/png',9008,'main/stores/2.png','[]','2024-05-10 02:10:24','2024-05-10 02:10:24',NULL),(76,0,'3','3',7,'image/png',8006,'main/stores/3.png','[]','2024-05-10 02:10:24','2024-05-10 02:10:24',NULL),(77,0,'4','4',7,'image/png',8728,'main/stores/4.png','[]','2024-05-10 02:10:24','2024-05-10 02:10:24',NULL),(78,0,'5','5',7,'image/png',10689,'main/stores/5.png','[]','2024-05-10 02:10:24','2024-05-10 02:10:24',NULL),(79,0,'6','6',7,'image/png',10989,'main/stores/6.png','[]','2024-05-10 02:10:24','2024-05-10 02:10:24',NULL),(80,0,'7','7',7,'image/png',3730,'main/stores/7.png','[]','2024-05-10 02:10:24','2024-05-10 02:10:24',NULL),(81,0,'8','8',7,'image/png',4030,'main/stores/8.png','[]','2024-05-10 02:10:24','2024-05-10 02:10:24',NULL),(82,0,'9','9',7,'image/png',3810,'main/stores/9.png','[]','2024-05-10 02:10:24','2024-05-10 02:10:24',NULL),(83,0,'cover-1','cover-1',7,'image/png',4208,'main/stores/cover-1.png','[]','2024-05-10 02:10:24','2024-05-10 02:10:24',NULL),(84,0,'cover-2','cover-2',7,'image/png',8798,'main/stores/cover-2.png','[]','2024-05-10 02:10:24','2024-05-10 02:10:24',NULL),(85,0,'cover-3','cover-3',7,'image/png',3888,'main/stores/cover-3.png','[]','2024-05-10 02:10:24','2024-05-10 02:10:24',NULL),(86,0,'cover-4','cover-4',7,'image/png',11893,'main/stores/cover-4.png','[]','2024-05-10 02:10:24','2024-05-10 02:10:24',NULL),(87,0,'cover-5','cover-5',7,'image/png',8798,'main/stores/cover-5.png','[]','2024-05-10 02:10:24','2024-05-10 02:10:24',NULL),(88,0,'shape-1','shape-1',8,'image/png',18992,'main/sliders/shape-1.png','[]','2024-05-10 02:10:27','2024-05-10 02:10:27',NULL),(89,0,'shape-2','shape-2',8,'image/png',803,'main/sliders/shape-2.png','[]','2024-05-10 02:10:27','2024-05-10 02:10:27',NULL),(90,0,'shape-3','shape-3',8,'image/png',658,'main/sliders/shape-3.png','[]','2024-05-10 02:10:27','2024-05-10 02:10:27',NULL),(91,0,'shape-4','shape-4',8,'image/png',475,'main/sliders/shape-4.png','[]','2024-05-10 02:10:27','2024-05-10 02:10:27',NULL),(92,0,'slider-1','slider-1',8,'image/png',7405,'main/sliders/slider-1.png','[]','2024-05-10 02:10:27','2024-05-10 02:10:27',NULL),(93,0,'slider-2','slider-2',8,'image/png',8434,'main/sliders/slider-2.png','[]','2024-05-10 02:10:27','2024-05-10 02:10:27',NULL),(94,0,'slider-3','slider-3',8,'image/png',7794,'main/sliders/slider-3.png','[]','2024-05-10 02:10:27','2024-05-10 02:10:27',NULL),(95,0,'1','1',9,'image/png',4294,'main/product-categories/1.png','[]','2024-05-10 02:10:27','2024-05-10 02:10:27',NULL),(96,0,'2','2',9,'image/png',4294,'main/product-categories/2.png','[]','2024-05-10 02:10:27','2024-05-10 02:10:27',NULL),(97,0,'3','3',9,'image/png',4294,'main/product-categories/3.png','[]','2024-05-10 02:10:27','2024-05-10 02:10:27',NULL),(98,0,'4','4',9,'image/png',4294,'main/product-categories/4.png','[]','2024-05-10 02:10:27','2024-05-10 02:10:27',NULL),(99,0,'5','5',9,'image/png',4294,'main/product-categories/5.png','[]','2024-05-10 02:10:27','2024-05-10 02:10:27',NULL),(100,0,'category-thumb-1','category-thumb-1',9,'image/jpeg',4294,'main/product-categories/category-thumb-1.jpg','[]','2024-05-10 02:10:27','2024-05-10 02:10:27',NULL),(101,0,'category-thumb-10','category-thumb-10',9,'image/jpeg',4294,'main/product-categories/category-thumb-10.jpg','[]','2024-05-10 02:10:27','2024-05-10 02:10:27',NULL),(102,0,'category-thumb-11','category-thumb-11',9,'image/jpeg',4294,'main/product-categories/category-thumb-11.jpg','[]','2024-05-10 02:10:27','2024-05-10 02:10:27',NULL),(103,0,'category-thumb-12','category-thumb-12',9,'image/jpeg',4294,'main/product-categories/category-thumb-12.jpg','[]','2024-05-10 02:10:27','2024-05-10 02:10:27',NULL),(104,0,'category-thumb-3','category-thumb-3',9,'image/jpeg',4294,'main/product-categories/category-thumb-3.jpg','[]','2024-05-10 02:10:27','2024-05-10 02:10:27',NULL),(105,0,'category-thumb-4','category-thumb-4',9,'image/jpeg',4294,'main/product-categories/category-thumb-4.jpg','[]','2024-05-10 02:10:27','2024-05-10 02:10:27',NULL),(106,0,'category-thumb-5','category-thumb-5',9,'image/jpeg',4294,'main/product-categories/category-thumb-5.jpg','[]','2024-05-10 02:10:28','2024-05-10 02:10:28',NULL),(107,0,'category-thumb-6','category-thumb-6',9,'image/jpeg',4294,'main/product-categories/category-thumb-6.jpg','[]','2024-05-10 02:10:28','2024-05-10 02:10:28',NULL),(108,0,'category-thumb-8','category-thumb-8',9,'image/jpeg',4294,'main/product-categories/category-thumb-8.jpg','[]','2024-05-10 02:10:28','2024-05-10 02:10:28',NULL),(109,0,'category-thumb-9','category-thumb-9',9,'image/jpeg',4294,'main/product-categories/category-thumb-9.jpg','[]','2024-05-10 02:10:28','2024-05-10 02:10:28',NULL),(110,0,'menu-1','menu-1',9,'image/jpeg',4294,'main/product-categories/menu-1.jpg','[]','2024-05-10 02:10:28','2024-05-10 02:10:28',NULL),(111,0,'menu-2','menu-2',9,'image/jpeg',4294,'main/product-categories/menu-2.jpg','[]','2024-05-10 02:10:28','2024-05-10 02:10:28',NULL),(112,0,'menu-3','menu-3',9,'image/jpeg',4294,'main/product-categories/menu-3.jpg','[]','2024-05-10 02:10:28','2024-05-10 02:10:28',NULL),(113,0,'product-1','product-1',10,'image/jpeg',9803,'main/products/product-1.jpg','[]','2024-05-10 02:10:28','2024-05-10 02:10:28',NULL),(114,0,'product-10','product-10',10,'image/jpeg',9803,'main/products/product-10.jpg','[]','2024-05-10 02:10:28','2024-05-10 02:10:28',NULL),(115,0,'product-11','product-11',10,'image/jpeg',9803,'main/products/product-11.jpg','[]','2024-05-10 02:10:28','2024-05-10 02:10:28',NULL),(116,0,'product-12','product-12',10,'image/jpeg',9803,'main/products/product-12.jpg','[]','2024-05-10 02:10:28','2024-05-10 02:10:28',NULL),(117,0,'product-13','product-13',10,'image/jpeg',9803,'main/products/product-13.jpg','[]','2024-05-10 02:10:28','2024-05-10 02:10:28',NULL),(118,0,'product-14','product-14',10,'image/jpeg',9803,'main/products/product-14.jpg','[]','2024-05-10 02:10:28','2024-05-10 02:10:28',NULL),(119,0,'product-15','product-15',10,'image/jpeg',9803,'main/products/product-15.jpg','[]','2024-05-10 02:10:28','2024-05-10 02:10:28',NULL),(120,0,'product-16','product-16',10,'image/jpeg',9803,'main/products/product-16.jpg','[]','2024-05-10 02:10:28','2024-05-10 02:10:28',NULL),(121,0,'product-17','product-17',10,'image/jpeg',9803,'main/products/product-17.jpg','[]','2024-05-10 02:10:28','2024-05-10 02:10:28',NULL),(122,0,'product-18','product-18',10,'image/jpeg',9803,'main/products/product-18.jpg','[]','2024-05-10 02:10:28','2024-05-10 02:10:28',NULL),(123,0,'product-19','product-19',10,'image/jpeg',9803,'main/products/product-19.jpg','[]','2024-05-10 02:10:29','2024-05-10 02:10:29',NULL),(124,0,'product-2','product-2',10,'image/jpeg',9803,'main/products/product-2.jpg','[]','2024-05-10 02:10:29','2024-05-10 02:10:29',NULL),(125,0,'product-20','product-20',10,'image/jpeg',9803,'main/products/product-20.jpg','[]','2024-05-10 02:10:29','2024-05-10 02:10:29',NULL),(126,0,'product-3','product-3',10,'image/jpeg',9803,'main/products/product-3.jpg','[]','2024-05-10 02:10:29','2024-05-10 02:10:29',NULL),(127,0,'product-4','product-4',10,'image/jpeg',9803,'main/products/product-4.jpg','[]','2024-05-10 02:10:29','2024-05-10 02:10:29',NULL),(128,0,'product-5','product-5',10,'image/jpeg',9803,'main/products/product-5.jpg','[]','2024-05-10 02:10:29','2024-05-10 02:10:29',NULL),(129,0,'product-6','product-6',10,'image/jpeg',9803,'main/products/product-6.jpg','[]','2024-05-10 02:10:29','2024-05-10 02:10:29',NULL),(130,0,'product-7','product-7',10,'image/jpeg',9803,'main/products/product-7.jpg','[]','2024-05-10 02:10:29','2024-05-10 02:10:29',NULL),(131,0,'product-8','product-8',10,'image/jpeg',9803,'main/products/product-8.jpg','[]','2024-05-10 02:10:29','2024-05-10 02:10:29',NULL),(132,0,'product-9','product-9',10,'image/jpeg',9803,'main/products/product-9.jpg','[]','2024-05-10 02:10:29','2024-05-10 02:10:29',NULL),(133,0,'product-details-desc-1','product-details-desc-1',10,'image/jpeg',9803,'main/products/product-details-desc-1.jpg','[]','2024-05-10 02:10:29','2024-05-10 02:10:29',NULL),(134,0,'product-details-desc-2','product-details-desc-2',10,'image/jpeg',9803,'main/products/product-details-desc-2.jpg','[]','2024-05-10 02:10:29','2024-05-10 02:10:29',NULL),(135,0,'product-details-desc-3','product-details-desc-3',10,'image/jpeg',9803,'main/products/product-details-desc-3.jpg','[]','2024-05-10 02:10:29','2024-05-10 02:10:29',NULL),(136,0,'1','1',11,'image/jpeg',6309,'main/banners/1.jpg','[]','2024-05-10 02:10:32','2024-05-10 02:10:32',NULL),(137,0,'2','2',11,'image/jpeg',6275,'main/banners/2.jpg','[]','2024-05-10 02:10:32','2024-05-10 02:10:32',NULL),(138,0,'slider-1','slider-1',11,'image/png',8207,'main/banners/slider-1.png','[]','2024-05-10 02:10:32','2024-05-10 02:10:32',NULL),(139,0,'slider-2','slider-2',11,'image/png',8497,'main/banners/slider-2.png','[]','2024-05-10 02:10:32','2024-05-10 02:10:32',NULL),(140,0,'slider-3','slider-3',11,'image/png',6239,'main/banners/slider-3.png','[]','2024-05-10 02:10:32','2024-05-10 02:10:32',NULL),(141,0,'gadget-banner-1','gadget-banner-1',12,'image/jpeg',3870,'main/gadgets/gadget-banner-1.jpg','[]','2024-05-10 02:10:32','2024-05-10 02:10:32',NULL),(142,0,'gadget-banner-2','gadget-banner-2',12,'image/jpeg',3870,'main/gadgets/gadget-banner-2.jpg','[]','2024-05-10 02:10:32','2024-05-10 02:10:32',NULL),(143,0,'gadget-girl','gadget-girl',12,'image/png',4417,'main/gadgets/gadget-girl.png','[]','2024-05-10 02:10:32','2024-05-10 02:10:32',NULL),(144,0,'1','1',13,'image/jpeg',4294,'main/galleries/1.jpg','[]','2024-05-10 02:10:32','2024-05-10 02:10:32',NULL),(145,0,'2','2',13,'image/jpeg',4294,'main/galleries/2.jpg','[]','2024-05-10 02:10:32','2024-05-10 02:10:32',NULL),(146,0,'3','3',13,'image/jpeg',4294,'main/galleries/3.jpg','[]','2024-05-10 02:10:32','2024-05-10 02:10:32',NULL),(147,0,'4','4',13,'image/jpeg',4294,'main/galleries/4.jpg','[]','2024-05-10 02:10:32','2024-05-10 02:10:32',NULL),(148,0,'5','5',13,'image/jpeg',4294,'main/galleries/5.jpg','[]','2024-05-10 02:10:32','2024-05-10 02:10:32',NULL),(152,0,'icon-1','icon-1',14,'image/png',4469,'main/contact/icon-1.png','[]','2024-05-10 02:10:33','2024-05-10 02:10:33',NULL),(153,0,'icon-2','icon-2',14,'image/png',5977,'main/contact/icon-2.png','[]','2024-05-10 02:10:33','2024-05-10 02:10:33',NULL),(154,0,'icon-3','icon-3',14,'image/png',6082,'main/contact/icon-3.png','[]','2024-05-10 02:10:33','2024-05-10 02:10:33',NULL),(155,0,'line','line',15,'image/png',6152,'main/shapes/line.png','[]','2024-05-10 02:10:33','2024-05-10 02:10:33',NULL),(156,0,'quote','quote',15,'image/png',595,'main/shapes/quote.png','[]','2024-05-10 02:10:33','2024-05-10 02:10:33',NULL);

--
-- Table structure for table `media_folders`
--

CREATE TABLE `media_folders` (
  `id` bigint unsigned NOT NULL AUTO_INCREMENT,
  `user_id` bigint unsigned NOT NULL,
  `name` varchar(191) COLLATE utf8mb4_unicode_ci DEFAULT NULL,
  `color` varchar(191) COLLATE utf8mb4_unicode_ci DEFAULT NULL,
  `slug` varchar(191) COLLATE utf8mb4_unicode_ci DEFAULT NULL,
  `parent_id` bigint unsigned NOT NULL DEFAULT '0',
  `created_at` timestamp NULL DEFAULT NULL,
  `updated_at` timestamp NULL DEFAULT NULL,
  `deleted_at` timestamp NULL DEFAULT NULL,
  PRIMARY KEY (`id`),
  KEY `media_folders_user_id_index` (`user_id`),
  KEY `media_folders_index` (`parent_id`,`user_id`,`created_at`)
) ENGINE=InnoDB AUTO_INCREMENT=16 DEFAULT CHARSET=utf8mb4 COLLATE=utf8mb4_unicode_ci;

--
-- Dumping data for table `media_folders`
--

INSERT INTO `media_folders` VALUES (1,0,'main',NULL,'main',0,'2024-05-10 02:10:18','2024-05-10 02:10:18',NULL),(2,0,'general',NULL,'general',1,'2024-05-10 02:10:18','2024-05-10 02:10:18',NULL),(3,0,'users',NULL,'users',1,'2024-05-10 02:10:18','2024-05-10 02:10:18',NULL),(4,0,'brands',NULL,'brands',1,'2024-05-10 02:10:19','2024-05-10 02:10:19',NULL),(5,0,'customers',NULL,'customers',1,'2024-05-10 02:10:19','2024-05-10 02:10:19',NULL),(6,0,'blog',NULL,'blog',1,'2024-05-10 02:10:22','2024-05-10 02:10:22',NULL),(7,0,'stores',NULL,'stores',1,'2024-05-10 02:10:24','2024-05-10 02:10:24',NULL),(8,0,'sliders',NULL,'sliders',1,'2024-05-10 02:10:27','2024-05-10 02:10:27',NULL),(9,0,'product-categories',NULL,'product-categories',1,'2024-05-10 02:10:27','2024-05-10 02:10:27',NULL),(10,0,'products',NULL,'products',1,'2024-05-10 02:10:28','2024-05-10 02:10:28',NULL),(11,0,'banners',NULL,'banners',1,'2024-05-10 02:10:32','2024-05-10 02:10:32',NULL),(12,0,'gadgets',NULL,'gadgets',1,'2024-05-10 02:10:32','2024-05-10 02:10:32',NULL),(13,0,'galleries',NULL,'galleries',1,'2024-05-10 02:10:32','2024-05-10 02:10:32',NULL),(14,0,'contact',NULL,'contact',1,'2024-05-10 02:10:33','2024-05-10 02:10:33',NULL),(15,0,'shapes',NULL,'shapes',1,'2024-05-10 02:10:33','2024-05-10 02:10:33',NULL);

--
-- Table structure for table `media_settings`
--

CREATE TABLE `media_settings` (
  `id` bigint unsigned NOT NULL AUTO_INCREMENT,
  `key` varchar(120) COLLATE utf8mb4_unicode_ci NOT NULL,
  `value` text COLLATE utf8mb4_unicode_ci,
  `media_id` bigint unsigned DEFAULT NULL,
  `user_id` bigint unsigned DEFAULT NULL,
  `created_at` timestamp NULL DEFAULT NULL,
  `updated_at` timestamp NULL DEFAULT NULL,
  PRIMARY KEY (`id`)
) ENGINE=InnoDB DEFAULT CHARSET=utf8mb4 COLLATE=utf8mb4_unicode_ci;

--
-- Dumping data for table `media_settings`
--


--
-- Table structure for table `menu_locations`
--

CREATE TABLE `menu_locations` (
  `id` bigint unsigned NOT NULL AUTO_INCREMENT,
  `menu_id` bigint unsigned NOT NULL,
  `location` varchar(120) COLLATE utf8mb4_unicode_ci NOT NULL,
  `created_at` timestamp NULL DEFAULT NULL,
  `updated_at` timestamp NULL DEFAULT NULL,
  PRIMARY KEY (`id`),
  KEY `menu_locations_menu_id_created_at_index` (`menu_id`,`created_at`)
) ENGINE=InnoDB AUTO_INCREMENT=2 DEFAULT CHARSET=utf8mb4 COLLATE=utf8mb4_unicode_ci;

--
-- Dumping data for table `menu_locations`
--

INSERT INTO `menu_locations` VALUES (1,1,'main-menu','2024-05-10 02:10:33','2024-05-10 02:10:33');

--
-- Table structure for table `menu_nodes`
--

CREATE TABLE `menu_nodes` (
  `id` bigint unsigned NOT NULL AUTO_INCREMENT,
  `menu_id` bigint unsigned NOT NULL,
  `parent_id` bigint unsigned NOT NULL DEFAULT '0',
  `reference_id` bigint unsigned DEFAULT NULL,
  `reference_type` varchar(191) COLLATE utf8mb4_unicode_ci DEFAULT NULL,
  `url` varchar(120) COLLATE utf8mb4_unicode_ci DEFAULT NULL,
  `icon_font` varchar(50) COLLATE utf8mb4_unicode_ci DEFAULT NULL,
  `position` tinyint unsigned NOT NULL DEFAULT '0',
  `title` varchar(120) COLLATE utf8mb4_unicode_ci DEFAULT NULL,
  `css_class` varchar(120) COLLATE utf8mb4_unicode_ci DEFAULT NULL,
  `target` varchar(20) COLLATE utf8mb4_unicode_ci NOT NULL DEFAULT '_self',
  `has_child` tinyint unsigned NOT NULL DEFAULT '0',
  `created_at` timestamp NULL DEFAULT NULL,
  `updated_at` timestamp NULL DEFAULT NULL,
  PRIMARY KEY (`id`),
  KEY `menu_nodes_menu_id_index` (`menu_id`),
  KEY `menu_nodes_parent_id_index` (`parent_id`),
  KEY `reference_id` (`reference_id`),
  KEY `reference_type` (`reference_type`)
) ENGINE=InnoDB AUTO_INCREMENT=40 DEFAULT CHARSET=utf8mb4 COLLATE=utf8mb4_unicode_ci;

--
-- Dumping data for table `menu_nodes`
--

INSERT INTO `menu_nodes` VALUES (1,1,0,1,'Botble\\Page\\Models\\Page','/home',NULL,0,'Home',NULL,'_self',1,'2024-05-10 02:10:33','2024-05-10 02:10:33'),(2,1,1,NULL,NULL,'https://shofy.botble.com',NULL,0,'Electronics',NULL,'_self',0,'2024-05-10 02:10:33','2024-05-10 02:10:33'),(3,1,1,NULL,NULL,'https://shofy-fashion.botble.com',NULL,0,'Fashion',NULL,'_self',0,'2024-05-10 02:10:33','2024-05-10 02:10:33'),(4,1,1,NULL,NULL,'https://shofy-beauty.botble.com',NULL,0,'Beauty',NULL,'_self',0,'2024-05-10 02:10:33','2024-05-10 02:10:33'),(5,1,1,NULL,NULL,'https://shofy-jewelry.botble.com',NULL,0,'Jewelry',NULL,'_self',0,'2024-05-10 02:10:33','2024-05-10 02:10:33'),(6,1,1,NULL,NULL,'https://shofy-grocery.botble.com',NULL,0,'Grocery',NULL,'_self',0,'2024-05-10 02:10:33','2024-05-10 02:10:33'),(7,1,0,NULL,NULL,NULL,NULL,0,'Shop',NULL,'_self',1,'2024-05-10 02:10:33','2024-05-10 02:10:33'),(8,1,7,2,'Botble\\Page\\Models\\Page','/product-categories',NULL,0,'Shop Categories',NULL,'_self',0,'2024-05-10 02:10:33','2024-05-10 02:10:33'),(9,1,7,NULL,NULL,'/products?layout=list',NULL,0,'Shop List',NULL,'_self',0,'2024-05-10 02:10:33','2024-05-10 02:10:33'),(10,1,7,NULL,NULL,'/products?layout=grid',NULL,0,'Shop Grid',NULL,'_self',0,'2024-05-10 02:10:33','2024-05-10 02:10:33'),(11,1,7,NULL,NULL,'/products/nintendo-switch-oled-model',NULL,0,'Product Detail',NULL,'_self',0,'2024-05-10 02:10:33','2024-05-10 02:10:33'),(12,1,7,3,'Botble\\Page\\Models\\Page','/coupons',NULL,0,'Grab Coupons',NULL,'_self',0,'2024-05-10 02:10:33','2024-05-10 02:10:33'),(13,1,7,NULL,NULL,'/cart',NULL,0,'Cart',NULL,'_self',0,'2024-05-10 02:10:33','2024-05-10 02:10:33'),(14,1,7,NULL,NULL,'/compare',NULL,0,'Compare',NULL,'_self',0,'2024-05-10 02:10:33','2024-05-10 02:10:33'),(15,1,7,NULL,NULL,'/wishlist',NULL,0,'Wishlist',NULL,'_self',0,'2024-05-10 02:10:33','2024-05-10 02:10:33'),(16,1,7,NULL,NULL,'/orders/tracking',NULL,0,'Track Your Order',NULL,'_self',0,'2024-05-10 02:10:33','2024-05-10 02:10:33'),(17,1,0,NULL,NULL,'/stores',NULL,0,'Vendors',NULL,'_self',0,'2024-05-10 02:10:33','2024-05-10 02:10:33'),(18,1,0,NULL,NULL,NULL,NULL,0,'Pages',NULL,'_self',1,'2024-05-10 02:10:33','2024-05-10 02:10:33'),(19,1,18,6,'Botble\\Page\\Models\\Page','/faqs',NULL,0,'FAQs',NULL,'_self',0,'2024-05-10 02:10:33','2024-05-10 02:10:33'),(20,1,18,NULL,NULL,'/login',NULL,0,'Login',NULL,'_self',0,'2024-05-10 02:10:33','2024-05-10 02:10:33'),(21,1,18,NULL,NULL,'/register',NULL,0,'Register',NULL,'_self',0,'2024-05-10 02:10:33','2024-05-10 02:10:33'),(22,1,18,NULL,NULL,'/password/reset',NULL,0,'Forgot Password',NULL,'_self',0,'2024-05-10 02:10:33','2024-05-10 02:10:33'),(23,1,18,NULL,NULL,'/404',NULL,0,'404 Error',NULL,'_self',0,'2024-05-10 02:10:33','2024-05-10 02:10:33'),(24,1,0,4,'Botble\\Page\\Models\\Page','/blog',NULL,0,'Blog',NULL,'_self',1,'2024-05-10 02:10:33','2024-05-10 02:10:33'),(25,1,24,NULL,NULL,'/blog?layout=grid',NULL,0,'Blog Grid',NULL,'_self',0,'2024-05-10 02:10:33','2024-05-10 02:10:33'),(26,1,24,NULL,NULL,'/blog?layout=list',NULL,0,'Blog List',NULL,'_self',0,'2024-05-10 02:10:33','2024-05-10 02:10:33'),(27,1,24,NULL,NULL,'/blog/essential-qualities-of-highly-successful-music',NULL,0,'Blog Detail',NULL,'_self',0,'2024-05-10 02:10:33','2024-05-10 02:10:33'),(28,1,0,5,'Botble\\Page\\Models\\Page','/contact',NULL,0,'Contact',NULL,'_self',0,'2024-05-10 02:10:33','2024-05-10 02:10:33'),(29,2,0,NULL,NULL,'/orders/tracking',NULL,1,'Track Orders',NULL,'_self',0,'2024-05-10 02:10:33','2024-05-10 02:10:33'),(30,2,0,10,'Botble\\Page\\Models\\Page','/shipping',NULL,1,'Shipping',NULL,'_self',0,'2024-05-10 02:10:33','2024-05-10 02:10:33'),(31,2,0,NULL,NULL,'/wishlist',NULL,1,'Wishlist',NULL,'_self',0,'2024-05-10 02:10:33','2024-05-10 02:10:33'),(32,2,0,NULL,NULL,'/customer/overview',NULL,1,'My Account',NULL,'_self',0,'2024-05-10 02:10:33','2024-05-10 02:10:33'),(33,2,0,NULL,NULL,'/customer/orders',NULL,1,'Order History',NULL,'_self',0,'2024-05-10 02:10:33','2024-05-10 02:10:33'),(34,2,0,NULL,NULL,'/customer/order-returns',NULL,1,'Returns',NULL,'_self',0,'2024-05-10 02:10:33','2024-05-10 02:10:33'),(35,3,0,8,'Botble\\Page\\Models\\Page','/our-story',NULL,2,'Our Story',NULL,'_self',0,'2024-05-10 02:10:33','2024-05-10 02:10:33'),(36,3,0,9,'Botble\\Page\\Models\\Page','/careers',NULL,2,'Careers',NULL,'_self',0,'2024-05-10 02:10:33','2024-05-10 02:10:33'),(37,3,0,7,'Botble\\Page\\Models\\Page','/cookie-policy',NULL,2,'Privacy Policy',NULL,'_self',0,'2024-05-10 02:10:33','2024-05-10 02:10:33'),(38,3,0,NULL,NULL,'/blog',NULL,2,'Latest News',NULL,'_self',0,'2024-05-10 02:10:33','2024-05-10 02:10:33'),(39,3,0,5,'Botble\\Page\\Models\\Page','/contact',NULL,2,'Contact Us',NULL,'_self',0,'2024-05-10 02:10:33','2024-05-10 02:10:33');

--
-- Table structure for table `menus`
--

CREATE TABLE `menus` (
  `id` bigint unsigned NOT NULL AUTO_INCREMENT,
  `name` varchar(120) COLLATE utf8mb4_unicode_ci NOT NULL,
  `slug` varchar(120) COLLATE utf8mb4_unicode_ci DEFAULT NULL,
  `status` varchar(60) COLLATE utf8mb4_unicode_ci NOT NULL DEFAULT 'published',
  `created_at` timestamp NULL DEFAULT NULL,
  `updated_at` timestamp NULL DEFAULT NULL,
  PRIMARY KEY (`id`),
  UNIQUE KEY `menus_slug_unique` (`slug`)
) ENGINE=InnoDB AUTO_INCREMENT=4 DEFAULT CHARSET=utf8mb4 COLLATE=utf8mb4_unicode_ci;

--
-- Dumping data for table `menus`
--

INSERT INTO `menus` VALUES (1,'Main menu','main-menu','published','2024-05-10 02:10:33','2024-05-10 02:10:33'),(2,'My Account','my-account','published','2024-05-10 02:10:33','2024-05-10 02:10:33'),(3,'Information','information','published','2024-05-10 02:10:33','2024-05-10 02:10:33');

--
-- Table structure for table `meta_boxes`
--

CREATE TABLE `meta_boxes` (
  `id` bigint unsigned NOT NULL AUTO_INCREMENT,
  `meta_key` varchar(191) COLLATE utf8mb4_unicode_ci NOT NULL,
  `meta_value` text COLLATE utf8mb4_unicode_ci,
  `reference_id` bigint unsigned NOT NULL,
  `reference_type` varchar(120) COLLATE utf8mb4_unicode_ci NOT NULL,
  `created_at` timestamp NULL DEFAULT NULL,
  `updated_at` timestamp NULL DEFAULT NULL,
  PRIMARY KEY (`id`),
  KEY `meta_boxes_reference_id_index` (`reference_id`)
) ENGINE=InnoDB AUTO_INCREMENT=91 DEFAULT CHARSET=utf8mb4 COLLATE=utf8mb4_unicode_ci;

--
-- Dumping data for table `meta_boxes`
--

INSERT INTO `meta_boxes` VALUES (1,'background_color','[\"#115061\"]',1,'Botble\\SimpleSlider\\Models\\SimpleSliderItem','2024-05-10 02:10:27','2024-05-10 02:10:27'),(2,'is_light','[0]',1,'Botble\\SimpleSlider\\Models\\SimpleSliderItem','2024-05-10 02:10:27','2024-05-10 02:10:27'),(3,'subtitle','[\"Starting at <b>$274.00<\\/b>\"]',1,'Botble\\SimpleSlider\\Models\\SimpleSliderItem','2024-05-10 02:10:27','2024-05-10 02:10:27'),(4,'button_label','[\"Shop Now\"]',1,'Botble\\SimpleSlider\\Models\\SimpleSliderItem','2024-05-10 02:10:27','2024-05-10 02:10:27'),(5,'background_color','[\"#115061\"]',2,'Botble\\SimpleSlider\\Models\\SimpleSliderItem','2024-05-10 02:10:27','2024-05-10 02:10:27'),(6,'is_light','[0]',2,'Botble\\SimpleSlider\\Models\\SimpleSliderItem','2024-05-10 02:10:27','2024-05-10 02:10:27'),(7,'subtitle','[\"Starting at <b>$999.00<\\/b>\"]',2,'Botble\\SimpleSlider\\Models\\SimpleSliderItem','2024-05-10 02:10:27','2024-05-10 02:10:27'),(8,'button_label','[\"Shop Now\"]',2,'Botble\\SimpleSlider\\Models\\SimpleSliderItem','2024-05-10 02:10:27','2024-05-10 02:10:27'),(9,'background_color','[\"#E3EDF6\"]',3,'Botble\\SimpleSlider\\Models\\SimpleSliderItem','2024-05-10 02:10:27','2024-05-10 02:10:27'),(10,'is_light','[1]',3,'Botble\\SimpleSlider\\Models\\SimpleSliderItem','2024-05-10 02:10:27','2024-05-10 02:10:27'),(11,'subtitle','[\"Starting at <b>$999.00<\\/b>\"]',3,'Botble\\SimpleSlider\\Models\\SimpleSliderItem','2024-05-10 02:10:27','2024-05-10 02:10:27'),(12,'button_label','[\"Shop Now\"]',3,'Botble\\SimpleSlider\\Models\\SimpleSliderItem','2024-05-10 02:10:27','2024-05-10 02:10:27'),(13,'faq_ids','[[3,4,6,7,10]]',1,'Botble\\Ecommerce\\Models\\Product','2024-05-10 02:10:29','2024-05-10 02:10:29'),(14,'faq_ids','[[1,2,7,8,10]]',2,'Botble\\Ecommerce\\Models\\Product','2024-05-10 02:10:29','2024-05-10 02:10:29'),(15,'faq_ids','[[3,4,6,8,9]]',3,'Botble\\Ecommerce\\Models\\Product','2024-05-10 02:10:29','2024-05-10 02:10:29'),(16,'faq_ids','[[1,3,5,6,7]]',4,'Botble\\Ecommerce\\Models\\Product','2024-05-10 02:10:29','2024-05-10 02:10:29'),(17,'faq_ids','[[1,5,6,7,10]]',5,'Botble\\Ecommerce\\Models\\Product','2024-05-10 02:10:29','2024-05-10 02:10:29'),(18,'faq_ids','[[1,3,5,7,10]]',6,'Botble\\Ecommerce\\Models\\Product','2024-05-10 02:10:30','2024-05-10 02:10:30'),(19,'faq_ids','[[3,5,6,7,8]]',7,'Botble\\Ecommerce\\Models\\Product','2024-05-10 02:10:30','2024-05-10 02:10:30'),(20,'faq_ids','[[1,2,4,5,10]]',8,'Botble\\Ecommerce\\Models\\Product','2024-05-10 02:10:30','2024-05-10 02:10:30'),(21,'faq_ids','[[2,3,4,7,8]]',9,'Botble\\Ecommerce\\Models\\Product','2024-05-10 02:10:30','2024-05-10 02:10:30'),(22,'faq_ids','[[1,4,5,7,9]]',10,'Botble\\Ecommerce\\Models\\Product','2024-05-10 02:10:30','2024-05-10 02:10:30'),(23,'faq_ids','[[1,3,5,7,9]]',11,'Botble\\Ecommerce\\Models\\Product','2024-05-10 02:10:30','2024-05-10 02:10:30'),(24,'faq_ids','[[1,3,6,8,10]]',12,'Botble\\Ecommerce\\Models\\Product','2024-05-10 02:10:30','2024-05-10 02:10:30'),(25,'faq_ids','[[1,5,6,8,9]]',13,'Botble\\Ecommerce\\Models\\Product','2024-05-10 02:10:30','2024-05-10 02:10:30'),(26,'faq_ids','[[1,2,4,9,10]]',14,'Botble\\Ecommerce\\Models\\Product','2024-05-10 02:10:30','2024-05-10 02:10:30'),(27,'faq_ids','[[1,3,5,6,7]]',15,'Botble\\Ecommerce\\Models\\Product','2024-05-10 02:10:30','2024-05-10 02:10:30'),(28,'faq_ids','[[2,5,8,9,10]]',16,'Botble\\Ecommerce\\Models\\Product','2024-05-10 02:10:30','2024-05-10 02:10:30'),(29,'faq_ids','[[1,5,6,7,10]]',17,'Botble\\Ecommerce\\Models\\Product','2024-05-10 02:10:30','2024-05-10 02:10:30'),(30,'faq_ids','[[3,4,6,7,8]]',18,'Botble\\Ecommerce\\Models\\Product','2024-05-10 02:10:30','2024-05-10 02:10:30'),(31,'faq_ids','[[1,3,5,9,10]]',19,'Botble\\Ecommerce\\Models\\Product','2024-05-10 02:10:30','2024-05-10 02:10:30'),(32,'faq_ids','[[1,2,3,5,8]]',20,'Botble\\Ecommerce\\Models\\Product','2024-05-10 02:10:30','2024-05-10 02:10:30'),(33,'faq_ids','[[2,3,5,6,8]]',21,'Botble\\Ecommerce\\Models\\Product','2024-05-10 02:10:30','2024-05-10 02:10:30'),(34,'faq_ids','[[1,2,3,6,8]]',22,'Botble\\Ecommerce\\Models\\Product','2024-05-10 02:10:30','2024-05-10 02:10:30'),(35,'faq_ids','[[1,4,5,7,8]]',23,'Botble\\Ecommerce\\Models\\Product','2024-05-10 02:10:30','2024-05-10 02:10:30'),(36,'faq_ids','[[1,4,6,7,8]]',24,'Botble\\Ecommerce\\Models\\Product','2024-05-10 02:10:30','2024-05-10 02:10:30'),(37,'faq_ids','[[2,3,5,9,10]]',25,'Botble\\Ecommerce\\Models\\Product','2024-05-10 02:10:30','2024-05-10 02:10:30'),(38,'faq_ids','[[3,5,6,8,9]]',26,'Botble\\Ecommerce\\Models\\Product','2024-05-10 02:10:30','2024-05-10 02:10:30'),(39,'faq_ids','[[1,4,6,7,10]]',27,'Botble\\Ecommerce\\Models\\Product','2024-05-10 02:10:30','2024-05-10 02:10:30'),(40,'faq_ids','[[1,2,5,9,10]]',28,'Botble\\Ecommerce\\Models\\Product','2024-05-10 02:10:30','2024-05-10 02:10:30'),(41,'faq_ids','[[2,4,5,7,10]]',29,'Botble\\Ecommerce\\Models\\Product','2024-05-10 02:10:30','2024-05-10 02:10:30'),(42,'faq_ids','[[1,4,5,9,10]]',30,'Botble\\Ecommerce\\Models\\Product','2024-05-10 02:10:30','2024-05-10 02:10:30'),(43,'faq_ids','[[3,4,6,9,10]]',31,'Botble\\Ecommerce\\Models\\Product','2024-05-10 02:10:30','2024-05-10 02:10:30'),(44,'faq_ids','[[1,2,4,5,9]]',32,'Botble\\Ecommerce\\Models\\Product','2024-05-10 02:10:30','2024-05-10 02:10:30'),(45,'faq_ids','[[1,2,4,6,9]]',33,'Botble\\Ecommerce\\Models\\Product','2024-05-10 02:10:30','2024-05-10 02:10:30'),(46,'faq_ids','[[2,5,7,9,10]]',34,'Botble\\Ecommerce\\Models\\Product','2024-05-10 02:10:30','2024-05-10 02:10:30'),(47,'faq_ids','[[1,4,6,7,10]]',35,'Botble\\Ecommerce\\Models\\Product','2024-05-10 02:10:30','2024-05-10 02:10:30'),(48,'faq_ids','[[1,4,7,8,9]]',36,'Botble\\Ecommerce\\Models\\Product','2024-05-10 02:10:30','2024-05-10 02:10:30'),(49,'faq_ids','[[4,5,6,8,9]]',37,'Botble\\Ecommerce\\Models\\Product','2024-05-10 02:10:30','2024-05-10 02:10:30'),(50,'faq_ids','[[1,4,5,8,9]]',38,'Botble\\Ecommerce\\Models\\Product','2024-05-10 02:10:30','2024-05-10 02:10:30'),(51,'faq_ids','[[1,3,5,8,9]]',39,'Botble\\Ecommerce\\Models\\Product','2024-05-10 02:10:30','2024-05-10 02:10:30'),(52,'faq_ids','[[1,3,4,6,8]]',40,'Botble\\Ecommerce\\Models\\Product','2024-05-10 02:10:30','2024-05-10 02:10:30'),(53,'faq_ids','[[1,2,7,9,10]]',41,'Botble\\Ecommerce\\Models\\Product','2024-05-10 02:10:30','2024-05-10 02:10:30'),(54,'faq_ids','[[1,3,4,7,8]]',42,'Botble\\Ecommerce\\Models\\Product','2024-05-10 02:10:30','2024-05-10 02:10:30'),(55,'faq_ids','[[1,3,5,6,9]]',43,'Botble\\Ecommerce\\Models\\Product','2024-05-10 02:10:30','2024-05-10 02:10:30'),(56,'faq_ids','[[1,4,5,8,9]]',44,'Botble\\Ecommerce\\Models\\Product','2024-05-10 02:10:30','2024-05-10 02:10:30'),(57,'faq_ids','[[1,3,5,6,10]]',45,'Botble\\Ecommerce\\Models\\Product','2024-05-10 02:10:30','2024-05-10 02:10:30'),(58,'faq_ids','[[1,2,4,5,6]]',46,'Botble\\Ecommerce\\Models\\Product','2024-05-10 02:10:31','2024-05-10 02:10:31'),(59,'faq_ids','[[1,4,5,7,8]]',47,'Botble\\Ecommerce\\Models\\Product','2024-05-10 02:10:31','2024-05-10 02:10:31'),(60,'faq_ids','[[1,3,4,6,8]]',48,'Botble\\Ecommerce\\Models\\Product','2024-05-10 02:10:31','2024-05-10 02:10:31'),(61,'faq_ids','[[3,4,5,8,10]]',49,'Botble\\Ecommerce\\Models\\Product','2024-05-10 02:10:31','2024-05-10 02:10:31'),(62,'faq_ids','[[1,4,5,7,8]]',50,'Botble\\Ecommerce\\Models\\Product','2024-05-10 02:10:31','2024-05-10 02:10:31'),(63,'faq_ids','[[4,6,7,9,10]]',51,'Botble\\Ecommerce\\Models\\Product','2024-05-10 02:10:31','2024-05-10 02:10:31'),(64,'faq_ids','[[2,4,6,7,8]]',52,'Botble\\Ecommerce\\Models\\Product','2024-05-10 02:10:31','2024-05-10 02:10:31'),(65,'faq_ids','[[2,3,4,6,7]]',53,'Botble\\Ecommerce\\Models\\Product','2024-05-10 02:10:31','2024-05-10 02:10:31'),(66,'faq_ids','[[3,4,5,8,10]]',54,'Botble\\Ecommerce\\Models\\Product','2024-05-10 02:10:31','2024-05-10 02:10:31'),(67,'faq_ids','[[2,3,5,6,10]]',55,'Botble\\Ecommerce\\Models\\Product','2024-05-10 02:10:31','2024-05-10 02:10:31'),(68,'faq_ids','[[5,7,8,9,10]]',56,'Botble\\Ecommerce\\Models\\Product','2024-05-10 02:10:31','2024-05-10 02:10:31'),(69,'faq_ids','[[2,4,6,7,9]]',57,'Botble\\Ecommerce\\Models\\Product','2024-05-10 02:10:31','2024-05-10 02:10:31'),(70,'title','[\"Smartphone \\n BLU G91 Pro 2022\"]',1,'Botble\\Ads\\Models\\Ads','2024-05-10 02:10:32','2024-05-10 02:10:32'),(71,'subtitle','[\"Sale 20% off all store\"]',1,'Botble\\Ads\\Models\\Ads','2024-05-10 02:10:32','2024-05-10 02:10:32'),(72,'button_label','[\"Shop Now\"]',1,'Botble\\Ads\\Models\\Ads','2024-05-10 02:10:32','2024-05-10 02:10:32'),(73,'title','[\"HyperX Cloud II \\n Wireless\"]',2,'Botble\\Ads\\Models\\Ads','2024-05-10 02:10:32','2024-05-10 02:10:32'),(74,'subtitle','[\"Sale 35% off\"]',2,'Botble\\Ads\\Models\\Ads','2024-05-10 02:10:32','2024-05-10 02:10:32'),(75,'button_label','[\"Shop Now\"]',2,'Botble\\Ads\\Models\\Ads','2024-05-10 02:10:32','2024-05-10 02:10:32'),(76,'title','[\"Selected novelty \\n Products\"]',3,'Botble\\Ads\\Models\\Ads','2024-05-10 02:10:32','2024-05-10 02:10:32'),(77,'subtitle','[\"Only $99.00\"]',3,'Botble\\Ads\\Models\\Ads','2024-05-10 02:10:32','2024-05-10 02:10:32'),(78,'title','[\"Top Rated \\n Products\"]',4,'Botble\\Ads\\Models\\Ads','2024-05-10 02:10:32','2024-05-10 02:10:32'),(79,'subtitle','[\"Only $55.00\"]',4,'Botble\\Ads\\Models\\Ads','2024-05-10 02:10:32','2024-05-10 02:10:32'),(80,'title','[\"Samsung Galaxy Tab S6, Wifi Tablet\"]',5,'Botble\\Ads\\Models\\Ads','2024-05-10 02:10:32','2024-05-10 02:10:32'),(81,'subtitle','[\"Tablet Collection 2023\"]',5,'Botble\\Ads\\Models\\Ads','2024-05-10 02:10:32','2024-05-10 02:10:32'),(82,'button_label','[\"Shop Now\"]',5,'Botble\\Ads\\Models\\Ads','2024-05-10 02:10:32','2024-05-10 02:10:32'),(83,'title','[\"Samsung Galaxy Tab S6, Wifi Tablet\"]',6,'Botble\\Ads\\Models\\Ads','2024-05-10 02:10:32','2024-05-10 02:10:32'),(84,'subtitle','[\"Tablet Collection 2023\"]',6,'Botble\\Ads\\Models\\Ads','2024-05-10 02:10:32','2024-05-10 02:10:32'),(85,'button_label','[\"Shop Now\"]',6,'Botble\\Ads\\Models\\Ads','2024-05-10 02:10:32','2024-05-10 02:10:32'),(86,'title','[\"Samsung Galaxy Tab S6, Wifi Tablet\"]',7,'Botble\\Ads\\Models\\Ads','2024-05-10 02:10:32','2024-05-10 02:10:32'),(87,'subtitle','[\"Tablet Collection 2023\"]',7,'Botble\\Ads\\Models\\Ads','2024-05-10 02:10:32','2024-05-10 02:10:32'),(88,'button_label','[\"Shop Now\"]',7,'Botble\\Ads\\Models\\Ads','2024-05-10 02:10:32','2024-05-10 02:10:32'),(89,'breadcrumb_style','[\"none\"]',1,'Botble\\Page\\Models\\Page','2024-05-10 02:10:33','2024-05-10 02:10:33'),(90,'breadcrumb_style','[\"align-center\"]',6,'Botble\\Page\\Models\\Page','2024-05-10 02:10:33','2024-05-10 02:10:33');

--
-- Table structure for table `migrations`
--

CREATE TABLE `migrations` (
  `id` int unsigned NOT NULL AUTO_INCREMENT,
  `migration` varchar(191) COLLATE utf8mb4_unicode_ci NOT NULL,
  `batch` int NOT NULL,
  PRIMARY KEY (`id`)
) ENGINE=InnoDB AUTO_INCREMENT=193 DEFAULT CHARSET=utf8mb4 COLLATE=utf8mb4_unicode_ci;

--
-- Dumping data for table `migrations`
--

INSERT INTO `migrations` VALUES (1,'2013_04_09_032329_create_base_tables',1),(2,'2013_04_09_062329_create_revisions_table',1),(3,'2014_10_12_000000_create_users_table',1),(4,'2014_10_12_100000_create_password_reset_tokens_table',1),(5,'2015_06_18_033822_create_blog_table',1),(6,'2015_06_29_025744_create_audit_history',1),(7,'2016_05_28_112028_create_system_request_logs_table',1),(8,'2016_06_10_230148_create_acl_tables',1),(9,'2016_06_14_230857_create_menus_table',1),(10,'2016_06_17_091537_create_contacts_table',1),(11,'2016_06_28_221418_create_pages_table',1),(12,'2016_10_03_032336_create_languages_table',1),(13,'2016_10_05_074239_create_setting_table',1),(14,'2016_10_07_193005_create_translations_table',1),(15,'2016_10_13_150201_create_galleries_table',1),(16,'2016_11_28_032840_create_dashboard_widget_tables',1),(17,'2016_12_16_084601_create_widgets_table',1),(18,'2017_05_09_070343_create_media_tables',1),(19,'2017_05_18_080441_create_payment_tables',1),(20,'2017_07_11_140018_create_simple_slider_table',1),(21,'2017_10_24_154832_create_newsletter_table',1),(22,'2017_11_03_070450_create_slug_table',1),(23,'2018_07_09_214610_create_testimonial_table',1),(24,'2018_07_09_221238_create_faq_table',1),(25,'2019_01_05_053554_create_jobs_table',1),(26,'2019_08_19_000000_create_failed_jobs_table',1),(27,'2019_11_18_061011_create_country_table',1),(28,'2019_12_14_000001_create_personal_access_tokens_table',1),(29,'2020_03_05_041139_create_ecommerce_tables',1),(30,'2020_11_18_150916_ads_create_ads_table',1),(31,'2021_01_01_044147_ecommerce_create_flash_sale_table',1),(32,'2021_01_17_082713_add_column_is_featured_to_product_collections_table',1),(33,'2021_01_18_024333_add_zip_code_into_table_customer_addresses',1),(34,'2021_02_16_092633_remove_default_value_for_author_type',1),(35,'2021_02_18_073505_update_table_ec_reviews',1),(36,'2021_03_10_024419_add_column_confirmed_at_to_table_ec_customers',1),(37,'2021_03_10_025153_change_column_tax_amount',1),(38,'2021_03_20_033103_add_column_availability_to_table_ec_products',1),(39,'2021_03_27_144913_add_customer_type_into_table_payments',1),(40,'2021_04_28_074008_ecommerce_create_product_label_table',1),(41,'2021_05_24_034720_make_column_currency_nullable',1),(42,'2021_05_31_173037_ecommerce_create_ec_products_translations',1),(43,'2021_07_06_030002_create_marketplace_table',1),(44,'2021_08_09_161302_add_metadata_column_to_payments_table',1),(45,'2021_08_17_105016_remove_column_currency_id_in_some_tables',1),(46,'2021_08_30_142128_add_images_column_to_ec_reviews_table',1),(47,'2021_09_04_150137_add_vendor_verified_at_to_ec_customers_table',1),(48,'2021_10_04_030050_add_column_created_by_to_table_ec_products',1),(49,'2021_10_04_033903_add_column_approved_by_into_table_ec_products',1),(50,'2021_10_05_122616_add_status_column_to_ec_customers_table',1),(51,'2021_10_06_124943_add_transaction_id_column_to_mp_customer_withdrawals_table',1),(52,'2021_10_10_054216_add_columns_to_mp_customer_revenues_table',1),(53,'2021_10_19_020859_update_metadata_field',1),(54,'2021_10_25_021023_fix-priority-load-for-language-advanced',1),(55,'2021_11_03_025806_nullable_phone_number_in_ec_customer_addresses',1),(56,'2021_11_23_071403_correct_languages_for_product_variations',1),(57,'2021_11_28_031808_add_product_tags_translations',1),(58,'2021_12_01_031123_add_featured_image_to_ec_products',1),(59,'2021_12_02_035301_add_ads_translations_table',1),(60,'2021_12_03_030600_create_blog_translations',1),(61,'2021_12_03_075608_create_page_translations',1),(62,'2021_12_03_082134_create_faq_translations',1),(63,'2021_12_03_082953_create_gallery_translations',1),(64,'2021_12_03_083642_create_testimonials_translations',1),(65,'2021_12_03_084118_create_location_translations',1),(66,'2021_12_03_094518_migrate_old_location_data',1),(67,'2021_12_06_031304_update_table_mp_customer_revenues',1),(68,'2021_12_10_034440_switch_plugin_location_to_use_language_advanced',1),(69,'2022_01_01_033107_update_table_ec_shipments',1),(70,'2022_01_16_085908_improve_plugin_location',1),(71,'2022_02_16_042457_improve_product_attribute_sets',1),(72,'2022_03_22_075758_correct_product_name',1),(73,'2022_04_19_113334_add_index_to_ec_products',1),(74,'2022_04_19_113923_add_index_to_table_posts',1),(75,'2022_04_20_100851_add_index_to_media_table',1),(76,'2022_04_20_101046_add_index_to_menu_table',1),(77,'2022_04_28_144405_remove_unused_table',1),(78,'2022_04_30_034048_create_gallery_meta_translations_table',1),(79,'2022_05_05_115015_create_ec_customer_recently_viewed_products_table',1),(80,'2022_05_18_143720_add_index_to_table_ec_product_categories',1),(81,'2022_06_16_095633_add_index_to_some_tables',1),(82,'2022_06_28_151901_activate_paypal_stripe_plugin',1),(83,'2022_06_30_035148_create_order_referrals_table',1),(84,'2022_07_07_153354_update_charge_id_in_table_payments',1),(85,'2022_07_10_034813_move_lang_folder_to_root',1),(86,'2022_07_24_153815_add_completed_at_to_ec_orders_table',1),(87,'2022_08_04_051940_add_missing_column_expires_at',1),(88,'2022_08_04_052122_delete_location_backup_tables',1),(89,'2022_08_14_032836_create_ec_order_returns_table',1),(90,'2022_08_14_033554_create_ec_order_return_items_table',1),(91,'2022_08_15_040324_add_billing_address',1),(92,'2022_08_30_091114_support_digital_products_table',1),(93,'2022_09_01_000001_create_admin_notifications_tables',1),(94,'2022_09_13_095744_create_options_table',1),(95,'2022_09_13_104347_create_option_value_table',1),(96,'2022_10_05_163518_alter_table_ec_order_product',1),(97,'2022_10_12_041517_create_invoices_table',1),(98,'2022_10_12_142226_update_orders_table',1),(99,'2022_10_13_024916_update_table_order_returns',1),(100,'2022_10_14_024629_drop_column_is_featured',1),(101,'2022_10_19_152916_add_columns_to_mp_stores_table',1),(102,'2022_10_20_062849_create_mp_category_sale_commissions_table',1),(103,'2022_10_21_030830_update_columns_in_ec_shipments_table',1),(104,'2022_10_28_021046_update_columns_in_ec_shipments_table',1),(105,'2022_11_02_071413_add_more_info_for_store',1),(106,'2022_11_02_080444_add_tax_info',1),(107,'2022_11_16_034522_update_type_column_in_ec_shipping_rules_table',1),(108,'2022_11_18_063357_add_missing_timestamp_in_table_settings',1),(109,'2022_11_19_041643_add_ec_tax_product_table',1),(110,'2022_12_02_093615_update_slug_index_columns',1),(111,'2022_12_12_063830_update_tax_defadult_in_ec_tax_products_table',1),(112,'2022_12_17_041532_fix_address_in_order_invoice',1),(113,'2022_12_26_070329_create_ec_product_views_table',1),(114,'2023_01_04_033051_fix_product_categories',1),(115,'2023_01_09_050400_add_ec_global_options_translations_table',1),(116,'2023_01_10_093754_add_missing_option_value_id',1),(117,'2023_01_17_082713_add_column_barcode_and_cost_per_item_to_product_table',1),(118,'2023_01_26_021854_add_ec_customer_used_coupons_table',1),(119,'2023_01_30_024431_add_alt_to_media_table',1),(120,'2023_02_01_062030_add_store_translations',1),(121,'2023_02_08_015900_update_options_column_in_ec_order_product_table',1),(122,'2023_02_13_032133_update_fee_column_mp_customer_revenues_table',1),(123,'2023_02_16_042611_drop_table_password_resets',1),(124,'2023_02_17_023648_fix_store_prefix',1),(125,'2023_02_27_095752_remove_duplicate_reviews',1),(126,'2023_03_20_115757_add_user_type_column_to_ec_shipment_histories_table',1),(127,'2023_04_17_062645_add_open_in_new_tab',1),(128,'2023_04_21_082427_create_ec_product_categorizables_table',1),(129,'2023_04_23_005903_add_column_permissions_to_admin_notifications',1),(130,'2023_04_23_061847_increase_state_translations_abbreviation_column',1),(131,'2023_05_03_011331_add_missing_column_price_into_invoice_items_table',1),(132,'2023_05_10_075124_drop_column_id_in_role_users_table',1),(133,'2023_05_17_025812_fix_invoice_issue',1),(134,'2023_05_26_073140_move_option_make_phone_field_optional_at_checkout_page_to_mandatory_fields',1),(135,'2023_05_27_144611_fix_exchange_rate_setting',1),(136,'2023_06_22_084331_add_generate_license_code_to_ec_products_table',1),(137,'2023_06_30_042512_create_ec_order_tax_information_table',1),(138,'2023_07_06_011444_create_slug_translations_table',1),(139,'2023_07_14_022724_remove_column_id_from_ec_product_collection_products',1),(140,'2023_07_26_041451_add_more_columns_to_location_table',1),(141,'2023_07_27_041451_add_more_columns_to_location_translation_table',1),(142,'2023_08_09_012940_remove_column_status_in_ec_product_attributes',1),(143,'2023_08_11_060908_create_announcements_table',1),(144,'2023_08_15_064505_create_ec_tax_rules_table',1),(145,'2023_08_15_073307_drop_unique_in_states_cities_translations',1),(146,'2023_08_21_021819_make_column_address_in_ec_customer_addresses_nullable',1),(147,'2023_08_21_090810_make_page_content_nullable',1),(148,'2023_08_22_094114_drop_unique_for_barcode',1),(149,'2023_08_29_074620_make_column_author_id_nullable',1),(150,'2023_08_29_075308_make_column_user_id_nullable',1),(151,'2023_08_30_031811_add_apply_via_url_column_to_ec_discounts_table',1),(152,'2023_09_07_094312_add_index_to_product_sku_and_translations',1),(153,'2023_09_14_021936_update_index_for_slugs_table',1),(154,'2023_09_14_022423_add_index_for_language_table',1),(155,'2023_09_19_024955_create_discount_product_categories_table',1),(156,'2023_10_17_070728_add_icon_and_icon_image_to_product_categories_table',1),(157,'2023_10_21_065016_make_state_id_in_table_cities_nullable',1),(158,'2023_11_07_023805_add_tablet_mobile_image',1),(159,'2023_11_10_080225_migrate_contact_blacklist_email_domains_to_core',1),(160,'2023_11_14_033417_change_request_column_in_table_audit_histories',1),(161,'2023_11_17_063408_add_description_column_to_faq_categories_table',1),(162,'2023_11_22_154643_add_unique_in_table_ec_products_variations',1),(163,'2023_11_27_032313_add_price_columns_to_ec_product_cross_sale_relations_table',1),(164,'2023_12_06_023945_add_display_on_checkout_column_to_ec_discounts_table',1),(165,'2023_12_06_100448_change_random_hash_for_media',1),(166,'2023_12_07_095130_add_color_column_to_media_folders_table',1),(167,'2023_12_12_105220_drop_translations_table',1),(168,'2023_12_17_162208_make_sure_column_color_in_media_folders_nullable',1),(169,'2023_12_25_040604_ec_create_review_replies_table',1),(170,'2023_12_26_090340_add_private_notes_column_to_ec_customers_table',1),(171,'2024_01_16_070706_fix_translation_tables',1),(172,'2024_01_23_075227_add_proof_file_to_ec_orders_table',1),(173,'2024_03_14_041050_migrate_lazy_load_theme_options',1),(174,'2024_03_20_080001_migrate_change_attribute_email_to_nullable_form_contacts_table',1),(175,'2024_03_21_100334_update_section_title_shape',1),(176,'2024_03_25_000001_update_captcha_settings_for_contact',1),(177,'2024_03_25_000001_update_captcha_settings_for_newsletter',1),(178,'2024_03_26_041531_add_cancel_reason_to_ec_orders_table',1),(179,'2024_03_27_062402_create_ec_customer_deletion_requests_table',1),(180,'2024_03_29_042242_migrate_old_captcha_settings',1),(181,'2024_03_29_093946_create_ec_order_return_histories_table',1),(182,'2024_04_01_043317_add_google_adsense_slot_id_to_ads_table',1),(183,'2024_04_01_063523_add_customer_columns_to_ec_reviews_table',1),(184,'2024_04_03_062451_add_cover_image_to_table_mp_stores',1),(185,'2024_04_04_110758_update_value_column_in_user_meta_table',1),(186,'2024_04_15_092654_migrate_ecommerce_google_tag_manager_code_setting',1),(187,'2024_04_16_035713_add_min_max_order_quantity_columns_to_products_table',1),(188,'2024_04_19_063914_create_custom_fields_table',1),(189,'2024_04_27_100730_improve_analytics_setting',1),(190,'2024_05_07_073153_improve_table_wishlist',1),(191,'2024_05_07_082630_create_mp_messages_table',1),(192,'2024_05_07_093703_add_missing_zip_code_into_table_store_locators',1);

--
-- Table structure for table `mp_category_sale_commissions`
--

CREATE TABLE `mp_category_sale_commissions` (
  `id` bigint unsigned NOT NULL AUTO_INCREMENT,
  `product_category_id` bigint unsigned NOT NULL,
  `commission_percentage` decimal(8,2) NOT NULL DEFAULT '0.00',
  PRIMARY KEY (`id`),
  UNIQUE KEY `mp_category_sale_commissions_product_category_id_unique` (`product_category_id`)
) ENGINE=InnoDB DEFAULT CHARSET=utf8mb4 COLLATE=utf8mb4_unicode_ci;

--
-- Dumping data for table `mp_category_sale_commissions`
--


--
-- Table structure for table `mp_customer_revenues`
--

CREATE TABLE `mp_customer_revenues` (
  `id` bigint unsigned NOT NULL AUTO_INCREMENT,
  `customer_id` bigint unsigned DEFAULT NULL,
  `order_id` bigint unsigned DEFAULT NULL,
  `sub_amount` decimal(15,2) DEFAULT '0.00',
  `fee` decimal(15,2) DEFAULT '0.00',
  `amount` decimal(15,2) DEFAULT '0.00',
  `current_balance` decimal(15,2) DEFAULT '0.00',
  `currency` varchar(120) COLLATE utf8mb4_unicode_ci DEFAULT NULL,
  `description` text COLLATE utf8mb4_unicode_ci,
  `created_at` timestamp NULL DEFAULT NULL,
  `updated_at` timestamp NULL DEFAULT NULL,
  `user_id` bigint unsigned NOT NULL DEFAULT '0',
  `type` varchar(60) COLLATE utf8mb4_unicode_ci DEFAULT NULL,
  PRIMARY KEY (`id`)
) ENGINE=InnoDB DEFAULT CHARSET=utf8mb4 COLLATE=utf8mb4_unicode_ci;

--
-- Dumping data for table `mp_customer_revenues`
--


--
-- Table structure for table `mp_customer_withdrawals`
--

CREATE TABLE `mp_customer_withdrawals` (
  `id` bigint unsigned NOT NULL AUTO_INCREMENT,
  `customer_id` bigint unsigned DEFAULT NULL,
  `fee` decimal(15,2) unsigned DEFAULT '0.00',
  `amount` decimal(15,2) unsigned DEFAULT '0.00',
  `current_balance` decimal(15,2) unsigned DEFAULT '0.00',
  `currency` varchar(120) COLLATE utf8mb4_unicode_ci DEFAULT NULL,
  `description` text COLLATE utf8mb4_unicode_ci,
  `bank_info` text COLLATE utf8mb4_unicode_ci,
  `payment_channel` varchar(60) COLLATE utf8mb4_unicode_ci DEFAULT NULL,
  `user_id` bigint unsigned NOT NULL DEFAULT '0',
  `status` varchar(60) COLLATE utf8mb4_unicode_ci NOT NULL DEFAULT 'pending',
  `images` text COLLATE utf8mb4_unicode_ci,
  `created_at` timestamp NULL DEFAULT NULL,
  `updated_at` timestamp NULL DEFAULT NULL,
  `transaction_id` varchar(60) COLLATE utf8mb4_unicode_ci DEFAULT NULL,
  PRIMARY KEY (`id`)
) ENGINE=InnoDB DEFAULT CHARSET=utf8mb4 COLLATE=utf8mb4_unicode_ci;

--
-- Dumping data for table `mp_customer_withdrawals`
--


--
-- Table structure for table `mp_messages`
--

CREATE TABLE `mp_messages` (
  `id` bigint unsigned NOT NULL AUTO_INCREMENT,
  `store_id` bigint unsigned NOT NULL,
  `customer_id` bigint unsigned DEFAULT NULL,
  `name` varchar(60) COLLATE utf8mb4_unicode_ci NOT NULL,
  `email` varchar(60) COLLATE utf8mb4_unicode_ci NOT NULL,
  `content` longtext COLLATE utf8mb4_unicode_ci NOT NULL,
  `created_at` timestamp NULL DEFAULT NULL,
  `updated_at` timestamp NULL DEFAULT NULL,
  PRIMARY KEY (`id`)
) ENGINE=InnoDB DEFAULT CHARSET=utf8mb4 COLLATE=utf8mb4_unicode_ci;

--
-- Dumping data for table `mp_messages`
--


--
-- Table structure for table `mp_stores`
--

CREATE TABLE `mp_stores` (
  `id` bigint unsigned NOT NULL AUTO_INCREMENT,
  `name` varchar(191) COLLATE utf8mb4_unicode_ci NOT NULL,
  `email` varchar(60) COLLATE utf8mb4_unicode_ci DEFAULT NULL,
  `phone` varchar(20) COLLATE utf8mb4_unicode_ci DEFAULT NULL,
  `address` varchar(191) COLLATE utf8mb4_unicode_ci DEFAULT NULL,
  `country` varchar(120) COLLATE utf8mb4_unicode_ci DEFAULT NULL,
  `state` varchar(120) COLLATE utf8mb4_unicode_ci DEFAULT NULL,
  `city` varchar(120) COLLATE utf8mb4_unicode_ci DEFAULT NULL,
  `customer_id` bigint unsigned DEFAULT NULL,
  `logo` varchar(191) COLLATE utf8mb4_unicode_ci DEFAULT NULL,
  `cover_image` varchar(191) COLLATE utf8mb4_unicode_ci DEFAULT NULL,
  `description` varchar(400) COLLATE utf8mb4_unicode_ci DEFAULT NULL,
  `content` longtext COLLATE utf8mb4_unicode_ci,
  `status` varchar(60) COLLATE utf8mb4_unicode_ci NOT NULL DEFAULT 'published',
  `vendor_verified_at` datetime DEFAULT NULL,
  `created_at` timestamp NULL DEFAULT NULL,
  `updated_at` timestamp NULL DEFAULT NULL,
  `zip_code` varchar(20) COLLATE utf8mb4_unicode_ci DEFAULT NULL,
  `company` varchar(191) COLLATE utf8mb4_unicode_ci DEFAULT NULL,
  PRIMARY KEY (`id`)
) ENGINE=InnoDB AUTO_INCREMENT=9 DEFAULT CHARSET=utf8mb4 COLLATE=utf8mb4_unicode_ci;

--
-- Dumping data for table `mp_stores`
--

INSERT INTO `mp_stores` VALUES (1,'GoPro','xmuller@example.com','+14403790557','1878 Wilmer Place Suite 256','LY','Tennessee','Nicoleside',8,'main/stores/1.png','main/stores/cover-4.png','Ut ipsum ea debitis ducimus dolorem illo. Amet a molestiae asperiores ipsa. Cupiditate et quas qui aut qui et corrupti et.','<p>I have seen many people underestimating the power of their wallets. To them, they are just a functional item they use to carry. As a result, they often end up with the wallets which are not really suitable for them.</p>\n\n                <p>You should pay more attention when you choose your wallets. There are a lot of them on the market with the different designs and styles. When you choose carefully, you would be able to buy a wallet that is catered to your needs. Not to mention that it will help to enhance your style significantly.</p>\n\n                <p style=\"text-align:center;\"><img alt=\"f4\" src=\"/storage/main/blog/post-1.jpg\"></p>\n\n                <p><br>\n                 </p>\n\n                <p><strong><em>For all of the reason above, here are 7 expert tips to help you pick up the right men’s wallet for you:</em></strong></p>\n\n                <h4><strong>Number 1: Choose A Neat Wallet</strong></h4>\n\n                <p>The wallet is an essential accessory that you should go simple. Simplicity is the best in this case. A simple and neat wallet with the plain color and even <strong>minimalist style</strong> is versatile. It can be used for both formal and casual events. In addition, that wallet will go well with most of the clothes in your wardrobe.</p>\n\n                <p>Keep in mind that a wallet will tell other people about your personality and your fashion sense as much as other clothes you put on. Hence, don’t go cheesy on your wallet or else people will think that you have a funny and particular style.</p>\n\n                <p style=\"text-align:center;\"><img alt=\"f5\" src=\"/storage/main/blog/post-2.jpg\"></p>\n\n                <p><br>\n                 </p>\n                <hr>\n                <h4><strong>Number 2: Choose The Right Size For Your Wallet</strong></h4>\n\n                <p>You should avoid having an over-sized wallet. Don’t think that you need to buy a big wallet because you have a lot to carry with you. In addition, a fat wallet is very ugly. It will make it harder for you to slide the wallet into your trousers’ pocket. In addition, it will create a bulge and ruin your look.</p>\n\n                <p>Before you go on to buy a new wallet, clean out your wallet and place all the items from your wallet on a table. Throw away things that you would never need any more such as the old bills or the expired gift cards. Remember to check your wallet on a frequent basis to get rid of all of the old stuff that you don’t need anymore.</p>\n\n                <p style=\"text-align:center;\"><img alt=\"f1\" src=\"/storage/main/blog/post-3.jpg\"></p>\n\n                <p><br>\n                 </p>\n\n                <hr>\n                <h4><strong>Number 3: Don’t Limit Your Options Of Materials</strong></h4>\n\n                <p>The types and designs of wallets are not the only things that you should consider when you go out searching for your best wallet. You have more than 1 option of material rather than leather to choose from as well.</p>\n\n                <p>You can experiment with other available options such as cotton, polyester and canvas. They all have their own pros and cons. As a result, they will be suitable for different needs and requirements. You should think about them all in order to choose the material which you would like the most.</p>\n\n                <p style=\"text-align:center;\"><img alt=\"f6\" src=\"/storage/main/blog/post-4.jpg\"></p>\n\n                <p><br>\n                 </p>\n\n                <hr>\n                <h4><strong>Number 4: Consider A Wallet As A Long Term Investment</strong></h4>\n\n                <p>Your wallet is indeed an investment that you should consider spending a decent amount of time and effort on it. Another factor that you need to consider is how much you want to spend on your wallet. The price ranges of wallets on the market vary a great deal. You can find a wallet which is as cheap as about 5 to 7 dollars. On the other hand, you should expect to pay around 250 to 300 dollars for a high-quality wallet.</p>\n\n                <p>In case you need a wallet to use for a long time, it is a good idea that you should invest a decent amount of money on a wallet. A high quality wallet from a reputational brand with the premium quality such as cowhide leather will last for a long time. In addition, it is an accessory to show off your fashion sense and your social status.</p>\n\n                <p style=\"text-align:center;\"><img alt=\"f2\" src=\"/storage/main/blog/post-5.jpg\"></p>\n\n                <p> </p>\n                ','published',NULL,'2024-05-10 02:10:27','2024-05-10 02:10:27',NULL,NULL),(2,'Global Office','maximillian.skiles@example.net','+16693076488','9164 White Court Apt. 485','MX','North Dakota','Lorenahaven',8,'main/stores/2.png','main/stores/cover-1.png','Adipisci odit sint voluptas architecto aut. Qui natus voluptas iste reiciendis tempore. Enim ea est veniam optio qui sed. Voluptatem cumque explicabo possimus esse ut tempore magnam. Libero id qui amet incidunt assumenda.','<p>I have seen many people underestimating the power of their wallets. To them, they are just a functional item they use to carry. As a result, they often end up with the wallets which are not really suitable for them.</p>\n\n                <p>You should pay more attention when you choose your wallets. There are a lot of them on the market with the different designs and styles. When you choose carefully, you would be able to buy a wallet that is catered to your needs. Not to mention that it will help to enhance your style significantly.</p>\n\n                <p style=\"text-align:center;\"><img alt=\"f4\" src=\"/storage/main/blog/post-1.jpg\"></p>\n\n                <p><br>\n                 </p>\n\n                <p><strong><em>For all of the reason above, here are 7 expert tips to help you pick up the right men’s wallet for you:</em></strong></p>\n\n                <h4><strong>Number 1: Choose A Neat Wallet</strong></h4>\n\n                <p>The wallet is an essential accessory that you should go simple. Simplicity is the best in this case. A simple and neat wallet with the plain color and even <strong>minimalist style</strong> is versatile. It can be used for both formal and casual events. In addition, that wallet will go well with most of the clothes in your wardrobe.</p>\n\n                <p>Keep in mind that a wallet will tell other people about your personality and your fashion sense as much as other clothes you put on. Hence, don’t go cheesy on your wallet or else people will think that you have a funny and particular style.</p>\n\n                <p style=\"text-align:center;\"><img alt=\"f5\" src=\"/storage/main/blog/post-2.jpg\"></p>\n\n                <p><br>\n                 </p>\n                <hr>\n                <h4><strong>Number 2: Choose The Right Size For Your Wallet</strong></h4>\n\n                <p>You should avoid having an over-sized wallet. Don’t think that you need to buy a big wallet because you have a lot to carry with you. In addition, a fat wallet is very ugly. It will make it harder for you to slide the wallet into your trousers’ pocket. In addition, it will create a bulge and ruin your look.</p>\n\n                <p>Before you go on to buy a new wallet, clean out your wallet and place all the items from your wallet on a table. Throw away things that you would never need any more such as the old bills or the expired gift cards. Remember to check your wallet on a frequent basis to get rid of all of the old stuff that you don’t need anymore.</p>\n\n                <p style=\"text-align:center;\"><img alt=\"f1\" src=\"/storage/main/blog/post-3.jpg\"></p>\n\n                <p><br>\n                 </p>\n\n                <hr>\n                <h4><strong>Number 3: Don’t Limit Your Options Of Materials</strong></h4>\n\n                <p>The types and designs of wallets are not the only things that you should consider when you go out searching for your best wallet. You have more than 1 option of material rather than leather to choose from as well.</p>\n\n                <p>You can experiment with other available options such as cotton, polyester and canvas. They all have their own pros and cons. As a result, they will be suitable for different needs and requirements. You should think about them all in order to choose the material which you would like the most.</p>\n\n                <p style=\"text-align:center;\"><img alt=\"f6\" src=\"/storage/main/blog/post-4.jpg\"></p>\n\n                <p><br>\n                 </p>\n\n                <hr>\n                <h4><strong>Number 4: Consider A Wallet As A Long Term Investment</strong></h4>\n\n                <p>Your wallet is indeed an investment that you should consider spending a decent amount of time and effort on it. Another factor that you need to consider is how much you want to spend on your wallet. The price ranges of wallets on the market vary a great deal. You can find a wallet which is as cheap as about 5 to 7 dollars. On the other hand, you should expect to pay around 250 to 300 dollars for a high-quality wallet.</p>\n\n                <p>In case you need a wallet to use for a long time, it is a good idea that you should invest a decent amount of money on a wallet. A high quality wallet from a reputational brand with the premium quality such as cowhide leather will last for a long time. In addition, it is an accessory to show off your fashion sense and your social status.</p>\n\n                <p style=\"text-align:center;\"><img alt=\"f2\" src=\"/storage/main/blog/post-5.jpg\"></p>\n\n                <p> </p>\n                ','published',NULL,'2024-05-10 02:10:27','2024-05-10 02:10:27',NULL,NULL),(3,'Young Shop','russel.prudence@example.org','+16789608579','4955 Mireya Mall','CY','Georgia','Lake Majorport',8,'main/stores/3.png','main/stores/cover-1.png','Ratione fugit voluptas est quisquam temporibus consequatur libero. Officiis omnis voluptas totam totam. Praesentium mollitia et sunt labore assumenda recusandae. Voluptatem in temporibus ut omnis suscipit quis est maxime. Quo ut et enim amet at eum.','<p>I have seen many people underestimating the power of their wallets. To them, they are just a functional item they use to carry. As a result, they often end up with the wallets which are not really suitable for them.</p>\n\n                <p>You should pay more attention when you choose your wallets. There are a lot of them on the market with the different designs and styles. When you choose carefully, you would be able to buy a wallet that is catered to your needs. Not to mention that it will help to enhance your style significantly.</p>\n\n                <p style=\"text-align:center;\"><img alt=\"f4\" src=\"/storage/main/blog/post-1.jpg\"></p>\n\n                <p><br>\n                 </p>\n\n                <p><strong><em>For all of the reason above, here are 7 expert tips to help you pick up the right men’s wallet for you:</em></strong></p>\n\n                <h4><strong>Number 1: Choose A Neat Wallet</strong></h4>\n\n                <p>The wallet is an essential accessory that you should go simple. Simplicity is the best in this case. A simple and neat wallet with the plain color and even <strong>minimalist style</strong> is versatile. It can be used for both formal and casual events. In addition, that wallet will go well with most of the clothes in your wardrobe.</p>\n\n                <p>Keep in mind that a wallet will tell other people about your personality and your fashion sense as much as other clothes you put on. Hence, don’t go cheesy on your wallet or else people will think that you have a funny and particular style.</p>\n\n                <p style=\"text-align:center;\"><img alt=\"f5\" src=\"/storage/main/blog/post-2.jpg\"></p>\n\n                <p><br>\n                 </p>\n                <hr>\n                <h4><strong>Number 2: Choose The Right Size For Your Wallet</strong></h4>\n\n                <p>You should avoid having an over-sized wallet. Don’t think that you need to buy a big wallet because you have a lot to carry with you. In addition, a fat wallet is very ugly. It will make it harder for you to slide the wallet into your trousers’ pocket. In addition, it will create a bulge and ruin your look.</p>\n\n                <p>Before you go on to buy a new wallet, clean out your wallet and place all the items from your wallet on a table. Throw away things that you would never need any more such as the old bills or the expired gift cards. Remember to check your wallet on a frequent basis to get rid of all of the old stuff that you don’t need anymore.</p>\n\n                <p style=\"text-align:center;\"><img alt=\"f1\" src=\"/storage/main/blog/post-3.jpg\"></p>\n\n                <p><br>\n                 </p>\n\n                <hr>\n                <h4><strong>Number 3: Don’t Limit Your Options Of Materials</strong></h4>\n\n                <p>The types and designs of wallets are not the only things that you should consider when you go out searching for your best wallet. You have more than 1 option of material rather than leather to choose from as well.</p>\n\n                <p>You can experiment with other available options such as cotton, polyester and canvas. They all have their own pros and cons. As a result, they will be suitable for different needs and requirements. You should think about them all in order to choose the material which you would like the most.</p>\n\n                <p style=\"text-align:center;\"><img alt=\"f6\" src=\"/storage/main/blog/post-4.jpg\"></p>\n\n                <p><br>\n                 </p>\n\n                <hr>\n                <h4><strong>Number 4: Consider A Wallet As A Long Term Investment</strong></h4>\n\n                <p>Your wallet is indeed an investment that you should consider spending a decent amount of time and effort on it. Another factor that you need to consider is how much you want to spend on your wallet. The price ranges of wallets on the market vary a great deal. You can find a wallet which is as cheap as about 5 to 7 dollars. On the other hand, you should expect to pay around 250 to 300 dollars for a high-quality wallet.</p>\n\n                <p>In case you need a wallet to use for a long time, it is a good idea that you should invest a decent amount of money on a wallet. A high quality wallet from a reputational brand with the premium quality such as cowhide leather will last for a long time. In addition, it is an accessory to show off your fashion sense and your social status.</p>\n\n                <p style=\"text-align:center;\"><img alt=\"f2\" src=\"/storage/main/blog/post-5.jpg\"></p>\n\n                <p> </p>\n                ','published',NULL,'2024-05-10 02:10:27','2024-05-10 02:10:27',NULL,NULL),(4,'Global Store','madonna46@example.net','+17852523219','9698 Wiegand Hollow Apt. 739','BJ','Montana','East Anita',4,'main/stores/4.png','main/stores/cover-2.png','Qui accusantium consequuntur libero qui. Eos sapiente voluptas voluptates sunt dolores porro. Qui hic labore ipsum consectetur. Quaerat nulla provident adipisci vero quo cum. Totam adipisci quia totam rerum consequatur.','<p>I have seen many people underestimating the power of their wallets. To them, they are just a functional item they use to carry. As a result, they often end up with the wallets which are not really suitable for them.</p>\n\n                <p>You should pay more attention when you choose your wallets. There are a lot of them on the market with the different designs and styles. When you choose carefully, you would be able to buy a wallet that is catered to your needs. Not to mention that it will help to enhance your style significantly.</p>\n\n                <p style=\"text-align:center;\"><img alt=\"f4\" src=\"/storage/main/blog/post-1.jpg\"></p>\n\n                <p><br>\n                 </p>\n\n                <p><strong><em>For all of the reason above, here are 7 expert tips to help you pick up the right men’s wallet for you:</em></strong></p>\n\n                <h4><strong>Number 1: Choose A Neat Wallet</strong></h4>\n\n                <p>The wallet is an essential accessory that you should go simple. Simplicity is the best in this case. A simple and neat wallet with the plain color and even <strong>minimalist style</strong> is versatile. It can be used for both formal and casual events. In addition, that wallet will go well with most of the clothes in your wardrobe.</p>\n\n                <p>Keep in mind that a wallet will tell other people about your personality and your fashion sense as much as other clothes you put on. Hence, don’t go cheesy on your wallet or else people will think that you have a funny and particular style.</p>\n\n                <p style=\"text-align:center;\"><img alt=\"f5\" src=\"/storage/main/blog/post-2.jpg\"></p>\n\n                <p><br>\n                 </p>\n                <hr>\n                <h4><strong>Number 2: Choose The Right Size For Your Wallet</strong></h4>\n\n                <p>You should avoid having an over-sized wallet. Don’t think that you need to buy a big wallet because you have a lot to carry with you. In addition, a fat wallet is very ugly. It will make it harder for you to slide the wallet into your trousers’ pocket. In addition, it will create a bulge and ruin your look.</p>\n\n                <p>Before you go on to buy a new wallet, clean out your wallet and place all the items from your wallet on a table. Throw away things that you would never need any more such as the old bills or the expired gift cards. Remember to check your wallet on a frequent basis to get rid of all of the old stuff that you don’t need anymore.</p>\n\n                <p style=\"text-align:center;\"><img alt=\"f1\" src=\"/storage/main/blog/post-3.jpg\"></p>\n\n                <p><br>\n                 </p>\n\n                <hr>\n                <h4><strong>Number 3: Don’t Limit Your Options Of Materials</strong></h4>\n\n                <p>The types and designs of wallets are not the only things that you should consider when you go out searching for your best wallet. You have more than 1 option of material rather than leather to choose from as well.</p>\n\n                <p>You can experiment with other available options such as cotton, polyester and canvas. They all have their own pros and cons. As a result, they will be suitable for different needs and requirements. You should think about them all in order to choose the material which you would like the most.</p>\n\n                <p style=\"text-align:center;\"><img alt=\"f6\" src=\"/storage/main/blog/post-4.jpg\"></p>\n\n                <p><br>\n                 </p>\n\n                <hr>\n                <h4><strong>Number 4: Consider A Wallet As A Long Term Investment</strong></h4>\n\n                <p>Your wallet is indeed an investment that you should consider spending a decent amount of time and effort on it. Another factor that you need to consider is how much you want to spend on your wallet. The price ranges of wallets on the market vary a great deal. You can find a wallet which is as cheap as about 5 to 7 dollars. On the other hand, you should expect to pay around 250 to 300 dollars for a high-quality wallet.</p>\n\n                <p>In case you need a wallet to use for a long time, it is a good idea that you should invest a decent amount of money on a wallet. A high quality wallet from a reputational brand with the premium quality such as cowhide leather will last for a long time. In addition, it is an accessory to show off your fashion sense and your social status.</p>\n\n                <p style=\"text-align:center;\"><img alt=\"f2\" src=\"/storage/main/blog/post-5.jpg\"></p>\n\n                <p> </p>\n                ','published',NULL,'2024-05-10 02:10:27','2024-05-10 02:10:27',NULL,NULL),(5,'Robert’s Store','blanda.hettie@example.com','+17248254947','69109 Sigmund Motorway Suite 216','KE','Texas','Armstrongfort',8,'main/stores/5.png','main/stores/cover-2.png','Recusandae hic quas inventore officia non. Id consequatur consequatur et in ratione quis. Totam ratione atque nemo dolores molestias id assumenda. Provident ab quisquam maxime voluptatibus saepe. Quas sed repudiandae dolorem est ex veritatis. Ad sit ratione consequatur itaque autem asperiores.','<p>I have seen many people underestimating the power of their wallets. To them, they are just a functional item they use to carry. As a result, they often end up with the wallets which are not really suitable for them.</p>\n\n                <p>You should pay more attention when you choose your wallets. There are a lot of them on the market with the different designs and styles. When you choose carefully, you would be able to buy a wallet that is catered to your needs. Not to mention that it will help to enhance your style significantly.</p>\n\n                <p style=\"text-align:center;\"><img alt=\"f4\" src=\"/storage/main/blog/post-1.jpg\"></p>\n\n                <p><br>\n                 </p>\n\n                <p><strong><em>For all of the reason above, here are 7 expert tips to help you pick up the right men’s wallet for you:</em></strong></p>\n\n                <h4><strong>Number 1: Choose A Neat Wallet</strong></h4>\n\n                <p>The wallet is an essential accessory that you should go simple. Simplicity is the best in this case. A simple and neat wallet with the plain color and even <strong>minimalist style</strong> is versatile. It can be used for both formal and casual events. In addition, that wallet will go well with most of the clothes in your wardrobe.</p>\n\n                <p>Keep in mind that a wallet will tell other people about your personality and your fashion sense as much as other clothes you put on. Hence, don’t go cheesy on your wallet or else people will think that you have a funny and particular style.</p>\n\n                <p style=\"text-align:center;\"><img alt=\"f5\" src=\"/storage/main/blog/post-2.jpg\"></p>\n\n                <p><br>\n                 </p>\n                <hr>\n                <h4><strong>Number 2: Choose The Right Size For Your Wallet</strong></h4>\n\n                <p>You should avoid having an over-sized wallet. Don’t think that you need to buy a big wallet because you have a lot to carry with you. In addition, a fat wallet is very ugly. It will make it harder for you to slide the wallet into your trousers’ pocket. In addition, it will create a bulge and ruin your look.</p>\n\n                <p>Before you go on to buy a new wallet, clean out your wallet and place all the items from your wallet on a table. Throw away things that you would never need any more such as the old bills or the expired gift cards. Remember to check your wallet on a frequent basis to get rid of all of the old stuff that you don’t need anymore.</p>\n\n                <p style=\"text-align:center;\"><img alt=\"f1\" src=\"/storage/main/blog/post-3.jpg\"></p>\n\n                <p><br>\n                 </p>\n\n                <hr>\n                <h4><strong>Number 3: Don’t Limit Your Options Of Materials</strong></h4>\n\n                <p>The types and designs of wallets are not the only things that you should consider when you go out searching for your best wallet. You have more than 1 option of material rather than leather to choose from as well.</p>\n\n                <p>You can experiment with other available options such as cotton, polyester and canvas. They all have their own pros and cons. As a result, they will be suitable for different needs and requirements. You should think about them all in order to choose the material which you would like the most.</p>\n\n                <p style=\"text-align:center;\"><img alt=\"f6\" src=\"/storage/main/blog/post-4.jpg\"></p>\n\n                <p><br>\n                 </p>\n\n                <hr>\n                <h4><strong>Number 4: Consider A Wallet As A Long Term Investment</strong></h4>\n\n                <p>Your wallet is indeed an investment that you should consider spending a decent amount of time and effort on it. Another factor that you need to consider is how much you want to spend on your wallet. The price ranges of wallets on the market vary a great deal. You can find a wallet which is as cheap as about 5 to 7 dollars. On the other hand, you should expect to pay around 250 to 300 dollars for a high-quality wallet.</p>\n\n                <p>In case you need a wallet to use for a long time, it is a good idea that you should invest a decent amount of money on a wallet. A high quality wallet from a reputational brand with the premium quality such as cowhide leather will last for a long time. In addition, it is an accessory to show off your fashion sense and your social status.</p>\n\n                <p style=\"text-align:center;\"><img alt=\"f2\" src=\"/storage/main/blog/post-5.jpg\"></p>\n\n                <p> </p>\n                ','published',NULL,'2024-05-10 02:10:27','2024-05-10 02:10:27',NULL,NULL),(6,'Stouffer','jordon.champlin@example.org','+18704212480','7190 Kassulke Glens Suite 102','AE','Florida','Yoshikostad',4,'main/stores/6.png','main/stores/cover-1.png','Vel sint aut nihil ea quo. Temporibus facilis labore aut voluptatem. Iusto fugit quo rem exercitationem nulla dignissimos esse. Natus quo ratione explicabo veritatis. Libero recusandae fugiat omnis asperiores odio alias. A corrupti autem et explicabo et.','<p>I have seen many people underestimating the power of their wallets. To them, they are just a functional item they use to carry. As a result, they often end up with the wallets which are not really suitable for them.</p>\n\n                <p>You should pay more attention when you choose your wallets. There are a lot of them on the market with the different designs and styles. When you choose carefully, you would be able to buy a wallet that is catered to your needs. Not to mention that it will help to enhance your style significantly.</p>\n\n                <p style=\"text-align:center;\"><img alt=\"f4\" src=\"/storage/main/blog/post-1.jpg\"></p>\n\n                <p><br>\n                 </p>\n\n                <p><strong><em>For all of the reason above, here are 7 expert tips to help you pick up the right men’s wallet for you:</em></strong></p>\n\n                <h4><strong>Number 1: Choose A Neat Wallet</strong></h4>\n\n                <p>The wallet is an essential accessory that you should go simple. Simplicity is the best in this case. A simple and neat wallet with the plain color and even <strong>minimalist style</strong> is versatile. It can be used for both formal and casual events. In addition, that wallet will go well with most of the clothes in your wardrobe.</p>\n\n                <p>Keep in mind that a wallet will tell other people about your personality and your fashion sense as much as other clothes you put on. Hence, don’t go cheesy on your wallet or else people will think that you have a funny and particular style.</p>\n\n                <p style=\"text-align:center;\"><img alt=\"f5\" src=\"/storage/main/blog/post-2.jpg\"></p>\n\n                <p><br>\n                 </p>\n                <hr>\n                <h4><strong>Number 2: Choose The Right Size For Your Wallet</strong></h4>\n\n                <p>You should avoid having an over-sized wallet. Don’t think that you need to buy a big wallet because you have a lot to carry with you. In addition, a fat wallet is very ugly. It will make it harder for you to slide the wallet into your trousers’ pocket. In addition, it will create a bulge and ruin your look.</p>\n\n                <p>Before you go on to buy a new wallet, clean out your wallet and place all the items from your wallet on a table. Throw away things that you would never need any more such as the old bills or the expired gift cards. Remember to check your wallet on a frequent basis to get rid of all of the old stuff that you don’t need anymore.</p>\n\n                <p style=\"text-align:center;\"><img alt=\"f1\" src=\"/storage/main/blog/post-3.jpg\"></p>\n\n                <p><br>\n                 </p>\n\n                <hr>\n                <h4><strong>Number 3: Don’t Limit Your Options Of Materials</strong></h4>\n\n                <p>The types and designs of wallets are not the only things that you should consider when you go out searching for your best wallet. You have more than 1 option of material rather than leather to choose from as well.</p>\n\n                <p>You can experiment with other available options such as cotton, polyester and canvas. They all have their own pros and cons. As a result, they will be suitable for different needs and requirements. You should think about them all in order to choose the material which you would like the most.</p>\n\n                <p style=\"text-align:center;\"><img alt=\"f6\" src=\"/storage/main/blog/post-4.jpg\"></p>\n\n                <p><br>\n                 </p>\n\n                <hr>\n                <h4><strong>Number 4: Consider A Wallet As A Long Term Investment</strong></h4>\n\n                <p>Your wallet is indeed an investment that you should consider spending a decent amount of time and effort on it. Another factor that you need to consider is how much you want to spend on your wallet. The price ranges of wallets on the market vary a great deal. You can find a wallet which is as cheap as about 5 to 7 dollars. On the other hand, you should expect to pay around 250 to 300 dollars for a high-quality wallet.</p>\n\n                <p>In case you need a wallet to use for a long time, it is a good idea that you should invest a decent amount of money on a wallet. A high quality wallet from a reputational brand with the premium quality such as cowhide leather will last for a long time. In addition, it is an accessory to show off your fashion sense and your social status.</p>\n\n                <p style=\"text-align:center;\"><img alt=\"f2\" src=\"/storage/main/blog/post-5.jpg\"></p>\n\n                <p> </p>\n                ','published',NULL,'2024-05-10 02:10:27','2024-05-10 02:10:27',NULL,NULL),(7,'StarKist','mkiehn@example.net','+15718172135','7802 Feest Passage Suite 171','MG','New York','Tristinport',8,'main/stores/7.png','main/stores/cover-5.png','Est nulla voluptatem in saepe consequuntur enim. Repellendus alias veritatis sequi molestiae aliquam. Veniam aut possimus deserunt fugit doloribus. Officia in explicabo aut debitis et.','<p>I have seen many people underestimating the power of their wallets. To them, they are just a functional item they use to carry. As a result, they often end up with the wallets which are not really suitable for them.</p>\n\n                <p>You should pay more attention when you choose your wallets. There are a lot of them on the market with the different designs and styles. When you choose carefully, you would be able to buy a wallet that is catered to your needs. Not to mention that it will help to enhance your style significantly.</p>\n\n                <p style=\"text-align:center;\"><img alt=\"f4\" src=\"/storage/main/blog/post-1.jpg\"></p>\n\n                <p><br>\n                 </p>\n\n                <p><strong><em>For all of the reason above, here are 7 expert tips to help you pick up the right men’s wallet for you:</em></strong></p>\n\n                <h4><strong>Number 1: Choose A Neat Wallet</strong></h4>\n\n                <p>The wallet is an essential accessory that you should go simple. Simplicity is the best in this case. A simple and neat wallet with the plain color and even <strong>minimalist style</strong> is versatile. It can be used for both formal and casual events. In addition, that wallet will go well with most of the clothes in your wardrobe.</p>\n\n                <p>Keep in mind that a wallet will tell other people about your personality and your fashion sense as much as other clothes you put on. Hence, don’t go cheesy on your wallet or else people will think that you have a funny and particular style.</p>\n\n                <p style=\"text-align:center;\"><img alt=\"f5\" src=\"/storage/main/blog/post-2.jpg\"></p>\n\n                <p><br>\n                 </p>\n                <hr>\n                <h4><strong>Number 2: Choose The Right Size For Your Wallet</strong></h4>\n\n                <p>You should avoid having an over-sized wallet. Don’t think that you need to buy a big wallet because you have a lot to carry with you. In addition, a fat wallet is very ugly. It will make it harder for you to slide the wallet into your trousers’ pocket. In addition, it will create a bulge and ruin your look.</p>\n\n                <p>Before you go on to buy a new wallet, clean out your wallet and place all the items from your wallet on a table. Throw away things that you would never need any more such as the old bills or the expired gift cards. Remember to check your wallet on a frequent basis to get rid of all of the old stuff that you don’t need anymore.</p>\n\n                <p style=\"text-align:center;\"><img alt=\"f1\" src=\"/storage/main/blog/post-3.jpg\"></p>\n\n                <p><br>\n                 </p>\n\n                <hr>\n                <h4><strong>Number 3: Don’t Limit Your Options Of Materials</strong></h4>\n\n                <p>The types and designs of wallets are not the only things that you should consider when you go out searching for your best wallet. You have more than 1 option of material rather than leather to choose from as well.</p>\n\n                <p>You can experiment with other available options such as cotton, polyester and canvas. They all have their own pros and cons. As a result, they will be suitable for different needs and requirements. You should think about them all in order to choose the material which you would like the most.</p>\n\n                <p style=\"text-align:center;\"><img alt=\"f6\" src=\"/storage/main/blog/post-4.jpg\"></p>\n\n                <p><br>\n                 </p>\n\n                <hr>\n                <h4><strong>Number 4: Consider A Wallet As A Long Term Investment</strong></h4>\n\n                <p>Your wallet is indeed an investment that you should consider spending a decent amount of time and effort on it. Another factor that you need to consider is how much you want to spend on your wallet. The price ranges of wallets on the market vary a great deal. You can find a wallet which is as cheap as about 5 to 7 dollars. On the other hand, you should expect to pay around 250 to 300 dollars for a high-quality wallet.</p>\n\n                <p>In case you need a wallet to use for a long time, it is a good idea that you should invest a decent amount of money on a wallet. A high quality wallet from a reputational brand with the premium quality such as cowhide leather will last for a long time. In addition, it is an accessory to show off your fashion sense and your social status.</p>\n\n                <p style=\"text-align:center;\"><img alt=\"f2\" src=\"/storage/main/blog/post-5.jpg\"></p>\n\n                <p> </p>\n                ','published',NULL,'2024-05-10 02:10:27','2024-05-10 02:10:27',NULL,NULL),(8,'Old El Paso','konopelski.darrell@example.org','+19803966736','3490 Abernathy Course Suite 008','BG','Nevada','New Pearline',2,'main/stores/8.png','main/stores/cover-4.png','Et enim ut esse pariatur sunt ullam. Omnis ea laudantium quia nam et. Et illum autem asperiores deleniti soluta. Aut qui iste blanditiis neque quam impedit. Aliquid mollitia molestiae modi labore neque velit quis aut. Accusantium voluptate nesciunt iste non. Quae dolores est perferendis in dolorum ipsum. Ex excepturi et nesciunt non autem ea.','<p>I have seen many people underestimating the power of their wallets. To them, they are just a functional item they use to carry. As a result, they often end up with the wallets which are not really suitable for them.</p>\n\n                <p>You should pay more attention when you choose your wallets. There are a lot of them on the market with the different designs and styles. When you choose carefully, you would be able to buy a wallet that is catered to your needs. Not to mention that it will help to enhance your style significantly.</p>\n\n                <p style=\"text-align:center;\"><img alt=\"f4\" src=\"/storage/main/blog/post-1.jpg\"></p>\n\n                <p><br>\n                 </p>\n\n                <p><strong><em>For all of the reason above, here are 7 expert tips to help you pick up the right men’s wallet for you:</em></strong></p>\n\n                <h4><strong>Number 1: Choose A Neat Wallet</strong></h4>\n\n                <p>The wallet is an essential accessory that you should go simple. Simplicity is the best in this case. A simple and neat wallet with the plain color and even <strong>minimalist style</strong> is versatile. It can be used for both formal and casual events. In addition, that wallet will go well with most of the clothes in your wardrobe.</p>\n\n                <p>Keep in mind that a wallet will tell other people about your personality and your fashion sense as much as other clothes you put on. Hence, don’t go cheesy on your wallet or else people will think that you have a funny and particular style.</p>\n\n                <p style=\"text-align:center;\"><img alt=\"f5\" src=\"/storage/main/blog/post-2.jpg\"></p>\n\n                <p><br>\n                 </p>\n                <hr>\n                <h4><strong>Number 2: Choose The Right Size For Your Wallet</strong></h4>\n\n                <p>You should avoid having an over-sized wallet. Don’t think that you need to buy a big wallet because you have a lot to carry with you. In addition, a fat wallet is very ugly. It will make it harder for you to slide the wallet into your trousers’ pocket. In addition, it will create a bulge and ruin your look.</p>\n\n                <p>Before you go on to buy a new wallet, clean out your wallet and place all the items from your wallet on a table. Throw away things that you would never need any more such as the old bills or the expired gift cards. Remember to check your wallet on a frequent basis to get rid of all of the old stuff that you don’t need anymore.</p>\n\n                <p style=\"text-align:center;\"><img alt=\"f1\" src=\"/storage/main/blog/post-3.jpg\"></p>\n\n                <p><br>\n                 </p>\n\n                <hr>\n                <h4><strong>Number 3: Don’t Limit Your Options Of Materials</strong></h4>\n\n                <p>The types and designs of wallets are not the only things that you should consider when you go out searching for your best wallet. You have more than 1 option of material rather than leather to choose from as well.</p>\n\n                <p>You can experiment with other available options such as cotton, polyester and canvas. They all have their own pros and cons. As a result, they will be suitable for different needs and requirements. You should think about them all in order to choose the material which you would like the most.</p>\n\n                <p style=\"text-align:center;\"><img alt=\"f6\" src=\"/storage/main/blog/post-4.jpg\"></p>\n\n                <p><br>\n                 </p>\n\n                <hr>\n                <h4><strong>Number 4: Consider A Wallet As A Long Term Investment</strong></h4>\n\n                <p>Your wallet is indeed an investment that you should consider spending a decent amount of time and effort on it. Another factor that you need to consider is how much you want to spend on your wallet. The price ranges of wallets on the market vary a great deal. You can find a wallet which is as cheap as about 5 to 7 dollars. On the other hand, you should expect to pay around 250 to 300 dollars for a high-quality wallet.</p>\n\n                <p>In case you need a wallet to use for a long time, it is a good idea that you should invest a decent amount of money on a wallet. A high quality wallet from a reputational brand with the premium quality such as cowhide leather will last for a long time. In addition, it is an accessory to show off your fashion sense and your social status.</p>\n\n                <p style=\"text-align:center;\"><img alt=\"f2\" src=\"/storage/main/blog/post-5.jpg\"></p>\n\n                <p> </p>\n                ','published',NULL,'2024-05-10 02:10:27','2024-05-10 02:10:27',NULL,NULL);

--
-- Table structure for table `mp_stores_translations`
--

CREATE TABLE `mp_stores_translations` (
  `lang_code` varchar(191) COLLATE utf8mb4_unicode_ci NOT NULL,
  `mp_stores_id` bigint unsigned NOT NULL,
  `name` varchar(191) COLLATE utf8mb4_unicode_ci DEFAULT NULL,
  `description` varchar(400) COLLATE utf8mb4_unicode_ci DEFAULT NULL,
  `content` longtext COLLATE utf8mb4_unicode_ci,
  `address` varchar(191) COLLATE utf8mb4_unicode_ci DEFAULT NULL,
  `company` varchar(191) COLLATE utf8mb4_unicode_ci DEFAULT NULL,
  `cover_image` varchar(191) COLLATE utf8mb4_unicode_ci DEFAULT NULL,
  PRIMARY KEY (`lang_code`,`mp_stores_id`)
) ENGINE=InnoDB DEFAULT CHARSET=utf8mb4 COLLATE=utf8mb4_unicode_ci;

--
-- Dumping data for table `mp_stores_translations`
--


--
-- Table structure for table `mp_vendor_info`
--

CREATE TABLE `mp_vendor_info` (
  `id` bigint unsigned NOT NULL AUTO_INCREMENT,
  `customer_id` bigint unsigned NOT NULL DEFAULT '0',
  `balance` decimal(15,2) NOT NULL DEFAULT '0.00',
  `total_fee` decimal(15,2) NOT NULL DEFAULT '0.00',
  `total_revenue` decimal(15,2) NOT NULL DEFAULT '0.00',
  `signature` varchar(191) COLLATE utf8mb4_unicode_ci DEFAULT NULL,
  `bank_info` text COLLATE utf8mb4_unicode_ci,
  `created_at` timestamp NULL DEFAULT NULL,
  `updated_at` timestamp NULL DEFAULT NULL,
  `payout_payment_method` varchar(120) COLLATE utf8mb4_unicode_ci DEFAULT 'bank_transfer',
  `tax_info` text COLLATE utf8mb4_unicode_ci,
  PRIMARY KEY (`id`)
) ENGINE=InnoDB AUTO_INCREMENT=8 DEFAULT CHARSET=utf8mb4 COLLATE=utf8mb4_unicode_ci;

--
-- Dumping data for table `mp_vendor_info`
--

INSERT INTO `mp_vendor_info` VALUES (1,2,0.00,0.00,0.00,'$2y$12$W.N9V8U5mDAE2.t4AUhmbO3pownf2n2uYnjY.I2E0VESeauSY9W.y','{\"name\":\"Cheyanne Kemmer\",\"number\":\"+18508807062\",\"full_name\":\"Obie Larson DVM\",\"description\":\"Gussie Cummings\"}','2024-05-10 02:10:25','2024-05-10 02:10:25','bank_transfer',NULL),(2,3,0.00,0.00,0.00,'$2y$12$gsoSrybJgLQRPyo0QsRKtuhSLuvDWqoI/V7jV/aUuLWFyCPadYoV.','{\"name\":\"Dr. Odie Reinger\",\"number\":\"+14015383905\",\"full_name\":\"Priscilla Larkin\",\"description\":\"Euna Welch\"}','2024-05-10 02:10:25','2024-05-10 02:10:25','bank_transfer',NULL),(3,4,0.00,0.00,0.00,'$2y$12$KKnGzIA5ifLQkATPKhf/O.ByE7O2w1A1vAgvQuCQiQXsfpZXscnq2','{\"name\":\"Cristina Hahn\",\"number\":\"+17136404747\",\"full_name\":\"Mr. Paxton Jones PhD\",\"description\":\"Antonette Herman\"}','2024-05-10 02:10:25','2024-05-10 02:10:25','bank_transfer',NULL),(4,5,0.00,0.00,0.00,'$2y$12$wH1WT1SrYtQf0rYD/X.BLeCiZ7ERngTTpgIoAqt5/mJ2eH9wHTVmW','{\"name\":\"Mathias Hilpert\",\"number\":\"+16417049585\",\"full_name\":\"Dr. Mertie Rutherford III\",\"description\":\"Jordon Spencer\"}','2024-05-10 02:10:26','2024-05-10 02:10:26','bank_transfer',NULL),(5,6,0.00,0.00,0.00,'$2y$12$2wjNIe/sikKuf3LtXAF/Xubgx1RRijNGOosTYSgkYUJdRfxW5o2KO','{\"name\":\"Tina Beer\",\"number\":\"+17623869608\",\"full_name\":\"Miss Sadie Smitham MD\",\"description\":\"Dr. Rex Marquardt V\"}','2024-05-10 02:10:26','2024-05-10 02:10:26','bank_transfer',NULL),(6,7,0.00,0.00,0.00,'$2y$12$XsAP4n3H2Bh6jHtViau4QOi6yg5iPEH1M8YpF7rwG8OOogf07U1cC','{\"name\":\"Annalise Bogan Sr.\",\"number\":\"+15202021850\",\"full_name\":\"Richmond Kuvalis\",\"description\":\"Ms. Yasmine Morar DVM\"}','2024-05-10 02:10:26','2024-05-10 02:10:26','bank_transfer',NULL),(7,8,0.00,0.00,0.00,'$2y$12$Uezk28x6mQ7klYIaDCP3Me.ZqfzgNK3ndTBz1CoKvQ2PTnl3xM4KW','{\"name\":\"Rodrigo Koss\",\"number\":\"+13613849013\",\"full_name\":\"Carroll Jast\",\"description\":\"Flo Borer\"}','2024-05-10 02:10:27','2024-05-10 02:10:27','bank_transfer',NULL);

--
-- Table structure for table `newsletters`
--

CREATE TABLE `newsletters` (
  `id` bigint unsigned NOT NULL AUTO_INCREMENT,
  `email` varchar(120) COLLATE utf8mb4_unicode_ci NOT NULL,
  `name` varchar(120) COLLATE utf8mb4_unicode_ci DEFAULT NULL,
  `status` varchar(60) COLLATE utf8mb4_unicode_ci NOT NULL DEFAULT 'subscribed',
  `created_at` timestamp NULL DEFAULT NULL,
  `updated_at` timestamp NULL DEFAULT NULL,
  PRIMARY KEY (`id`)
) ENGINE=InnoDB DEFAULT CHARSET=utf8mb4 COLLATE=utf8mb4_unicode_ci;

--
-- Dumping data for table `newsletters`
--


--
-- Table structure for table `pages`
--

CREATE TABLE `pages` (
  `id` bigint unsigned NOT NULL AUTO_INCREMENT,
  `name` varchar(120) COLLATE utf8mb4_unicode_ci NOT NULL,
  `content` longtext COLLATE utf8mb4_unicode_ci,
  `user_id` bigint unsigned DEFAULT NULL,
  `image` varchar(191) COLLATE utf8mb4_unicode_ci DEFAULT NULL,
  `template` varchar(60) COLLATE utf8mb4_unicode_ci DEFAULT NULL,
  `description` varchar(400) COLLATE utf8mb4_unicode_ci DEFAULT NULL,
  `status` varchar(60) COLLATE utf8mb4_unicode_ci NOT NULL DEFAULT 'published',
  `created_at` timestamp NULL DEFAULT NULL,
  `updated_at` timestamp NULL DEFAULT NULL,
  PRIMARY KEY (`id`),
  KEY `pages_user_id_index` (`user_id`)
) ENGINE=InnoDB AUTO_INCREMENT=11 DEFAULT CHARSET=utf8mb4 COLLATE=utf8mb4_unicode_ci;

--
-- Dumping data for table `pages`
--

INSERT INTO `pages` VALUES (1,'Home','[simple-slider style=\"1\" key=\"home-slider\" customize_font_family_of_description=\"1\" font_family_of_description=\"Oregano\" shape_1=\"main/sliders/shape-1.png\" shape_2=\"main/sliders/shape-2.png\" shape_3=\"main/sliders/shape-3.png\" shape_4=\"main/sliders/shape-4.png\" is_autoplay=\"yes\" autoplay_speed=\"5000\"][/simple-slider][ecommerce-categories style=\"slider\" category_ids=\"6,10,13,16,30\" enable_lazy_loading=\"yes\"][/ecommerce-categories][site-features style=\"1\" quantity=\"4\" title_1=\"Free Delivery\" description_1=\"Orders from all item\" icon_1=\"ti ti-truck-delivery\" title_2=\"Return & Refund\" description_2=\"Money-back guarantee\" icon_2=\"ti ti-currency-dollar\" title_3=\"Member Discount\" description_3=\"Every order over $140.00\" icon_3=\"ti ti-discount-2\" title_4=\"Support 24/7\" description_4=\"Contact us 24 hours a day\" icon_4=\"ti ti-headset\" enable_lazy_loading=\"yes\"][/site-features][ecommerce-product-groups title=\"Trending Products\" limit=\"8\" tabs=\"all,featured,on-sale,trending,top-rated\" enable_lazy_loading=\"yes\"][/ecommerce-product-groups][ads style=\"1\" key_1=\"UROL9F9ZZVAA\" key_2=\"B30VDBKO7SBF\" enable_lazy_loading=\"yes\"][/ads][ecommerce-flash-sale style=\"1\" title=\"Deal of The Day\" flash_sale_id=\"1\" limit=\"4\" button_label=\"View All Deals\" button_url=\"/products\" enable_lazy_loading=\"yes\"][/ecommerce-flash-sale][ecommerce-products style=\"grid\" category_ids=\"20\" limit=\"12\" with_sidebar=\"on\" image=\"main/gadgets/gadget-girl.png\" action_label=\"More Products\" ads_ids=\"3,4\" enable_lazy_loading=\"yes\"][/ecommerce-products][ads style=\"4\" key_1=\"B5ZA76ZWMWAE\" key_2=\"F1LTQS976YPY\" key_3=\"IHPZ2WBSYJUK\" enable_lazy_loading=\"yes\"][/ads][ecommerce-products style=\"slider\" title=\"New Arrivals\" by=\"collection\" collection_ids=\"1\" limit=\"12\" enable_lazy_loading=\"yes\"][/ecommerce-products][ecommerce-product-groups style=\"columns\" limit=\"3\" tabs=\"on-sale,trending,top-rated\" enable_lazy_loading=\"yes\"][/ecommerce-product-groups][blog-posts title=\"Latest news & articles\" type=\"latest\" limit=\"3\" button_label=\"View All\" button_url=\"/blog\" enable_lazy_loading=\"yes\"][/blog-posts][gallery style=\"1\" limit=\"5\" enable_lazy_loading=\"yes\"][/gallery]',1,NULL,'full-width',NULL,'published','2024-05-10 02:10:33','2024-05-10 02:10:33'),(2,'Product Categories','[ads style=\"1\" key_1=\"UROL9F9ZZVAA\" key_2=\"B30VDBKO7SBF\" enable_lazy_loading=\"yes\"][/ads]<p>&nbsp;</p>[ecommerce-categories category_ids=\"11,14,17,18,21,22,23,25,38\" style=\"grid\" enable_lazy_loading=\"yes\"][/ecommerce-categories]<p>&nbsp;</p><p>&nbsp;</p>',1,NULL,'full-width',NULL,'published','2024-05-10 02:10:33','2024-05-10 02:10:33'),(3,'Coupons','[ecommerce-coupons coupon_ids=\"1,2,3,4,5,6\" enable_lazy_loading=\"yes\"][/ecommerce-coupons]',1,NULL,'full-width',NULL,'published','2024-05-10 02:10:33','2024-05-10 02:10:33'),(4,'Blog',NULL,1,NULL,'full-width',NULL,'published','2024-05-10 02:10:33','2024-05-10 02:10:33'),(5,'Contact','[contact-form show_contact_form=&quot;1&quot; title=&quot;Sent A Message&quot; quantity=&quot;2&quot; icon_1=&quot;main/contact/icon-1.png&quot; content_1=&quot;contact@shofy.com &lt;br&gt; &lt;strong&gt;+670 413 90 762&lt;/strong&gt;&quot; icon_2=&quot;main/contact/icon-2.png&quot; content_2=&quot;502 New St, Brighton VIC 3186, Australia&quot; show_social_info=&quot;1&quot; social_info_label=&quot;Find on social media&quot; social_info_icon=&quot;main/contact/icon-3.png&quot;][/contact-form][google-map]502 New Street, Brighton VIC, Australia[/google-map]',1,NULL,'full-width',NULL,'published','2024-05-10 02:10:33','2024-05-10 02:10:33'),(6,'FAQs','[faqs style=\"group\" title=\"Frequently Ask Questions\" description=\"Below are frequently asked questions, you may find the answer for yourself.\" category_ids=\"1,2,3\" expand_first_time=\"1\"][/faqs]',1,NULL,NULL,NULL,'published','2024-05-10 02:10:33','2024-05-10 02:10:33'),(7,'Cookie Policy','<h3>EU Cookie Consent</h3><p>To use this website we are using Cookies and collecting some Data. To be compliant with the EU GDPR we give you to choose if you allow us to use certain Cookies and to collect some Data.</p><h4>Essential Data</h4><p>The Essential Data is needed to run the Site you are visiting technically. You can not deactivate them.</p><p>- Session Cookie: PHP uses a Cookie to identify user sessions. Without this Cookie the Website is not working.</p><p>- XSRF-Token Cookie: Laravel automatically generates a CSRF \"token\" for each active user session managed by the application. This token is used to verify that the authenticated user is the one actually making the requests to the application.</p>',1,NULL,NULL,NULL,'published','2024-05-10 02:10:33','2024-05-10 02:10:33'),(8,'Our Story','<h4>A passion for handcrafted coffee, brewed with love and community.</h4>\n\n<p>\n    We are a small, family-owned coffee roaster dedicated to bringing the finest, ethically sourced beans to your cup. Our story began in a cozy kitchen, fueled by a shared passion for the rich aroma and invigorating taste of freshly brewed coffee. We dreamt of creating a space where people could connect over a warm cup, share stories, and experience the joy of handcrafted coffee.\n</p>\n\n<h4>From Humble Beginnings to Roasting Success:</h4>\n\n<p>\n    Our journey started with a small coffee roaster nestled in our garage. We spent countless hours experimenting with different roasting profiles, meticulously cupping each batch to achieve the perfect balance of flavor and aroma. Driven by a desire to make a difference, we built relationships with sustainable coffee farms around the world, ensuring fair trade practices and the highest quality beans.\n</p>\n\n<h4>Milestones and More to Come:</h4>\n\n<p>\n    Our dedication to quality and community resonated with coffee lovers, and our small business quickly grew. We opened our first cafe, a warm and inviting space where people could gather, savor our freshly roasted coffee, and connect with friends and neighbors. We\'ve continued to expand, now offering a variety of handcrafted coffee beverages, alongside delicious pastries and light bites.\n</p>\n\n<h4>Values at Our Core:</h4>\n\n<p>\n    At the heart of everything we do lies our commitment to ethical sourcing, sustainable practices, and building meaningful connections. We believe in supporting the communities that cultivate our coffee beans, ensuring fair wages and responsible farming methods. Every cup you enjoy contributes to a positive impact, one sip at a time.\n</p>\n\n<h4>Join us on our journey!</h4>\n\n<p>\n    We invite you to explore our world of coffee, from the rich diversity of our bean origins to the unique flavors crafted through meticulous roasting. Visit our cafe, discover your perfect cup, and become part of our ever-growing coffee community. Let\'s connect over a cup, share stories, and celebrate the simple joy of a well-brewed coffee.\n</p>\n',1,NULL,NULL,NULL,'published','2024-05-10 02:10:33','2024-05-10 02:10:33'),(9,'Careers','<h3>Careers: Be Part of Our Brewing Legacy</h3>\n\n<p>\n    At Shofy, we\'re not just brewing coffee, we\'re brewing a legacy. Since our humble beginnings in 2024, we\'ve grown from a small, family-owned roaster to a thriving coffee haven. But our passion for quality, community, and sustainability remains at the core of everything we do.\n</p>\n\n<h4>Why Join Our Team?</h4>\n\n<ul>\n    <li>\n        <p><strong>Become a Coffee Connoisseur</strong>: Immerse yourself in the world of coffee, learning from experienced roasters and baristas about bean origins, roasting techniques, and crafting the perfect cup.</p>\n    </li>\n    <li>\n        <p><strong>Fuel Your Passion</strong>: Contribute to our mission by sourcing ethically, promoting sustainable practices, and fostering positive relationships with coffee-growing communities around the globe.</p>\n    </li>\n    <li>\n        <p><strong>Grow with Us</strong>: We offer comprehensive training programs and opportunities for professional development, helping you refine your skills and advance your career in the coffee industry.</p>\n    </li>\n    <li>\n        <p><strong>Be Part of the Family</strong>: We cultivate a collaborative and supportive work environment where your unique talents and perspectives are valued.</p>\n    </li>\n</ul>\n\n<h4>Current Openings:</h4>\n\n<ul>\n    <li>\n        <p><strong>Coffee Roaster</strong>: Play a vital role in our roasting process, meticulously crafting unique flavor profiles and ensuring the highest quality beans reach our customers.</p>\n    </li>\n    <li>\n        <p><strong>Barista</strong>: Become a coffee ambassador, welcoming guests with a smile, crafting their perfect cup, and sharing your knowledge and passion for coffee.</p>\n    </li>\n    <li>\n        <p><strong>Cafe Manager</strong>: Lead your team in creating a warm and inviting atmosphere, overseeing daily operations, and ensuring exceptional customer service.</p>\n    </li>\n</ul>\n\n<h4>We are always looking for passionate individuals who share our values:</h4>\n\n<ul>\n    <li>\n        <p>A genuine love for coffee and a desire to learn everything there is to know about it.</p>\n    </li>\n    <li>\n        <p>A commitment to ethical sourcing, sustainability, and social responsibility.</p>\n    </li>\n    <li>\n        <p>Excellent communication and interpersonal skills to build rapport with colleagues and customers.</p>\n    </li>\n    <li>\n        <p>A positive attitude, a willingness to learn, and a collaborative spirit.</p>\n    </li>\n</ul>\n\n<p>Ready to join our brewing legacy?</p>\n\n<p>\n    Submit your resume and cover letter, telling us why you\'re a perfect fit for our team. We look forward to meeting passionate individuals who are ready to brew the future with us, one cup at a time.\n</p>\n',1,NULL,NULL,NULL,'published','2024-05-10 02:10:33','2024-05-10 02:10:33'),(10,'Shipping','<section>\n    <h2>Shipping Methods</h2>\n    <p>We offer several shipping methods to choose from:</p>\n    <ul>\n        <li>Standard Shipping - 3 to 5 business days</li>\n        <li>Express Shipping - 1 to 2 business days</li>\n        <li>International Shipping - 7 to 14 business days</li>\n    </ul>\n    <p>Please note that shipping times may vary depending on your location and other factors.</p>\n</section>\n\n<section>\n    <h2>Shipping Costs</h2>\n    <p>Shipping costs are calculated based on the weight of your order and the shipping method selected during checkout.</p>\n    <p>You can view the estimated shipping costs in your shopping cart before completing your purchase.</p>\n</section>\n\n<section>\n    <h2>Tracking Your Order</h2>\n    <p>Once your order has been shipped, you will receive a confirmation email with a tracking number.</p>\n    <p>You can use this tracking number to monitor the status of your delivery on our website or through the shipping carrier\'s website.</p>\n</section>\n\n<section>\n    <h2>Shipping Restrictions</h2>\n    <p>Some items may be subject to shipping restrictions due to size, weight, or destination.</p>\n    <p>If your order contains any restricted items, we will notify you during the checkout process.</p>\n</section>\n',1,NULL,NULL,NULL,'published','2024-05-10 02:10:33','2024-05-10 02:10:33');

--
-- Table structure for table `pages_translations`
--

CREATE TABLE `pages_translations` (
  `lang_code` varchar(20) COLLATE utf8mb4_unicode_ci NOT NULL,
  `pages_id` bigint unsigned NOT NULL,
  `name` varchar(191) COLLATE utf8mb4_unicode_ci DEFAULT NULL,
  `description` varchar(400) COLLATE utf8mb4_unicode_ci DEFAULT NULL,
  `content` longtext COLLATE utf8mb4_unicode_ci,
  PRIMARY KEY (`lang_code`,`pages_id`)
) ENGINE=InnoDB DEFAULT CHARSET=utf8mb4 COLLATE=utf8mb4_unicode_ci;

--
-- Dumping data for table `pages_translations`
--


--
-- Table structure for table `password_reset_tokens`
--

CREATE TABLE `password_reset_tokens` (
  `email` varchar(191) COLLATE utf8mb4_unicode_ci NOT NULL,
  `token` varchar(191) COLLATE utf8mb4_unicode_ci NOT NULL,
  `created_at` timestamp NULL DEFAULT NULL,
  PRIMARY KEY (`email`)
) ENGINE=InnoDB DEFAULT CHARSET=utf8mb4 COLLATE=utf8mb4_unicode_ci;

--
-- Dumping data for table `password_reset_tokens`
--


--
-- Table structure for table `payments`
--

CREATE TABLE `payments` (
  `id` bigint unsigned NOT NULL AUTO_INCREMENT,
  `currency` varchar(120) COLLATE utf8mb4_unicode_ci DEFAULT NULL,
  `user_id` bigint unsigned NOT NULL DEFAULT '0',
  `charge_id` varchar(191) COLLATE utf8mb4_unicode_ci DEFAULT NULL,
  `payment_channel` varchar(60) COLLATE utf8mb4_unicode_ci DEFAULT NULL,
  `description` varchar(400) COLLATE utf8mb4_unicode_ci DEFAULT NULL,
  `amount` decimal(15,2) unsigned NOT NULL,
  `order_id` bigint unsigned DEFAULT NULL,
  `status` varchar(60) COLLATE utf8mb4_unicode_ci DEFAULT 'pending',
  `payment_type` varchar(191) COLLATE utf8mb4_unicode_ci DEFAULT 'confirm',
  `customer_id` bigint unsigned DEFAULT NULL,
  `refunded_amount` decimal(15,2) unsigned DEFAULT NULL,
  `refund_note` varchar(191) COLLATE utf8mb4_unicode_ci DEFAULT NULL,
  `created_at` timestamp NULL DEFAULT NULL,
  `updated_at` timestamp NULL DEFAULT NULL,
  `customer_type` varchar(191) COLLATE utf8mb4_unicode_ci DEFAULT NULL,
  `metadata` mediumtext COLLATE utf8mb4_unicode_ci,
  PRIMARY KEY (`id`)
) ENGINE=InnoDB DEFAULT CHARSET=utf8mb4 COLLATE=utf8mb4_unicode_ci;

--
-- Dumping data for table `payments`
--


--
-- Table structure for table `personal_access_tokens`
--

CREATE TABLE `personal_access_tokens` (
  `id` bigint unsigned NOT NULL AUTO_INCREMENT,
  `tokenable_type` varchar(191) COLLATE utf8mb4_unicode_ci NOT NULL,
  `tokenable_id` bigint unsigned NOT NULL,
  `name` varchar(191) COLLATE utf8mb4_unicode_ci NOT NULL,
  `token` varchar(64) COLLATE utf8mb4_unicode_ci NOT NULL,
  `abilities` text COLLATE utf8mb4_unicode_ci,
  `last_used_at` timestamp NULL DEFAULT NULL,
  `expires_at` timestamp NULL DEFAULT NULL,
  `created_at` timestamp NULL DEFAULT NULL,
  `updated_at` timestamp NULL DEFAULT NULL,
  PRIMARY KEY (`id`),
  UNIQUE KEY `personal_access_tokens_token_unique` (`token`),
  KEY `personal_access_tokens_tokenable_type_tokenable_id_index` (`tokenable_type`,`tokenable_id`)
) ENGINE=InnoDB DEFAULT CHARSET=utf8mb4 COLLATE=utf8mb4_unicode_ci;

--
-- Dumping data for table `personal_access_tokens`
--


--
-- Table structure for table `post_categories`
--

CREATE TABLE `post_categories` (
  `category_id` bigint unsigned NOT NULL,
  `post_id` bigint unsigned NOT NULL,
  KEY `post_categories_category_id_index` (`category_id`),
  KEY `post_categories_post_id_index` (`post_id`)
) ENGINE=InnoDB DEFAULT CHARSET=utf8mb4 COLLATE=utf8mb4_unicode_ci;

--
-- Dumping data for table `post_categories`
--

INSERT INTO `post_categories` VALUES (3,1),(5,2),(6,2),(2,3),(5,3),(2,4),(1,4),(3,5),(1,5),(2,6),(5,6),(6,7),(3,7),(3,8),(1,8),(4,9),(6,9),(5,10),(2,10),(2,11),(4,11),(1,12),(2,12),(3,13),(5,13),(1,14),(5,15),(4,15),(6,16),(3,16),(2,17),(5,17),(4,18),(2,18);

--
-- Table structure for table `post_tags`
--

CREATE TABLE `post_tags` (
  `tag_id` bigint unsigned NOT NULL,
  `post_id` bigint unsigned NOT NULL,
  KEY `post_tags_tag_id_index` (`tag_id`),
  KEY `post_tags_post_id_index` (`post_id`)
) ENGINE=InnoDB DEFAULT CHARSET=utf8mb4 COLLATE=utf8mb4_unicode_ci;

--
-- Dumping data for table `post_tags`
--

INSERT INTO `post_tags` VALUES (2,1),(7,1),(6,1),(8,2),(1,2),(6,2),(4,3),(3,3),(5,3),(4,4),(3,4),(8,4),(5,5),(2,5),(1,6),(8,6),(2,6),(4,7),(3,7),(6,7),(1,8),(2,8),(3,9),(7,9),(6,10),(7,10),(4,10),(7,11),(5,11),(3,11),(5,12),(3,12),(2,12),(2,13),(5,13),(4,13),(4,14),(1,14),(3,14),(1,15),(4,15),(2,15),(4,16),(5,16),(1,16),(2,17),(3,17),(4,17),(1,18),(7,18),(4,18);

--
-- Table structure for table `posts`
--

CREATE TABLE `posts` (
  `id` bigint unsigned NOT NULL AUTO_INCREMENT,
  `name` varchar(191) COLLATE utf8mb4_unicode_ci NOT NULL,
  `description` varchar(400) COLLATE utf8mb4_unicode_ci DEFAULT NULL,
  `content` longtext COLLATE utf8mb4_unicode_ci,
  `status` varchar(60) COLLATE utf8mb4_unicode_ci NOT NULL DEFAULT 'published',
  `author_id` bigint unsigned DEFAULT NULL,
  `author_type` varchar(191) COLLATE utf8mb4_unicode_ci NOT NULL DEFAULT 'Botble\\ACL\\Models\\User',
  `is_featured` tinyint unsigned NOT NULL DEFAULT '0',
  `image` varchar(191) COLLATE utf8mb4_unicode_ci DEFAULT NULL,
  `views` int unsigned NOT NULL DEFAULT '0',
  `format_type` varchar(30) COLLATE utf8mb4_unicode_ci DEFAULT NULL,
  `created_at` timestamp NULL DEFAULT NULL,
  `updated_at` timestamp NULL DEFAULT NULL,
  PRIMARY KEY (`id`),
  KEY `posts_status_index` (`status`),
  KEY `posts_author_id_index` (`author_id`),
  KEY `posts_author_type_index` (`author_type`),
  KEY `posts_created_at_index` (`created_at`)
) ENGINE=InnoDB AUTO_INCREMENT=19 DEFAULT CHARSET=utf8mb4 COLLATE=utf8mb4_unicode_ci;

--
-- Dumping data for table `posts`
--

INSERT INTO `posts` VALUES (1,'4 Expert Tips On How To Choose The Right Men’s Wallet','I\'m sure I have done that, you know,\' the Mock Turtle replied, counting off the mushroom, and her face brightened up again.) \'Please your Majesty,\' said the Gryphon: \'I went to school every day--\'.','<p class=\"tp-dropcap\">sales process is critically important to the success of your reps and your business. If you\'ve never seen a really skilled salesperson work, it seems almost effortless. They ask great questions, craftt perfect proposal, answer questions, address concerns and seamlessly seal the Underneath the surface of all of that, the salesperson has probably dedicated hours honing their craft and ensuring the process moves smoothly.</p>\n\n<p>One of the challenges that often surfaces when  working with a remote sales team is a lack of transparency over what is happening, and where in the process things are taking place. We’re going to peel back the curtain and show you how to create the best sales.</p>\n\n<h4 class=\"tp-postbox-details-heading\">Breaking Up With Fast Fashion Has Been Easier</h4>\n<p>Lommodo ligula eget dolor. Aenean massa. Cum sociis que penatibus magnis dis parturient montes lorem, nascetur ridiculus mus. Donec quam felis, ultricies nec, pellentesque euro, pretium, sem. Nulla onsequat massa quis enim. donec pede justo fringilla vel aliquet.</p>\n\n<div class=\"tp-postbox-details-desc-thumb text-center\">\n   <img src=\"/storage/main/blog/blog-details-sm-1.jpg\" alt=\"\">\n   <span class=\"tp-postbox-details-desc-thumb-caption\">Gucci’s Women’s Cruise Collection 2023 Lookbook Has Arrived</span>\n</div>\n<p>“We’re so glad we’ll be working with you to get your new marketing strategy up and running. I\'ve attached the details of your package. Next you’ll get an email from Jen to schedule your kick-off meeting and be assigned your account rep. During your kick-off meeting, we will introduce your project team, let you know what access we need to start.” </p>\n\n<div class=\"tp-postbox-details-quote\">\n   <blockquote>\n      <div class=\"tp-postbox-details-quote-shape\">\n         <img class=\"tp-postbox-details-quote-shape-1\" src=\"/storage/main/shapes/line.png\" alt=\"\">\n         <img class=\"tp-postbox-details-quote-shape-2\" src=\"/storage/main/shapes/quote.png\" alt=\"\">\n      </div>\n      <p>There is a way out of every box, a solution to every puzzle its just a matter of finding it.</p>\n      <span style=\"color: #fff\">Shahnewaz Sakil</span>\n   </blockquote>\n</div>\n\n<h4 class=\"tp-postbox-details-heading\">Exploring the English Countryside</h4>\n<p>Lorem ligula eget dolor. Aenean massa. Cum sociis que penatibus et magnis dis parturient montes lorem,nascetur ridiculus mus. Donec quam felis, ultricies nec, pellentesque euro, pretium quis, sem. Nulla onsequat massa quis enim.</p>\n\n<div class=\"tp-postbox-details-list\">\n   <ul>\n      <li>Lorem ipsum dolor sit amet.</li>\n      <li>At vero eos et accusamus et iusto odio.</li>\n      <li>Excepteur sint occaecat cupidatat non proident.</li>\n   </ul>\n</div>\n<p>Rhoncus ut, imperdiet a, venenatis vitae, justo. Nullam dictum felis eu pede mollis pretium. Integer cidunt. Cras dapibus. Vivamus elementum semper nisi. Aenean vulputate eleifend tellus. Aenean leo ligula, porttitor eu, consequat vitae lorem.</p>\n','published',1,'Botble\\ACL\\Models\\User',1,'main/blog/post-8.jpg',930,NULL,'2024-05-10 02:10:23','2024-05-10 02:10:23'),(2,'Sexy Clutches: How to Buy &amp; Wear a Designer Clutch Bag','Alice was very uncomfortable, and, as there seemed to be a great hurry. An enormous puppy was looking about for them, and then nodded. \'It\'s no business there, at any rate it would be four thousand.','<p class=\"tp-dropcap\">sales process is critically important to the success of your reps and your business. If you\'ve never seen a really skilled salesperson work, it seems almost effortless. They ask great questions, craftt perfect proposal, answer questions, address concerns and seamlessly seal the Underneath the surface of all of that, the salesperson has probably dedicated hours honing their craft and ensuring the process moves smoothly.</p>\n\n<p>One of the challenges that often surfaces when  working with a remote sales team is a lack of transparency over what is happening, and where in the process things are taking place. We’re going to peel back the curtain and show you how to create the best sales.</p>\n\n<h4 class=\"tp-postbox-details-heading\">Breaking Up With Fast Fashion Has Been Easier</h4>\n<p>Lommodo ligula eget dolor. Aenean massa. Cum sociis que penatibus magnis dis parturient montes lorem, nascetur ridiculus mus. Donec quam felis, ultricies nec, pellentesque euro, pretium, sem. Nulla onsequat massa quis enim. donec pede justo fringilla vel aliquet.</p>\n\n<div class=\"tp-postbox-details-desc-thumb text-center\">\n   <img src=\"/storage/main/blog/blog-details-sm-1.jpg\" alt=\"\">\n   <span class=\"tp-postbox-details-desc-thumb-caption\">Gucci’s Women’s Cruise Collection 2023 Lookbook Has Arrived</span>\n</div>\n<p>“We’re so glad we’ll be working with you to get your new marketing strategy up and running. I\'ve attached the details of your package. Next you’ll get an email from Jen to schedule your kick-off meeting and be assigned your account rep. During your kick-off meeting, we will introduce your project team, let you know what access we need to start.” </p>\n\n<div class=\"tp-postbox-details-quote\">\n   <blockquote>\n      <div class=\"tp-postbox-details-quote-shape\">\n         <img class=\"tp-postbox-details-quote-shape-1\" src=\"/storage/main/shapes/line.png\" alt=\"\">\n         <img class=\"tp-postbox-details-quote-shape-2\" src=\"/storage/main/shapes/quote.png\" alt=\"\">\n      </div>\n      <p>There is a way out of every box, a solution to every puzzle its just a matter of finding it.</p>\n      <span style=\"color: #fff\">Shahnewaz Sakil</span>\n   </blockquote>\n</div>\n\n<h4 class=\"tp-postbox-details-heading\">Exploring the English Countryside</h4>\n<p>Lorem ligula eget dolor. Aenean massa. Cum sociis que penatibus et magnis dis parturient montes lorem,nascetur ridiculus mus. Donec quam felis, ultricies nec, pellentesque euro, pretium quis, sem. Nulla onsequat massa quis enim.</p>\n\n<div class=\"tp-postbox-details-list\">\n   <ul>\n      <li>Lorem ipsum dolor sit amet.</li>\n      <li>At vero eos et accusamus et iusto odio.</li>\n      <li>Excepteur sint occaecat cupidatat non proident.</li>\n   </ul>\n</div>\n<p>Rhoncus ut, imperdiet a, venenatis vitae, justo. Nullam dictum felis eu pede mollis pretium. Integer cidunt. Cras dapibus. Vivamus elementum semper nisi. Aenean vulputate eleifend tellus. Aenean leo ligula, porttitor eu, consequat vitae lorem.</p>\n','published',1,'Botble\\ACL\\Models\\User',1,'main/blog/post-5.jpg',2291,NULL,'2024-05-10 02:10:23','2024-05-10 02:10:23'),(3,'The Top 2020 Handbag Trends to Know','Gryphon as if his heart would break. She pitied him deeply. \'What is it?\' The Gryphon sat up and to hear her try and repeat something now. Tell her to carry it further. So she set off at once: one.','<p class=\"tp-dropcap\">sales process is critically important to the success of your reps and your business. If you\'ve never seen a really skilled salesperson work, it seems almost effortless. They ask great questions, craftt perfect proposal, answer questions, address concerns and seamlessly seal the Underneath the surface of all of that, the salesperson has probably dedicated hours honing their craft and ensuring the process moves smoothly.</p>\n\n<p>One of the challenges that often surfaces when  working with a remote sales team is a lack of transparency over what is happening, and where in the process things are taking place. We’re going to peel back the curtain and show you how to create the best sales.</p>\n\n<h4 class=\"tp-postbox-details-heading\">Breaking Up With Fast Fashion Has Been Easier</h4>\n<p>Lommodo ligula eget dolor. Aenean massa. Cum sociis que penatibus magnis dis parturient montes lorem, nascetur ridiculus mus. Donec quam felis, ultricies nec, pellentesque euro, pretium, sem. Nulla onsequat massa quis enim. donec pede justo fringilla vel aliquet.</p>\n\n<div class=\"tp-postbox-details-desc-thumb text-center\">\n   <img src=\"/storage/main/blog/blog-details-sm-1.jpg\" alt=\"\">\n   <span class=\"tp-postbox-details-desc-thumb-caption\">Gucci’s Women’s Cruise Collection 2023 Lookbook Has Arrived</span>\n</div>\n<p>“We’re so glad we’ll be working with you to get your new marketing strategy up and running. I\'ve attached the details of your package. Next you’ll get an email from Jen to schedule your kick-off meeting and be assigned your account rep. During your kick-off meeting, we will introduce your project team, let you know what access we need to start.” </p>\n\n<div class=\"tp-postbox-details-quote\">\n   <blockquote>\n      <div class=\"tp-postbox-details-quote-shape\">\n         <img class=\"tp-postbox-details-quote-shape-1\" src=\"/storage/main/shapes/line.png\" alt=\"\">\n         <img class=\"tp-postbox-details-quote-shape-2\" src=\"/storage/main/shapes/quote.png\" alt=\"\">\n      </div>\n      <p>There is a way out of every box, a solution to every puzzle its just a matter of finding it.</p>\n      <span style=\"color: #fff\">Shahnewaz Sakil</span>\n   </blockquote>\n</div>\n\n<h4 class=\"tp-postbox-details-heading\">Exploring the English Countryside</h4>\n<p>Lorem ligula eget dolor. Aenean massa. Cum sociis que penatibus et magnis dis parturient montes lorem,nascetur ridiculus mus. Donec quam felis, ultricies nec, pellentesque euro, pretium quis, sem. Nulla onsequat massa quis enim.</p>\n\n<div class=\"tp-postbox-details-list\">\n   <ul>\n      <li>Lorem ipsum dolor sit amet.</li>\n      <li>At vero eos et accusamus et iusto odio.</li>\n      <li>Excepteur sint occaecat cupidatat non proident.</li>\n   </ul>\n</div>\n<p>Rhoncus ut, imperdiet a, venenatis vitae, justo. Nullam dictum felis eu pede mollis pretium. Integer cidunt. Cras dapibus. Vivamus elementum semper nisi. Aenean vulputate eleifend tellus. Aenean leo ligula, porttitor eu, consequat vitae lorem.</p>\n','published',1,'Botble\\ACL\\Models\\User',0,'main/blog/post-2.jpg',1353,NULL,'2024-05-10 02:10:23','2024-05-10 02:10:23'),(4,'How to Match the Color of Your Handbag With an Outfit','Gryphon answered, very nearly in the middle of her own children. \'How should I know?\' said Alice, very much what would happen next. \'It\'s--it\'s a very little! Besides, SHE\'S she, and I\'m sure _I_.','<p class=\"tp-dropcap\">sales process is critically important to the success of your reps and your business. If you\'ve never seen a really skilled salesperson work, it seems almost effortless. They ask great questions, craftt perfect proposal, answer questions, address concerns and seamlessly seal the Underneath the surface of all of that, the salesperson has probably dedicated hours honing their craft and ensuring the process moves smoothly.</p>\n\n<p>One of the challenges that often surfaces when  working with a remote sales team is a lack of transparency over what is happening, and where in the process things are taking place. We’re going to peel back the curtain and show you how to create the best sales.</p>\n\n<h4 class=\"tp-postbox-details-heading\">Breaking Up With Fast Fashion Has Been Easier</h4>\n<p>Lommodo ligula eget dolor. Aenean massa. Cum sociis que penatibus magnis dis parturient montes lorem, nascetur ridiculus mus. Donec quam felis, ultricies nec, pellentesque euro, pretium, sem. Nulla onsequat massa quis enim. donec pede justo fringilla vel aliquet.</p>\n\n<div class=\"tp-postbox-details-desc-thumb text-center\">\n   <img src=\"/storage/main/blog/blog-details-sm-1.jpg\" alt=\"\">\n   <span class=\"tp-postbox-details-desc-thumb-caption\">Gucci’s Women’s Cruise Collection 2023 Lookbook Has Arrived</span>\n</div>\n<p>“We’re so glad we’ll be working with you to get your new marketing strategy up and running. I\'ve attached the details of your package. Next you’ll get an email from Jen to schedule your kick-off meeting and be assigned your account rep. During your kick-off meeting, we will introduce your project team, let you know what access we need to start.” </p>\n\n<div class=\"tp-postbox-details-quote\">\n   <blockquote>\n      <div class=\"tp-postbox-details-quote-shape\">\n         <img class=\"tp-postbox-details-quote-shape-1\" src=\"/storage/main/shapes/line.png\" alt=\"\">\n         <img class=\"tp-postbox-details-quote-shape-2\" src=\"/storage/main/shapes/quote.png\" alt=\"\">\n      </div>\n      <p>There is a way out of every box, a solution to every puzzle its just a matter of finding it.</p>\n      <span style=\"color: #fff\">Shahnewaz Sakil</span>\n   </blockquote>\n</div>\n\n<h4 class=\"tp-postbox-details-heading\">Exploring the English Countryside</h4>\n<p>Lorem ligula eget dolor. Aenean massa. Cum sociis que penatibus et magnis dis parturient montes lorem,nascetur ridiculus mus. Donec quam felis, ultricies nec, pellentesque euro, pretium quis, sem. Nulla onsequat massa quis enim.</p>\n\n<div class=\"tp-postbox-details-list\">\n   <ul>\n      <li>Lorem ipsum dolor sit amet.</li>\n      <li>At vero eos et accusamus et iusto odio.</li>\n      <li>Excepteur sint occaecat cupidatat non proident.</li>\n   </ul>\n</div>\n<p>Rhoncus ut, imperdiet a, venenatis vitae, justo. Nullam dictum felis eu pede mollis pretium. Integer cidunt. Cras dapibus. Vivamus elementum semper nisi. Aenean vulputate eleifend tellus. Aenean leo ligula, porttitor eu, consequat vitae lorem.</p>\n','published',1,'Botble\\ACL\\Models\\User',0,'main/blog/post-10.jpg',738,NULL,'2024-05-10 02:10:23','2024-05-10 02:10:23'),(5,'How to Care for Leather Bags','THIS size: why, I should think!\' (Dinah was the first witness,\' said the Caterpillar took the opportunity of showing off a head could be NO mistake about it: it was all dark overhead; before her was.','<p class=\"tp-dropcap\">sales process is critically important to the success of your reps and your business. If you\'ve never seen a really skilled salesperson work, it seems almost effortless. They ask great questions, craftt perfect proposal, answer questions, address concerns and seamlessly seal the Underneath the surface of all of that, the salesperson has probably dedicated hours honing their craft and ensuring the process moves smoothly.</p>\n\n<p>One of the challenges that often surfaces when  working with a remote sales team is a lack of transparency over what is happening, and where in the process things are taking place. We’re going to peel back the curtain and show you how to create the best sales.</p>\n\n<h4 class=\"tp-postbox-details-heading\">Breaking Up With Fast Fashion Has Been Easier</h4>\n<p>Lommodo ligula eget dolor. Aenean massa. Cum sociis que penatibus magnis dis parturient montes lorem, nascetur ridiculus mus. Donec quam felis, ultricies nec, pellentesque euro, pretium, sem. Nulla onsequat massa quis enim. donec pede justo fringilla vel aliquet.</p>\n\n<div class=\"tp-postbox-details-desc-thumb text-center\">\n   <img src=\"/storage/main/blog/blog-details-sm-1.jpg\" alt=\"\">\n   <span class=\"tp-postbox-details-desc-thumb-caption\">Gucci’s Women’s Cruise Collection 2023 Lookbook Has Arrived</span>\n</div>\n<p>“We’re so glad we’ll be working with you to get your new marketing strategy up and running. I\'ve attached the details of your package. Next you’ll get an email from Jen to schedule your kick-off meeting and be assigned your account rep. During your kick-off meeting, we will introduce your project team, let you know what access we need to start.” </p>\n\n<div class=\"tp-postbox-details-quote\">\n   <blockquote>\n      <div class=\"tp-postbox-details-quote-shape\">\n         <img class=\"tp-postbox-details-quote-shape-1\" src=\"/storage/main/shapes/line.png\" alt=\"\">\n         <img class=\"tp-postbox-details-quote-shape-2\" src=\"/storage/main/shapes/quote.png\" alt=\"\">\n      </div>\n      <p>There is a way out of every box, a solution to every puzzle its just a matter of finding it.</p>\n      <span style=\"color: #fff\">Shahnewaz Sakil</span>\n   </blockquote>\n</div>\n\n<h4 class=\"tp-postbox-details-heading\">Exploring the English Countryside</h4>\n<p>Lorem ligula eget dolor. Aenean massa. Cum sociis que penatibus et magnis dis parturient montes lorem,nascetur ridiculus mus. Donec quam felis, ultricies nec, pellentesque euro, pretium quis, sem. Nulla onsequat massa quis enim.</p>\n\n<div class=\"tp-postbox-details-list\">\n   <ul>\n      <li>Lorem ipsum dolor sit amet.</li>\n      <li>At vero eos et accusamus et iusto odio.</li>\n      <li>Excepteur sint occaecat cupidatat non proident.</li>\n   </ul>\n</div>\n<p>Rhoncus ut, imperdiet a, venenatis vitae, justo. Nullam dictum felis eu pede mollis pretium. Integer cidunt. Cras dapibus. Vivamus elementum semper nisi. Aenean vulputate eleifend tellus. Aenean leo ligula, porttitor eu, consequat vitae lorem.</p>\n','published',1,'Botble\\ACL\\Models\\User',1,'main/blog/post-12.jpg',1604,NULL,'2024-05-10 02:10:23','2024-05-10 02:10:23'),(6,'We\'re Crushing Hard on Summer\'s 10 Biggest Bag Trends','I was going to dive in among the trees, a little sharp bark just over her head impatiently; and, turning to the door, she found to be a LITTLE larger, sir, if you like,\' said the Mock Turtle at.','<p class=\"tp-dropcap\">sales process is critically important to the success of your reps and your business. If you\'ve never seen a really skilled salesperson work, it seems almost effortless. They ask great questions, craftt perfect proposal, answer questions, address concerns and seamlessly seal the Underneath the surface of all of that, the salesperson has probably dedicated hours honing their craft and ensuring the process moves smoothly.</p>\n\n<p>One of the challenges that often surfaces when  working with a remote sales team is a lack of transparency over what is happening, and where in the process things are taking place. We’re going to peel back the curtain and show you how to create the best sales.</p>\n\n<h4 class=\"tp-postbox-details-heading\">Breaking Up With Fast Fashion Has Been Easier</h4>\n<p>Lommodo ligula eget dolor. Aenean massa. Cum sociis que penatibus magnis dis parturient montes lorem, nascetur ridiculus mus. Donec quam felis, ultricies nec, pellentesque euro, pretium, sem. Nulla onsequat massa quis enim. donec pede justo fringilla vel aliquet.</p>\n\n<div class=\"tp-postbox-details-desc-thumb text-center\">\n   <img src=\"/storage/main/blog/blog-details-sm-1.jpg\" alt=\"\">\n   <span class=\"tp-postbox-details-desc-thumb-caption\">Gucci’s Women’s Cruise Collection 2023 Lookbook Has Arrived</span>\n</div>\n<p>“We’re so glad we’ll be working with you to get your new marketing strategy up and running. I\'ve attached the details of your package. Next you’ll get an email from Jen to schedule your kick-off meeting and be assigned your account rep. During your kick-off meeting, we will introduce your project team, let you know what access we need to start.” </p>\n\n<div class=\"tp-postbox-details-quote\">\n   <blockquote>\n      <div class=\"tp-postbox-details-quote-shape\">\n         <img class=\"tp-postbox-details-quote-shape-1\" src=\"/storage/main/shapes/line.png\" alt=\"\">\n         <img class=\"tp-postbox-details-quote-shape-2\" src=\"/storage/main/shapes/quote.png\" alt=\"\">\n      </div>\n      <p>There is a way out of every box, a solution to every puzzle its just a matter of finding it.</p>\n      <span style=\"color: #fff\">Shahnewaz Sakil</span>\n   </blockquote>\n</div>\n\n<h4 class=\"tp-postbox-details-heading\">Exploring the English Countryside</h4>\n<p>Lorem ligula eget dolor. Aenean massa. Cum sociis que penatibus et magnis dis parturient montes lorem,nascetur ridiculus mus. Donec quam felis, ultricies nec, pellentesque euro, pretium quis, sem. Nulla onsequat massa quis enim.</p>\n\n<div class=\"tp-postbox-details-list\">\n   <ul>\n      <li>Lorem ipsum dolor sit amet.</li>\n      <li>At vero eos et accusamus et iusto odio.</li>\n      <li>Excepteur sint occaecat cupidatat non proident.</li>\n   </ul>\n</div>\n<p>Rhoncus ut, imperdiet a, venenatis vitae, justo. Nullam dictum felis eu pede mollis pretium. Integer cidunt. Cras dapibus. Vivamus elementum semper nisi. Aenean vulputate eleifend tellus. Aenean leo ligula, porttitor eu, consequat vitae lorem.</p>\n','published',1,'Botble\\ACL\\Models\\User',0,'main/blog/post-10.jpg',664,NULL,'2024-05-10 02:10:23','2024-05-10 02:10:23'),(7,'Essential Qualities of Highly Successful Music','MORE than nothing.\' \'Nobody asked YOUR opinion,\' said Alice. \'You did,\' said the Queen never left off when they saw her, they hurried back to the beginning again?\' Alice ventured to say. \'What is.','<p class=\"tp-dropcap\">sales process is critically important to the success of your reps and your business. If you\'ve never seen a really skilled salesperson work, it seems almost effortless. They ask great questions, craftt perfect proposal, answer questions, address concerns and seamlessly seal the Underneath the surface of all of that, the salesperson has probably dedicated hours honing their craft and ensuring the process moves smoothly.</p>\n\n<p>One of the challenges that often surfaces when  working with a remote sales team is a lack of transparency over what is happening, and where in the process things are taking place. We’re going to peel back the curtain and show you how to create the best sales.</p>\n\n<h4 class=\"tp-postbox-details-heading\">Breaking Up With Fast Fashion Has Been Easier</h4>\n<p>Lommodo ligula eget dolor. Aenean massa. Cum sociis que penatibus magnis dis parturient montes lorem, nascetur ridiculus mus. Donec quam felis, ultricies nec, pellentesque euro, pretium, sem. Nulla onsequat massa quis enim. donec pede justo fringilla vel aliquet.</p>\n\n<div class=\"tp-postbox-details-desc-thumb text-center\">\n   <img src=\"/storage/main/blog/blog-details-sm-1.jpg\" alt=\"\">\n   <span class=\"tp-postbox-details-desc-thumb-caption\">Gucci’s Women’s Cruise Collection 2023 Lookbook Has Arrived</span>\n</div>\n<p>“We’re so glad we’ll be working with you to get your new marketing strategy up and running. I\'ve attached the details of your package. Next you’ll get an email from Jen to schedule your kick-off meeting and be assigned your account rep. During your kick-off meeting, we will introduce your project team, let you know what access we need to start.” </p>\n\n<div class=\"tp-postbox-details-quote\">\n   <blockquote>\n      <div class=\"tp-postbox-details-quote-shape\">\n         <img class=\"tp-postbox-details-quote-shape-1\" src=\"/storage/main/shapes/line.png\" alt=\"\">\n         <img class=\"tp-postbox-details-quote-shape-2\" src=\"/storage/main/shapes/quote.png\" alt=\"\">\n      </div>\n      <p>There is a way out of every box, a solution to every puzzle its just a matter of finding it.</p>\n      <span style=\"color: #fff\">Shahnewaz Sakil</span>\n   </blockquote>\n</div>\n\n<h4 class=\"tp-postbox-details-heading\">Exploring the English Countryside</h4>\n<p>Lorem ligula eget dolor. Aenean massa. Cum sociis que penatibus et magnis dis parturient montes lorem,nascetur ridiculus mus. Donec quam felis, ultricies nec, pellentesque euro, pretium quis, sem. Nulla onsequat massa quis enim.</p>\n\n<div class=\"tp-postbox-details-list\">\n   <ul>\n      <li>Lorem ipsum dolor sit amet.</li>\n      <li>At vero eos et accusamus et iusto odio.</li>\n      <li>Excepteur sint occaecat cupidatat non proident.</li>\n   </ul>\n</div>\n<p>Rhoncus ut, imperdiet a, venenatis vitae, justo. Nullam dictum felis eu pede mollis pretium. Integer cidunt. Cras dapibus. Vivamus elementum semper nisi. Aenean vulputate eleifend tellus. Aenean leo ligula, porttitor eu, consequat vitae lorem.</p>\n','published',1,'Botble\\ACL\\Models\\User',1,'main/blog/post-1.jpg',2301,NULL,'2024-05-10 02:10:23','2024-05-10 02:10:23'),(8,'9 Things I Love About Shaving My Head','I had not a mile high,\' said Alice. \'And be quick about it,\' said Alice. \'Of course not,\' Alice replied eagerly, for she thought, \'till its ears have come, or at any rate he might answer.','<p class=\"tp-dropcap\">sales process is critically important to the success of your reps and your business. If you\'ve never seen a really skilled salesperson work, it seems almost effortless. They ask great questions, craftt perfect proposal, answer questions, address concerns and seamlessly seal the Underneath the surface of all of that, the salesperson has probably dedicated hours honing their craft and ensuring the process moves smoothly.</p>\n\n<p>One of the challenges that often surfaces when  working with a remote sales team is a lack of transparency over what is happening, and where in the process things are taking place. We’re going to peel back the curtain and show you how to create the best sales.</p>\n\n<h4 class=\"tp-postbox-details-heading\">Breaking Up With Fast Fashion Has Been Easier</h4>\n<p>Lommodo ligula eget dolor. Aenean massa. Cum sociis que penatibus magnis dis parturient montes lorem, nascetur ridiculus mus. Donec quam felis, ultricies nec, pellentesque euro, pretium, sem. Nulla onsequat massa quis enim. donec pede justo fringilla vel aliquet.</p>\n\n<div class=\"tp-postbox-details-desc-thumb text-center\">\n   <img src=\"/storage/main/blog/blog-details-sm-1.jpg\" alt=\"\">\n   <span class=\"tp-postbox-details-desc-thumb-caption\">Gucci’s Women’s Cruise Collection 2023 Lookbook Has Arrived</span>\n</div>\n<p>“We’re so glad we’ll be working with you to get your new marketing strategy up and running. I\'ve attached the details of your package. Next you’ll get an email from Jen to schedule your kick-off meeting and be assigned your account rep. During your kick-off meeting, we will introduce your project team, let you know what access we need to start.” </p>\n\n<div class=\"tp-postbox-details-quote\">\n   <blockquote>\n      <div class=\"tp-postbox-details-quote-shape\">\n         <img class=\"tp-postbox-details-quote-shape-1\" src=\"/storage/main/shapes/line.png\" alt=\"\">\n         <img class=\"tp-postbox-details-quote-shape-2\" src=\"/storage/main/shapes/quote.png\" alt=\"\">\n      </div>\n      <p>There is a way out of every box, a solution to every puzzle its just a matter of finding it.</p>\n      <span style=\"color: #fff\">Shahnewaz Sakil</span>\n   </blockquote>\n</div>\n\n<h4 class=\"tp-postbox-details-heading\">Exploring the English Countryside</h4>\n<p>Lorem ligula eget dolor. Aenean massa. Cum sociis que penatibus et magnis dis parturient montes lorem,nascetur ridiculus mus. Donec quam felis, ultricies nec, pellentesque euro, pretium quis, sem. Nulla onsequat massa quis enim.</p>\n\n<div class=\"tp-postbox-details-list\">\n   <ul>\n      <li>Lorem ipsum dolor sit amet.</li>\n      <li>At vero eos et accusamus et iusto odio.</li>\n      <li>Excepteur sint occaecat cupidatat non proident.</li>\n   </ul>\n</div>\n<p>Rhoncus ut, imperdiet a, venenatis vitae, justo. Nullam dictum felis eu pede mollis pretium. Integer cidunt. Cras dapibus. Vivamus elementum semper nisi. Aenean vulputate eleifend tellus. Aenean leo ligula, porttitor eu, consequat vitae lorem.</p>\n','published',1,'Botble\\ACL\\Models\\User',1,'main/blog/post-6.jpg',1940,NULL,'2024-05-10 02:10:23','2024-05-10 02:10:23'),(9,'Why Teamwork Really Makes The Dream Work','I suppose.\' So she was losing her temper. \'Are you content now?\' said the Dormouse; \'--well in.\' This answer so confused poor Alice, \'to speak to this mouse? Everything is so out-of-the-way down.','<p class=\"tp-dropcap\">sales process is critically important to the success of your reps and your business. If you\'ve never seen a really skilled salesperson work, it seems almost effortless. They ask great questions, craftt perfect proposal, answer questions, address concerns and seamlessly seal the Underneath the surface of all of that, the salesperson has probably dedicated hours honing their craft and ensuring the process moves smoothly.</p>\n\n<p>One of the challenges that often surfaces when  working with a remote sales team is a lack of transparency over what is happening, and where in the process things are taking place. We’re going to peel back the curtain and show you how to create the best sales.</p>\n\n<h4 class=\"tp-postbox-details-heading\">Breaking Up With Fast Fashion Has Been Easier</h4>\n<p>Lommodo ligula eget dolor. Aenean massa. Cum sociis que penatibus magnis dis parturient montes lorem, nascetur ridiculus mus. Donec quam felis, ultricies nec, pellentesque euro, pretium, sem. Nulla onsequat massa quis enim. donec pede justo fringilla vel aliquet.</p>\n\n<div class=\"tp-postbox-details-desc-thumb text-center\">\n   <img src=\"/storage/main/blog/blog-details-sm-1.jpg\" alt=\"\">\n   <span class=\"tp-postbox-details-desc-thumb-caption\">Gucci’s Women’s Cruise Collection 2023 Lookbook Has Arrived</span>\n</div>\n<p>“We’re so glad we’ll be working with you to get your new marketing strategy up and running. I\'ve attached the details of your package. Next you’ll get an email from Jen to schedule your kick-off meeting and be assigned your account rep. During your kick-off meeting, we will introduce your project team, let you know what access we need to start.” </p>\n\n<div class=\"tp-postbox-details-quote\">\n   <blockquote>\n      <div class=\"tp-postbox-details-quote-shape\">\n         <img class=\"tp-postbox-details-quote-shape-1\" src=\"/storage/main/shapes/line.png\" alt=\"\">\n         <img class=\"tp-postbox-details-quote-shape-2\" src=\"/storage/main/shapes/quote.png\" alt=\"\">\n      </div>\n      <p>There is a way out of every box, a solution to every puzzle its just a matter of finding it.</p>\n      <span style=\"color: #fff\">Shahnewaz Sakil</span>\n   </blockquote>\n</div>\n\n<h4 class=\"tp-postbox-details-heading\">Exploring the English Countryside</h4>\n<p>Lorem ligula eget dolor. Aenean massa. Cum sociis que penatibus et magnis dis parturient montes lorem,nascetur ridiculus mus. Donec quam felis, ultricies nec, pellentesque euro, pretium quis, sem. Nulla onsequat massa quis enim.</p>\n\n<div class=\"tp-postbox-details-list\">\n   <ul>\n      <li>Lorem ipsum dolor sit amet.</li>\n      <li>At vero eos et accusamus et iusto odio.</li>\n      <li>Excepteur sint occaecat cupidatat non proident.</li>\n   </ul>\n</div>\n<p>Rhoncus ut, imperdiet a, venenatis vitae, justo. Nullam dictum felis eu pede mollis pretium. Integer cidunt. Cras dapibus. Vivamus elementum semper nisi. Aenean vulputate eleifend tellus. Aenean leo ligula, porttitor eu, consequat vitae lorem.</p>\n','published',1,'Botble\\ACL\\Models\\User',1,'main/blog/post-7.jpg',2258,NULL,'2024-05-10 02:10:23','2024-05-10 02:10:23'),(10,'The World Caters to Average People','THAT direction,\' the Cat in a minute. Alice began in a hot tureen! Who for such dainties would not join the dance?\"\' \'Thank you, it\'s a very good height indeed!\' said Alice, in a wondering tone.','<p class=\"tp-dropcap\">sales process is critically important to the success of your reps and your business. If you\'ve never seen a really skilled salesperson work, it seems almost effortless. They ask great questions, craftt perfect proposal, answer questions, address concerns and seamlessly seal the Underneath the surface of all of that, the salesperson has probably dedicated hours honing their craft and ensuring the process moves smoothly.</p>\n\n<p>One of the challenges that often surfaces when  working with a remote sales team is a lack of transparency over what is happening, and where in the process things are taking place. We’re going to peel back the curtain and show you how to create the best sales.</p>\n\n<h4 class=\"tp-postbox-details-heading\">Breaking Up With Fast Fashion Has Been Easier</h4>\n<p>Lommodo ligula eget dolor. Aenean massa. Cum sociis que penatibus magnis dis parturient montes lorem, nascetur ridiculus mus. Donec quam felis, ultricies nec, pellentesque euro, pretium, sem. Nulla onsequat massa quis enim. donec pede justo fringilla vel aliquet.</p>\n\n<div class=\"tp-postbox-details-desc-thumb text-center\">\n   <img src=\"/storage/main/blog/blog-details-sm-1.jpg\" alt=\"\">\n   <span class=\"tp-postbox-details-desc-thumb-caption\">Gucci’s Women’s Cruise Collection 2023 Lookbook Has Arrived</span>\n</div>\n<p>“We’re so glad we’ll be working with you to get your new marketing strategy up and running. I\'ve attached the details of your package. Next you’ll get an email from Jen to schedule your kick-off meeting and be assigned your account rep. During your kick-off meeting, we will introduce your project team, let you know what access we need to start.” </p>\n\n<div class=\"tp-postbox-details-quote\">\n   <blockquote>\n      <div class=\"tp-postbox-details-quote-shape\">\n         <img class=\"tp-postbox-details-quote-shape-1\" src=\"/storage/main/shapes/line.png\" alt=\"\">\n         <img class=\"tp-postbox-details-quote-shape-2\" src=\"/storage/main/shapes/quote.png\" alt=\"\">\n      </div>\n      <p>There is a way out of every box, a solution to every puzzle its just a matter of finding it.</p>\n      <span style=\"color: #fff\">Shahnewaz Sakil</span>\n   </blockquote>\n</div>\n\n<h4 class=\"tp-postbox-details-heading\">Exploring the English Countryside</h4>\n<p>Lorem ligula eget dolor. Aenean massa. Cum sociis que penatibus et magnis dis parturient montes lorem,nascetur ridiculus mus. Donec quam felis, ultricies nec, pellentesque euro, pretium quis, sem. Nulla onsequat massa quis enim.</p>\n\n<div class=\"tp-postbox-details-list\">\n   <ul>\n      <li>Lorem ipsum dolor sit amet.</li>\n      <li>At vero eos et accusamus et iusto odio.</li>\n      <li>Excepteur sint occaecat cupidatat non proident.</li>\n   </ul>\n</div>\n<p>Rhoncus ut, imperdiet a, venenatis vitae, justo. Nullam dictum felis eu pede mollis pretium. Integer cidunt. Cras dapibus. Vivamus elementum semper nisi. Aenean vulputate eleifend tellus. Aenean leo ligula, porttitor eu, consequat vitae lorem.</p>\n','published',1,'Botble\\ACL\\Models\\User',1,'main/blog/post-9.jpg',1653,NULL,'2024-05-10 02:10:23','2024-05-10 02:10:23'),(11,'The litigants on the screen are not actors','The Queen\'s Croquet-Ground A large rose-tree stood near the looking-glass. There was a queer-shaped little creature, and held out its arms folded, quietly smoking a long breath, and till the eyes.','<p class=\"tp-dropcap\">sales process is critically important to the success of your reps and your business. If you\'ve never seen a really skilled salesperson work, it seems almost effortless. They ask great questions, craftt perfect proposal, answer questions, address concerns and seamlessly seal the Underneath the surface of all of that, the salesperson has probably dedicated hours honing their craft and ensuring the process moves smoothly.</p>\n\n<p>One of the challenges that often surfaces when  working with a remote sales team is a lack of transparency over what is happening, and where in the process things are taking place. We’re going to peel back the curtain and show you how to create the best sales.</p>\n\n<h4 class=\"tp-postbox-details-heading\">Breaking Up With Fast Fashion Has Been Easier</h4>\n<p>Lommodo ligula eget dolor. Aenean massa. Cum sociis que penatibus magnis dis parturient montes lorem, nascetur ridiculus mus. Donec quam felis, ultricies nec, pellentesque euro, pretium, sem. Nulla onsequat massa quis enim. donec pede justo fringilla vel aliquet.</p>\n\n<div class=\"tp-postbox-details-desc-thumb text-center\">\n   <img src=\"/storage/main/blog/blog-details-sm-1.jpg\" alt=\"\">\n   <span class=\"tp-postbox-details-desc-thumb-caption\">Gucci’s Women’s Cruise Collection 2023 Lookbook Has Arrived</span>\n</div>\n<p>“We’re so glad we’ll be working with you to get your new marketing strategy up and running. I\'ve attached the details of your package. Next you’ll get an email from Jen to schedule your kick-off meeting and be assigned your account rep. During your kick-off meeting, we will introduce your project team, let you know what access we need to start.” </p>\n\n<div class=\"tp-postbox-details-quote\">\n   <blockquote>\n      <div class=\"tp-postbox-details-quote-shape\">\n         <img class=\"tp-postbox-details-quote-shape-1\" src=\"/storage/main/shapes/line.png\" alt=\"\">\n         <img class=\"tp-postbox-details-quote-shape-2\" src=\"/storage/main/shapes/quote.png\" alt=\"\">\n      </div>\n      <p>There is a way out of every box, a solution to every puzzle its just a matter of finding it.</p>\n      <span style=\"color: #fff\">Shahnewaz Sakil</span>\n   </blockquote>\n</div>\n\n<h4 class=\"tp-postbox-details-heading\">Exploring the English Countryside</h4>\n<p>Lorem ligula eget dolor. Aenean massa. Cum sociis que penatibus et magnis dis parturient montes lorem,nascetur ridiculus mus. Donec quam felis, ultricies nec, pellentesque euro, pretium quis, sem. Nulla onsequat massa quis enim.</p>\n\n<div class=\"tp-postbox-details-list\">\n   <ul>\n      <li>Lorem ipsum dolor sit amet.</li>\n      <li>At vero eos et accusamus et iusto odio.</li>\n      <li>Excepteur sint occaecat cupidatat non proident.</li>\n   </ul>\n</div>\n<p>Rhoncus ut, imperdiet a, venenatis vitae, justo. Nullam dictum felis eu pede mollis pretium. Integer cidunt. Cras dapibus. Vivamus elementum semper nisi. Aenean vulputate eleifend tellus. Aenean leo ligula, porttitor eu, consequat vitae lorem.</p>\n','published',1,'Botble\\ACL\\Models\\User',0,'main/blog/post-10.jpg',971,NULL,'2024-05-10 02:10:23','2024-05-10 02:10:23'),(12,'Hiring the Right Sales Team at the Right Time','I\'m a deal too far off to the jury, who instantly made a snatch in the newspapers, at the March Hare will be When they take us up and throw us, with the tarts, you know--\' \'But, it goes on \"THEY ALL.','<p class=\"tp-dropcap\">sales process is critically important to the success of your reps and your business. If you\'ve never seen a really skilled salesperson work, it seems almost effortless. They ask great questions, craftt perfect proposal, answer questions, address concerns and seamlessly seal the Underneath the surface of all of that, the salesperson has probably dedicated hours honing their craft and ensuring the process moves smoothly.</p>\n\n<p>One of the challenges that often surfaces when  working with a remote sales team is a lack of transparency over what is happening, and where in the process things are taking place. We’re going to peel back the curtain and show you how to create the best sales.</p>\n\n<h4 class=\"tp-postbox-details-heading\">Breaking Up With Fast Fashion Has Been Easier</h4>\n<p>Lommodo ligula eget dolor. Aenean massa. Cum sociis que penatibus magnis dis parturient montes lorem, nascetur ridiculus mus. Donec quam felis, ultricies nec, pellentesque euro, pretium, sem. Nulla onsequat massa quis enim. donec pede justo fringilla vel aliquet.</p>\n\n<div class=\"tp-postbox-details-desc-thumb text-center\">\n   <img src=\"/storage/main/blog/blog-details-sm-1.jpg\" alt=\"\">\n   <span class=\"tp-postbox-details-desc-thumb-caption\">Gucci’s Women’s Cruise Collection 2023 Lookbook Has Arrived</span>\n</div>\n<p>“We’re so glad we’ll be working with you to get your new marketing strategy up and running. I\'ve attached the details of your package. Next you’ll get an email from Jen to schedule your kick-off meeting and be assigned your account rep. During your kick-off meeting, we will introduce your project team, let you know what access we need to start.” </p>\n\n<div class=\"tp-postbox-details-quote\">\n   <blockquote>\n      <div class=\"tp-postbox-details-quote-shape\">\n         <img class=\"tp-postbox-details-quote-shape-1\" src=\"/storage/main/shapes/line.png\" alt=\"\">\n         <img class=\"tp-postbox-details-quote-shape-2\" src=\"/storage/main/shapes/quote.png\" alt=\"\">\n      </div>\n      <p>There is a way out of every box, a solution to every puzzle its just a matter of finding it.</p>\n      <span style=\"color: #fff\">Shahnewaz Sakil</span>\n   </blockquote>\n</div>\n\n<h4 class=\"tp-postbox-details-heading\">Exploring the English Countryside</h4>\n<p>Lorem ligula eget dolor. Aenean massa. Cum sociis que penatibus et magnis dis parturient montes lorem,nascetur ridiculus mus. Donec quam felis, ultricies nec, pellentesque euro, pretium quis, sem. Nulla onsequat massa quis enim.</p>\n\n<div class=\"tp-postbox-details-list\">\n   <ul>\n      <li>Lorem ipsum dolor sit amet.</li>\n      <li>At vero eos et accusamus et iusto odio.</li>\n      <li>Excepteur sint occaecat cupidatat non proident.</li>\n   </ul>\n</div>\n<p>Rhoncus ut, imperdiet a, venenatis vitae, justo. Nullam dictum felis eu pede mollis pretium. Integer cidunt. Cras dapibus. Vivamus elementum semper nisi. Aenean vulputate eleifend tellus. Aenean leo ligula, porttitor eu, consequat vitae lorem.</p>\n','published',1,'Botble\\ACL\\Models\\User',0,'main/blog/post-5.jpg',2347,NULL,'2024-05-10 02:10:23','2024-05-10 02:10:23'),(13,'Fully Embrace the Return of 90s fashion','He looked anxiously at the other side of WHAT?\' thought Alice; but she got up in a moment that it was not even room for YOU, and no more to do that,\' said Alice. \'Anything you like,\' said the.','<p class=\"tp-dropcap\">sales process is critically important to the success of your reps and your business. If you\'ve never seen a really skilled salesperson work, it seems almost effortless. They ask great questions, craftt perfect proposal, answer questions, address concerns and seamlessly seal the Underneath the surface of all of that, the salesperson has probably dedicated hours honing their craft and ensuring the process moves smoothly.</p>\n\n<p>One of the challenges that often surfaces when  working with a remote sales team is a lack of transparency over what is happening, and where in the process things are taking place. We’re going to peel back the curtain and show you how to create the best sales.</p>\n\n<h4 class=\"tp-postbox-details-heading\">Breaking Up With Fast Fashion Has Been Easier</h4>\n<p>Lommodo ligula eget dolor. Aenean massa. Cum sociis que penatibus magnis dis parturient montes lorem, nascetur ridiculus mus. Donec quam felis, ultricies nec, pellentesque euro, pretium, sem. Nulla onsequat massa quis enim. donec pede justo fringilla vel aliquet.</p>\n\n<div class=\"tp-postbox-details-desc-thumb text-center\">\n   <img src=\"/storage/main/blog/blog-details-sm-1.jpg\" alt=\"\">\n   <span class=\"tp-postbox-details-desc-thumb-caption\">Gucci’s Women’s Cruise Collection 2023 Lookbook Has Arrived</span>\n</div>\n<p>“We’re so glad we’ll be working with you to get your new marketing strategy up and running. I\'ve attached the details of your package. Next you’ll get an email from Jen to schedule your kick-off meeting and be assigned your account rep. During your kick-off meeting, we will introduce your project team, let you know what access we need to start.” </p>\n\n<div class=\"tp-postbox-details-quote\">\n   <blockquote>\n      <div class=\"tp-postbox-details-quote-shape\">\n         <img class=\"tp-postbox-details-quote-shape-1\" src=\"/storage/main/shapes/line.png\" alt=\"\">\n         <img class=\"tp-postbox-details-quote-shape-2\" src=\"/storage/main/shapes/quote.png\" alt=\"\">\n      </div>\n      <p>There is a way out of every box, a solution to every puzzle its just a matter of finding it.</p>\n      <span style=\"color: #fff\">Shahnewaz Sakil</span>\n   </blockquote>\n</div>\n\n<h4 class=\"tp-postbox-details-heading\">Exploring the English Countryside</h4>\n<p>Lorem ligula eget dolor. Aenean massa. Cum sociis que penatibus et magnis dis parturient montes lorem,nascetur ridiculus mus. Donec quam felis, ultricies nec, pellentesque euro, pretium quis, sem. Nulla onsequat massa quis enim.</p>\n\n<div class=\"tp-postbox-details-list\">\n   <ul>\n      <li>Lorem ipsum dolor sit amet.</li>\n      <li>At vero eos et accusamus et iusto odio.</li>\n      <li>Excepteur sint occaecat cupidatat non proident.</li>\n   </ul>\n</div>\n<p>Rhoncus ut, imperdiet a, venenatis vitae, justo. Nullam dictum felis eu pede mollis pretium. Integer cidunt. Cras dapibus. Vivamus elementum semper nisi. Aenean vulputate eleifend tellus. Aenean leo ligula, porttitor eu, consequat vitae lorem.</p>\n','published',1,'Botble\\ACL\\Models\\User',0,'main/blog/post-1.jpg',2428,NULL,'2024-05-10 02:10:23','2024-05-10 02:10:23'),(14,'Exploring the English Countryside','Mind now!\' The poor little thing howled so, that Alice said; but was dreadfully puzzled by the English, who wanted leaders, and had just begun \'Well, of all her riper years, the simple and loving.','<p class=\"tp-dropcap\">sales process is critically important to the success of your reps and your business. If you\'ve never seen a really skilled salesperson work, it seems almost effortless. They ask great questions, craftt perfect proposal, answer questions, address concerns and seamlessly seal the Underneath the surface of all of that, the salesperson has probably dedicated hours honing their craft and ensuring the process moves smoothly.</p>\n\n<p>One of the challenges that often surfaces when  working with a remote sales team is a lack of transparency over what is happening, and where in the process things are taking place. We’re going to peel back the curtain and show you how to create the best sales.</p>\n\n<h4 class=\"tp-postbox-details-heading\">Breaking Up With Fast Fashion Has Been Easier</h4>\n<p>Lommodo ligula eget dolor. Aenean massa. Cum sociis que penatibus magnis dis parturient montes lorem, nascetur ridiculus mus. Donec quam felis, ultricies nec, pellentesque euro, pretium, sem. Nulla onsequat massa quis enim. donec pede justo fringilla vel aliquet.</p>\n\n<div class=\"tp-postbox-details-desc-thumb text-center\">\n   <img src=\"/storage/main/blog/blog-details-sm-1.jpg\" alt=\"\">\n   <span class=\"tp-postbox-details-desc-thumb-caption\">Gucci’s Women’s Cruise Collection 2023 Lookbook Has Arrived</span>\n</div>\n<p>“We’re so glad we’ll be working with you to get your new marketing strategy up and running. I\'ve attached the details of your package. Next you’ll get an email from Jen to schedule your kick-off meeting and be assigned your account rep. During your kick-off meeting, we will introduce your project team, let you know what access we need to start.” </p>\n\n<div class=\"tp-postbox-details-quote\">\n   <blockquote>\n      <div class=\"tp-postbox-details-quote-shape\">\n         <img class=\"tp-postbox-details-quote-shape-1\" src=\"/storage/main/shapes/line.png\" alt=\"\">\n         <img class=\"tp-postbox-details-quote-shape-2\" src=\"/storage/main/shapes/quote.png\" alt=\"\">\n      </div>\n      <p>There is a way out of every box, a solution to every puzzle its just a matter of finding it.</p>\n      <span style=\"color: #fff\">Shahnewaz Sakil</span>\n   </blockquote>\n</div>\n\n<h4 class=\"tp-postbox-details-heading\">Exploring the English Countryside</h4>\n<p>Lorem ligula eget dolor. Aenean massa. Cum sociis que penatibus et magnis dis parturient montes lorem,nascetur ridiculus mus. Donec quam felis, ultricies nec, pellentesque euro, pretium quis, sem. Nulla onsequat massa quis enim.</p>\n\n<div class=\"tp-postbox-details-list\">\n   <ul>\n      <li>Lorem ipsum dolor sit amet.</li>\n      <li>At vero eos et accusamus et iusto odio.</li>\n      <li>Excepteur sint occaecat cupidatat non proident.</li>\n   </ul>\n</div>\n<p>Rhoncus ut, imperdiet a, venenatis vitae, justo. Nullam dictum felis eu pede mollis pretium. Integer cidunt. Cras dapibus. Vivamus elementum semper nisi. Aenean vulputate eleifend tellus. Aenean leo ligula, porttitor eu, consequat vitae lorem.</p>\n','published',1,'Botble\\ACL\\Models\\User',1,'main/blog/post-12.jpg',410,NULL,'2024-05-10 02:10:23','2024-05-10 02:10:23'),(15,'Here’s the First Valentino’s New Makeup Collection','Hatter. He came in sight of the sort. Next came the guests, mostly Kings and Queens, and among them Alice recognised the White Rabbit, trotting slowly back to the jury, who instantly made a rush at.','<p class=\"tp-dropcap\">sales process is critically important to the success of your reps and your business. If you\'ve never seen a really skilled salesperson work, it seems almost effortless. They ask great questions, craftt perfect proposal, answer questions, address concerns and seamlessly seal the Underneath the surface of all of that, the salesperson has probably dedicated hours honing their craft and ensuring the process moves smoothly.</p>\n\n<p>One of the challenges that often surfaces when  working with a remote sales team is a lack of transparency over what is happening, and where in the process things are taking place. We’re going to peel back the curtain and show you how to create the best sales.</p>\n\n<h4 class=\"tp-postbox-details-heading\">Breaking Up With Fast Fashion Has Been Easier</h4>\n<p>Lommodo ligula eget dolor. Aenean massa. Cum sociis que penatibus magnis dis parturient montes lorem, nascetur ridiculus mus. Donec quam felis, ultricies nec, pellentesque euro, pretium, sem. Nulla onsequat massa quis enim. donec pede justo fringilla vel aliquet.</p>\n\n<div class=\"tp-postbox-details-desc-thumb text-center\">\n   <img src=\"/storage/main/blog/blog-details-sm-1.jpg\" alt=\"\">\n   <span class=\"tp-postbox-details-desc-thumb-caption\">Gucci’s Women’s Cruise Collection 2023 Lookbook Has Arrived</span>\n</div>\n<p>“We’re so glad we’ll be working with you to get your new marketing strategy up and running. I\'ve attached the details of your package. Next you’ll get an email from Jen to schedule your kick-off meeting and be assigned your account rep. During your kick-off meeting, we will introduce your project team, let you know what access we need to start.” </p>\n\n<div class=\"tp-postbox-details-quote\">\n   <blockquote>\n      <div class=\"tp-postbox-details-quote-shape\">\n         <img class=\"tp-postbox-details-quote-shape-1\" src=\"/storage/main/shapes/line.png\" alt=\"\">\n         <img class=\"tp-postbox-details-quote-shape-2\" src=\"/storage/main/shapes/quote.png\" alt=\"\">\n      </div>\n      <p>There is a way out of every box, a solution to every puzzle its just a matter of finding it.</p>\n      <span style=\"color: #fff\">Shahnewaz Sakil</span>\n   </blockquote>\n</div>\n\n<h4 class=\"tp-postbox-details-heading\">Exploring the English Countryside</h4>\n<p>Lorem ligula eget dolor. Aenean massa. Cum sociis que penatibus et magnis dis parturient montes lorem,nascetur ridiculus mus. Donec quam felis, ultricies nec, pellentesque euro, pretium quis, sem. Nulla onsequat massa quis enim.</p>\n\n<div class=\"tp-postbox-details-list\">\n   <ul>\n      <li>Lorem ipsum dolor sit amet.</li>\n      <li>At vero eos et accusamus et iusto odio.</li>\n      <li>Excepteur sint occaecat cupidatat non proident.</li>\n   </ul>\n</div>\n<p>Rhoncus ut, imperdiet a, venenatis vitae, justo. Nullam dictum felis eu pede mollis pretium. Integer cidunt. Cras dapibus. Vivamus elementum semper nisi. Aenean vulputate eleifend tellus. Aenean leo ligula, porttitor eu, consequat vitae lorem.</p>\n','published',1,'Botble\\ACL\\Models\\User',1,'main/blog/post-9.jpg',2009,NULL,'2024-05-10 02:10:23','2024-05-10 02:10:23'),(16,'Follow Your own Design process, whatever gets','Alice. It looked good-natured, she thought: still it was indeed: she was terribly frightened all the children she knew, who might do something better with the words \'DRINK ME,\' but nevertheless she.','<p class=\"tp-dropcap\">sales process is critically important to the success of your reps and your business. If you\'ve never seen a really skilled salesperson work, it seems almost effortless. They ask great questions, craftt perfect proposal, answer questions, address concerns and seamlessly seal the Underneath the surface of all of that, the salesperson has probably dedicated hours honing their craft and ensuring the process moves smoothly.</p>\n\n<p>One of the challenges that often surfaces when  working with a remote sales team is a lack of transparency over what is happening, and where in the process things are taking place. We’re going to peel back the curtain and show you how to create the best sales.</p>\n\n<h4 class=\"tp-postbox-details-heading\">Breaking Up With Fast Fashion Has Been Easier</h4>\n<p>Lommodo ligula eget dolor. Aenean massa. Cum sociis que penatibus magnis dis parturient montes lorem, nascetur ridiculus mus. Donec quam felis, ultricies nec, pellentesque euro, pretium, sem. Nulla onsequat massa quis enim. donec pede justo fringilla vel aliquet.</p>\n\n<div class=\"tp-postbox-details-desc-thumb text-center\">\n   <img src=\"/storage/main/blog/blog-details-sm-1.jpg\" alt=\"\">\n   <span class=\"tp-postbox-details-desc-thumb-caption\">Gucci’s Women’s Cruise Collection 2023 Lookbook Has Arrived</span>\n</div>\n<p>“We’re so glad we’ll be working with you to get your new marketing strategy up and running. I\'ve attached the details of your package. Next you’ll get an email from Jen to schedule your kick-off meeting and be assigned your account rep. During your kick-off meeting, we will introduce your project team, let you know what access we need to start.” </p>\n\n<div class=\"tp-postbox-details-quote\">\n   <blockquote>\n      <div class=\"tp-postbox-details-quote-shape\">\n         <img class=\"tp-postbox-details-quote-shape-1\" src=\"/storage/main/shapes/line.png\" alt=\"\">\n         <img class=\"tp-postbox-details-quote-shape-2\" src=\"/storage/main/shapes/quote.png\" alt=\"\">\n      </div>\n      <p>There is a way out of every box, a solution to every puzzle its just a matter of finding it.</p>\n      <span style=\"color: #fff\">Shahnewaz Sakil</span>\n   </blockquote>\n</div>\n\n<h4 class=\"tp-postbox-details-heading\">Exploring the English Countryside</h4>\n<p>Lorem ligula eget dolor. Aenean massa. Cum sociis que penatibus et magnis dis parturient montes lorem,nascetur ridiculus mus. Donec quam felis, ultricies nec, pellentesque euro, pretium quis, sem. Nulla onsequat massa quis enim.</p>\n\n<div class=\"tp-postbox-details-list\">\n   <ul>\n      <li>Lorem ipsum dolor sit amet.</li>\n      <li>At vero eos et accusamus et iusto odio.</li>\n      <li>Excepteur sint occaecat cupidatat non proident.</li>\n   </ul>\n</div>\n<p>Rhoncus ut, imperdiet a, venenatis vitae, justo. Nullam dictum felis eu pede mollis pretium. Integer cidunt. Cras dapibus. Vivamus elementum semper nisi. Aenean vulputate eleifend tellus. Aenean leo ligula, porttitor eu, consequat vitae lorem.</p>\n','published',1,'Botble\\ACL\\Models\\User',1,'main/blog/post-7.jpg',837,NULL,'2024-05-10 02:10:23','2024-05-10 02:10:23'),(17,'Freelancer Days 2024, What’s new?','Mock Turtle. So she tucked it away under her arm, with its legs hanging down, but generally, just as if he were trying to make it stop. \'Well, I\'d hardly finished the first position in which you.','<p class=\"tp-dropcap\">sales process is critically important to the success of your reps and your business. If you\'ve never seen a really skilled salesperson work, it seems almost effortless. They ask great questions, craftt perfect proposal, answer questions, address concerns and seamlessly seal the Underneath the surface of all of that, the salesperson has probably dedicated hours honing their craft and ensuring the process moves smoothly.</p>\n\n<p>One of the challenges that often surfaces when  working with a remote sales team is a lack of transparency over what is happening, and where in the process things are taking place. We’re going to peel back the curtain and show you how to create the best sales.</p>\n\n<h4 class=\"tp-postbox-details-heading\">Breaking Up With Fast Fashion Has Been Easier</h4>\n<p>Lommodo ligula eget dolor. Aenean massa. Cum sociis que penatibus magnis dis parturient montes lorem, nascetur ridiculus mus. Donec quam felis, ultricies nec, pellentesque euro, pretium, sem. Nulla onsequat massa quis enim. donec pede justo fringilla vel aliquet.</p>\n\n<div class=\"tp-postbox-details-desc-thumb text-center\">\n   <img src=\"/storage/main/blog/blog-details-sm-1.jpg\" alt=\"\">\n   <span class=\"tp-postbox-details-desc-thumb-caption\">Gucci’s Women’s Cruise Collection 2023 Lookbook Has Arrived</span>\n</div>\n<p>“We’re so glad we’ll be working with you to get your new marketing strategy up and running. I\'ve attached the details of your package. Next you’ll get an email from Jen to schedule your kick-off meeting and be assigned your account rep. During your kick-off meeting, we will introduce your project team, let you know what access we need to start.” </p>\n\n<div class=\"tp-postbox-details-quote\">\n   <blockquote>\n      <div class=\"tp-postbox-details-quote-shape\">\n         <img class=\"tp-postbox-details-quote-shape-1\" src=\"/storage/main/shapes/line.png\" alt=\"\">\n         <img class=\"tp-postbox-details-quote-shape-2\" src=\"/storage/main/shapes/quote.png\" alt=\"\">\n      </div>\n      <p>There is a way out of every box, a solution to every puzzle its just a matter of finding it.</p>\n      <span style=\"color: #fff\">Shahnewaz Sakil</span>\n   </blockquote>\n</div>\n\n<h4 class=\"tp-postbox-details-heading\">Exploring the English Countryside</h4>\n<p>Lorem ligula eget dolor. Aenean massa. Cum sociis que penatibus et magnis dis parturient montes lorem,nascetur ridiculus mus. Donec quam felis, ultricies nec, pellentesque euro, pretium quis, sem. Nulla onsequat massa quis enim.</p>\n\n<div class=\"tp-postbox-details-list\">\n   <ul>\n      <li>Lorem ipsum dolor sit amet.</li>\n      <li>At vero eos et accusamus et iusto odio.</li>\n      <li>Excepteur sint occaecat cupidatat non proident.</li>\n   </ul>\n</div>\n<p>Rhoncus ut, imperdiet a, venenatis vitae, justo. Nullam dictum felis eu pede mollis pretium. Integer cidunt. Cras dapibus. Vivamus elementum semper nisi. Aenean vulputate eleifend tellus. Aenean leo ligula, porttitor eu, consequat vitae lorem.</p>\n','published',1,'Botble\\ACL\\Models\\User',0,'main/blog/post-12.jpg',814,NULL,'2024-05-10 02:10:23','2024-05-10 02:10:23'),(18,'Quality Foods Requirments For Every Human Body’s','I\'m pleased, and wag my tail when I\'m angry. Therefore I\'m mad.\' \'I call it sad?\' And she tried the little golden key, and Alice\'s elbow was pressed so closely against her foot, that there ought!.','<p class=\"tp-dropcap\">sales process is critically important to the success of your reps and your business. If you\'ve never seen a really skilled salesperson work, it seems almost effortless. They ask great questions, craftt perfect proposal, answer questions, address concerns and seamlessly seal the Underneath the surface of all of that, the salesperson has probably dedicated hours honing their craft and ensuring the process moves smoothly.</p>\n\n<p>One of the challenges that often surfaces when  working with a remote sales team is a lack of transparency over what is happening, and where in the process things are taking place. We’re going to peel back the curtain and show you how to create the best sales.</p>\n\n<h4 class=\"tp-postbox-details-heading\">Breaking Up With Fast Fashion Has Been Easier</h4>\n<p>Lommodo ligula eget dolor. Aenean massa. Cum sociis que penatibus magnis dis parturient montes lorem, nascetur ridiculus mus. Donec quam felis, ultricies nec, pellentesque euro, pretium, sem. Nulla onsequat massa quis enim. donec pede justo fringilla vel aliquet.</p>\n\n<div class=\"tp-postbox-details-desc-thumb text-center\">\n   <img src=\"/storage/main/blog/blog-details-sm-1.jpg\" alt=\"\">\n   <span class=\"tp-postbox-details-desc-thumb-caption\">Gucci’s Women’s Cruise Collection 2023 Lookbook Has Arrived</span>\n</div>\n<p>“We’re so glad we’ll be working with you to get your new marketing strategy up and running. I\'ve attached the details of your package. Next you’ll get an email from Jen to schedule your kick-off meeting and be assigned your account rep. During your kick-off meeting, we will introduce your project team, let you know what access we need to start.” </p>\n\n<div class=\"tp-postbox-details-quote\">\n   <blockquote>\n      <div class=\"tp-postbox-details-quote-shape\">\n         <img class=\"tp-postbox-details-quote-shape-1\" src=\"/storage/main/shapes/line.png\" alt=\"\">\n         <img class=\"tp-postbox-details-quote-shape-2\" src=\"/storage/main/shapes/quote.png\" alt=\"\">\n      </div>\n      <p>There is a way out of every box, a solution to every puzzle its just a matter of finding it.</p>\n      <span style=\"color: #fff\">Shahnewaz Sakil</span>\n   </blockquote>\n</div>\n\n<h4 class=\"tp-postbox-details-heading\">Exploring the English Countryside</h4>\n<p>Lorem ligula eget dolor. Aenean massa. Cum sociis que penatibus et magnis dis parturient montes lorem,nascetur ridiculus mus. Donec quam felis, ultricies nec, pellentesque euro, pretium quis, sem. Nulla onsequat massa quis enim.</p>\n\n<div class=\"tp-postbox-details-list\">\n   <ul>\n      <li>Lorem ipsum dolor sit amet.</li>\n      <li>At vero eos et accusamus et iusto odio.</li>\n      <li>Excepteur sint occaecat cupidatat non proident.</li>\n   </ul>\n</div>\n<p>Rhoncus ut, imperdiet a, venenatis vitae, justo. Nullam dictum felis eu pede mollis pretium. Integer cidunt. Cras dapibus. Vivamus elementum semper nisi. Aenean vulputate eleifend tellus. Aenean leo ligula, porttitor eu, consequat vitae lorem.</p>\n','published',1,'Botble\\ACL\\Models\\User',0,'main/blog/post-2.jpg',1334,NULL,'2024-05-10 02:10:23','2024-05-10 02:10:23');

--
-- Table structure for table `posts_translations`
--

CREATE TABLE `posts_translations` (
  `lang_code` varchar(20) COLLATE utf8mb4_unicode_ci NOT NULL,
  `posts_id` bigint unsigned NOT NULL,
  `name` varchar(191) COLLATE utf8mb4_unicode_ci DEFAULT NULL,
  `description` varchar(400) COLLATE utf8mb4_unicode_ci DEFAULT NULL,
  `content` longtext COLLATE utf8mb4_unicode_ci,
  PRIMARY KEY (`lang_code`,`posts_id`)
) ENGINE=InnoDB DEFAULT CHARSET=utf8mb4 COLLATE=utf8mb4_unicode_ci;

--
-- Dumping data for table `posts_translations`
--


--
-- Table structure for table `request_logs`
--

CREATE TABLE `request_logs` (
  `id` bigint unsigned NOT NULL AUTO_INCREMENT,
  `status_code` int DEFAULT NULL,
  `url` varchar(191) COLLATE utf8mb4_unicode_ci DEFAULT NULL,
  `count` int unsigned NOT NULL DEFAULT '0',
  `user_id` varchar(191) COLLATE utf8mb4_unicode_ci DEFAULT NULL,
  `referrer` text COLLATE utf8mb4_unicode_ci,
  `created_at` timestamp NULL DEFAULT NULL,
  `updated_at` timestamp NULL DEFAULT NULL,
  PRIMARY KEY (`id`)
) ENGINE=InnoDB DEFAULT CHARSET=utf8mb4 COLLATE=utf8mb4_unicode_ci;

--
-- Dumping data for table `request_logs`
--


--
-- Table structure for table `revisions`
--

CREATE TABLE `revisions` (
  `id` bigint unsigned NOT NULL AUTO_INCREMENT,
  `revisionable_type` varchar(191) COLLATE utf8mb4_unicode_ci NOT NULL,
  `revisionable_id` bigint unsigned NOT NULL,
  `user_id` bigint unsigned DEFAULT NULL,
  `key` varchar(120) COLLATE utf8mb4_unicode_ci NOT NULL,
  `old_value` text COLLATE utf8mb4_unicode_ci,
  `new_value` text COLLATE utf8mb4_unicode_ci,
  `created_at` timestamp NULL DEFAULT NULL,
  `updated_at` timestamp NULL DEFAULT NULL,
  PRIMARY KEY (`id`),
  KEY `revisions_revisionable_id_revisionable_type_index` (`revisionable_id`,`revisionable_type`)
) ENGINE=InnoDB DEFAULT CHARSET=utf8mb4 COLLATE=utf8mb4_unicode_ci;

--
-- Dumping data for table `revisions`
--


--
-- Table structure for table `role_users`
--

CREATE TABLE `role_users` (
  `user_id` bigint unsigned NOT NULL,
  `role_id` bigint unsigned NOT NULL,
  `created_at` timestamp NULL DEFAULT NULL,
  `updated_at` timestamp NULL DEFAULT NULL,
  PRIMARY KEY (`user_id`,`role_id`),
  KEY `role_users_user_id_index` (`user_id`),
  KEY `role_users_role_id_index` (`role_id`)
) ENGINE=InnoDB DEFAULT CHARSET=utf8mb4 COLLATE=utf8mb4_unicode_ci;

--
-- Dumping data for table `role_users`
--


--
-- Table structure for table `roles`
--

CREATE TABLE `roles` (
  `id` bigint unsigned NOT NULL AUTO_INCREMENT,
  `slug` varchar(120) COLLATE utf8mb4_unicode_ci NOT NULL,
  `name` varchar(120) COLLATE utf8mb4_unicode_ci NOT NULL,
  `permissions` text COLLATE utf8mb4_unicode_ci,
  `description` varchar(400) COLLATE utf8mb4_unicode_ci DEFAULT NULL,
  `is_default` tinyint unsigned NOT NULL DEFAULT '0',
  `created_by` bigint unsigned NOT NULL,
  `updated_by` bigint unsigned NOT NULL,
  `created_at` timestamp NULL DEFAULT NULL,
  `updated_at` timestamp NULL DEFAULT NULL,
  PRIMARY KEY (`id`),
  UNIQUE KEY `roles_slug_unique` (`slug`),
  KEY `roles_created_by_index` (`created_by`),
  KEY `roles_updated_by_index` (`updated_by`)
) ENGINE=InnoDB AUTO_INCREMENT=2 DEFAULT CHARSET=utf8mb4 COLLATE=utf8mb4_unicode_ci;

--
-- Dumping data for table `roles`
--

INSERT INTO `roles` VALUES (1,'admin','Admin','{\"users.index\":true,\"users.create\":true,\"users.edit\":true,\"users.destroy\":true,\"roles.index\":true,\"roles.create\":true,\"roles.edit\":true,\"roles.destroy\":true,\"core.system\":true,\"core.cms\":true,\"core.manage.license\":true,\"systems.cronjob\":true,\"core.tools\":true,\"tools.data-synchronize\":true,\"media.index\":true,\"files.index\":true,\"files.create\":true,\"files.edit\":true,\"files.trash\":true,\"files.destroy\":true,\"folders.index\":true,\"folders.create\":true,\"folders.edit\":true,\"folders.trash\":true,\"folders.destroy\":true,\"settings.index\":true,\"settings.common\":true,\"settings.options\":true,\"settings.email\":true,\"settings.media\":true,\"settings.admin-appearance\":true,\"settings.cache\":true,\"settings.datatables\":true,\"settings.email.rules\":true,\"settings.others\":true,\"menus.index\":true,\"menus.create\":true,\"menus.edit\":true,\"menus.destroy\":true,\"optimize.settings\":true,\"pages.index\":true,\"pages.create\":true,\"pages.edit\":true,\"pages.destroy\":true,\"plugins.index\":true,\"plugins.edit\":true,\"plugins.remove\":true,\"plugins.marketplace\":true,\"core.appearance\":true,\"theme.index\":true,\"theme.activate\":true,\"theme.remove\":true,\"theme.options\":true,\"theme.custom-css\":true,\"theme.custom-js\":true,\"theme.custom-html\":true,\"theme.robots-txt\":true,\"settings.website-tracking\":true,\"widgets.index\":true,\"ads.index\":true,\"ads.create\":true,\"ads.edit\":true,\"ads.destroy\":true,\"ads.settings\":true,\"analytics.general\":true,\"analytics.page\":true,\"analytics.browser\":true,\"analytics.referrer\":true,\"analytics.settings\":true,\"announcements.index\":true,\"announcements.create\":true,\"announcements.edit\":true,\"announcements.destroy\":true,\"announcements.settings\":true,\"audit-log.index\":true,\"audit-log.destroy\":true,\"backups.index\":true,\"backups.create\":true,\"backups.restore\":true,\"backups.destroy\":true,\"plugins.blog\":true,\"posts.index\":true,\"posts.create\":true,\"posts.edit\":true,\"posts.destroy\":true,\"categories.index\":true,\"categories.create\":true,\"categories.edit\":true,\"categories.destroy\":true,\"tags.index\":true,\"tags.create\":true,\"tags.edit\":true,\"tags.destroy\":true,\"blog.settings\":true,\"posts.export\":true,\"posts.import\":true,\"captcha.settings\":true,\"contacts.index\":true,\"contacts.edit\":true,\"contacts.destroy\":true,\"contact.settings\":true,\"plugins.ecommerce\":true,\"ecommerce.report.index\":true,\"products.index\":true,\"products.create\":true,\"products.edit\":true,\"products.destroy\":true,\"products.duplicate\":true,\"ecommerce.product-prices.index\":true,\"ecommerce.product-prices.edit\":true,\"ecommerce.product-inventory.index\":true,\"ecommerce.product-inventory.edit\":true,\"product-categories.index\":true,\"product-categories.create\":true,\"product-categories.edit\":true,\"product-categories.destroy\":true,\"product-tag.index\":true,\"product-tag.create\":true,\"product-tag.edit\":true,\"product-tag.destroy\":true,\"brands.index\":true,\"brands.create\":true,\"brands.edit\":true,\"brands.destroy\":true,\"product-collections.index\":true,\"product-collections.create\":true,\"product-collections.edit\":true,\"product-collections.destroy\":true,\"product-attribute-sets.index\":true,\"product-attribute-sets.create\":true,\"product-attribute-sets.edit\":true,\"product-attribute-sets.destroy\":true,\"product-attributes.index\":true,\"product-attributes.create\":true,\"product-attributes.edit\":true,\"product-attributes.destroy\":true,\"tax.index\":true,\"tax.create\":true,\"tax.edit\":true,\"tax.destroy\":true,\"reviews.index\":true,\"reviews.create\":true,\"reviews.destroy\":true,\"reviews.publish\":true,\"reviews.reply\":true,\"ecommerce.shipments.index\":true,\"ecommerce.shipments.create\":true,\"ecommerce.shipments.edit\":true,\"ecommerce.shipments.destroy\":true,\"orders.index\":true,\"orders.create\":true,\"orders.edit\":true,\"orders.destroy\":true,\"discounts.index\":true,\"discounts.create\":true,\"discounts.edit\":true,\"discounts.destroy\":true,\"customers.index\":true,\"customers.create\":true,\"customers.edit\":true,\"customers.destroy\":true,\"flash-sale.index\":true,\"flash-sale.create\":true,\"flash-sale.edit\":true,\"flash-sale.destroy\":true,\"product-label.index\":true,\"product-label.create\":true,\"product-label.edit\":true,\"product-label.destroy\":true,\"ecommerce.import.products.index\":true,\"ecommerce.export.products.index\":true,\"order_returns.index\":true,\"order_returns.edit\":true,\"order_returns.destroy\":true,\"global-option.index\":true,\"global-option.create\":true,\"global-option.edit\":true,\"global-option.destroy\":true,\"ecommerce.invoice.index\":true,\"ecommerce.invoice.edit\":true,\"ecommerce.invoice.destroy\":true,\"ecommerce.settings\":true,\"ecommerce.settings.general\":true,\"ecommerce.invoice-template.index\":true,\"ecommerce.settings.currencies\":true,\"ecommerce.settings.products\":true,\"ecommerce.settings.product-search\":true,\"ecommerce.settings.digital-products\":true,\"ecommerce.settings.store-locators\":true,\"ecommerce.settings.invoices\":true,\"ecommerce.settings.product-reviews\":true,\"ecommerce.settings.customers\":true,\"ecommerce.settings.shopping\":true,\"ecommerce.settings.taxes\":true,\"ecommerce.settings.shipping\":true,\"ecommerce.shipping-rule-items.index\":true,\"ecommerce.shipping-rule-items.create\":true,\"ecommerce.shipping-rule-items.edit\":true,\"ecommerce.shipping-rule-items.destroy\":true,\"ecommerce.shipping-rule-items.bulk-import\":true,\"ecommerce.settings.tracking\":true,\"ecommerce.settings.standard-and-format\":true,\"ecommerce.settings.checkout\":true,\"ecommerce.settings.return\":true,\"ecommerce.settings.flash-sale\":true,\"plugin.faq\":true,\"faq.index\":true,\"faq.create\":true,\"faq.edit\":true,\"faq.destroy\":true,\"faq_category.index\":true,\"faq_category.create\":true,\"faq_category.edit\":true,\"faq_category.destroy\":true,\"faqs.settings\":true,\"galleries.index\":true,\"galleries.create\":true,\"galleries.edit\":true,\"galleries.destroy\":true,\"languages.index\":true,\"languages.create\":true,\"languages.edit\":true,\"languages.destroy\":true,\"plugin.location\":true,\"country.index\":true,\"country.create\":true,\"country.edit\":true,\"country.destroy\":true,\"state.index\":true,\"state.create\":true,\"state.edit\":true,\"state.destroy\":true,\"city.index\":true,\"city.create\":true,\"city.edit\":true,\"city.destroy\":true,\"marketplace.index\":true,\"marketplace.store.index\":true,\"marketplace.store.create\":true,\"marketplace.store.edit\":true,\"marketplace.store.destroy\":true,\"marketplace.store.view\":true,\"marketplace.store.revenue.create\":true,\"marketplace.withdrawal.index\":true,\"marketplace.withdrawal.edit\":true,\"marketplace.withdrawal.destroy\":true,\"marketplace.vendors.index\":true,\"marketplace.unverified-vendors.index\":true,\"marketplace.unverified-vendors.edit\":true,\"marketplace.reports\":true,\"marketplace.settings\":true,\"newsletter.index\":true,\"newsletter.destroy\":true,\"newsletter.settings\":true,\"payment.index\":true,\"payments.settings\":true,\"payment.destroy\":true,\"request-log.index\":true,\"request-log.destroy\":true,\"sale-popup.settings\":true,\"simple-slider.index\":true,\"simple-slider.create\":true,\"simple-slider.edit\":true,\"simple-slider.destroy\":true,\"simple-slider-item.index\":true,\"simple-slider-item.create\":true,\"simple-slider-item.edit\":true,\"simple-slider-item.destroy\":true,\"simple-slider.settings\":true,\"social-login.settings\":true,\"testimonial.index\":true,\"testimonial.create\":true,\"testimonial.edit\":true,\"testimonial.destroy\":true,\"plugins.translation\":true,\"translations.locales\":true,\"translations.theme-translations\":true,\"translations.index\":true}','Admin users role',1,1,1,'2024-05-10 02:10:19','2024-05-10 02:10:19');

--
-- Table structure for table `settings`
--

CREATE TABLE `settings` (
  `id` bigint unsigned NOT NULL AUTO_INCREMENT,
  `key` varchar(191) COLLATE utf8mb4_unicode_ci NOT NULL,
  `value` text COLLATE utf8mb4_unicode_ci,
  `created_at` timestamp NULL DEFAULT NULL,
  `updated_at` timestamp NULL DEFAULT NULL,
  PRIMARY KEY (`id`),
  UNIQUE KEY `settings_key_unique` (`key`)
) ENGINE=InnoDB AUTO_INCREMENT=79 DEFAULT CHARSET=utf8mb4 COLLATE=utf8mb4_unicode_ci;

--
-- Dumping data for table `settings`
--

INSERT INTO `settings` VALUES (1,'media_random_hash','67563e95a2462f6a7bfcacece1f6bf7f',NULL,'2024-05-10 02:10:33'),(2,'api_enabled','0',NULL,'2024-05-10 02:10:33'),(3,'activated_plugins','[\"language\",\"language-advanced\",\"ads\",\"analytics\",\"announcement\",\"audit-log\",\"backup\",\"blog\",\"captcha\",\"contact\",\"cookie-consent\",\"ecommerce\",\"faq\",\"gallery\",\"location\",\"marketplace\",\"newsletter\",\"payment\",\"paypal\",\"paypal-payout\",\"paystack\",\"razorpay\",\"request-log\",\"sale-popup\",\"shippo\",\"simple-slider\",\"social-login\",\"sslcommerz\",\"stripe\",\"testimonial\",\"translation\"]',NULL,'2024-05-10 02:10:33'),(6,'theme','shofy',NULL,'2024-05-10 02:10:33'),(7,'show_admin_bar','1',NULL,'2024-05-10 02:10:33'),(8,'payment_cod_status','1',NULL,'2024-05-10 02:10:33'),(9,'payment_bank_transfer_status','1',NULL,'2024-05-10 02:10:33'),(10,'admin_favicon','main/general/favicon.png',NULL,'2024-05-10 02:10:33'),(11,'admin_logo','main/general/logo-white.png',NULL,'2024-05-10 02:10:33'),(12,'permalink-botble-blog-models-post','blog',NULL,'2024-05-10 02:10:33'),(13,'permalink-botble-blog-models-category','blog',NULL,'2024-05-10 02:10:33'),(14,'payment_cod_description','Please pay money directly to the postman, if you choose cash on delivery method (COD).',NULL,'2024-05-10 02:10:33'),(15,'payment_bank_transfer_description','Please send money to our bank account: ACB - 69270 213 19.',NULL,'2024-05-10 02:10:33'),(16,'payment_stripe_payment_type','stripe_checkout',NULL,'2024-05-10 02:10:33'),(17,'plugins_ecommerce_customer_new_order_status','0',NULL,'2024-05-10 02:10:33'),(18,'plugins_ecommerce_admin_new_order_status','0',NULL,'2024-05-10 02:10:33'),(19,'ecommerce_is_enabled_support_digital_products','1',NULL,'2024-05-10 02:10:33'),(20,'ecommerce_load_countries_states_cities_from_location_plugin','0',NULL,'2024-05-10 02:10:33'),(21,'announcement_lazy_loading','1',NULL,'2024-05-10 02:10:33'),(22,'ecommerce_product_sku_format','SF-2443-%s%s%s%s',NULL,'2024-05-10 02:10:33'),(23,'language_hide_default','1',NULL,'2024-05-10 02:10:33'),(24,'language_switcher_display','dropdown',NULL,'2024-05-10 02:10:33'),(25,'language_display','all',NULL,'2024-05-10 02:10:33'),(26,'language_hide_languages','[]',NULL,'2024-05-10 02:10:33'),(27,'ecommerce_store_name','Shofy',NULL,'2024-05-10 02:10:33'),(28,'ecommerce_store_phone','1800979769',NULL,'2024-05-10 02:10:33'),(29,'ecommerce_store_address','502 New Street',NULL,'2024-05-10 02:10:33'),(30,'ecommerce_store_state','Brighton VIC',NULL,'2024-05-10 02:10:33'),(31,'ecommerce_store_city','Brighton VIC',NULL,'2024-05-10 02:10:33'),(32,'ecommerce_store_country','AU',NULL,'2024-05-10 02:10:33'),(33,'announcement_max_width','1390',NULL,'2024-05-10 02:10:33'),(34,'announcement_text_color','#fff',NULL,'2024-05-10 02:10:33'),(35,'announcement_background_color','transparent',NULL,'2024-05-10 02:10:33'),(36,'announcement_placement','theme',NULL,'2024-05-10 02:10:33'),(37,'announcement_text_alignment','start',NULL,'2024-05-10 02:10:33'),(38,'announcement_dismissible','0',NULL,'2024-05-10 02:10:33'),(39,'simple_slider_using_assets','0',NULL,'2024-05-10 02:10:33'),(40,'theme-shofy-site_name','Shofy',NULL,NULL),(41,'theme-shofy-site_title','Shofy - Multipurpose eCommerce Laravel Script',NULL,NULL),(42,'theme-shofy-seo_description','Shofy is a powerful tool eCommerce Laravel script for creating a professional and visually appealing online store.',NULL,NULL),(43,'theme-shofy-copyright','© %Y All Rights Reserved.',NULL,NULL),(44,'theme-shofy-tp_primary_font','Roboto',NULL,NULL),(45,'theme-shofy-primary_color','#0C55AA',NULL,NULL),(46,'theme-shofy-favicon','main/general/favicon.png',NULL,NULL),(47,'theme-shofy-logo','main/general/logo.png',NULL,NULL),(48,'theme-shofy-logo_light','main/general/logo-white.png',NULL,NULL),(49,'theme-shofy-header_style','1',NULL,NULL),(50,'theme-shofy-preloader_icon','main/general/preloader-icon.png',NULL,NULL),(51,'theme-shofy-address','502 New Street, Brighton VIC, Australia',NULL,NULL),(52,'theme-shofy-hotline','8 800 332 65-66',NULL,NULL),(53,'theme-shofy-email','contact@fartmart.co',NULL,NULL),(54,'theme-shofy-working_time','Mon - Fri: 07AM - 06PM',NULL,NULL),(55,'theme-shofy-homepage_id','1',NULL,NULL),(56,'theme-shofy-blog_page_id','4',NULL,NULL),(57,'theme-shofy-cookie_consent_message','Your experience on this site will be improved by allowing cookies ',NULL,NULL),(58,'theme-shofy-cookie_consent_learn_more_url','cookie-policy',NULL,NULL),(59,'theme-shofy-cookie_consent_learn_more_text','Cookie Policy',NULL,NULL),(60,'theme-shofy-number_of_products_per_page','24',NULL,NULL),(61,'theme-shofy-number_of_cross_sale_product','6',NULL,NULL),(62,'theme-shofy-ecommerce_products_page_layout','left_sidebar',NULL,NULL),(63,'theme-shofy-ecommerce_product_item_style','1',NULL,NULL),(64,'theme-shofy-logo_in_the_checkout_page','main/general/logo.png',NULL,NULL),(65,'theme-shofy-logo_in_invoices','main/general/logo.png',NULL,NULL),(66,'theme-shofy-logo_vendor_dashboard','main/general/logo.png',NULL,NULL),(67,'theme-shofy-404_page_image','main/general/404.png',NULL,NULL),(68,'theme-shofy-newsletter_popup_enable','1',NULL,NULL),(69,'theme-shofy-newsletter_popup_image','main/general/newsletter-popup.png',NULL,NULL),(70,'theme-shofy-newsletter_popup_title','Subscribe Now',NULL,NULL),(71,'theme-shofy-newsletter_popup_subtitle','Newsletter',NULL,NULL),(72,'theme-shofy-newsletter_popup_description','Subscribe to our newsletter and get 10% off your first purchase',NULL,NULL),(73,'theme-shofy-lazy_load_images','1',NULL,NULL),(74,'theme-shofy-lazy_load_placeholder_image','main/general/placeholder.png',NULL,NULL),(75,'theme-shofy-breadcrumb_background_image','main/general/breadcrumb.jpg',NULL,NULL),(76,'theme-shofy-section_title_shape_decorated','style-3',NULL,NULL),(77,'theme-shofy-social_links','[[{\"key\":\"name\",\"value\":\"Facebook\"},{\"key\":\"icon\",\"value\":\"ti ti-brand-facebook\"},{\"key\":\"url\",\"value\":\"https:\\/\\/www.facebook.com\"}],[{\"key\":\"name\",\"value\":\"X\"},{\"key\":\"icon\",\"value\":\"ti ti-brand-x\"},{\"key\":\"url\",\"value\":\"https:\\/\\/x.com\"}],[{\"key\":\"name\",\"value\":\"Youtube\"},{\"key\":\"icon\",\"value\":\"ti ti-brand-youtube\"},{\"key\":\"url\",\"value\":\"https:\\/\\/www.youtube.com\"}],[{\"key\":\"name\",\"value\":\"Instagram\"},{\"key\":\"icon\",\"value\":\"ti ti-brand-linkedin\"},{\"key\":\"url\",\"value\":\"https:\\/\\/www.linkedin.com\"}]]',NULL,NULL),(78,'theme-shofy-social_sharing','[[{\"key\":\"social\",\"value\":\"facebook\"},{\"key\":\"icon\",\"value\":\"ti ti-brand-facebook\"}],[{\"key\":\"social\",\"value\":\"x\"},{\"key\":\"icon\",\"value\":\"ti ti-brand-x\"}],[{\"key\":\"social\",\"value\":\"pinterest\"},{\"key\":\"icon\",\"value\":\"ti ti-brand-pinterest\"}],[{\"key\":\"social\",\"value\":\"linkedin\"},{\"key\":\"icon\",\"value\":\"ti ti-brand-linkedin\"}],[{\"key\":\"social\",\"value\":\"whatsapp\"},{\"key\":\"icon\",\"value\":\"ti ti-brand-whatsapp\"}],[{\"key\":\"social\",\"value\":\"email\"},{\"key\":\"icon\",\"value\":\"ti ti-mail\"}]]',NULL,NULL);

--
-- Table structure for table `simple_slider_items`
--

CREATE TABLE `simple_slider_items` (
  `id` bigint unsigned NOT NULL AUTO_INCREMENT,
  `simple_slider_id` bigint unsigned NOT NULL,
  `title` varchar(191) COLLATE utf8mb4_unicode_ci DEFAULT NULL,
  `image` varchar(191) COLLATE utf8mb4_unicode_ci NOT NULL,
  `link` varchar(191) COLLATE utf8mb4_unicode_ci DEFAULT NULL,
  `description` text COLLATE utf8mb4_unicode_ci,
  `order` int unsigned NOT NULL DEFAULT '0',
  `created_at` timestamp NULL DEFAULT NULL,
  `updated_at` timestamp NULL DEFAULT NULL,
  PRIMARY KEY (`id`)
) ENGINE=InnoDB AUTO_INCREMENT=4 DEFAULT CHARSET=utf8mb4 COLLATE=utf8mb4_unicode_ci;

--
-- Dumping data for table `simple_slider_items`
--

INSERT INTO `simple_slider_items` VALUES (1,1,'The best tablet Collection 2023','main/sliders/slider-1.png','/products','Exclusive offer <span>-35%</span> off this week',0,'2024-05-10 02:10:27','2024-05-10 02:10:27'),(2,1,'The best note book collection 2023','main/sliders/slider-2.png','/products','Exclusive offer <span>-10%</span> off this week',1,'2024-05-10 02:10:27','2024-05-10 02:10:27'),(3,1,'The best phone collection 2023','main/sliders/slider-3.png','/products','Exclusive offer <span>-10%</span> off this week',2,'2024-05-10 02:10:27','2024-05-10 02:10:27');

--
-- Table structure for table `simple_sliders`
--

CREATE TABLE `simple_sliders` (
  `id` bigint unsigned NOT NULL AUTO_INCREMENT,
  `name` varchar(120) COLLATE utf8mb4_unicode_ci NOT NULL,
  `key` varchar(120) COLLATE utf8mb4_unicode_ci NOT NULL,
  `description` varchar(400) COLLATE utf8mb4_unicode_ci DEFAULT NULL,
  `status` varchar(60) COLLATE utf8mb4_unicode_ci NOT NULL DEFAULT 'published',
  `created_at` timestamp NULL DEFAULT NULL,
  `updated_at` timestamp NULL DEFAULT NULL,
  PRIMARY KEY (`id`)
) ENGINE=InnoDB AUTO_INCREMENT=2 DEFAULT CHARSET=utf8mb4 COLLATE=utf8mb4_unicode_ci;

--
-- Dumping data for table `simple_sliders`
--

INSERT INTO `simple_sliders` VALUES (1,'Home slider','home-slider','The main slider on homepage','published','2024-05-10 02:10:27','2024-05-10 02:10:27');

--
-- Table structure for table `slugs`
--

CREATE TABLE `slugs` (
  `id` bigint unsigned NOT NULL AUTO_INCREMENT,
  `key` varchar(191) COLLATE utf8mb4_unicode_ci NOT NULL,
  `reference_id` bigint unsigned NOT NULL,
  `reference_type` varchar(191) COLLATE utf8mb4_unicode_ci NOT NULL,
  `prefix` varchar(120) COLLATE utf8mb4_unicode_ci DEFAULT '',
  `created_at` timestamp NULL DEFAULT NULL,
  `updated_at` timestamp NULL DEFAULT NULL,
  PRIMARY KEY (`id`),
  KEY `slugs_reference_id_index` (`reference_id`),
  KEY `slugs_key_index` (`key`),
  KEY `slugs_prefix_index` (`prefix`),
  KEY `slugs_reference_index` (`reference_id`,`reference_type`)
) ENGINE=InnoDB AUTO_INCREMENT=245 DEFAULT CHARSET=utf8mb4 COLLATE=utf8mb4_unicode_ci;

--
-- Dumping data for table `slugs`
--

INSERT INTO `slugs` VALUES (1,'foodpound',1,'Botble\\Ecommerce\\Models\\Brand','brands','2024-05-10 02:10:19','2024-05-10 02:10:19'),(2,'itea-jsc',2,'Botble\\Ecommerce\\Models\\Brand','brands','2024-05-10 02:10:19','2024-05-10 02:10:19'),(3,'soda-brand',3,'Botble\\Ecommerce\\Models\\Brand','brands','2024-05-10 02:10:19','2024-05-10 02:10:19'),(4,'shofy',4,'Botble\\Ecommerce\\Models\\Brand','brands','2024-05-10 02:10:19','2024-05-10 02:10:19'),(5,'soda-brand',5,'Botble\\Ecommerce\\Models\\Brand','brands','2024-05-10 02:10:19','2024-05-10 02:10:19'),(6,'electronic',1,'Botble\\Ecommerce\\Models\\ProductTag','product-tags','2024-05-10 02:10:22','2024-05-10 02:10:22'),(7,'mobile',2,'Botble\\Ecommerce\\Models\\ProductTag','product-tags','2024-05-10 02:10:22','2024-05-10 02:10:22'),(8,'iphone',3,'Botble\\Ecommerce\\Models\\ProductTag','product-tags','2024-05-10 02:10:22','2024-05-10 02:10:22'),(9,'printer',4,'Botble\\Ecommerce\\Models\\ProductTag','product-tags','2024-05-10 02:10:22','2024-05-10 02:10:22'),(10,'office',5,'Botble\\Ecommerce\\Models\\ProductTag','product-tags','2024-05-10 02:10:22','2024-05-10 02:10:22'),(11,'it',6,'Botble\\Ecommerce\\Models\\ProductTag','product-tags','2024-05-10 02:10:22','2024-05-10 02:10:22'),(12,'crisp-bread-cake',1,'Botble\\Blog\\Models\\Category','blog','2024-05-10 02:10:23','2024-05-10 02:10:23'),(13,'fashion',2,'Botble\\Blog\\Models\\Category','blog','2024-05-10 02:10:23','2024-05-10 02:10:23'),(14,'electronic',3,'Botble\\Blog\\Models\\Category','blog','2024-05-10 02:10:23','2024-05-10 02:10:23'),(15,'commercial',4,'Botble\\Blog\\Models\\Category','blog','2024-05-10 02:10:23','2024-05-10 02:10:23'),(16,'organic-fruits',5,'Botble\\Blog\\Models\\Category','blog','2024-05-10 02:10:23','2024-05-10 02:10:23'),(17,'ecological',6,'Botble\\Blog\\Models\\Category','blog','2024-05-10 02:10:23','2024-05-10 02:10:23'),(18,'general',1,'Botble\\Blog\\Models\\Tag','tag','2024-05-10 02:10:23','2024-05-10 02:10:23'),(19,'design',2,'Botble\\Blog\\Models\\Tag','tag','2024-05-10 02:10:23','2024-05-10 02:10:23'),(20,'fashion',3,'Botble\\Blog\\Models\\Tag','tag','2024-05-10 02:10:23','2024-05-10 02:10:23'),(21,'branding',4,'Botble\\Blog\\Models\\Tag','tag','2024-05-10 02:10:23','2024-05-10 02:10:23'),(22,'modern',5,'Botble\\Blog\\Models\\Tag','tag','2024-05-10 02:10:23','2024-05-10 02:10:23'),(23,'nature',6,'Botble\\Blog\\Models\\Tag','tag','2024-05-10 02:10:23','2024-05-10 02:10:23'),(24,'vintage',7,'Botble\\Blog\\Models\\Tag','tag','2024-05-10 02:10:23','2024-05-10 02:10:23'),(25,'sunglasses',8,'Botble\\Blog\\Models\\Tag','tag','2024-05-10 02:10:23','2024-05-10 02:10:23'),(26,'4-expert-tips-on-how-to-choose-the-right-mens-wallet',1,'Botble\\Blog\\Models\\Post','blog','2024-05-10 02:10:23','2024-05-10 02:10:23'),(27,'sexy-clutches-how-to-buy-wear-a-designer-clutch-bag',2,'Botble\\Blog\\Models\\Post','blog','2024-05-10 02:10:23','2024-05-10 02:10:23'),(28,'the-top-2020-handbag-trends-to-know',3,'Botble\\Blog\\Models\\Post','blog','2024-05-10 02:10:23','2024-05-10 02:10:23'),(29,'how-to-match-the-color-of-your-handbag-with-an-outfit',4,'Botble\\Blog\\Models\\Post','blog','2024-05-10 02:10:23','2024-05-10 02:10:23'),(30,'how-to-care-for-leather-bags',5,'Botble\\Blog\\Models\\Post','blog','2024-05-10 02:10:23','2024-05-10 02:10:23'),(31,'were-crushing-hard-on-summers-10-biggest-bag-trends',6,'Botble\\Blog\\Models\\Post','blog','2024-05-10 02:10:23','2024-05-10 02:10:23'),(32,'essential-qualities-of-highly-successful-music',7,'Botble\\Blog\\Models\\Post','blog','2024-05-10 02:10:23','2024-05-10 02:10:23'),(33,'9-things-i-love-about-shaving-my-head',8,'Botble\\Blog\\Models\\Post','blog','2024-05-10 02:10:23','2024-05-10 02:10:23'),(34,'why-teamwork-really-makes-the-dream-work',9,'Botble\\Blog\\Models\\Post','blog','2024-05-10 02:10:23','2024-05-10 02:10:23'),(35,'the-world-caters-to-average-people',10,'Botble\\Blog\\Models\\Post','blog','2024-05-10 02:10:23','2024-05-10 02:10:23'),(36,'the-litigants-on-the-screen-are-not-actors',11,'Botble\\Blog\\Models\\Post','blog','2024-05-10 02:10:23','2024-05-10 02:10:23'),(37,'hiring-the-right-sales-team-at-the-right-time',12,'Botble\\Blog\\Models\\Post','blog','2024-05-10 02:10:23','2024-05-10 02:10:23'),(38,'fully-embrace-the-return-of-90s-fashion',13,'Botble\\Blog\\Models\\Post','blog','2024-05-10 02:10:23','2024-05-10 02:10:23'),(39,'exploring-the-english-countryside',14,'Botble\\Blog\\Models\\Post','blog','2024-05-10 02:10:23','2024-05-10 02:10:23'),(40,'heres-the-first-valentinos-new-makeup-collection',15,'Botble\\Blog\\Models\\Post','blog','2024-05-10 02:10:23','2024-05-10 02:10:23'),(41,'follow-your-own-design-process-whatever-gets',16,'Botble\\Blog\\Models\\Post','blog','2024-05-10 02:10:23','2024-05-10 02:10:23'),(42,'freelancer-days-2024-whats-new',17,'Botble\\Blog\\Models\\Post','blog','2024-05-10 02:10:23','2024-05-10 02:10:23'),(43,'quality-foods-requirments-for-every-human-bodys',18,'Botble\\Blog\\Models\\Post','blog','2024-05-10 02:10:24','2024-05-10 02:10:24'),(44,'gopro',1,'Botble\\Marketplace\\Models\\Store','stores','2024-05-10 02:10:27','2024-05-10 02:10:27'),(45,'global-office',2,'Botble\\Marketplace\\Models\\Store','stores','2024-05-10 02:10:27','2024-05-10 02:10:27'),(46,'young-shop',3,'Botble\\Marketplace\\Models\\Store','stores','2024-05-10 02:10:27','2024-05-10 02:10:27'),(47,'global-store',4,'Botble\\Marketplace\\Models\\Store','stores','2024-05-10 02:10:27','2024-05-10 02:10:27'),(48,'roberts-store',5,'Botble\\Marketplace\\Models\\Store','stores','2024-05-10 02:10:27','2024-05-10 02:10:27'),(49,'stouffer',6,'Botble\\Marketplace\\Models\\Store','stores','2024-05-10 02:10:27','2024-05-10 02:10:27'),(50,'starkist',7,'Botble\\Marketplace\\Models\\Store','stores','2024-05-10 02:10:27','2024-05-10 02:10:27'),(51,'old-el-paso',8,'Botble\\Marketplace\\Models\\Store','stores','2024-05-10 02:10:27','2024-05-10 02:10:27'),(52,'new-arrivals',1,'Botble\\Ecommerce\\Models\\ProductCategory','product-categories','2024-05-10 02:10:28','2024-05-10 02:10:28'),(53,'electronics',2,'Botble\\Ecommerce\\Models\\ProductCategory','product-categories','2024-05-10 02:10:28','2024-05-10 02:10:28'),(54,'featured',3,'Botble\\Ecommerce\\Models\\ProductCategory','product-categories','2024-05-10 02:10:28','2024-05-10 02:10:28'),(55,'new-arrivals',4,'Botble\\Ecommerce\\Models\\ProductCategory','product-categories','2024-05-10 02:10:28','2024-05-10 02:10:28'),(56,'best-sellers',5,'Botble\\Ecommerce\\Models\\ProductCategory','product-categories','2024-05-10 02:10:28','2024-05-10 02:10:28'),(57,'mobile-phone',6,'Botble\\Ecommerce\\Models\\ProductCategory','product-categories','2024-05-10 02:10:28','2024-05-10 02:10:28'),(58,'computers-laptops',7,'Botble\\Ecommerce\\Models\\ProductCategory','product-categories','2024-05-10 02:10:28','2024-05-10 02:10:28'),(59,'top-brands',8,'Botble\\Ecommerce\\Models\\ProductCategory','product-categories','2024-05-10 02:10:28','2024-05-10 02:10:28'),(60,'weekly-best-selling',9,'Botble\\Ecommerce\\Models\\ProductCategory','product-categories','2024-05-10 02:10:28','2024-05-10 02:10:28'),(61,'cpu-heat-pipes',10,'Botble\\Ecommerce\\Models\\ProductCategory','product-categories','2024-05-10 02:10:28','2024-05-10 02:10:28'),(62,'cpu-coolers',11,'Botble\\Ecommerce\\Models\\ProductCategory','product-categories','2024-05-10 02:10:28','2024-05-10 02:10:28'),(63,'accessories',12,'Botble\\Ecommerce\\Models\\ProductCategory','product-categories','2024-05-10 02:10:28','2024-05-10 02:10:28'),(64,'headphones',13,'Botble\\Ecommerce\\Models\\ProductCategory','product-categories','2024-05-10 02:10:28','2024-05-10 02:10:28'),(65,'wireless-headphones',14,'Botble\\Ecommerce\\Models\\ProductCategory','product-categories','2024-05-10 02:10:28','2024-05-10 02:10:28'),(66,'tws-earphones',15,'Botble\\Ecommerce\\Models\\ProductCategory','product-categories','2024-05-10 02:10:28','2024-05-10 02:10:28'),(67,'smart-watch',16,'Botble\\Ecommerce\\Models\\ProductCategory','product-categories','2024-05-10 02:10:28','2024-05-10 02:10:28'),(68,'gaming-console',17,'Botble\\Ecommerce\\Models\\ProductCategory','product-categories','2024-05-10 02:10:28','2024-05-10 02:10:28'),(69,'playstation',18,'Botble\\Ecommerce\\Models\\ProductCategory','product-categories','2024-05-10 02:10:28','2024-05-10 02:10:28'),(70,'gifts',19,'Botble\\Ecommerce\\Models\\ProductCategory','product-categories','2024-05-10 02:10:28','2024-05-10 02:10:28'),(71,'computers',20,'Botble\\Ecommerce\\Models\\ProductCategory','product-categories','2024-05-10 02:10:28','2024-05-10 02:10:28'),(72,'desktop',21,'Botble\\Ecommerce\\Models\\ProductCategory','product-categories','2024-05-10 02:10:28','2024-05-10 02:10:28'),(73,'laptop',22,'Botble\\Ecommerce\\Models\\ProductCategory','product-categories','2024-05-10 02:10:28','2024-05-10 02:10:28'),(74,'tablet',23,'Botble\\Ecommerce\\Models\\ProductCategory','product-categories','2024-05-10 02:10:28','2024-05-10 02:10:28'),(75,'accessories',24,'Botble\\Ecommerce\\Models\\ProductCategory','product-categories','2024-05-10 02:10:28','2024-05-10 02:10:28'),(76,'smartphones-tablets',25,'Botble\\Ecommerce\\Models\\ProductCategory','product-categories','2024-05-10 02:10:28','2024-05-10 02:10:28'),(77,'tv-video-music',26,'Botble\\Ecommerce\\Models\\ProductCategory','product-categories','2024-05-10 02:10:28','2024-05-10 02:10:28'),(78,'cameras',27,'Botble\\Ecommerce\\Models\\ProductCategory','product-categories','2024-05-10 02:10:28','2024-05-10 02:10:28'),(79,'cooking',28,'Botble\\Ecommerce\\Models\\ProductCategory','product-categories','2024-05-10 02:10:28','2024-05-10 02:10:28'),(80,'accessories',29,'Botble\\Ecommerce\\Models\\ProductCategory','product-categories','2024-05-10 02:10:28','2024-05-10 02:10:28'),(81,'with-bluetooth',30,'Botble\\Ecommerce\\Models\\ProductCategory','product-categories','2024-05-10 02:10:28','2024-05-10 02:10:28'),(82,'sports',31,'Botble\\Ecommerce\\Models\\ProductCategory','product-categories','2024-05-10 02:10:28','2024-05-10 02:10:28'),(83,'electronics-gadgets',32,'Botble\\Ecommerce\\Models\\ProductCategory','product-categories','2024-05-10 02:10:28','2024-05-10 02:10:28'),(84,'micrscope',33,'Botble\\Ecommerce\\Models\\ProductCategory','product-categories','2024-05-10 02:10:28','2024-05-10 02:10:28'),(85,'remote-control',34,'Botble\\Ecommerce\\Models\\ProductCategory','product-categories','2024-05-10 02:10:28','2024-05-10 02:10:28'),(86,'monitor',35,'Botble\\Ecommerce\\Models\\ProductCategory','product-categories','2024-05-10 02:10:28','2024-05-10 02:10:28'),(87,'thermometer',36,'Botble\\Ecommerce\\Models\\ProductCategory','product-categories','2024-05-10 02:10:28','2024-05-10 02:10:28'),(88,'backpack',37,'Botble\\Ecommerce\\Models\\ProductCategory','product-categories','2024-05-10 02:10:28','2024-05-10 02:10:28'),(89,'headphones',38,'Botble\\Ecommerce\\Models\\ProductCategory','product-categories','2024-05-10 02:10:28','2024-05-10 02:10:28'),(90,'ecotech-marine-radion-xr30w-g5-pro-led-light-fixture',1,'Botble\\Ecommerce\\Models\\Product','products','2024-05-10 02:10:29','2024-05-10 02:10:29'),(91,'philips-hue-white-and-color-ambiance-a19-led-smart-bulb',2,'Botble\\Ecommerce\\Models\\Product','products','2024-05-10 02:10:29','2024-05-10 02:10:29'),(92,'samsung-galaxy-tab-s7-124-inch-android-tablet',3,'Botble\\Ecommerce\\Models\\Product','products','2024-05-10 02:10:29','2024-05-10 02:10:29'),(93,'apple-macbook-pro-16-inch-laptop-digital',4,'Botble\\Ecommerce\\Models\\Product','products','2024-05-10 02:10:29','2024-05-10 02:10:33'),(94,'sony-wh-1000xm4-wireless-noise-canceling-headphones',5,'Botble\\Ecommerce\\Models\\Product','products','2024-05-10 02:10:29','2024-05-10 02:10:29'),(95,'dji-mavic-air-2-drone',6,'Botble\\Ecommerce\\Models\\Product','products','2024-05-10 02:10:30','2024-05-10 02:10:30'),(96,'gopro-hero9-black-action-camera',7,'Botble\\Ecommerce\\Models\\Product','products','2024-05-10 02:10:30','2024-05-10 02:10:30'),(97,'bose-soundlink-revolve-portable-bluetooth-speaker-digital',8,'Botble\\Ecommerce\\Models\\Product','products','2024-05-10 02:10:30','2024-05-10 02:10:33'),(98,'nest-learning-thermostat-3rd-generation',9,'Botble\\Ecommerce\\Models\\Product','products','2024-05-10 02:10:30','2024-05-10 02:10:30'),(99,'ring-video-doorbell-pro',10,'Botble\\Ecommerce\\Models\\Product','products','2024-05-10 02:10:30','2024-05-10 02:10:30'),(100,'amazon-echo-show-10-3rd-gen',11,'Botble\\Ecommerce\\Models\\Product','products','2024-05-10 02:10:30','2024-05-10 02:10:30'),(101,'samsung-qn90a-neo-qled-4k-smart-tv-digital',12,'Botble\\Ecommerce\\Models\\Product','products','2024-05-10 02:10:30','2024-05-10 02:10:34'),(102,'lg-oled-c1-series-4k-smart-tv',13,'Botble\\Ecommerce\\Models\\Product','products','2024-05-10 02:10:30','2024-05-10 02:10:30'),(103,'sony-x950h-4k-ultra-hd-smart-led-tv',14,'Botble\\Ecommerce\\Models\\Product','products','2024-05-10 02:10:30','2024-05-10 02:10:30'),(104,'apple-watch-series-7',15,'Botble\\Ecommerce\\Models\\Product','products','2024-05-10 02:10:30','2024-05-10 02:10:30'),(105,'fitbit-charge-5-fitness-tracker-digital',16,'Botble\\Ecommerce\\Models\\Product','products','2024-05-10 02:10:30','2024-05-10 02:10:34'),(106,'garmin-fenix-7x-sapphire-solar-gps-watch',17,'Botble\\Ecommerce\\Models\\Product','products','2024-05-10 02:10:30','2024-05-10 02:10:30'),(107,'microsoft-surface-pro-8',18,'Botble\\Ecommerce\\Models\\Product','products','2024-05-10 02:10:30','2024-05-10 02:10:30'),(108,'lenovo-thinkpad-x1-carbon-gen-9-laptop',19,'Botble\\Ecommerce\\Models\\Product','products','2024-05-10 02:10:30','2024-05-10 02:10:30'),(109,'hp-spectre-x360-14-inch-convertible-laptop-digital',20,'Botble\\Ecommerce\\Models\\Product','products','2024-05-10 02:10:30','2024-05-10 02:10:34'),(110,'razer-blade-15-advanced-gaming-laptop',21,'Botble\\Ecommerce\\Models\\Product','products','2024-05-10 02:10:30','2024-05-10 02:10:30'),(111,'alienware-m15-r6-gaming-laptop',22,'Botble\\Ecommerce\\Models\\Product','products','2024-05-10 02:10:30','2024-05-10 02:10:30'),(112,'corsair-k95-rgb-platinum-xt-mechanical-gaming-keyboard',23,'Botble\\Ecommerce\\Models\\Product','products','2024-05-10 02:10:30','2024-05-10 02:10:30'),(113,'logitech-g-pro-x-superlight-wireless-gaming-mouse-digital',24,'Botble\\Ecommerce\\Models\\Product','products','2024-05-10 02:10:30','2024-05-10 02:10:34'),(114,'steelseries-arctis-pro-wireless-gaming-headset',25,'Botble\\Ecommerce\\Models\\Product','products','2024-05-10 02:10:30','2024-05-10 02:10:30'),(115,'elgato-stream-deck-xl',26,'Botble\\Ecommerce\\Models\\Product','products','2024-05-10 02:10:30','2024-05-10 02:10:30'),(116,'nintendo-switch-oled-model',27,'Botble\\Ecommerce\\Models\\Product','products','2024-05-10 02:10:30','2024-05-10 02:10:30'),(117,'playstation-5-console-digital',28,'Botble\\Ecommerce\\Models\\Product','products','2024-05-10 02:10:30','2024-05-10 02:10:34'),(118,'xbox-series-x-console',29,'Botble\\Ecommerce\\Models\\Product','products','2024-05-10 02:10:30','2024-05-10 02:10:30'),(119,'oculus-quest-2-vr-headset',30,'Botble\\Ecommerce\\Models\\Product','products','2024-05-10 02:10:30','2024-05-10 02:10:30'),(120,'htc-vive-cosmos-elite-vr-headset',31,'Botble\\Ecommerce\\Models\\Product','products','2024-05-10 02:10:30','2024-05-10 02:10:30'),(121,'samsung-odyssey-g9-49-inch-curved-gaming-monitor-digital',32,'Botble\\Ecommerce\\Models\\Product','products','2024-05-10 02:10:30','2024-05-10 02:10:34'),(122,'lg-ultragear-27gn950-b-4k-gaming-monitor',33,'Botble\\Ecommerce\\Models\\Product','products','2024-05-10 02:10:30','2024-05-10 02:10:30'),(123,'acer-predator-x38-pbmiphzx-38-inch-curved-gaming-monitor',34,'Botble\\Ecommerce\\Models\\Product','products','2024-05-10 02:10:30','2024-05-10 02:10:30'),(124,'asus-rog-swift-pg279qm-27-inch-gaming-monitor',35,'Botble\\Ecommerce\\Models\\Product','products','2024-05-10 02:10:30','2024-05-10 02:10:30'),(125,'benq-ew3280u-32-inch-4k-hdr-entertainment-monitor-digital',36,'Botble\\Ecommerce\\Models\\Product','products','2024-05-10 02:10:30','2024-05-10 02:10:34'),(126,'dell-ultrasharp-u2720q-27-inch-4k-usb-c-monitor',37,'Botble\\Ecommerce\\Models\\Product','products','2024-05-10 02:10:30','2024-05-10 02:10:30'),(127,'hp-z27k-g3-4k-usb-c-monitor',38,'Botble\\Ecommerce\\Models\\Product','products','2024-05-10 02:10:30','2024-05-10 02:10:30'),(128,'lg-27uk850-w-27-inch-4k-uhd-ips-monitor',39,'Botble\\Ecommerce\\Models\\Product','products','2024-05-10 02:10:30','2024-05-10 02:10:30'),(129,'samsung-odyssey-g7-32-inch-curved-gaming-monitor-digital',40,'Botble\\Ecommerce\\Models\\Product','products','2024-05-10 02:10:30','2024-05-10 02:10:34'),(130,'sony-x900h-4k-ultra-hd-smart-led-tv',41,'Botble\\Ecommerce\\Models\\Product','products','2024-05-10 02:10:30','2024-05-10 02:10:30'),(131,'tcl-6-series-4k-uhd-dolby-vision-hdr-qled-roku-smart-tv',42,'Botble\\Ecommerce\\Models\\Product','products','2024-05-10 02:10:30','2024-05-10 02:10:30'),(132,'vizio-oled65-h1-65-inch-4k-oled-smart-tv',43,'Botble\\Ecommerce\\Models\\Product','products','2024-05-10 02:10:30','2024-05-10 02:10:30'),(133,'hisense-u8g-quantum-series-4k-uled-android-tv-digital',44,'Botble\\Ecommerce\\Models\\Product','products','2024-05-10 02:10:30','2024-05-10 02:10:34'),(134,'lg-c1-series-4k-oled-smart-tv',45,'Botble\\Ecommerce\\Models\\Product','products','2024-05-10 02:10:30','2024-05-10 02:10:30'),(135,'samsung-qn85a-neo-qled-4k-smart-tv',46,'Botble\\Ecommerce\\Models\\Product','products','2024-05-10 02:10:31','2024-05-10 02:10:31'),(136,'sony-a90j-4k-oled-smart-tv',47,'Botble\\Ecommerce\\Models\\Product','products','2024-05-10 02:10:31','2024-05-10 02:10:31'),(137,'apple-tv-4k-2nd-generation-digital',48,'Botble\\Ecommerce\\Models\\Product','products','2024-05-10 02:10:31','2024-05-10 02:10:34'),(138,'roku-ultra-2020-streaming-media-player',49,'Botble\\Ecommerce\\Models\\Product','products','2024-05-10 02:10:31','2024-05-10 02:10:31'),(139,'amazon-fire-tv-stick-4k-max',50,'Botble\\Ecommerce\\Models\\Product','products','2024-05-10 02:10:31','2024-05-10 02:10:31'),(140,'google-chromecast-with-google-tv',51,'Botble\\Ecommerce\\Models\\Product','products','2024-05-10 02:10:31','2024-05-10 02:10:31'),(141,'nvidia-shield-tv-pro-digital',52,'Botble\\Ecommerce\\Models\\Product','products','2024-05-10 02:10:31','2024-05-10 02:10:34'),(142,'sonos-beam-gen-2-soundbar',53,'Botble\\Ecommerce\\Models\\Product','products','2024-05-10 02:10:31','2024-05-10 02:10:31'),(143,'bose-smart-soundbar-900',54,'Botble\\Ecommerce\\Models\\Product','products','2024-05-10 02:10:31','2024-05-10 02:10:31'),(144,'jbl-bar-91-soundbar-with-dolby-atmos',55,'Botble\\Ecommerce\\Models\\Product','products','2024-05-10 02:10:31','2024-05-10 02:10:31'),(145,'sennheiser-ambeo-soundbar-digital',56,'Botble\\Ecommerce\\Models\\Product','products','2024-05-10 02:10:31','2024-05-10 02:10:34'),(146,'sony-ht-a9-home-theater-system',57,'Botble\\Ecommerce\\Models\\Product','products','2024-05-10 02:10:31','2024-05-10 02:10:31'),(147,'perfect',1,'Botble\\Gallery\\Models\\Gallery','galleries','2024-05-10 02:10:33','2024-05-10 02:10:33'),(148,'new-day',2,'Botble\\Gallery\\Models\\Gallery','galleries','2024-05-10 02:10:33','2024-05-10 02:10:33'),(149,'happy-day',3,'Botble\\Gallery\\Models\\Gallery','galleries','2024-05-10 02:10:33','2024-05-10 02:10:33'),(150,'nature',4,'Botble\\Gallery\\Models\\Gallery','galleries','2024-05-10 02:10:33','2024-05-10 02:10:33'),(151,'morning',5,'Botble\\Gallery\\Models\\Gallery','galleries','2024-05-10 02:10:33','2024-05-10 02:10:33'),(152,'home',1,'Botble\\Page\\Models\\Page','','2024-05-10 02:10:33','2024-05-10 02:10:33'),(153,'product-categories',2,'Botble\\Page\\Models\\Page','','2024-05-10 02:10:33','2024-05-10 02:10:33'),(154,'coupons',3,'Botble\\Page\\Models\\Page','','2024-05-10 02:10:33','2024-05-10 02:10:33'),(155,'blog',4,'Botble\\Page\\Models\\Page','','2024-05-10 02:10:33','2024-05-10 02:10:33'),(156,'contact',5,'Botble\\Page\\Models\\Page','','2024-05-10 02:10:33','2024-05-10 02:10:33'),(157,'faqs',6,'Botble\\Page\\Models\\Page','','2024-05-10 02:10:33','2024-05-10 02:10:33'),(158,'cookie-policy',7,'Botble\\Page\\Models\\Page','','2024-05-10 02:10:33','2024-05-10 02:10:33'),(159,'our-story',8,'Botble\\Page\\Models\\Page','','2024-05-10 02:10:33','2024-05-10 02:10:33'),(160,'careers',9,'Botble\\Page\\Models\\Page','','2024-05-10 02:10:33','2024-05-10 02:10:33'),(161,'shipping',10,'Botble\\Page\\Models\\Page','','2024-05-10 02:10:33','2024-05-10 02:10:33'),(162,'ecotech-marine-radion-xr30w-g5-pro-led-light-fixture',58,'Botble\\Ecommerce\\Models\\Product','products','2024-05-10 02:10:34','2024-05-10 02:10:34'),(163,'ecotech-marine-radion-xr30w-g5-pro-led-light-fixture',59,'Botble\\Ecommerce\\Models\\Product','products','2024-05-10 02:10:34','2024-05-10 02:10:34'),(164,'ecotech-marine-radion-xr30w-g5-pro-led-light-fixture',60,'Botble\\Ecommerce\\Models\\Product','products','2024-05-10 02:10:34','2024-05-10 02:10:34'),(165,'apple-macbook-pro-16-inch-laptop-digital',61,'Botble\\Ecommerce\\Models\\Product','products','2024-05-10 02:10:34','2024-05-10 02:10:34'),(166,'apple-macbook-pro-16-inch-laptop-digital',62,'Botble\\Ecommerce\\Models\\Product','products','2024-05-10 02:10:34','2024-05-10 02:10:34'),(167,'apple-macbook-pro-16-inch-laptop-digital',63,'Botble\\Ecommerce\\Models\\Product','products','2024-05-10 02:10:34','2024-05-10 02:10:34'),(168,'apple-macbook-pro-16-inch-laptop-digital',64,'Botble\\Ecommerce\\Models\\Product','products','2024-05-10 02:10:34','2024-05-10 02:10:34'),(169,'sony-wh-1000xm4-wireless-noise-canceling-headphones',65,'Botble\\Ecommerce\\Models\\Product','products','2024-05-10 02:10:34','2024-05-10 02:10:34'),(170,'sony-wh-1000xm4-wireless-noise-canceling-headphones',66,'Botble\\Ecommerce\\Models\\Product','products','2024-05-10 02:10:34','2024-05-10 02:10:34'),(171,'sony-wh-1000xm4-wireless-noise-canceling-headphones',67,'Botble\\Ecommerce\\Models\\Product','products','2024-05-10 02:10:34','2024-05-10 02:10:34'),(172,'sony-wh-1000xm4-wireless-noise-canceling-headphones',68,'Botble\\Ecommerce\\Models\\Product','products','2024-05-10 02:10:34','2024-05-10 02:10:34'),(173,'dji-mavic-air-2-drone',69,'Botble\\Ecommerce\\Models\\Product','products','2024-05-10 02:10:34','2024-05-10 02:10:34'),(174,'dji-mavic-air-2-drone',70,'Botble\\Ecommerce\\Models\\Product','products','2024-05-10 02:10:34','2024-05-10 02:10:34'),(175,'dji-mavic-air-2-drone',71,'Botble\\Ecommerce\\Models\\Product','products','2024-05-10 02:10:34','2024-05-10 02:10:34'),(176,'gopro-hero9-black-action-camera',72,'Botble\\Ecommerce\\Models\\Product','products','2024-05-10 02:10:34','2024-05-10 02:10:34'),(177,'gopro-hero9-black-action-camera',73,'Botble\\Ecommerce\\Models\\Product','products','2024-05-10 02:10:34','2024-05-10 02:10:34'),(178,'gopro-hero9-black-action-camera',74,'Botble\\Ecommerce\\Models\\Product','products','2024-05-10 02:10:34','2024-05-10 02:10:34'),(179,'amazon-echo-show-10-3rd-gen',75,'Botble\\Ecommerce\\Models\\Product','products','2024-05-10 02:10:34','2024-05-10 02:10:34'),(180,'amazon-echo-show-10-3rd-gen',76,'Botble\\Ecommerce\\Models\\Product','products','2024-05-10 02:10:34','2024-05-10 02:10:34'),(181,'amazon-echo-show-10-3rd-gen',77,'Botble\\Ecommerce\\Models\\Product','products','2024-05-10 02:10:34','2024-05-10 02:10:34'),(182,'lg-oled-c1-series-4k-smart-tv',78,'Botble\\Ecommerce\\Models\\Product','products','2024-05-10 02:10:34','2024-05-10 02:10:34'),(183,'lg-oled-c1-series-4k-smart-tv',79,'Botble\\Ecommerce\\Models\\Product','products','2024-05-10 02:10:34','2024-05-10 02:10:34'),(184,'lg-oled-c1-series-4k-smart-tv',80,'Botble\\Ecommerce\\Models\\Product','products','2024-05-10 02:10:34','2024-05-10 02:10:34'),(185,'lg-oled-c1-series-4k-smart-tv',81,'Botble\\Ecommerce\\Models\\Product','products','2024-05-10 02:10:34','2024-05-10 02:10:34'),(186,'lg-oled-c1-series-4k-smart-tv',82,'Botble\\Ecommerce\\Models\\Product','products','2024-05-10 02:10:34','2024-05-10 02:10:34'),(187,'sony-x950h-4k-ultra-hd-smart-led-tv',83,'Botble\\Ecommerce\\Models\\Product','products','2024-05-10 02:10:34','2024-05-10 02:10:34'),(188,'garmin-fenix-7x-sapphire-solar-gps-watch',84,'Botble\\Ecommerce\\Models\\Product','products','2024-05-10 02:10:34','2024-05-10 02:10:34'),(189,'garmin-fenix-7x-sapphire-solar-gps-watch',85,'Botble\\Ecommerce\\Models\\Product','products','2024-05-10 02:10:34','2024-05-10 02:10:34'),(190,'garmin-fenix-7x-sapphire-solar-gps-watch',86,'Botble\\Ecommerce\\Models\\Product','products','2024-05-10 02:10:34','2024-05-10 02:10:34'),(191,'garmin-fenix-7x-sapphire-solar-gps-watch',87,'Botble\\Ecommerce\\Models\\Product','products','2024-05-10 02:10:34','2024-05-10 02:10:34'),(192,'lenovo-thinkpad-x1-carbon-gen-9-laptop',88,'Botble\\Ecommerce\\Models\\Product','products','2024-05-10 02:10:34','2024-05-10 02:10:34'),(193,'lenovo-thinkpad-x1-carbon-gen-9-laptop',89,'Botble\\Ecommerce\\Models\\Product','products','2024-05-10 02:10:34','2024-05-10 02:10:34'),(194,'hp-spectre-x360-14-inch-convertible-laptop-digital',90,'Botble\\Ecommerce\\Models\\Product','products','2024-05-10 02:10:34','2024-05-10 02:10:34'),(195,'hp-spectre-x360-14-inch-convertible-laptop-digital',91,'Botble\\Ecommerce\\Models\\Product','products','2024-05-10 02:10:34','2024-05-10 02:10:34'),(196,'alienware-m15-r6-gaming-laptop',92,'Botble\\Ecommerce\\Models\\Product','products','2024-05-10 02:10:34','2024-05-10 02:10:34'),(197,'alienware-m15-r6-gaming-laptop',93,'Botble\\Ecommerce\\Models\\Product','products','2024-05-10 02:10:34','2024-05-10 02:10:34'),(198,'corsair-k95-rgb-platinum-xt-mechanical-gaming-keyboard',94,'Botble\\Ecommerce\\Models\\Product','products','2024-05-10 02:10:34','2024-05-10 02:10:34'),(199,'corsair-k95-rgb-platinum-xt-mechanical-gaming-keyboard',95,'Botble\\Ecommerce\\Models\\Product','products','2024-05-10 02:10:34','2024-05-10 02:10:34'),(200,'steelseries-arctis-pro-wireless-gaming-headset',96,'Botble\\Ecommerce\\Models\\Product','products','2024-05-10 02:10:34','2024-05-10 02:10:34'),(201,'steelseries-arctis-pro-wireless-gaming-headset',97,'Botble\\Ecommerce\\Models\\Product','products','2024-05-10 02:10:34','2024-05-10 02:10:34'),(202,'steelseries-arctis-pro-wireless-gaming-headset',98,'Botble\\Ecommerce\\Models\\Product','products','2024-05-10 02:10:34','2024-05-10 02:10:34'),(203,'steelseries-arctis-pro-wireless-gaming-headset',99,'Botble\\Ecommerce\\Models\\Product','products','2024-05-10 02:10:34','2024-05-10 02:10:34'),(204,'elgato-stream-deck-xl',100,'Botble\\Ecommerce\\Models\\Product','products','2024-05-10 02:10:34','2024-05-10 02:10:34'),(205,'elgato-stream-deck-xl',101,'Botble\\Ecommerce\\Models\\Product','products','2024-05-10 02:10:34','2024-05-10 02:10:34'),(206,'playstation-5-console-digital',102,'Botble\\Ecommerce\\Models\\Product','products','2024-05-10 02:10:34','2024-05-10 02:10:34'),(207,'playstation-5-console-digital',103,'Botble\\Ecommerce\\Models\\Product','products','2024-05-10 02:10:34','2024-05-10 02:10:34'),(208,'xbox-series-x-console',104,'Botble\\Ecommerce\\Models\\Product','products','2024-05-10 02:10:34','2024-05-10 02:10:34'),(209,'xbox-series-x-console',105,'Botble\\Ecommerce\\Models\\Product','products','2024-05-10 02:10:34','2024-05-10 02:10:34'),(210,'oculus-quest-2-vr-headset',106,'Botble\\Ecommerce\\Models\\Product','products','2024-05-10 02:10:34','2024-05-10 02:10:34'),(211,'oculus-quest-2-vr-headset',107,'Botble\\Ecommerce\\Models\\Product','products','2024-05-10 02:10:34','2024-05-10 02:10:34'),(212,'htc-vive-cosmos-elite-vr-headset',108,'Botble\\Ecommerce\\Models\\Product','products','2024-05-10 02:10:34','2024-05-10 02:10:34'),(213,'htc-vive-cosmos-elite-vr-headset',109,'Botble\\Ecommerce\\Models\\Product','products','2024-05-10 02:10:34','2024-05-10 02:10:34'),(214,'samsung-odyssey-g9-49-inch-curved-gaming-monitor-digital',110,'Botble\\Ecommerce\\Models\\Product','products','2024-05-10 02:10:34','2024-05-10 02:10:34'),(215,'lg-ultragear-27gn950-b-4k-gaming-monitor',111,'Botble\\Ecommerce\\Models\\Product','products','2024-05-10 02:10:34','2024-05-10 02:10:34'),(216,'lg-ultragear-27gn950-b-4k-gaming-monitor',112,'Botble\\Ecommerce\\Models\\Product','products','2024-05-10 02:10:34','2024-05-10 02:10:34'),(217,'lg-ultragear-27gn950-b-4k-gaming-monitor',113,'Botble\\Ecommerce\\Models\\Product','products','2024-05-10 02:10:34','2024-05-10 02:10:34'),(218,'benq-ew3280u-32-inch-4k-hdr-entertainment-monitor-digital',114,'Botble\\Ecommerce\\Models\\Product','products','2024-05-10 02:10:34','2024-05-10 02:10:34'),(219,'benq-ew3280u-32-inch-4k-hdr-entertainment-monitor-digital',115,'Botble\\Ecommerce\\Models\\Product','products','2024-05-10 02:10:34','2024-05-10 02:10:34'),(220,'dell-ultrasharp-u2720q-27-inch-4k-usb-c-monitor',116,'Botble\\Ecommerce\\Models\\Product','products','2024-05-10 02:10:34','2024-05-10 02:10:34'),(221,'sony-x900h-4k-ultra-hd-smart-led-tv',117,'Botble\\Ecommerce\\Models\\Product','products','2024-05-10 02:10:34','2024-05-10 02:10:34'),(222,'sony-x900h-4k-ultra-hd-smart-led-tv',118,'Botble\\Ecommerce\\Models\\Product','products','2024-05-10 02:10:34','2024-05-10 02:10:34'),(223,'sony-x900h-4k-ultra-hd-smart-led-tv',119,'Botble\\Ecommerce\\Models\\Product','products','2024-05-10 02:10:34','2024-05-10 02:10:34'),(224,'sony-x900h-4k-ultra-hd-smart-led-tv',120,'Botble\\Ecommerce\\Models\\Product','products','2024-05-10 02:10:34','2024-05-10 02:10:34'),(225,'tcl-6-series-4k-uhd-dolby-vision-hdr-qled-roku-smart-tv',121,'Botble\\Ecommerce\\Models\\Product','products','2024-05-10 02:10:34','2024-05-10 02:10:34'),(226,'tcl-6-series-4k-uhd-dolby-vision-hdr-qled-roku-smart-tv',122,'Botble\\Ecommerce\\Models\\Product','products','2024-05-10 02:10:34','2024-05-10 02:10:34'),(227,'tcl-6-series-4k-uhd-dolby-vision-hdr-qled-roku-smart-tv',123,'Botble\\Ecommerce\\Models\\Product','products','2024-05-10 02:10:34','2024-05-10 02:10:34'),(228,'tcl-6-series-4k-uhd-dolby-vision-hdr-qled-roku-smart-tv',124,'Botble\\Ecommerce\\Models\\Product','products','2024-05-10 02:10:34','2024-05-10 02:10:34'),(229,'vizio-oled65-h1-65-inch-4k-oled-smart-tv',125,'Botble\\Ecommerce\\Models\\Product','products','2024-05-10 02:10:34','2024-05-10 02:10:34'),(230,'lg-c1-series-4k-oled-smart-tv',126,'Botble\\Ecommerce\\Models\\Product','products','2024-05-10 02:10:34','2024-05-10 02:10:34'),(231,'lg-c1-series-4k-oled-smart-tv',127,'Botble\\Ecommerce\\Models\\Product','products','2024-05-10 02:10:34','2024-05-10 02:10:34'),(232,'lg-c1-series-4k-oled-smart-tv',128,'Botble\\Ecommerce\\Models\\Product','products','2024-05-10 02:10:34','2024-05-10 02:10:34'),(233,'samsung-qn85a-neo-qled-4k-smart-tv',129,'Botble\\Ecommerce\\Models\\Product','products','2024-05-10 02:10:34','2024-05-10 02:10:34'),(234,'samsung-qn85a-neo-qled-4k-smart-tv',130,'Botble\\Ecommerce\\Models\\Product','products','2024-05-10 02:10:34','2024-05-10 02:10:34'),(235,'amazon-fire-tv-stick-4k-max',131,'Botble\\Ecommerce\\Models\\Product','products','2024-05-10 02:10:34','2024-05-10 02:10:34'),(236,'amazon-fire-tv-stick-4k-max',132,'Botble\\Ecommerce\\Models\\Product','products','2024-05-10 02:10:34','2024-05-10 02:10:34'),(237,'amazon-fire-tv-stick-4k-max',133,'Botble\\Ecommerce\\Models\\Product','products','2024-05-10 02:10:34','2024-05-10 02:10:34'),(238,'sonos-beam-gen-2-soundbar',134,'Botble\\Ecommerce\\Models\\Product','products','2024-05-10 02:10:34','2024-05-10 02:10:34'),(239,'sonos-beam-gen-2-soundbar',135,'Botble\\Ecommerce\\Models\\Product','products','2024-05-10 02:10:34','2024-05-10 02:10:34'),(240,'jbl-bar-91-soundbar-with-dolby-atmos',136,'Botble\\Ecommerce\\Models\\Product','products','2024-05-10 02:10:34','2024-05-10 02:10:34'),(241,'jbl-bar-91-soundbar-with-dolby-atmos',137,'Botble\\Ecommerce\\Models\\Product','products','2024-05-10 02:10:34','2024-05-10 02:10:34'),(242,'sony-ht-a9-home-theater-system',138,'Botble\\Ecommerce\\Models\\Product','products','2024-05-10 02:10:34','2024-05-10 02:10:34'),(243,'sony-ht-a9-home-theater-system',139,'Botble\\Ecommerce\\Models\\Product','products','2024-05-10 02:10:34','2024-05-10 02:10:34'),(244,'sony-ht-a9-home-theater-system',140,'Botble\\Ecommerce\\Models\\Product','products','2024-05-10 02:10:34','2024-05-10 02:10:34');

--
-- Table structure for table `slugs_translations`
--

CREATE TABLE `slugs_translations` (
  `lang_code` varchar(20) COLLATE utf8mb4_unicode_ci NOT NULL,
  `slugs_id` bigint unsigned NOT NULL,
  `key` varchar(191) COLLATE utf8mb4_unicode_ci DEFAULT NULL,
  `prefix` varchar(120) COLLATE utf8mb4_unicode_ci DEFAULT '',
  PRIMARY KEY (`lang_code`,`slugs_id`)
) ENGINE=InnoDB DEFAULT CHARSET=utf8mb4 COLLATE=utf8mb4_unicode_ci;

--
-- Dumping data for table `slugs_translations`
--


--
-- Table structure for table `states`
--

CREATE TABLE `states` (
  `id` bigint unsigned NOT NULL AUTO_INCREMENT,
  `name` varchar(120) COLLATE utf8mb4_unicode_ci NOT NULL,
  `slug` varchar(120) COLLATE utf8mb4_unicode_ci DEFAULT NULL,
  `abbreviation` varchar(10) COLLATE utf8mb4_unicode_ci DEFAULT NULL,
  `country_id` bigint unsigned DEFAULT NULL,
  `order` tinyint NOT NULL DEFAULT '0',
  `image` varchar(191) COLLATE utf8mb4_unicode_ci DEFAULT NULL,
  `is_default` tinyint unsigned NOT NULL DEFAULT '0',
  `status` varchar(60) COLLATE utf8mb4_unicode_ci NOT NULL DEFAULT 'published',
  `created_at` timestamp NULL DEFAULT NULL,
  `updated_at` timestamp NULL DEFAULT NULL,
  PRIMARY KEY (`id`),
  UNIQUE KEY `states_slug_unique` (`slug`)
) ENGINE=InnoDB DEFAULT CHARSET=utf8mb4 COLLATE=utf8mb4_unicode_ci;

--
-- Dumping data for table `states`
--


--
-- Table structure for table `states_translations`
--

CREATE TABLE `states_translations` (
  `lang_code` varchar(20) COLLATE utf8mb4_unicode_ci NOT NULL,
  `states_id` bigint unsigned NOT NULL,
  `name` varchar(120) COLLATE utf8mb4_unicode_ci DEFAULT NULL,
  `slug` varchar(120) COLLATE utf8mb4_unicode_ci DEFAULT NULL,
  `abbreviation` varchar(10) COLLATE utf8mb4_unicode_ci DEFAULT NULL,
  PRIMARY KEY (`lang_code`,`states_id`)
) ENGINE=InnoDB DEFAULT CHARSET=utf8mb4 COLLATE=utf8mb4_unicode_ci;

--
-- Dumping data for table `states_translations`
--


--
-- Table structure for table `tags`
--

CREATE TABLE `tags` (
  `id` bigint unsigned NOT NULL AUTO_INCREMENT,
  `name` varchar(120) COLLATE utf8mb4_unicode_ci NOT NULL,
  `author_id` bigint unsigned DEFAULT NULL,
  `author_type` varchar(191) COLLATE utf8mb4_unicode_ci NOT NULL DEFAULT 'Botble\\ACL\\Models\\User',
  `description` varchar(400) COLLATE utf8mb4_unicode_ci DEFAULT NULL,
  `status` varchar(60) COLLATE utf8mb4_unicode_ci NOT NULL DEFAULT 'published',
  `created_at` timestamp NULL DEFAULT NULL,
  `updated_at` timestamp NULL DEFAULT NULL,
  PRIMARY KEY (`id`)
) ENGINE=InnoDB AUTO_INCREMENT=9 DEFAULT CHARSET=utf8mb4 COLLATE=utf8mb4_unicode_ci;

--
-- Dumping data for table `tags`
--

INSERT INTO `tags` VALUES (1,'General',NULL,'Botble\\ACL\\Models\\User',NULL,'published','2024-05-10 02:10:23','2024-05-10 02:10:23'),(2,'Design',NULL,'Botble\\ACL\\Models\\User',NULL,'published','2024-05-10 02:10:23','2024-05-10 02:10:23'),(3,'Fashion',NULL,'Botble\\ACL\\Models\\User',NULL,'published','2024-05-10 02:10:23','2024-05-10 02:10:23'),(4,'Branding',NULL,'Botble\\ACL\\Models\\User',NULL,'published','2024-05-10 02:10:23','2024-05-10 02:10:23'),(5,'Modern',NULL,'Botble\\ACL\\Models\\User',NULL,'published','2024-05-10 02:10:23','2024-05-10 02:10:23'),(6,'Nature',NULL,'Botble\\ACL\\Models\\User',NULL,'published','2024-05-10 02:10:23','2024-05-10 02:10:23'),(7,'Vintage',NULL,'Botble\\ACL\\Models\\User',NULL,'published','2024-05-10 02:10:23','2024-05-10 02:10:23'),(8,'Sunglasses',NULL,'Botble\\ACL\\Models\\User',NULL,'published','2024-05-10 02:10:23','2024-05-10 02:10:23');

--
-- Table structure for table `tags_translations`
--

CREATE TABLE `tags_translations` (
  `lang_code` varchar(20) COLLATE utf8mb4_unicode_ci NOT NULL,
  `tags_id` bigint unsigned NOT NULL,
  `name` varchar(191) COLLATE utf8mb4_unicode_ci DEFAULT NULL,
  `description` varchar(400) COLLATE utf8mb4_unicode_ci DEFAULT NULL,
  PRIMARY KEY (`lang_code`,`tags_id`)
) ENGINE=InnoDB DEFAULT CHARSET=utf8mb4 COLLATE=utf8mb4_unicode_ci;

--
-- Dumping data for table `tags_translations`
--


--
-- Table structure for table `testimonials`
--

CREATE TABLE `testimonials` (
  `id` bigint unsigned NOT NULL AUTO_INCREMENT,
  `name` varchar(120) COLLATE utf8mb4_unicode_ci NOT NULL,
  `content` text COLLATE utf8mb4_unicode_ci NOT NULL,
  `image` varchar(191) COLLATE utf8mb4_unicode_ci DEFAULT NULL,
  `company` varchar(120) COLLATE utf8mb4_unicode_ci DEFAULT NULL,
  `status` varchar(60) COLLATE utf8mb4_unicode_ci NOT NULL DEFAULT 'published',
  `created_at` timestamp NULL DEFAULT NULL,
  `updated_at` timestamp NULL DEFAULT NULL,
  PRIMARY KEY (`id`)
) ENGINE=InnoDB AUTO_INCREMENT=5 DEFAULT CHARSET=utf8mb4 COLLATE=utf8mb4_unicode_ci;

--
-- Dumping data for table `testimonials`
--

INSERT INTO `testimonials` VALUES (1,'James Dopli','Thanks for all your efforts and teamwork over the last several months!  Thank you so much','main/users/5.jpg','Developer','published','2024-05-10 02:10:27','2024-05-10 02:10:27'),(2,'Theodore Handle','How you use the city or town name is up to you. All results may be freely used in any work.','main/users/10.jpg','CO Founder','published','2024-05-10 02:10:27','2024-05-10 02:10:27'),(3,'Shahnewaz Sakil','Very happy with our choice to take our daughter to Brave care. The entire team was great! Thank you!','main/users/6.jpg','UI/UX Designer','published','2024-05-10 02:10:27','2024-05-10 02:10:27'),(4,'Albert Flores','Wedding day savior! 5 stars. Their bridal collection is a game-changer. Made me feel like a star.','main/users/9.jpg','Bank of America','published','2024-05-10 02:10:27','2024-05-10 02:10:27');

--
-- Table structure for table `testimonials_translations`
--

CREATE TABLE `testimonials_translations` (
  `lang_code` varchar(20) COLLATE utf8mb4_unicode_ci NOT NULL,
  `testimonials_id` bigint unsigned NOT NULL,
  `name` varchar(191) COLLATE utf8mb4_unicode_ci DEFAULT NULL,
  `content` text COLLATE utf8mb4_unicode_ci,
  `company` varchar(120) COLLATE utf8mb4_unicode_ci DEFAULT NULL,
  PRIMARY KEY (`lang_code`,`testimonials_id`)
) ENGINE=InnoDB DEFAULT CHARSET=utf8mb4 COLLATE=utf8mb4_unicode_ci;

--
-- Dumping data for table `testimonials_translations`
--


--
-- Table structure for table `user_meta`
--

CREATE TABLE `user_meta` (
  `id` bigint unsigned NOT NULL AUTO_INCREMENT,
  `key` varchar(120) COLLATE utf8mb4_unicode_ci DEFAULT NULL,
  `value` text COLLATE utf8mb4_unicode_ci,
  `user_id` bigint unsigned NOT NULL,
  `created_at` timestamp NULL DEFAULT NULL,
  `updated_at` timestamp NULL DEFAULT NULL,
  PRIMARY KEY (`id`),
  KEY `user_meta_user_id_index` (`user_id`)
) ENGINE=InnoDB DEFAULT CHARSET=utf8mb4 COLLATE=utf8mb4_unicode_ci;

--
-- Dumping data for table `user_meta`
--


--
-- Table structure for table `users`
--

CREATE TABLE `users` (
  `id` bigint unsigned NOT NULL AUTO_INCREMENT,
  `email` varchar(191) COLLATE utf8mb4_unicode_ci NOT NULL,
  `email_verified_at` timestamp NULL DEFAULT NULL,
  `password` varchar(120) COLLATE utf8mb4_unicode_ci DEFAULT NULL,
  `remember_token` varchar(100) COLLATE utf8mb4_unicode_ci DEFAULT NULL,
  `created_at` timestamp NULL DEFAULT NULL,
  `updated_at` timestamp NULL DEFAULT NULL,
  `first_name` varchar(120) COLLATE utf8mb4_unicode_ci DEFAULT NULL,
  `last_name` varchar(120) COLLATE utf8mb4_unicode_ci DEFAULT NULL,
  `username` varchar(60) COLLATE utf8mb4_unicode_ci DEFAULT NULL,
  `avatar_id` bigint unsigned DEFAULT NULL,
  `super_user` tinyint(1) NOT NULL DEFAULT '0',
  `manage_supers` tinyint(1) NOT NULL DEFAULT '0',
  `permissions` text COLLATE utf8mb4_unicode_ci,
  `last_login` timestamp NULL DEFAULT NULL,
  PRIMARY KEY (`id`),
  UNIQUE KEY `users_email_unique` (`email`),
  UNIQUE KEY `users_username_unique` (`username`)
) ENGINE=InnoDB AUTO_INCREMENT=2 DEFAULT CHARSET=utf8mb4 COLLATE=utf8mb4_unicode_ci;

--
-- Dumping data for table `users`
--

INSERT INTO `users` VALUES (1,'prosacco.gail@leffler.com',NULL,'$2y$12$5Dj/lQ3iUcqeAVkXHcqqhuMEZB2UW/ZFP492TENWEpb5OyOJsTtym',NULL,'2024-05-10 02:10:19','2024-05-10 02:10:19','Jarrett','Stokes','admin',NULL,1,1,NULL,NULL);

--
-- Table structure for table `widgets`
--

CREATE TABLE `widgets` (
  `id` bigint unsigned NOT NULL AUTO_INCREMENT,
  `widget_id` varchar(120) COLLATE utf8mb4_unicode_ci NOT NULL,
  `sidebar_id` varchar(120) COLLATE utf8mb4_unicode_ci NOT NULL,
  `theme` varchar(120) COLLATE utf8mb4_unicode_ci NOT NULL,
  `position` tinyint unsigned NOT NULL DEFAULT '0',
  `data` text COLLATE utf8mb4_unicode_ci,
  `created_at` timestamp NULL DEFAULT NULL,
  `updated_at` timestamp NULL DEFAULT NULL,
  PRIMARY KEY (`id`)
) ENGINE=InnoDB AUTO_INCREMENT=20 DEFAULT CHARSET=utf8mb4 COLLATE=utf8mb4_unicode_ci;

--
-- Dumping data for table `widgets`
--

INSERT INTO `widgets` VALUES (1,'SiteInfoWidget','footer_primary_sidebar','shofy',1,'{\"id\":\"SiteInfoWidget\",\"logo\":\"main\\/general\\/logo.png\",\"logo_height\":50,\"about\":\"Shofy is a powerful tool eCommerce Laravel script for creating a professional and visually appealing online store.\",\"show_social_links\":true}','2024-05-10 02:10:33','2024-05-10 02:10:33'),(2,'CustomMenuWidget','footer_primary_sidebar','shofy',2,'{\"id\":\"CustomMenuWidget\",\"name\":\"My Account\",\"menu_id\":\"my-account\"}','2024-05-10 02:10:33','2024-05-10 02:10:33'),(3,'CustomMenuWidget','footer_primary_sidebar','shofy',3,'{\"id\":\"CustomMenuWidget\",\"name\":\"Information\",\"menu_id\":\"information\"}','2024-05-10 02:10:33','2024-05-10 02:10:33'),(4,'SiteContactWidget','footer_primary_sidebar','shofy',4,'{\"id\":\"SiteContactWidget\",\"name\":\"Talk To Us\",\"phone_label\":\"Got Questions? Call us\",\"phone\":\"+670 413 90 762\",\"email\":\"support@shofy.com\",\"address\":\"79 Sleepy Hollow St. Jamaica, New York 1432\"}','2024-05-10 02:10:33','2024-05-10 02:10:33'),(5,'ProductCategoriesWidget','footer_primary_sidebar','shofy',5,'{\"id\":\"ProductCategoriesWidget\",\"name\":\"Health & Beauty\",\"categories\":[5,6,7,8,10,11,12]}','2024-05-10 02:10:33','2024-05-10 02:10:33'),(6,'ProductCategoriesWidget','footer_primary_sidebar','shofy',7,'{\"id\":\"ProductCategoriesWidget\",\"name\":\"Electronics\",\"style\":\"simple-text\",\"categories\":[3,4,15,18,19,20]}','2024-05-10 02:10:33','2024-05-10 02:10:33'),(7,'ProductCategoriesWidget','footer_primary_sidebar','shofy',8,'{\"id\":\"ProductCategoriesWidget\",\"name\":\"Sweet Treats\",\"categories\":[11,12,13,14,15,16,17]}','2024-05-10 02:10:33','2024-05-10 02:10:33'),(8,'ProductCategoriesWidget','footer_primary_sidebar','shofy',9,'{\"id\":\"ProductCategoriesWidget\",\"name\":\"Fashion\",\"categories\":[1,2,3,4,5,6,7,8]}','2024-05-10 02:10:33','2024-05-10 02:10:33'),(9,'NewsletterWidget','footer_top_sidebar','shofy',1,'{\"id\":\"NewsletterWidget\",\"title\":\"Subscribe our Newsletter\",\"subtitle\":\"Sale 20% off all store\"}','2024-05-10 02:10:33','2024-05-10 02:10:33'),(10,'SiteCopyrightWidget','footer_bottom_sidebar','shofy',1,'{\"id\":\"SiteCopyrightWidget\",\"content\":\"\\u00a9 %y% All rights Reserved.\"}','2024-05-10 02:10:33','2024-05-10 02:10:33'),(11,'SiteAcceptedPaymentsWidget','footer_bottom_sidebar','shofy',2,'{\"id\":\"SiteAcceptedPaymentsWidget\",\"name\":\"Accepted Payments\",\"image\":\"main\\/general\\/footer-pay.png\",\"url\":\"#\"}','2024-05-10 02:10:33','2024-05-10 02:10:33'),(12,'BlogSearchWidget','blog_sidebar','shofy',1,'{\"id\":\"BlogSearchWidget\"}','2024-05-10 02:10:33','2024-05-10 02:10:33'),(13,'BlogAboutMeWidget','blog_sidebar','shofy',2,'{\"id\":\"BlogAboutMeWidget\",\"name\":\"About Me\",\"author_url\":\"\\/blog\",\"author_avatar\":\"main\\/users\\/4.jpg\",\"author_name\":\"Ravi O\'Leigh\",\"author_role\":\"Photographer & Blogger\",\"author_description\":\"Lorem ligula eget dolor. Aenean massa. Cum sociis que penatibus magnis dis parturient\",\"author_signature\":\"main\\/general\\/signature.png\"}','2024-05-10 02:10:33','2024-05-10 02:10:33'),(14,'BlogPostsWidget','blog_sidebar','shofy',3,'{\"id\":\"BlogPostsWidget\",\"name\":\"Latest Posts\",\"limit\":3}','2024-05-10 02:10:33','2024-05-10 02:10:33'),(15,'BlogCategoriesWidget','blog_sidebar','shofy',4,'{\"id\":\"BlogCategoriesWidget\",\"name\":\"Categories\",\"number_display\":6}','2024-05-10 02:10:33','2024-05-10 02:10:33'),(16,'BlogTagsWidget','blog_sidebar','shofy',5,'{\"id\":\"BlogTagsWidget\",\"name\":\"Popular Tags\",\"number_display\":6}','2024-05-10 02:10:33','2024-05-10 02:10:33'),(17,'ProductDetailInfoWidget','product_details_sidebar','shofy',1,'{\"id\":\"ProductDetailInfoWidget\",\"messages\":[[{\"key\":\"message\",\"value\":\"30 days easy returns\"}],[{\"key\":\"message\",\"value\":\"Order yours before 2.30pm for same day dispatch\"}]],\"description\":\"Guaranteed safe & secure checkout\",\"image\":\"main\\/general\\/footer-pay.png\"}','2024-05-10 02:10:33','2024-05-10 02:10:33'),(18,'EcommerceBrands','products_listing_top_sidebar','shofy',1,'{\"id\":\"EcommerceBrands\",\"brand_ids\":[1,2,3,4,5]}','2024-05-10 02:10:33','2024-05-10 02:10:33'),(19,'ProductCategoriesWidget','products_listing_top_sidebar','shofy',2,'{\"id\":\"ProductCategoriesWidget\",\"categories\":[6,7,10,13,16,30],\"style\":\"slider\",\"display_children\":false}','2024-05-10 02:10:33','2024-05-10 02:10:33');


